{"id":41590,"date":"2025-03-19T10:00:38","date_gmt":"2025-03-19T10:00:38","guid":{"rendered":"https:\/\/www.ull.es\/portal\/agenda\/?post_type=tribe_events&#038;p=41590"},"modified":"2025-03-20T09:21:19","modified_gmt":"2025-03-20T09:21:19","slug":"sesiones-divulgativas-sacando-las-senales-electricas-fuera-del-cuerpo-y-de-las-plantas-tambien","status":"publish","type":"tribe_events","link":"https:\/\/www.ull.es\/portal\/agenda\/evento\/sesiones-divulgativas-sacando-las-senales-electricas-fuera-del-cuerpo-y-de-las-plantas-tambien\/","title":{"rendered":"Sesiones divulgativas: \u00abSacando las se\u00f1ales el\u00e9ctricas fuera del cuerpo&#8230; y de las plantas tambi\u00e9n\u00bb"},"content":{"rendered":"<p>El Consejo Social de la Universidad de La Laguna en conjunci\u00f3n con el Instituto de Tecnolog\u00edas Biom\u00e9dicas y la empresa Backyard Brains de divulgaci\u00f3n cient\u00edfica organiza el lunes 24 de marzo 2 sesiones divulgativas de neurociencia y fisiolog\u00eda a cargo del investigador y divulgador Tim Marzullo, codirector de Backyard Brains.<\/p>\n<p>Destacado cient\u00edfico que acerca de una forma asombrosa y divertida la neurociencia y la electrofisiolog\u00eda no solo en el mundo animal sino tambi\u00e9n en plantas, que ha alcanzado notoriedad en su faceta divulgativa por su participaci\u00f3n en programas televisivos como El Hormiguero, adem\u00e1s de su probada labor investigadora.<\/p>\n<p>En lunes 24 a las 12:00 horas intervendr\u00e1 ante un auditorio de estudiantes de secundaria en el IES La Laboral y a las 18:00 lo har\u00e1 en el sal\u00f3n de actos de la Facultad de Educaci\u00f3n, en una oportunidad \u00fanica para la comunidad universitaria y p\u00fablico general, contando con la colaboraci\u00f3n de la Facultad de Educaci\u00f3n Alumni y el IES La Laboral y su asociaci\u00f3n de amigos de La Laboral.<\/p>\n","protected":false},"excerpt":{"rendered":"<p>El Consejo Social de la Universidad de La Laguna en conjunci\u00f3n con el Instituto de Tecnolog\u00edas Biom\u00e9dicas y la empresa Backyard Brains de divulgaci\u00f3n cient\u00edfica organiza el lunes 24 de marzo 2 sesiones divulgativas de neurociencia y fisiolog\u00eda a cargo del investigador y divulgador Tim Marzullo, codirector de Backyard Brains. Destacado cient\u00edfico que acerca de&#8230;<\/p>\n","protected":false},"author":65,"featured_media":41615,"comment_status":"closed","ping_status":"closed","template":"","tags":[],"tribe_events_cat":[4,972,1090,815,3681,186,191],"acf":[],"yoast_head":"<!-- This site is optimized with the Yoast SEO plugin v21.3 - https:\/\/yoast.com\/wordpress\/plugins\/seo\/ -->\n<title>Sesiones divulgativas: &quot;Sacando las se\u00f1ales el\u00e9ctricas fuera del cuerpo... y de las plantas tambi\u00e9n&quot; - ULL - Agenda<\/title>\n<meta name=\"robots\" content=\"index, follow, max-snippet:-1, max-image-preview:large, max-video-preview:-1\" \/>\n<link rel=\"canonical\" href=\"https:\/\/www.ull.es\/portal\/agenda\/evento\/sesiones-divulgativas-sacando-las-senales-electricas-fuera-del-cuerpo-y-de-las-plantas-tambien\/\" \/>\n<meta property=\"og:locale\" content=\"es_ES\" \/>\n<meta property=\"og:type\" content=\"article\" \/>\n<meta property=\"og:title\" content=\"Sesiones divulgativas: &quot;Sacando las se\u00f1ales el\u00e9ctricas fuera del cuerpo... y de las plantas tambi\u00e9n&quot; - ULL - Agenda\" \/>\n<meta property=\"og:description\" content=\"El Consejo Social de la Universidad de La Laguna en conjunci\u00f3n con el Instituto de Tecnolog\u00edas Biom\u00e9dicas y la empresa Backyard Brains de divulgaci\u00f3n cient\u00edfica organiza el lunes 24 de marzo 2 sesiones divulgativas de neurociencia y fisiolog\u00eda a cargo del investigador y divulgador Tim Marzullo, codirector de Backyard Brains. Destacado cient\u00edfico que acerca de...\" \/>\n<meta property=\"og:url\" content=\"https:\/\/www.ull.es\/portal\/agenda\/evento\/sesiones-divulgativas-sacando-las-senales-electricas-fuera-del-cuerpo-y-de-las-plantas-tambien\/\" \/>\n<meta property=\"og:site_name\" content=\"ULL - Agenda\" \/>\n<meta property=\"article:modified_time\" content=\"2025-03-20T09:21:19+00:00\" \/>\n<meta property=\"og:image\" content=\"https:\/\/www.ull.es\/portal\/agenda\/wp-content\/uploads\/sites\/12\/2025\/03\/Sesiones-divulgativas-sacando-las-senales-electricas_Banner-eventos.jpg\" \/>\n\t<meta property=\"og:image:width\" content=\"750\" \/>\n\t<meta property=\"og:image:height\" content=\"370\" \/>\n\t<meta property=\"og:image:type\" content=\"image\/jpeg\" \/>\n<meta name=\"twitter:card\" content=\"summary_large_image\" \/>\n<meta name=\"twitter:label1\" content=\"Tiempo de lectura\" \/>\n\t<meta name=\"twitter:data1\" content=\"1 minuto\" \/>\n<script type=\"application\/ld+json\" class=\"yoast-schema-graph\">{\"@context\":\"https:\/\/schema.org\",\"@graph\":[{\"@type\":\"WebPage\",\"@id\":\"https:\/\/www.ull.es\/portal\/agenda\/evento\/sesiones-divulgativas-sacando-las-senales-electricas-fuera-del-cuerpo-y-de-las-plantas-tambien\/\",\"url\":\"https:\/\/www.ull.es\/portal\/agenda\/evento\/sesiones-divulgativas-sacando-las-senales-electricas-fuera-del-cuerpo-y-de-las-plantas-tambien\/\",\"name\":\"Sesiones divulgativas: \\\"Sacando las se\u00f1ales el\u00e9ctricas fuera del cuerpo... y de las plantas tambi\u00e9n\\\" - ULL - Agenda\",\"isPartOf\":{\"@id\":\"https:\/\/www.ull.es\/portal\/agenda\/#website\"},\"datePublished\":\"2025-03-19T10:00:38+00:00\",\"dateModified\":\"2025-03-20T09:21:19+00:00\",\"breadcrumb\":{\"@id\":\"https:\/\/www.ull.es\/portal\/agenda\/evento\/sesiones-divulgativas-sacando-las-senales-electricas-fuera-del-cuerpo-y-de-las-plantas-tambien\/#breadcrumb\"},\"inLanguage\":\"es\",\"potentialAction\":[{\"@type\":\"ReadAction\",\"target\":[\"https:\/\/www.ull.es\/portal\/agenda\/evento\/sesiones-divulgativas-sacando-las-senales-electricas-fuera-del-cuerpo-y-de-las-plantas-tambien\/\"]}]},{\"@type\":\"BreadcrumbList\",\"@id\":\"https:\/\/www.ull.es\/portal\/agenda\/evento\/sesiones-divulgativas-sacando-las-senales-electricas-fuera-del-cuerpo-y-de-las-plantas-tambien\/#breadcrumb\",\"itemListElement\":[{\"@type\":\"ListItem\",\"position\":1,\"name\":\"Portada\",\"item\":\"https:\/\/www.ull.es\/portal\/agenda\/\"},{\"@type\":\"ListItem\",\"position\":2,\"name\":\"Sesiones divulgativas: \u00abSacando las se\u00f1ales el\u00e9ctricas fuera del cuerpo&#8230; y de las plantas tambi\u00e9n\u00bb\"}]},{\"@type\":\"WebSite\",\"@id\":\"https:\/\/www.ull.es\/portal\/agenda\/#website\",\"url\":\"https:\/\/www.ull.es\/portal\/agenda\/\",\"name\":\"ULL - Agenda\",\"description\":\"\",\"potentialAction\":[{\"@type\":\"SearchAction\",\"target\":{\"@type\":\"EntryPoint\",\"urlTemplate\":\"https:\/\/www.ull.es\/portal\/agenda\/?s={search_term_string}\"},\"query-input\":\"required name=search_term_string\"}],\"inLanguage\":\"es\"}]}<\/script>\n<!-- \/ Yoast SEO plugin. -->","yoast_head_json":{"title":"Sesiones divulgativas: \"Sacando las se\u00f1ales el\u00e9ctricas fuera del cuerpo... y de las plantas tambi\u00e9n\" - ULL - Agenda","robots":{"index":"index","follow":"follow","max-snippet":"max-snippet:-1","max-image-preview":"max-image-preview:large","max-video-preview":"max-video-preview:-1"},"canonical":"https:\/\/www.ull.es\/portal\/agenda\/evento\/sesiones-divulgativas-sacando-las-senales-electricas-fuera-del-cuerpo-y-de-las-plantas-tambien\/","og_locale":"es_ES","og_type":"article","og_title":"Sesiones divulgativas: \"Sacando las se\u00f1ales el\u00e9ctricas fuera del cuerpo... y de las plantas tambi\u00e9n\" - ULL - Agenda","og_description":"El Consejo Social de la Universidad de La Laguna en conjunci\u00f3n con el Instituto de Tecnolog\u00edas Biom\u00e9dicas y la empresa Backyard Brains de divulgaci\u00f3n cient\u00edfica organiza el lunes 24 de marzo 2 sesiones divulgativas de neurociencia y fisiolog\u00eda a cargo del investigador y divulgador Tim Marzullo, codirector de Backyard Brains. Destacado cient\u00edfico que acerca de...","og_url":"https:\/\/www.ull.es\/portal\/agenda\/evento\/sesiones-divulgativas-sacando-las-senales-electricas-fuera-del-cuerpo-y-de-las-plantas-tambien\/","og_site_name":"ULL - Agenda","article_modified_time":"2025-03-20T09:21:19+00:00","og_image":[{"width":750,"height":370,"url":"https:\/\/www.ull.es\/portal\/agenda\/wp-content\/uploads\/sites\/12\/2025\/03\/Sesiones-divulgativas-sacando-las-senales-electricas_Banner-eventos.jpg","type":"image\/jpeg"}],"twitter_card":"summary_large_image","twitter_misc":{"Tiempo de lectura":"1 minuto"},"schema":{"@context":"https:\/\/schema.org","@graph":[{"@type":"WebPage","@id":"https:\/\/www.ull.es\/portal\/agenda\/evento\/sesiones-divulgativas-sacando-las-senales-electricas-fuera-del-cuerpo-y-de-las-plantas-tambien\/","url":"https:\/\/www.ull.es\/portal\/agenda\/evento\/sesiones-divulgativas-sacando-las-senales-electricas-fuera-del-cuerpo-y-de-las-plantas-tambien\/","name":"Sesiones divulgativas: \"Sacando las se\u00f1ales el\u00e9ctricas fuera del cuerpo... y de las plantas tambi\u00e9n\" - ULL - Agenda","isPartOf":{"@id":"https:\/\/www.ull.es\/portal\/agenda\/#website"},"datePublished":"2025-03-19T10:00:38+00:00","dateModified":"2025-03-20T09:21:19+00:00","breadcrumb":{"@id":"https:\/\/www.ull.es\/portal\/agenda\/evento\/sesiones-divulgativas-sacando-las-senales-electricas-fuera-del-cuerpo-y-de-las-plantas-tambien\/#breadcrumb"},"inLanguage":"es","potentialAction":[{"@type":"ReadAction","target":["https:\/\/www.ull.es\/portal\/agenda\/evento\/sesiones-divulgativas-sacando-las-senales-electricas-fuera-del-cuerpo-y-de-las-plantas-tambien\/"]}]},{"@type":"BreadcrumbList","@id":"https:\/\/www.ull.es\/portal\/agenda\/evento\/sesiones-divulgativas-sacando-las-senales-electricas-fuera-del-cuerpo-y-de-las-plantas-tambien\/#breadcrumb","itemListElement":[{"@type":"ListItem","position":1,"name":"Portada","item":"https:\/\/www.ull.es\/portal\/agenda\/"},{"@type":"ListItem","position":2,"name":"Sesiones divulgativas: \u00abSacando las se\u00f1ales el\u00e9ctricas fuera del cuerpo&#8230; y de las plantas tambi\u00e9n\u00bb"}]},{"@type":"WebSite","@id":"https:\/\/www.ull.es\/portal\/agenda\/#website","url":"https:\/\/www.ull.es\/portal\/agenda\/","name":"ULL - Agenda","description":"","potentialAction":[{"@type":"SearchAction","target":{"@type":"EntryPoint","urlTemplate":"https:\/\/www.ull.es\/portal\/agenda\/?s={search_term_string}"},"query-input":"required name=search_term_string"}],"inLanguage":"es"}]}},"_links":{"self":[{"href":"https:\/\/www.ull.es\/portal\/agenda\/wp-json\/wp\/v2\/tribe_events\/41590"}],"collection":[{"href":"https:\/\/www.ull.es\/portal\/agenda\/wp-json\/wp\/v2\/tribe_events"}],"about":[{"href":"https:\/\/www.ull.es\/portal\/agenda\/wp-json\/wp\/v2\/types\/tribe_events"}],"author":[{"embeddable":true,"href":"https:\/\/www.ull.es\/portal\/agenda\/wp-json\/wp\/v2\/users\/65"}],"replies":[{"embeddable":true,"href":"https:\/\/www.ull.es\/portal\/agenda\/wp-json\/wp\/v2\/comments?post=41590"}],"version-history":[{"count":1,"href":"https:\/\/www.ull.es\/portal\/agenda\/wp-json\/wp\/v2\/tribe_events\/41590\/revisions"}],"predecessor-version":[{"id":41597,"href":"https:\/\/www.ull.es\/portal\/agenda\/wp-json\/wp\/v2\/tribe_events\/41590\/revisions\/41597"}],"wp:featuredmedia":[{"embeddable":true,"href":"https:\/\/www.ull.es\/portal\/agenda\/wp-json\/wp\/v2\/media\/41615"}],"wp:attachment":[{"href":"https:\/\/www.ull.es\/portal\/agenda\/wp-json\/wp\/v2\/media?parent=41590"}],"wp:term":[{"taxonomy":"post_tag","embeddable":true,"href":"https:\/\/www.ull.es\/portal\/agenda\/wp-json\/wp\/v2\/tags?post=41590"},{"taxonomy":"tribe_events_cat","embeddable":true,"href":"https:\/\/www.ull.es\/portal\/agenda\/wp-json\/wp\/v2\/tribe_events_cat?post=41590"}],"curies":[{"name":"wp","href":"https:\/\/api.w.org\/{rel}","templated":true}]}}

Sesiones divulgativas: «Sacando las señales eléctricas fuera del cuerpo&#8230; y de las plantas también»

<p>El Consejo Social de la Universidad de La Laguna en conjunción con el Instituto de Tecnologías Biomédicas y la empresa Backyard Brains de divulgación científica organiza el lunes 24 de marzo 2 sesiones divulgativas de neurociencia y fisiología a cargo del investigador y divulgador Tim Marzullo, codirector de Backyard Brains.</p>
<p>Destacado científico que acerca de una forma asombrosa y divertida la neurociencia y la electrofisiología no solo en el mundo animal sino también en plantas, que ha alcanzado notoriedad en su faceta divulgativa por su participación en programas televisivos como El Hormiguero, además de su probada labor investigadora.</p>
<p>En lunes 24 a las 12:00 horas intervendrá ante un auditorio de estudiantes de secundaria en el IES La Laboral y a las 18:00 lo hará en el salón de actos de la Facultad de Educación, en una oportunidad única para la comunidad universitaria y público general, contando con la colaboración de la Facultad de Educación Alumni y el IES La Laboral y su asociación de amigos de La Laboral.</p>

<p>El Consejo Social de la Universidad de La Laguna en conjunción con el Instituto de Tecnologías Biomédicas y la empresa Backyard Brains de divulgación científica organiza el lunes 24 de marzo 2 sesiones divulgativas de neurociencia y fisiología a cargo del investigador y divulgador Tim Marzullo, codirector de Backyard Brains. Destacado científico que acerca de&#8230;</p>

<!-- This site is optimized with the Yoast SEO plugin v21.3 - https://yoast.com/wordpress/plugins/seo/ -->
<title>Sesiones divulgativas: &quot;Sacando las señales eléctricas fuera del cuerpo... y de las plantas también&quot; - ULL - Agenda</title>
<meta name="robots" content="index, follow, max-snippet:-1, max-image-preview:large, max-video-preview:-1" />
<link rel="canonical" href="https://www.ull.es/portal/agenda/evento/sesiones-divulgativas-sacando-las-senales-electricas-fuera-del-cuerpo-y-de-las-plantas-tambien/" />
<meta property="og:locale" content="es_ES" />
<meta property="og:type" content="article" />
<meta property="og:title" content="Sesiones divulgativas: &quot;Sacando las señales eléctricas fuera del cuerpo... y de las plantas también&quot; - ULL - Agenda" />
<meta property="og:description" content="El Consejo Social de la Universidad de La Laguna en conjunción con el Instituto de Tecnologías Biomédicas y la empresa Backyard Brains de divulgación científica organiza el lunes 24 de marzo 2 sesiones divulgativas de neurociencia y fisiología a cargo del investigador y divulgador Tim Marzullo, codirector de Backyard Brains. Destacado científico que acerca de..." />
<meta property="og:url" content="https://www.ull.es/portal/agenda/evento/sesiones-divulgativas-sacando-las-senales-electricas-fuera-del-cuerpo-y-de-las-plantas-tambien/" />
<meta property="og:site_name" content="ULL - Agenda" />
<meta property="article:modified_time" content="2025-03-20T09:21:19+00:00" />
<meta property="og:image" content="https://www.ull.es/portal/agenda/wp-content/uploads/sites/12/2025/03/Sesiones-divulgativas-sacando-las-senales-electricas_Banner-eventos.jpg" />
	<meta property="og:image:width" content="750" />
	<meta property="og:image:height" content="370" />
	<meta property="og:image:type" content="image/jpeg" />
<meta name="twitter:card" content="summary_large_image" />
<meta name="twitter:label1" content="Tiempo de lectura" />
	<meta name="twitter:data1" content="1 minuto" />
<script type="application/ld+json" class="yoast-schema-graph">{"@context":"https://schema.org","@graph":[{"@type":"WebPage","@id":"https://www.ull.es/portal/agenda/evento/sesiones-divulgativas-sacando-las-senales-electricas-fuera-del-cuerpo-y-de-las-plantas-tambien/","url":"https://www.ull.es/portal/agenda/evento/sesiones-divulgativas-sacando-las-senales-electricas-fuera-del-cuerpo-y-de-las-plantas-tambien/","name":"Sesiones divulgativas: \"Sacando las señales eléctricas fuera del cuerpo... y de las plantas también\" - ULL - Agenda","isPartOf":{"@id":"https://www.ull.es/portal/agenda/#website"},"datePublished":"2025-03-19T10:00:38+00:00","dateModified":"2025-03-20T09:21:19+00:00","breadcrumb":{"@id":"https://www.ull.es/portal/agenda/evento/sesiones-divulgativas-sacando-las-senales-electricas-fuera-del-cuerpo-y-de-las-plantas-tambien/#breadcrumb"},"inLanguage":"es","potentialAction":[{"@type":"ReadAction","target":["https://www.ull.es/portal/agenda/evento/sesiones-divulgativas-sacando-las-senales-electricas-fuera-del-cuerpo-y-de-las-plantas-tambien/"]}]},{"@type":"BreadcrumbList","@id":"https://www.ull.es/portal/agenda/evento/sesiones-divulgativas-sacando-las-senales-electricas-fuera-del-cuerpo-y-de-las-plantas-tambien/#breadcrumb","itemListElement":[{"@type":"ListItem","position":1,"name":"Portada","item":"https://www.ull.es/portal/agenda/"},{"@type":"ListItem","position":2,"name":"Sesiones divulgativas: «Sacando las señales eléctricas fuera del cuerpo&#8230; y de las plantas también»"}]},{"@type":"WebSite","@id":"https://www.ull.es/portal/agenda/#website","url":"https://www.ull.es/portal/agenda/","name":"ULL - Agenda","description":"","potentialAction":[{"@type":"SearchAction","target":{"@type":"EntryPoint","urlTemplate":"https://www.ull.es/portal/agenda/?s={search_term_string}"},"query-input":"required name=search_term_string"}],"inLanguage":"es"}]}</script>
<!-- / Yoast SEO plugin. -->

Sesiones divulgativas: "Sacando las señales eléctricas fuera del cuerpo... y de las plantas también" - ULL - Agenda

El Consejo Social de la Universidad de La Laguna en conjunción con el Instituto de Tecnologías Biomédicas y la empresa Backyard Brains de divulgación científica organiza el lunes 24 de marzo 2 sesiones divulgativas de neurociencia y fisiología a cargo del investigador y divulgador Tim Marzullo, codirector de Backyard Brains. Destacado científico que acerca de...
