{"id":41739,"date":"2025-03-25T11:10:04","date_gmt":"2025-03-25T11:10:04","guid":{"rendered":"https:\/\/www.ull.es\/portal\/agenda\/?post_type=tribe_events&#038;p=41739"},"modified":"2025-03-26T08:59:18","modified_gmt":"2025-03-26T08:59:18","slug":"conferencia-amenazas-del-clima-en-canarias-alertas-emergencias-desastres","status":"publish","type":"tribe_events","link":"https:\/\/www.ull.es\/portal\/agenda\/evento\/conferencia-amenazas-del-clima-en-canarias-alertas-emergencias-desastres\/","title":{"rendered":"Conferencia: Amenazas del clima en Canarias: alertas, emergencias, desastres"},"content":{"rendered":"<p>El 2 de abril, a las 12:00 horas, en el Espacio de Igualdad de la Biblioteca General y de Humanidades, el director de la C\u00e1tedra de Reducci\u00f3n del Riesgo de Desastres y Ciudades Resilientes, Pedro Dorta Antequera, hablar\u00e1 sobre las &#8216;Amenazas del clima en Canarias: alertas, emergencias, desastres&#8217;.<\/p>\n<p>Cada vez son m\u00e1s preocupantes los eventos extremos de origen clim\u00e1tico. En ese contexto la DANA de Valencia, de octubre de 2024, es la \u00faltima se\u00f1al de que resulta necesario conocer la realidad ambiental en la que se insertan las sociedades actuales para poder afrontar las previsibles consecuencias. Canarias no es ajena, nunca lo ha sido, al impacto de graves episodios de inundaciones, temporales marinos, olas de calor, incendios forestales, etc. La pregunta que tratamos de responder es c\u00f3mo ser\u00e1 el futuro inmediato, en el actual cambio clim\u00e1tico, y qu\u00e9 herramientas tenemos para gestionar estas situaciones extraordinarias.<\/p>\n<p>La conferencia, se inserta en un proyecto de investigaci\u00f3n europeo de la convocatoria <a href=\"https:\/\/interregmac.org\/\" target=\"_blank\" rel=\"noopener\">INTERREG-MAC<\/a>, denominado MICROCLI-MAC (@Microcli-mac)<\/p>\n","protected":false},"excerpt":{"rendered":"<p>El 2 de abril, a las 12:00 horas, en el Espacio de Igualdad de la Biblioteca General y de Humanidades, el director de la C\u00e1tedra de Reducci\u00f3n del Riesgo de Desastres y Ciudades Resilientes, Pedro Dorta Antequera, hablar\u00e1 sobre las &#8216;Amenazas del clima en Canarias: alertas, emergencias, desastres&#8217;. Cada vez son m\u00e1s preocupantes los eventos&#8230;<\/p>\n","protected":false},"author":65,"featured_media":41771,"comment_status":"closed","ping_status":"closed","template":"","tags":[],"tribe_events_cat":[1669,4,972,186],"acf":[],"yoast_head":"<!-- This site is optimized with the Yoast SEO plugin v21.3 - https:\/\/yoast.com\/wordpress\/plugins\/seo\/ -->\n<title>Conferencia: Amenazas del clima en Canarias: alertas, emergencias, desastres - ULL - Agenda<\/title>\n<meta name=\"robots\" content=\"index, follow, max-snippet:-1, max-image-preview:large, max-video-preview:-1\" \/>\n<link rel=\"canonical\" href=\"https:\/\/www.ull.es\/portal\/agenda\/evento\/conferencia-amenazas-del-clima-en-canarias-alertas-emergencias-desastres\/\" \/>\n<meta property=\"og:locale\" content=\"es_ES\" \/>\n<meta property=\"og:type\" content=\"article\" \/>\n<meta property=\"og:title\" content=\"Conferencia: Amenazas del clima en Canarias: alertas, emergencias, desastres - ULL - Agenda\" \/>\n<meta property=\"og:description\" content=\"El 2 de abril, a las 12:00 horas, en el Espacio de Igualdad de la Biblioteca General y de Humanidades, el director de la C\u00e1tedra de Reducci\u00f3n del Riesgo de Desastres y Ciudades Resilientes, Pedro Dorta Antequera, hablar\u00e1 sobre las &#8216;Amenazas del clima en Canarias: alertas, emergencias, desastres&#8217;. Cada vez son m\u00e1s preocupantes los eventos...\" \/>\n<meta property=\"og:url\" content=\"https:\/\/www.ull.es\/portal\/agenda\/evento\/conferencia-amenazas-del-clima-en-canarias-alertas-emergencias-desastres\/\" \/>\n<meta property=\"og:site_name\" content=\"ULL - Agenda\" \/>\n<meta property=\"article:modified_time\" content=\"2025-03-26T08:59:18+00:00\" \/>\n<meta property=\"og:image\" content=\"https:\/\/www.ull.es\/portal\/agenda\/wp-content\/uploads\/sites\/12\/2025\/03\/Conferencia-amenazas-del-clima-en-canarias_Banner-eventos.png\" \/>\n\t<meta property=\"og:image:width\" content=\"750\" \/>\n\t<meta property=\"og:image:height\" content=\"370\" \/>\n\t<meta property=\"og:image:type\" content=\"image\/png\" \/>\n<meta name=\"twitter:card\" content=\"summary_large_image\" \/>\n<meta name=\"twitter:label1\" content=\"Tiempo de lectura\" \/>\n\t<meta name=\"twitter:data1\" content=\"1 minuto\" \/>\n<script type=\"application\/ld+json\" class=\"yoast-schema-graph\">{\"@context\":\"https:\/\/schema.org\",\"@graph\":[{\"@type\":\"WebPage\",\"@id\":\"https:\/\/www.ull.es\/portal\/agenda\/evento\/conferencia-amenazas-del-clima-en-canarias-alertas-emergencias-desastres\/\",\"url\":\"https:\/\/www.ull.es\/portal\/agenda\/evento\/conferencia-amenazas-del-clima-en-canarias-alertas-emergencias-desastres\/\",\"name\":\"Conferencia: Amenazas del clima en Canarias: alertas, emergencias, desastres - ULL - Agenda\",\"isPartOf\":{\"@id\":\"https:\/\/www.ull.es\/portal\/agenda\/#website\"},\"datePublished\":\"2025-03-25T11:10:04+00:00\",\"dateModified\":\"2025-03-26T08:59:18+00:00\",\"breadcrumb\":{\"@id\":\"https:\/\/www.ull.es\/portal\/agenda\/evento\/conferencia-amenazas-del-clima-en-canarias-alertas-emergencias-desastres\/#breadcrumb\"},\"inLanguage\":\"es\",\"potentialAction\":[{\"@type\":\"ReadAction\",\"target\":[\"https:\/\/www.ull.es\/portal\/agenda\/evento\/conferencia-amenazas-del-clima-en-canarias-alertas-emergencias-desastres\/\"]}]},{\"@type\":\"BreadcrumbList\",\"@id\":\"https:\/\/www.ull.es\/portal\/agenda\/evento\/conferencia-amenazas-del-clima-en-canarias-alertas-emergencias-desastres\/#breadcrumb\",\"itemListElement\":[{\"@type\":\"ListItem\",\"position\":1,\"name\":\"Portada\",\"item\":\"https:\/\/www.ull.es\/portal\/agenda\/\"},{\"@type\":\"ListItem\",\"position\":2,\"name\":\"Conferencia: Amenazas del clima en Canarias: alertas, emergencias, desastres\"}]},{\"@type\":\"WebSite\",\"@id\":\"https:\/\/www.ull.es\/portal\/agenda\/#website\",\"url\":\"https:\/\/www.ull.es\/portal\/agenda\/\",\"name\":\"ULL - Agenda\",\"description\":\"\",\"potentialAction\":[{\"@type\":\"SearchAction\",\"target\":{\"@type\":\"EntryPoint\",\"urlTemplate\":\"https:\/\/www.ull.es\/portal\/agenda\/?s={search_term_string}\"},\"query-input\":\"required name=search_term_string\"}],\"inLanguage\":\"es\"}]}<\/script>\n<!-- \/ Yoast SEO plugin. -->","yoast_head_json":{"title":"Conferencia: Amenazas del clima en Canarias: alertas, emergencias, desastres - ULL - Agenda","robots":{"index":"index","follow":"follow","max-snippet":"max-snippet:-1","max-image-preview":"max-image-preview:large","max-video-preview":"max-video-preview:-1"},"canonical":"https:\/\/www.ull.es\/portal\/agenda\/evento\/conferencia-amenazas-del-clima-en-canarias-alertas-emergencias-desastres\/","og_locale":"es_ES","og_type":"article","og_title":"Conferencia: Amenazas del clima en Canarias: alertas, emergencias, desastres - ULL - Agenda","og_description":"El 2 de abril, a las 12:00 horas, en el Espacio de Igualdad de la Biblioteca General y de Humanidades, el director de la C\u00e1tedra de Reducci\u00f3n del Riesgo de Desastres y Ciudades Resilientes, Pedro Dorta Antequera, hablar\u00e1 sobre las &#8216;Amenazas del clima en Canarias: alertas, emergencias, desastres&#8217;. Cada vez son m\u00e1s preocupantes los eventos...","og_url":"https:\/\/www.ull.es\/portal\/agenda\/evento\/conferencia-amenazas-del-clima-en-canarias-alertas-emergencias-desastres\/","og_site_name":"ULL - Agenda","article_modified_time":"2025-03-26T08:59:18+00:00","og_image":[{"width":750,"height":370,"url":"https:\/\/www.ull.es\/portal\/agenda\/wp-content\/uploads\/sites\/12\/2025\/03\/Conferencia-amenazas-del-clima-en-canarias_Banner-eventos.png","type":"image\/png"}],"twitter_card":"summary_large_image","twitter_misc":{"Tiempo de lectura":"1 minuto"},"schema":{"@context":"https:\/\/schema.org","@graph":[{"@type":"WebPage","@id":"https:\/\/www.ull.es\/portal\/agenda\/evento\/conferencia-amenazas-del-clima-en-canarias-alertas-emergencias-desastres\/","url":"https:\/\/www.ull.es\/portal\/agenda\/evento\/conferencia-amenazas-del-clima-en-canarias-alertas-emergencias-desastres\/","name":"Conferencia: Amenazas del clima en Canarias: alertas, emergencias, desastres - ULL - Agenda","isPartOf":{"@id":"https:\/\/www.ull.es\/portal\/agenda\/#website"},"datePublished":"2025-03-25T11:10:04+00:00","dateModified":"2025-03-26T08:59:18+00:00","breadcrumb":{"@id":"https:\/\/www.ull.es\/portal\/agenda\/evento\/conferencia-amenazas-del-clima-en-canarias-alertas-emergencias-desastres\/#breadcrumb"},"inLanguage":"es","potentialAction":[{"@type":"ReadAction","target":["https:\/\/www.ull.es\/portal\/agenda\/evento\/conferencia-amenazas-del-clima-en-canarias-alertas-emergencias-desastres\/"]}]},{"@type":"BreadcrumbList","@id":"https:\/\/www.ull.es\/portal\/agenda\/evento\/conferencia-amenazas-del-clima-en-canarias-alertas-emergencias-desastres\/#breadcrumb","itemListElement":[{"@type":"ListItem","position":1,"name":"Portada","item":"https:\/\/www.ull.es\/portal\/agenda\/"},{"@type":"ListItem","position":2,"name":"Conferencia: Amenazas del clima en Canarias: alertas, emergencias, desastres"}]},{"@type":"WebSite","@id":"https:\/\/www.ull.es\/portal\/agenda\/#website","url":"https:\/\/www.ull.es\/portal\/agenda\/","name":"ULL - Agenda","description":"","potentialAction":[{"@type":"SearchAction","target":{"@type":"EntryPoint","urlTemplate":"https:\/\/www.ull.es\/portal\/agenda\/?s={search_term_string}"},"query-input":"required name=search_term_string"}],"inLanguage":"es"}]}},"_links":{"self":[{"href":"https:\/\/www.ull.es\/portal\/agenda\/wp-json\/wp\/v2\/tribe_events\/41739"}],"collection":[{"href":"https:\/\/www.ull.es\/portal\/agenda\/wp-json\/wp\/v2\/tribe_events"}],"about":[{"href":"https:\/\/www.ull.es\/portal\/agenda\/wp-json\/wp\/v2\/types\/tribe_events"}],"author":[{"embeddable":true,"href":"https:\/\/www.ull.es\/portal\/agenda\/wp-json\/wp\/v2\/users\/65"}],"replies":[{"embeddable":true,"href":"https:\/\/www.ull.es\/portal\/agenda\/wp-json\/wp\/v2\/comments?post=41739"}],"version-history":[{"count":2,"href":"https:\/\/www.ull.es\/portal\/agenda\/wp-json\/wp\/v2\/tribe_events\/41739\/revisions"}],"predecessor-version":[{"id":41772,"href":"https:\/\/www.ull.es\/portal\/agenda\/wp-json\/wp\/v2\/tribe_events\/41739\/revisions\/41772"}],"wp:featuredmedia":[{"embeddable":true,"href":"https:\/\/www.ull.es\/portal\/agenda\/wp-json\/wp\/v2\/media\/41771"}],"wp:attachment":[{"href":"https:\/\/www.ull.es\/portal\/agenda\/wp-json\/wp\/v2\/media?parent=41739"}],"wp:term":[{"taxonomy":"post_tag","embeddable":true,"href":"https:\/\/www.ull.es\/portal\/agenda\/wp-json\/wp\/v2\/tags?post=41739"},{"taxonomy":"tribe_events_cat","embeddable":true,"href":"https:\/\/www.ull.es\/portal\/agenda\/wp-json\/wp\/v2\/tribe_events_cat?post=41739"}],"curies":[{"name":"wp","href":"https:\/\/api.w.org\/{rel}","templated":true}]}}

<p>El 2 de abril, a las 12:00 horas, en el Espacio de Igualdad de la Biblioteca General y de Humanidades, el director de la Cátedra de Reducción del Riesgo de Desastres y Ciudades Resilientes, Pedro Dorta Antequera, hablará sobre las &#8216;Amenazas del clima en Canarias: alertas, emergencias, desastres&#8217;.</p>
<p>Cada vez son más preocupantes los eventos extremos de origen climático. En ese contexto la DANA de Valencia, de octubre de 2024, es la última señal de que resulta necesario conocer la realidad ambiental en la que se insertan las sociedades actuales para poder afrontar las previsibles consecuencias. Canarias no es ajena, nunca lo ha sido, al impacto de graves episodios de inundaciones, temporales marinos, olas de calor, incendios forestales, etc. La pregunta que tratamos de responder es cómo será el futuro inmediato, en el actual cambio climático, y qué herramientas tenemos para gestionar estas situaciones extraordinarias.</p>
<p>La conferencia, se inserta en un proyecto de investigación europeo de la convocatoria <a href="https://interregmac.org/" target="_blank" rel="noopener">INTERREG-MAC</a>, denominado MICROCLI-MAC (@Microcli-mac)</p>

<p>El 2 de abril, a las 12:00 horas, en el Espacio de Igualdad de la Biblioteca General y de Humanidades, el director de la Cátedra de Reducción del Riesgo de Desastres y Ciudades Resilientes, Pedro Dorta Antequera, hablará sobre las &#8216;Amenazas del clima en Canarias: alertas, emergencias, desastres&#8217;. Cada vez son más preocupantes los eventos&#8230;</p>

<!-- This site is optimized with the Yoast SEO plugin v21.3 - https://yoast.com/wordpress/plugins/seo/ -->
<title>Conferencia: Amenazas del clima en Canarias: alertas, emergencias, desastres - ULL - Agenda</title>
<meta name="robots" content="index, follow, max-snippet:-1, max-image-preview:large, max-video-preview:-1" />
<link rel="canonical" href="https://www.ull.es/portal/agenda/evento/conferencia-amenazas-del-clima-en-canarias-alertas-emergencias-desastres/" />
<meta property="og:locale" content="es_ES" />
<meta property="og:type" content="article" />
<meta property="og:title" content="Conferencia: Amenazas del clima en Canarias: alertas, emergencias, desastres - ULL - Agenda" />
<meta property="og:description" content="El 2 de abril, a las 12:00 horas, en el Espacio de Igualdad de la Biblioteca General y de Humanidades, el director de la Cátedra de Reducción del Riesgo de Desastres y Ciudades Resilientes, Pedro Dorta Antequera, hablará sobre las &#8216;Amenazas del clima en Canarias: alertas, emergencias, desastres&#8217;. Cada vez son más preocupantes los eventos..." />
<meta property="og:url" content="https://www.ull.es/portal/agenda/evento/conferencia-amenazas-del-clima-en-canarias-alertas-emergencias-desastres/" />
<meta property="og:site_name" content="ULL - Agenda" />
<meta property="article:modified_time" content="2025-03-26T08:59:18+00:00" />
<meta property="og:image" content="https://www.ull.es/portal/agenda/wp-content/uploads/sites/12/2025/03/Conferencia-amenazas-del-clima-en-canarias_Banner-eventos.png" />
	<meta property="og:image:width" content="750" />
	<meta property="og:image:height" content="370" />
	<meta property="og:image:type" content="image/png" />
<meta name="twitter:card" content="summary_large_image" />
<meta name="twitter:label1" content="Tiempo de lectura" />
	<meta name="twitter:data1" content="1 minuto" />
<script type="application/ld+json" class="yoast-schema-graph">{"@context":"https://schema.org","@graph":[{"@type":"WebPage","@id":"https://www.ull.es/portal/agenda/evento/conferencia-amenazas-del-clima-en-canarias-alertas-emergencias-desastres/","url":"https://www.ull.es/portal/agenda/evento/conferencia-amenazas-del-clima-en-canarias-alertas-emergencias-desastres/","name":"Conferencia: Amenazas del clima en Canarias: alertas, emergencias, desastres - ULL - Agenda","isPartOf":{"@id":"https://www.ull.es/portal/agenda/#website"},"datePublished":"2025-03-25T11:10:04+00:00","dateModified":"2025-03-26T08:59:18+00:00","breadcrumb":{"@id":"https://www.ull.es/portal/agenda/evento/conferencia-amenazas-del-clima-en-canarias-alertas-emergencias-desastres/#breadcrumb"},"inLanguage":"es","potentialAction":[{"@type":"ReadAction","target":["https://www.ull.es/portal/agenda/evento/conferencia-amenazas-del-clima-en-canarias-alertas-emergencias-desastres/"]}]},{"@type":"BreadcrumbList","@id":"https://www.ull.es/portal/agenda/evento/conferencia-amenazas-del-clima-en-canarias-alertas-emergencias-desastres/#breadcrumb","itemListElement":[{"@type":"ListItem","position":1,"name":"Portada","item":"https://www.ull.es/portal/agenda/"},{"@type":"ListItem","position":2,"name":"Conferencia: Amenazas del clima en Canarias: alertas, emergencias, desastres"}]},{"@type":"WebSite","@id":"https://www.ull.es/portal/agenda/#website","url":"https://www.ull.es/portal/agenda/","name":"ULL - Agenda","description":"","potentialAction":[{"@type":"SearchAction","target":{"@type":"EntryPoint","urlTemplate":"https://www.ull.es/portal/agenda/?s={search_term_string}"},"query-input":"required name=search_term_string"}],"inLanguage":"es"}]}</script>
<!-- / Yoast SEO plugin. -->

El 2 de abril, a las 12:00 horas, en el Espacio de Igualdad de la Biblioteca General y de Humanidades, el director de la Cátedra de Reducción del Riesgo de Desastres y Ciudades Resilientes, Pedro Dorta Antequera, hablará sobre las &#8216;Amenazas del clima en Canarias: alertas, emergencias, desastres&#8217;. Cada vez son más preocupantes los eventos...
