{"id":41790,"date":"2025-03-26T11:25:46","date_gmt":"2025-03-26T11:25:46","guid":{"rendered":"https:\/\/www.ull.es\/portal\/agenda\/?post_type=tribe_events&#038;p=41790"},"modified":"2025-03-28T12:25:55","modified_gmt":"2025-03-28T12:25:55","slug":"xx-jornadas-musicales-profesor-francisco-valladares","status":"publish","type":"tribe_events","link":"https:\/\/www.ull.es\/portal\/agenda\/evento\/xx-jornadas-musicales-profesor-francisco-valladares\/","title":{"rendered":"XX Jornadas Musicales \u00abProfesor Francisco Valladares\u00bb"},"content":{"rendered":"<p>La Delegaci\u00f3n de Alumnos de la Secci\u00f3n de Medicina de la Universidad de La Laguna organiza junto con Alumni ULL, Caja Siete y la Fundaci\u00f3n CajaCanarias, la\u00a0 XX Jornadas Musicales \u00abProf. Francisco Valladares\u00bb. Este evento naci\u00f3 en noviembre de 2001, cuando el Profesor Valladares se dio cuenta de que muchos estudiantes de la Universidad de La Laguna compaginaban sus estudios con la pasi\u00f3n por la m\u00fasica.<\/p>\n<p>A partir de 2002, se celebraron las primeras jornadas musicales. Desde entonces, el evento ha ido diversific\u00e1ndose, incorporando nuevos estilos, y se ha llevado a cabo de manera ininterrumpida hasta 2020, sin embargo, en 2023, las jornadas fueron reanudadas. En reconocimiento al esfuerzo y dedicaci\u00f3n del Profesor Valladares, se ha\u00a0 decidido incluir su nombre en el evento.<\/p>\n","protected":false},"excerpt":{"rendered":"<p>La Delegaci\u00f3n de Alumnos de la Secci\u00f3n de Medicina de la Universidad de La Laguna organiza junto con Alumni ULL, Caja Siete y la Fundaci\u00f3n CajaCanarias, la\u00a0 XX Jornadas Musicales \u00abProf. Francisco Valladares\u00bb. Este evento naci\u00f3 en noviembre de 2001, cuando el Profesor Valladares se dio cuenta de que muchos estudiantes de la Universidad de&#8230;<\/p>\n","protected":false},"author":65,"featured_media":41852,"comment_status":"closed","ping_status":"closed","template":"","tags":[],"tribe_events_cat":[1090],"acf":[],"yoast_head":"<!-- This site is optimized with the Yoast SEO plugin v21.3 - https:\/\/yoast.com\/wordpress\/plugins\/seo\/ -->\n<title>XX Jornadas Musicales &quot;Profesor Francisco Valladares&quot; - ULL - Agenda<\/title>\n<meta name=\"robots\" content=\"index, follow, max-snippet:-1, max-image-preview:large, max-video-preview:-1\" \/>\n<link rel=\"canonical\" href=\"https:\/\/www.ull.es\/portal\/agenda\/evento\/xx-jornadas-musicales-profesor-francisco-valladares\/\" \/>\n<meta property=\"og:locale\" content=\"es_ES\" \/>\n<meta property=\"og:type\" content=\"article\" \/>\n<meta property=\"og:title\" content=\"XX Jornadas Musicales &quot;Profesor Francisco Valladares&quot; - ULL - Agenda\" \/>\n<meta property=\"og:description\" content=\"La Delegaci\u00f3n de Alumnos de la Secci\u00f3n de Medicina de la Universidad de La Laguna organiza junto con Alumni ULL, Caja Siete y la Fundaci\u00f3n CajaCanarias, la\u00a0 XX Jornadas Musicales \u00abProf. Francisco Valladares\u00bb. Este evento naci\u00f3 en noviembre de 2001, cuando el Profesor Valladares se dio cuenta de que muchos estudiantes de la Universidad de...\" \/>\n<meta property=\"og:url\" content=\"https:\/\/www.ull.es\/portal\/agenda\/evento\/xx-jornadas-musicales-profesor-francisco-valladares\/\" \/>\n<meta property=\"og:site_name\" content=\"ULL - Agenda\" \/>\n<meta property=\"article:modified_time\" content=\"2025-03-28T12:25:55+00:00\" \/>\n<meta property=\"og:image\" content=\"https:\/\/www.ull.es\/portal\/agenda\/wp-content\/uploads\/sites\/12\/2025\/03\/XX-Jornadas-Musicales-del-Profesor-Valladares_Banner-eventos.png\" \/>\n\t<meta property=\"og:image:width\" content=\"750\" \/>\n\t<meta property=\"og:image:height\" content=\"370\" \/>\n\t<meta property=\"og:image:type\" content=\"image\/png\" \/>\n<meta name=\"twitter:card\" content=\"summary_large_image\" \/>\n<meta name=\"twitter:label1\" content=\"Tiempo de lectura\" \/>\n\t<meta name=\"twitter:data1\" content=\"1 minuto\" \/>\n<script type=\"application\/ld+json\" class=\"yoast-schema-graph\">{\"@context\":\"https:\/\/schema.org\",\"@graph\":[{\"@type\":\"WebPage\",\"@id\":\"https:\/\/www.ull.es\/portal\/agenda\/evento\/xx-jornadas-musicales-profesor-francisco-valladares\/\",\"url\":\"https:\/\/www.ull.es\/portal\/agenda\/evento\/xx-jornadas-musicales-profesor-francisco-valladares\/\",\"name\":\"XX Jornadas Musicales \\\"Profesor Francisco Valladares\\\" - ULL - Agenda\",\"isPartOf\":{\"@id\":\"https:\/\/www.ull.es\/portal\/agenda\/#website\"},\"datePublished\":\"2025-03-26T11:25:46+00:00\",\"dateModified\":\"2025-03-28T12:25:55+00:00\",\"breadcrumb\":{\"@id\":\"https:\/\/www.ull.es\/portal\/agenda\/evento\/xx-jornadas-musicales-profesor-francisco-valladares\/#breadcrumb\"},\"inLanguage\":\"es\",\"potentialAction\":[{\"@type\":\"ReadAction\",\"target\":[\"https:\/\/www.ull.es\/portal\/agenda\/evento\/xx-jornadas-musicales-profesor-francisco-valladares\/\"]}]},{\"@type\":\"BreadcrumbList\",\"@id\":\"https:\/\/www.ull.es\/portal\/agenda\/evento\/xx-jornadas-musicales-profesor-francisco-valladares\/#breadcrumb\",\"itemListElement\":[{\"@type\":\"ListItem\",\"position\":1,\"name\":\"Portada\",\"item\":\"https:\/\/www.ull.es\/portal\/agenda\/\"},{\"@type\":\"ListItem\",\"position\":2,\"name\":\"XX Jornadas Musicales \u00abProfesor Francisco Valladares\u00bb\"}]},{\"@type\":\"WebSite\",\"@id\":\"https:\/\/www.ull.es\/portal\/agenda\/#website\",\"url\":\"https:\/\/www.ull.es\/portal\/agenda\/\",\"name\":\"ULL - Agenda\",\"description\":\"\",\"potentialAction\":[{\"@type\":\"SearchAction\",\"target\":{\"@type\":\"EntryPoint\",\"urlTemplate\":\"https:\/\/www.ull.es\/portal\/agenda\/?s={search_term_string}\"},\"query-input\":\"required name=search_term_string\"}],\"inLanguage\":\"es\"}]}<\/script>\n<!-- \/ Yoast SEO plugin. -->","yoast_head_json":{"title":"XX Jornadas Musicales \"Profesor Francisco Valladares\" - ULL - Agenda","robots":{"index":"index","follow":"follow","max-snippet":"max-snippet:-1","max-image-preview":"max-image-preview:large","max-video-preview":"max-video-preview:-1"},"canonical":"https:\/\/www.ull.es\/portal\/agenda\/evento\/xx-jornadas-musicales-profesor-francisco-valladares\/","og_locale":"es_ES","og_type":"article","og_title":"XX Jornadas Musicales \"Profesor Francisco Valladares\" - ULL - Agenda","og_description":"La Delegaci\u00f3n de Alumnos de la Secci\u00f3n de Medicina de la Universidad de La Laguna organiza junto con Alumni ULL, Caja Siete y la Fundaci\u00f3n CajaCanarias, la\u00a0 XX Jornadas Musicales \u00abProf. Francisco Valladares\u00bb. Este evento naci\u00f3 en noviembre de 2001, cuando el Profesor Valladares se dio cuenta de que muchos estudiantes de la Universidad de...","og_url":"https:\/\/www.ull.es\/portal\/agenda\/evento\/xx-jornadas-musicales-profesor-francisco-valladares\/","og_site_name":"ULL - Agenda","article_modified_time":"2025-03-28T12:25:55+00:00","og_image":[{"width":750,"height":370,"url":"https:\/\/www.ull.es\/portal\/agenda\/wp-content\/uploads\/sites\/12\/2025\/03\/XX-Jornadas-Musicales-del-Profesor-Valladares_Banner-eventos.png","type":"image\/png"}],"twitter_card":"summary_large_image","twitter_misc":{"Tiempo de lectura":"1 minuto"},"schema":{"@context":"https:\/\/schema.org","@graph":[{"@type":"WebPage","@id":"https:\/\/www.ull.es\/portal\/agenda\/evento\/xx-jornadas-musicales-profesor-francisco-valladares\/","url":"https:\/\/www.ull.es\/portal\/agenda\/evento\/xx-jornadas-musicales-profesor-francisco-valladares\/","name":"XX Jornadas Musicales \"Profesor Francisco Valladares\" - ULL - Agenda","isPartOf":{"@id":"https:\/\/www.ull.es\/portal\/agenda\/#website"},"datePublished":"2025-03-26T11:25:46+00:00","dateModified":"2025-03-28T12:25:55+00:00","breadcrumb":{"@id":"https:\/\/www.ull.es\/portal\/agenda\/evento\/xx-jornadas-musicales-profesor-francisco-valladares\/#breadcrumb"},"inLanguage":"es","potentialAction":[{"@type":"ReadAction","target":["https:\/\/www.ull.es\/portal\/agenda\/evento\/xx-jornadas-musicales-profesor-francisco-valladares\/"]}]},{"@type":"BreadcrumbList","@id":"https:\/\/www.ull.es\/portal\/agenda\/evento\/xx-jornadas-musicales-profesor-francisco-valladares\/#breadcrumb","itemListElement":[{"@type":"ListItem","position":1,"name":"Portada","item":"https:\/\/www.ull.es\/portal\/agenda\/"},{"@type":"ListItem","position":2,"name":"XX Jornadas Musicales \u00abProfesor Francisco Valladares\u00bb"}]},{"@type":"WebSite","@id":"https:\/\/www.ull.es\/portal\/agenda\/#website","url":"https:\/\/www.ull.es\/portal\/agenda\/","name":"ULL - Agenda","description":"","potentialAction":[{"@type":"SearchAction","target":{"@type":"EntryPoint","urlTemplate":"https:\/\/www.ull.es\/portal\/agenda\/?s={search_term_string}"},"query-input":"required name=search_term_string"}],"inLanguage":"es"}]}},"_links":{"self":[{"href":"https:\/\/www.ull.es\/portal\/agenda\/wp-json\/wp\/v2\/tribe_events\/41790"}],"collection":[{"href":"https:\/\/www.ull.es\/portal\/agenda\/wp-json\/wp\/v2\/tribe_events"}],"about":[{"href":"https:\/\/www.ull.es\/portal\/agenda\/wp-json\/wp\/v2\/types\/tribe_events"}],"author":[{"embeddable":true,"href":"https:\/\/www.ull.es\/portal\/agenda\/wp-json\/wp\/v2\/users\/65"}],"replies":[{"embeddable":true,"href":"https:\/\/www.ull.es\/portal\/agenda\/wp-json\/wp\/v2\/comments?post=41790"}],"version-history":[{"count":2,"href":"https:\/\/www.ull.es\/portal\/agenda\/wp-json\/wp\/v2\/tribe_events\/41790\/revisions"}],"predecessor-version":[{"id":41893,"href":"https:\/\/www.ull.es\/portal\/agenda\/wp-json\/wp\/v2\/tribe_events\/41790\/revisions\/41893"}],"wp:featuredmedia":[{"embeddable":true,"href":"https:\/\/www.ull.es\/portal\/agenda\/wp-json\/wp\/v2\/media\/41852"}],"wp:attachment":[{"href":"https:\/\/www.ull.es\/portal\/agenda\/wp-json\/wp\/v2\/media?parent=41790"}],"wp:term":[{"taxonomy":"post_tag","embeddable":true,"href":"https:\/\/www.ull.es\/portal\/agenda\/wp-json\/wp\/v2\/tags?post=41790"},{"taxonomy":"tribe_events_cat","embeddable":true,"href":"https:\/\/www.ull.es\/portal\/agenda\/wp-json\/wp\/v2\/tribe_events_cat?post=41790"}],"curies":[{"name":"wp","href":"https:\/\/api.w.org\/{rel}","templated":true}]}}

<p>La Delegación de Alumnos de la Sección de Medicina de la Universidad de La Laguna organiza junto con Alumni ULL, Caja Siete y la Fundación CajaCanarias, la  XX Jornadas Musicales «Prof. Francisco Valladares». Este evento nació en noviembre de 2001, cuando el Profesor Valladares se dio cuenta de que muchos estudiantes de la Universidad de La Laguna compaginaban sus estudios con la pasión por la música.</p>
<p>A partir de 2002, se celebraron las primeras jornadas musicales. Desde entonces, el evento ha ido diversificándose, incorporando nuevos estilos, y se ha llevado a cabo de manera ininterrumpida hasta 2020, sin embargo, en 2023, las jornadas fueron reanudadas. En reconocimiento al esfuerzo y dedicación del Profesor Valladares, se ha  decidido incluir su nombre en el evento.</p>

<p>La Delegación de Alumnos de la Sección de Medicina de la Universidad de La Laguna organiza junto con Alumni ULL, Caja Siete y la Fundación CajaCanarias, la  XX Jornadas Musicales «Prof. Francisco Valladares». Este evento nació en noviembre de 2001, cuando el Profesor Valladares se dio cuenta de que muchos estudiantes de la Universidad de&#8230;</p>

<!-- This site is optimized with the Yoast SEO plugin v21.3 - https://yoast.com/wordpress/plugins/seo/ -->
<title>XX Jornadas Musicales &quot;Profesor Francisco Valladares&quot; - ULL - Agenda</title>
<meta name="robots" content="index, follow, max-snippet:-1, max-image-preview:large, max-video-preview:-1" />
<link rel="canonical" href="https://www.ull.es/portal/agenda/evento/xx-jornadas-musicales-profesor-francisco-valladares/" />
<meta property="og:locale" content="es_ES" />
<meta property="og:type" content="article" />
<meta property="og:title" content="XX Jornadas Musicales &quot;Profesor Francisco Valladares&quot; - ULL - Agenda" />
<meta property="og:description" content="La Delegación de Alumnos de la Sección de Medicina de la Universidad de La Laguna organiza junto con Alumni ULL, Caja Siete y la Fundación CajaCanarias, la  XX Jornadas Musicales «Prof. Francisco Valladares». Este evento nació en noviembre de 2001, cuando el Profesor Valladares se dio cuenta de que muchos estudiantes de la Universidad de..." />
<meta property="og:url" content="https://www.ull.es/portal/agenda/evento/xx-jornadas-musicales-profesor-francisco-valladares/" />
<meta property="og:site_name" content="ULL - Agenda" />
<meta property="article:modified_time" content="2025-03-28T12:25:55+00:00" />
<meta property="og:image" content="https://www.ull.es/portal/agenda/wp-content/uploads/sites/12/2025/03/XX-Jornadas-Musicales-del-Profesor-Valladares_Banner-eventos.png" />
	<meta property="og:image:width" content="750" />
	<meta property="og:image:height" content="370" />
	<meta property="og:image:type" content="image/png" />
<meta name="twitter:card" content="summary_large_image" />
<meta name="twitter:label1" content="Tiempo de lectura" />
	<meta name="twitter:data1" content="1 minuto" />
<script type="application/ld+json" class="yoast-schema-graph">{"@context":"https://schema.org","@graph":[{"@type":"WebPage","@id":"https://www.ull.es/portal/agenda/evento/xx-jornadas-musicales-profesor-francisco-valladares/","url":"https://www.ull.es/portal/agenda/evento/xx-jornadas-musicales-profesor-francisco-valladares/","name":"XX Jornadas Musicales \"Profesor Francisco Valladares\" - ULL - Agenda","isPartOf":{"@id":"https://www.ull.es/portal/agenda/#website"},"datePublished":"2025-03-26T11:25:46+00:00","dateModified":"2025-03-28T12:25:55+00:00","breadcrumb":{"@id":"https://www.ull.es/portal/agenda/evento/xx-jornadas-musicales-profesor-francisco-valladares/#breadcrumb"},"inLanguage":"es","potentialAction":[{"@type":"ReadAction","target":["https://www.ull.es/portal/agenda/evento/xx-jornadas-musicales-profesor-francisco-valladares/"]}]},{"@type":"BreadcrumbList","@id":"https://www.ull.es/portal/agenda/evento/xx-jornadas-musicales-profesor-francisco-valladares/#breadcrumb","itemListElement":[{"@type":"ListItem","position":1,"name":"Portada","item":"https://www.ull.es/portal/agenda/"},{"@type":"ListItem","position":2,"name":"XX Jornadas Musicales «Profesor Francisco Valladares»"}]},{"@type":"WebSite","@id":"https://www.ull.es/portal/agenda/#website","url":"https://www.ull.es/portal/agenda/","name":"ULL - Agenda","description":"","potentialAction":[{"@type":"SearchAction","target":{"@type":"EntryPoint","urlTemplate":"https://www.ull.es/portal/agenda/?s={search_term_string}"},"query-input":"required name=search_term_string"}],"inLanguage":"es"}]}</script>
<!-- / Yoast SEO plugin. -->

La Delegación de Alumnos de la Sección de Medicina de la Universidad de La Laguna organiza junto con Alumni ULL, Caja Siete y la Fundación CajaCanarias, la  XX Jornadas Musicales «Prof. Francisco Valladares». Este evento nació en noviembre de 2001, cuando el Profesor Valladares se dio cuenta de que muchos estudiantes de la Universidad de...
