{"id":41837,"date":"2025-03-27T10:12:00","date_gmt":"2025-03-27T10:12:00","guid":{"rendered":"https:\/\/www.ull.es\/portal\/agenda\/?post_type=tribe_events&#038;p=41837"},"modified":"2025-03-27T13:33:15","modified_gmt":"2025-03-27T13:33:15","slug":"exposicion-mundos-reales-mundos-virtuales-mundos-tridimensionales","status":"publish","type":"tribe_events","link":"https:\/\/www.ull.es\/portal\/agenda\/evento\/exposicion-mundos-reales-mundos-virtuales-mundos-tridimensionales\/","title":{"rendered":"Exposici\u00f3n: Mundos reales, mundos virtuales, mundos tridimensionales"},"content":{"rendered":"<p><span style=\"font-weight: 400;\">Las maquetas constituyen un recurso did\u00e1ctico de gran valor ya que permiten conectar diferentes \u00e1reas de conocimiento promoviendo, por tanto, la interdisciplinariedad. Adem\u00e1s, crean un marco perfecto para la aplicaci\u00f3n de la teor\u00eda de las inteligencias m\u00faltiples y el desarrollo integral de todas las competencias clave; permiten una mayor abstracci\u00f3n; aumentan la visi\u00f3n espacial por ser un medio de representaci\u00f3n tridimensional; mejoran\u00a0 la motivaci\u00f3n de los estudiantes y el estado emocional porque producen satisfacci\u00f3n por el resultado final, y fomentan el trabajo en grupo, por citar solo algunas de las razones por las que el uso de este recurso es de gran inter\u00e9s para toda la comunidad universitaria, en todas las titulaciones y materias.\u00a0<\/span><\/p>\n<p><span style=\"font-weight: 400;\">En esta exposici\u00f3n se presentan 18 maquetas realizadas por el alumnado de la asignatura Did\u00e1ctica de la Lengua Extranjera -ingl\u00e9s-, de 3\u00ba curso del Grado en Maestro en Educaci\u00f3n Infantil, turno de ma\u00f1ana, a cargo de la Dra. Juana Herrera Cubas. Cada una de estas maquetas se dise\u00f1\u00f3 como parte del material obligatorio que acompa\u00f1a a la situaci\u00f3n de aprendizje en la lengua extranjera, que los alumnos deben desarrollar en la asignatura, y tienen como finalidad iniciarlos en el dise\u00f1o de sus propios materiales, as\u00ed como en la b\u00fasqueda y adaptaci\u00f3n de otros ya existentes en diversos medios y formatos.<\/span><\/p>\n<p><span style=\"font-weight: 400;\">En la asignatura de Did\u00e1ctica de la Lengua Extranjera -ingl\u00e9s- en Educaci\u00f3n Infantil,\u00a0 presentar los elementos verbales con recursos visuales, y t\u00e1ctiles en este caso porque los elementos de las maquetas se pueden ver y tambi\u00e9n remover y manipular, facilita la comprensi\u00f3n y producci\u00f3n de la lengua meta a los escolares; adem\u00e1s, y puesto que estos elementos son familiares, se promueve la competencia pluriling\u00fce, tal como se define en el <\/span><i><span style=\"font-weight: 400;\">Marco Com\u00fan Europeo de Referencia para las Lenguas. Volumen Complementario<\/span><\/i><span style=\"font-weight: 400;\"> (Traducci\u00f3n del Instituto Cervantes, 2021), a edades tempranas.\u00a0<\/span><\/p>\n","protected":false},"excerpt":{"rendered":"<p>Las maquetas constituyen un recurso did\u00e1ctico de gran valor ya que permiten conectar diferentes \u00e1reas de conocimiento promoviendo, por tanto, la interdisciplinariedad. Adem\u00e1s, crean un marco perfecto para la aplicaci\u00f3n de la teor\u00eda de las inteligencias m\u00faltiples y el desarrollo integral de todas las competencias clave; permiten una mayor abstracci\u00f3n; aumentan la visi\u00f3n espacial por&#8230;<\/p>\n","protected":false},"author":65,"featured_media":41855,"comment_status":"closed","ping_status":"closed","template":"","tags":[],"tribe_events_cat":[4889,19],"acf":[],"yoast_head":"<!-- This site is optimized with the Yoast SEO plugin v21.3 - https:\/\/yoast.com\/wordpress\/plugins\/seo\/ -->\n<title>Exposici\u00f3n: Mundos reales, mundos virtuales, mundos tridimensionales - ULL - Agenda<\/title>\n<meta name=\"robots\" content=\"index, follow, max-snippet:-1, max-image-preview:large, max-video-preview:-1\" \/>\n<link rel=\"canonical\" href=\"https:\/\/www.ull.es\/portal\/agenda\/evento\/exposicion-mundos-reales-mundos-virtuales-mundos-tridimensionales\/\" \/>\n<meta property=\"og:locale\" content=\"es_ES\" \/>\n<meta property=\"og:type\" content=\"article\" \/>\n<meta property=\"og:title\" content=\"Exposici\u00f3n: Mundos reales, mundos virtuales, mundos tridimensionales - ULL - Agenda\" \/>\n<meta property=\"og:description\" content=\"Las maquetas constituyen un recurso did\u00e1ctico de gran valor ya que permiten conectar diferentes \u00e1reas de conocimiento promoviendo, por tanto, la interdisciplinariedad. Adem\u00e1s, crean un marco perfecto para la aplicaci\u00f3n de la teor\u00eda de las inteligencias m\u00faltiples y el desarrollo integral de todas las competencias clave; permiten una mayor abstracci\u00f3n; aumentan la visi\u00f3n espacial por...\" \/>\n<meta property=\"og:url\" content=\"https:\/\/www.ull.es\/portal\/agenda\/evento\/exposicion-mundos-reales-mundos-virtuales-mundos-tridimensionales\/\" \/>\n<meta property=\"og:site_name\" content=\"ULL - Agenda\" \/>\n<meta property=\"article:modified_time\" content=\"2025-03-27T13:33:15+00:00\" \/>\n<meta property=\"og:image\" content=\"https:\/\/www.ull.es\/portal\/agenda\/wp-content\/uploads\/sites\/12\/2025\/03\/Exposicion-Mundos-reales-mundos-virtuales-mundos-tridimensionales_Banner-eventos.png\" \/>\n\t<meta property=\"og:image:width\" content=\"760\" \/>\n\t<meta property=\"og:image:height\" content=\"380\" \/>\n\t<meta property=\"og:image:type\" content=\"image\/png\" \/>\n<meta name=\"twitter:card\" content=\"summary_large_image\" \/>\n<meta name=\"twitter:label1\" content=\"Tiempo de lectura\" \/>\n\t<meta name=\"twitter:data1\" content=\"2 minutos\" \/>\n<script type=\"application\/ld+json\" class=\"yoast-schema-graph\">{\"@context\":\"https:\/\/schema.org\",\"@graph\":[{\"@type\":\"WebPage\",\"@id\":\"https:\/\/www.ull.es\/portal\/agenda\/evento\/exposicion-mundos-reales-mundos-virtuales-mundos-tridimensionales\/\",\"url\":\"https:\/\/www.ull.es\/portal\/agenda\/evento\/exposicion-mundos-reales-mundos-virtuales-mundos-tridimensionales\/\",\"name\":\"Exposici\u00f3n: Mundos reales, mundos virtuales, mundos tridimensionales - ULL - Agenda\",\"isPartOf\":{\"@id\":\"https:\/\/www.ull.es\/portal\/agenda\/#website\"},\"datePublished\":\"2025-03-27T10:12:00+00:00\",\"dateModified\":\"2025-03-27T13:33:15+00:00\",\"breadcrumb\":{\"@id\":\"https:\/\/www.ull.es\/portal\/agenda\/evento\/exposicion-mundos-reales-mundos-virtuales-mundos-tridimensionales\/#breadcrumb\"},\"inLanguage\":\"es\",\"potentialAction\":[{\"@type\":\"ReadAction\",\"target\":[\"https:\/\/www.ull.es\/portal\/agenda\/evento\/exposicion-mundos-reales-mundos-virtuales-mundos-tridimensionales\/\"]}]},{\"@type\":\"BreadcrumbList\",\"@id\":\"https:\/\/www.ull.es\/portal\/agenda\/evento\/exposicion-mundos-reales-mundos-virtuales-mundos-tridimensionales\/#breadcrumb\",\"itemListElement\":[{\"@type\":\"ListItem\",\"position\":1,\"name\":\"Portada\",\"item\":\"https:\/\/www.ull.es\/portal\/agenda\/\"},{\"@type\":\"ListItem\",\"position\":2,\"name\":\"Exposici\u00f3n: Mundos reales, mundos virtuales, mundos tridimensionales\"}]},{\"@type\":\"WebSite\",\"@id\":\"https:\/\/www.ull.es\/portal\/agenda\/#website\",\"url\":\"https:\/\/www.ull.es\/portal\/agenda\/\",\"name\":\"ULL - Agenda\",\"description\":\"\",\"potentialAction\":[{\"@type\":\"SearchAction\",\"target\":{\"@type\":\"EntryPoint\",\"urlTemplate\":\"https:\/\/www.ull.es\/portal\/agenda\/?s={search_term_string}\"},\"query-input\":\"required name=search_term_string\"}],\"inLanguage\":\"es\"}]}<\/script>\n<!-- \/ Yoast SEO plugin. -->","yoast_head_json":{"title":"Exposici\u00f3n: Mundos reales, mundos virtuales, mundos tridimensionales - ULL - Agenda","robots":{"index":"index","follow":"follow","max-snippet":"max-snippet:-1","max-image-preview":"max-image-preview:large","max-video-preview":"max-video-preview:-1"},"canonical":"https:\/\/www.ull.es\/portal\/agenda\/evento\/exposicion-mundos-reales-mundos-virtuales-mundos-tridimensionales\/","og_locale":"es_ES","og_type":"article","og_title":"Exposici\u00f3n: Mundos reales, mundos virtuales, mundos tridimensionales - ULL - Agenda","og_description":"Las maquetas constituyen un recurso did\u00e1ctico de gran valor ya que permiten conectar diferentes \u00e1reas de conocimiento promoviendo, por tanto, la interdisciplinariedad. Adem\u00e1s, crean un marco perfecto para la aplicaci\u00f3n de la teor\u00eda de las inteligencias m\u00faltiples y el desarrollo integral de todas las competencias clave; permiten una mayor abstracci\u00f3n; aumentan la visi\u00f3n espacial por...","og_url":"https:\/\/www.ull.es\/portal\/agenda\/evento\/exposicion-mundos-reales-mundos-virtuales-mundos-tridimensionales\/","og_site_name":"ULL - Agenda","article_modified_time":"2025-03-27T13:33:15+00:00","og_image":[{"width":760,"height":380,"url":"https:\/\/www.ull.es\/portal\/agenda\/wp-content\/uploads\/sites\/12\/2025\/03\/Exposicion-Mundos-reales-mundos-virtuales-mundos-tridimensionales_Banner-eventos.png","type":"image\/png"}],"twitter_card":"summary_large_image","twitter_misc":{"Tiempo de lectura":"2 minutos"},"schema":{"@context":"https:\/\/schema.org","@graph":[{"@type":"WebPage","@id":"https:\/\/www.ull.es\/portal\/agenda\/evento\/exposicion-mundos-reales-mundos-virtuales-mundos-tridimensionales\/","url":"https:\/\/www.ull.es\/portal\/agenda\/evento\/exposicion-mundos-reales-mundos-virtuales-mundos-tridimensionales\/","name":"Exposici\u00f3n: Mundos reales, mundos virtuales, mundos tridimensionales - ULL - Agenda","isPartOf":{"@id":"https:\/\/www.ull.es\/portal\/agenda\/#website"},"datePublished":"2025-03-27T10:12:00+00:00","dateModified":"2025-03-27T13:33:15+00:00","breadcrumb":{"@id":"https:\/\/www.ull.es\/portal\/agenda\/evento\/exposicion-mundos-reales-mundos-virtuales-mundos-tridimensionales\/#breadcrumb"},"inLanguage":"es","potentialAction":[{"@type":"ReadAction","target":["https:\/\/www.ull.es\/portal\/agenda\/evento\/exposicion-mundos-reales-mundos-virtuales-mundos-tridimensionales\/"]}]},{"@type":"BreadcrumbList","@id":"https:\/\/www.ull.es\/portal\/agenda\/evento\/exposicion-mundos-reales-mundos-virtuales-mundos-tridimensionales\/#breadcrumb","itemListElement":[{"@type":"ListItem","position":1,"name":"Portada","item":"https:\/\/www.ull.es\/portal\/agenda\/"},{"@type":"ListItem","position":2,"name":"Exposici\u00f3n: Mundos reales, mundos virtuales, mundos tridimensionales"}]},{"@type":"WebSite","@id":"https:\/\/www.ull.es\/portal\/agenda\/#website","url":"https:\/\/www.ull.es\/portal\/agenda\/","name":"ULL - Agenda","description":"","potentialAction":[{"@type":"SearchAction","target":{"@type":"EntryPoint","urlTemplate":"https:\/\/www.ull.es\/portal\/agenda\/?s={search_term_string}"},"query-input":"required name=search_term_string"}],"inLanguage":"es"}]}},"_links":{"self":[{"href":"https:\/\/www.ull.es\/portal\/agenda\/wp-json\/wp\/v2\/tribe_events\/41837"}],"collection":[{"href":"https:\/\/www.ull.es\/portal\/agenda\/wp-json\/wp\/v2\/tribe_events"}],"about":[{"href":"https:\/\/www.ull.es\/portal\/agenda\/wp-json\/wp\/v2\/types\/tribe_events"}],"author":[{"embeddable":true,"href":"https:\/\/www.ull.es\/portal\/agenda\/wp-json\/wp\/v2\/users\/65"}],"replies":[{"embeddable":true,"href":"https:\/\/www.ull.es\/portal\/agenda\/wp-json\/wp\/v2\/comments?post=41837"}],"version-history":[{"count":1,"href":"https:\/\/www.ull.es\/portal\/agenda\/wp-json\/wp\/v2\/tribe_events\/41837\/revisions"}],"predecessor-version":[{"id":41838,"href":"https:\/\/www.ull.es\/portal\/agenda\/wp-json\/wp\/v2\/tribe_events\/41837\/revisions\/41838"}],"wp:featuredmedia":[{"embeddable":true,"href":"https:\/\/www.ull.es\/portal\/agenda\/wp-json\/wp\/v2\/media\/41855"}],"wp:attachment":[{"href":"https:\/\/www.ull.es\/portal\/agenda\/wp-json\/wp\/v2\/media?parent=41837"}],"wp:term":[{"taxonomy":"post_tag","embeddable":true,"href":"https:\/\/www.ull.es\/portal\/agenda\/wp-json\/wp\/v2\/tags?post=41837"},{"taxonomy":"tribe_events_cat","embeddable":true,"href":"https:\/\/www.ull.es\/portal\/agenda\/wp-json\/wp\/v2\/tribe_events_cat?post=41837"}],"curies":[{"name":"wp","href":"https:\/\/api.w.org\/{rel}","templated":true}]}}

Exposición: Mundos reales, mundos virtuales, mundos tridimensionales

<p><span style="font-weight: 400;">Las maquetas constituyen un recurso didáctico de gran valor ya que permiten conectar diferentes áreas de conocimiento promoviendo, por tanto, la interdisciplinariedad. Además, crean un marco perfecto para la aplicación de la teoría de las inteligencias múltiples y el desarrollo integral de todas las competencias clave; permiten una mayor abstracción; aumentan la visión espacial por ser un medio de representación tridimensional; mejoran  la motivación de los estudiantes y el estado emocional porque producen satisfacción por el resultado final, y fomentan el trabajo en grupo, por citar solo algunas de las razones por las que el uso de este recurso es de gran interés para toda la comunidad universitaria, en todas las titulaciones y materias. </span></p>
<p><span style="font-weight: 400;">En esta exposición se presentan 18 maquetas realizadas por el alumnado de la asignatura Didáctica de la Lengua Extranjera -inglés-, de 3º curso del Grado en Maestro en Educación Infantil, turno de mañana, a cargo de la Dra. Juana Herrera Cubas. Cada una de estas maquetas se diseñó como parte del material obligatorio que acompaña a la situación de aprendizje en la lengua extranjera, que los alumnos deben desarrollar en la asignatura, y tienen como finalidad iniciarlos en el diseño de sus propios materiales, así como en la búsqueda y adaptación de otros ya existentes en diversos medios y formatos.</span></p>
<p><span style="font-weight: 400;">En la asignatura de Didáctica de la Lengua Extranjera -inglés- en Educación Infantil,  presentar los elementos verbales con recursos visuales, y táctiles en este caso porque los elementos de las maquetas se pueden ver y también remover y manipular, facilita la comprensión y producción de la lengua meta a los escolares; además, y puesto que estos elementos son familiares, se promueve la competencia plurilingüe, tal como se define en el </span><i><span style="font-weight: 400;">Marco Común Europeo de Referencia para las Lenguas. Volumen Complementario</span></i><span style="font-weight: 400;"> (Traducción del Instituto Cervantes, 2021), a edades tempranas. </span></p>

<p>Las maquetas constituyen un recurso didáctico de gran valor ya que permiten conectar diferentes áreas de conocimiento promoviendo, por tanto, la interdisciplinariedad. Además, crean un marco perfecto para la aplicación de la teoría de las inteligencias múltiples y el desarrollo integral de todas las competencias clave; permiten una mayor abstracción; aumentan la visión espacial por&#8230;</p>

<!-- This site is optimized with the Yoast SEO plugin v21.3 - https://yoast.com/wordpress/plugins/seo/ -->
<title>Exposición: Mundos reales, mundos virtuales, mundos tridimensionales - ULL - Agenda</title>
<meta name="robots" content="index, follow, max-snippet:-1, max-image-preview:large, max-video-preview:-1" />
<link rel="canonical" href="https://www.ull.es/portal/agenda/evento/exposicion-mundos-reales-mundos-virtuales-mundos-tridimensionales/" />
<meta property="og:locale" content="es_ES" />
<meta property="og:type" content="article" />
<meta property="og:title" content="Exposición: Mundos reales, mundos virtuales, mundos tridimensionales - ULL - Agenda" />
<meta property="og:description" content="Las maquetas constituyen un recurso didáctico de gran valor ya que permiten conectar diferentes áreas de conocimiento promoviendo, por tanto, la interdisciplinariedad. Además, crean un marco perfecto para la aplicación de la teoría de las inteligencias múltiples y el desarrollo integral de todas las competencias clave; permiten una mayor abstracción; aumentan la visión espacial por..." />
<meta property="og:url" content="https://www.ull.es/portal/agenda/evento/exposicion-mundos-reales-mundos-virtuales-mundos-tridimensionales/" />
<meta property="og:site_name" content="ULL - Agenda" />
<meta property="article:modified_time" content="2025-03-27T13:33:15+00:00" />
<meta property="og:image" content="https://www.ull.es/portal/agenda/wp-content/uploads/sites/12/2025/03/Exposicion-Mundos-reales-mundos-virtuales-mundos-tridimensionales_Banner-eventos.png" />
	<meta property="og:image:width" content="760" />
	<meta property="og:image:height" content="380" />
	<meta property="og:image:type" content="image/png" />
<meta name="twitter:card" content="summary_large_image" />
<meta name="twitter:label1" content="Tiempo de lectura" />
	<meta name="twitter:data1" content="2 minutos" />
<script type="application/ld+json" class="yoast-schema-graph">{"@context":"https://schema.org","@graph":[{"@type":"WebPage","@id":"https://www.ull.es/portal/agenda/evento/exposicion-mundos-reales-mundos-virtuales-mundos-tridimensionales/","url":"https://www.ull.es/portal/agenda/evento/exposicion-mundos-reales-mundos-virtuales-mundos-tridimensionales/","name":"Exposición: Mundos reales, mundos virtuales, mundos tridimensionales - ULL - Agenda","isPartOf":{"@id":"https://www.ull.es/portal/agenda/#website"},"datePublished":"2025-03-27T10:12:00+00:00","dateModified":"2025-03-27T13:33:15+00:00","breadcrumb":{"@id":"https://www.ull.es/portal/agenda/evento/exposicion-mundos-reales-mundos-virtuales-mundos-tridimensionales/#breadcrumb"},"inLanguage":"es","potentialAction":[{"@type":"ReadAction","target":["https://www.ull.es/portal/agenda/evento/exposicion-mundos-reales-mundos-virtuales-mundos-tridimensionales/"]}]},{"@type":"BreadcrumbList","@id":"https://www.ull.es/portal/agenda/evento/exposicion-mundos-reales-mundos-virtuales-mundos-tridimensionales/#breadcrumb","itemListElement":[{"@type":"ListItem","position":1,"name":"Portada","item":"https://www.ull.es/portal/agenda/"},{"@type":"ListItem","position":2,"name":"Exposición: Mundos reales, mundos virtuales, mundos tridimensionales"}]},{"@type":"WebSite","@id":"https://www.ull.es/portal/agenda/#website","url":"https://www.ull.es/portal/agenda/","name":"ULL - Agenda","description":"","potentialAction":[{"@type":"SearchAction","target":{"@type":"EntryPoint","urlTemplate":"https://www.ull.es/portal/agenda/?s={search_term_string}"},"query-input":"required name=search_term_string"}],"inLanguage":"es"}]}</script>
<!-- / Yoast SEO plugin. -->

Exposición: Mundos reales, mundos virtuales, mundos tridimensionales - ULL - Agenda

Las maquetas constituyen un recurso didáctico de gran valor ya que permiten conectar diferentes áreas de conocimiento promoviendo, por tanto, la interdisciplinariedad. Además, crean un marco perfecto para la aplicación de la teoría de las inteligencias múltiples y el desarrollo integral de todas las competencias clave; permiten una mayor abstracción; aumentan la visión espacial por...
