{"id":41840,"date":"2025-03-27T10:33:46","date_gmt":"2025-03-27T10:33:46","guid":{"rendered":"https:\/\/www.ull.es\/portal\/agenda\/?post_type=tribe_events&#038;p=41840"},"modified":"2025-03-31T10:41:50","modified_gmt":"2025-03-31T10:41:50","slug":"xxvii-seminario-juan-miquel-de-derecho-comparado","status":"publish","type":"tribe_events","link":"https:\/\/www.ull.es\/portal\/agenda\/evento\/xxvii-seminario-juan-miquel-de-derecho-comparado\/","title":{"rendered":"XXVII Seminario \u00abJuan Miquel\u00bb de Derecho Comparado"},"content":{"rendered":"<p>Las \u00c1reas de Derecho Romano y Derecho Civil del Departamento de Disciplinas Jur\u00eddicas B\u00e1sicas organizan el XXVII Seminario \u00abJuan Miquel\u00bb de Derecho Comparado que se celebrar\u00e1 en la Sala de Juntas de la Facultad de Derecho los d\u00edas 4, 24 y 25 de abril de 2025.<\/p>\n<p>Los principales objetivos de este encuentro son resaltar la figura de Juan Miquel como uno de los principales estudiosos del Derecho comparado en la Universidad de La Laguna, reflexionar acerca de la influencia del Derecho continental europeo en Asia y destacar la importancia del Derecho comparado como herramienta para la resoluci\u00f3n de problemas jur\u00eddicos.<\/p>\n<p><strong>Direcci\u00f3n acad\u00e9mica:<\/strong> Dra. D\u00f1a. Ver\u00f3nica Daniela D\u00edaz Sazo. Profesora Ayudante, Departamento de Disciplinas Jur\u00eddicas B\u00e1sicas de la Universidad de La Laguna.<\/p>\n<p><strong>Coordinaci\u00f3n:<\/strong> Dra. D\u00f1a. Irene Aznar S\u00e1nchez-Parodi, Profesora Ayudante Doctor, Departamento de Disciplinas Jur\u00eddicas B\u00e1sicas de la Universidad de La Laguna.<\/p>\n<p><a href=\"https:\/\/drive.google.com\/file\/d\/1xhflOIHRbbtRX6WIeWM5L5a3BJO4c8RO\/view?usp=sharing\" target=\"_blank\" rel=\"noopener\" target=\"_blank\" rel=\"noopener\">Programa<\/a><\/p>\n","protected":false},"excerpt":{"rendered":"<p>Las \u00c1reas de Derecho Romano y Derecho Civil del Departamento de Disciplinas Jur\u00eddicas B\u00e1sicas organizan el XXVII Seminario \u00abJuan Miquel\u00bb de Derecho Comparado que se celebrar\u00e1 en la Sala de Juntas de la Facultad de Derecho los d\u00edas 4, 24 y 25 de abril de 2025. Los principales objetivos de este encuentro son resaltar la&#8230;<\/p>\n","protected":false},"author":65,"featured_media":41925,"comment_status":"closed","ping_status":"closed","template":"","tags":[],"tribe_events_cat":[3626,4,399,865,186],"acf":[],"yoast_head":"<!-- This site is optimized with the Yoast SEO plugin v21.3 - https:\/\/yoast.com\/wordpress\/plugins\/seo\/ -->\n<title>XXVII Seminario \u00abJuan Miquel\u00bb de Derecho Comparado - ULL - Agenda<\/title>\n<meta name=\"robots\" content=\"index, follow, max-snippet:-1, max-image-preview:large, max-video-preview:-1\" \/>\n<link rel=\"canonical\" href=\"https:\/\/www.ull.es\/portal\/agenda\/evento\/xxvii-seminario-juan-miquel-de-derecho-comparado\/\" \/>\n<meta property=\"og:locale\" content=\"es_ES\" \/>\n<meta property=\"og:type\" content=\"article\" \/>\n<meta property=\"og:title\" content=\"XXVII Seminario \u00abJuan Miquel\u00bb de Derecho Comparado - ULL - Agenda\" \/>\n<meta property=\"og:description\" content=\"Las \u00c1reas de Derecho Romano y Derecho Civil del Departamento de Disciplinas Jur\u00eddicas B\u00e1sicas organizan el XXVII Seminario \u00abJuan Miquel\u00bb de Derecho Comparado que se celebrar\u00e1 en la Sala de Juntas de la Facultad de Derecho los d\u00edas 4, 24 y 25 de abril de 2025. Los principales objetivos de este encuentro son resaltar la...\" \/>\n<meta property=\"og:url\" content=\"https:\/\/www.ull.es\/portal\/agenda\/evento\/xxvii-seminario-juan-miquel-de-derecho-comparado\/\" \/>\n<meta property=\"og:site_name\" content=\"ULL - Agenda\" \/>\n<meta property=\"article:modified_time\" content=\"2025-03-31T10:41:50+00:00\" \/>\n<meta property=\"og:image\" content=\"https:\/\/www.ull.es\/portal\/agenda\/wp-content\/uploads\/sites\/12\/2025\/03\/XXVII-Seminario-Juan-Miquel-de-Derecho-Comparado_Banner-eventos.png\" \/>\n\t<meta property=\"og:image:width\" content=\"750\" \/>\n\t<meta property=\"og:image:height\" content=\"370\" \/>\n\t<meta property=\"og:image:type\" content=\"image\/png\" \/>\n<meta name=\"twitter:card\" content=\"summary_large_image\" \/>\n<meta name=\"twitter:label1\" content=\"Tiempo de lectura\" \/>\n\t<meta name=\"twitter:data1\" content=\"1 minuto\" \/>\n<script type=\"application\/ld+json\" class=\"yoast-schema-graph\">{\"@context\":\"https:\/\/schema.org\",\"@graph\":[{\"@type\":\"WebPage\",\"@id\":\"https:\/\/www.ull.es\/portal\/agenda\/evento\/xxvii-seminario-juan-miquel-de-derecho-comparado\/\",\"url\":\"https:\/\/www.ull.es\/portal\/agenda\/evento\/xxvii-seminario-juan-miquel-de-derecho-comparado\/\",\"name\":\"XXVII Seminario \u00abJuan Miquel\u00bb de Derecho Comparado - ULL - Agenda\",\"isPartOf\":{\"@id\":\"https:\/\/www.ull.es\/portal\/agenda\/#website\"},\"datePublished\":\"2025-03-27T10:33:46+00:00\",\"dateModified\":\"2025-03-31T10:41:50+00:00\",\"breadcrumb\":{\"@id\":\"https:\/\/www.ull.es\/portal\/agenda\/evento\/xxvii-seminario-juan-miquel-de-derecho-comparado\/#breadcrumb\"},\"inLanguage\":\"es\",\"potentialAction\":[{\"@type\":\"ReadAction\",\"target\":[\"https:\/\/www.ull.es\/portal\/agenda\/evento\/xxvii-seminario-juan-miquel-de-derecho-comparado\/\"]}]},{\"@type\":\"BreadcrumbList\",\"@id\":\"https:\/\/www.ull.es\/portal\/agenda\/evento\/xxvii-seminario-juan-miquel-de-derecho-comparado\/#breadcrumb\",\"itemListElement\":[{\"@type\":\"ListItem\",\"position\":1,\"name\":\"Portada\",\"item\":\"https:\/\/www.ull.es\/portal\/agenda\/\"},{\"@type\":\"ListItem\",\"position\":2,\"name\":\"XXVII Seminario \u00abJuan Miquel\u00bb de Derecho Comparado\"}]},{\"@type\":\"WebSite\",\"@id\":\"https:\/\/www.ull.es\/portal\/agenda\/#website\",\"url\":\"https:\/\/www.ull.es\/portal\/agenda\/\",\"name\":\"ULL - Agenda\",\"description\":\"\",\"potentialAction\":[{\"@type\":\"SearchAction\",\"target\":{\"@type\":\"EntryPoint\",\"urlTemplate\":\"https:\/\/www.ull.es\/portal\/agenda\/?s={search_term_string}\"},\"query-input\":\"required name=search_term_string\"}],\"inLanguage\":\"es\"}]}<\/script>\n<!-- \/ Yoast SEO plugin. -->","yoast_head_json":{"title":"XXVII Seminario \u00abJuan Miquel\u00bb de Derecho Comparado - ULL - Agenda","robots":{"index":"index","follow":"follow","max-snippet":"max-snippet:-1","max-image-preview":"max-image-preview:large","max-video-preview":"max-video-preview:-1"},"canonical":"https:\/\/www.ull.es\/portal\/agenda\/evento\/xxvii-seminario-juan-miquel-de-derecho-comparado\/","og_locale":"es_ES","og_type":"article","og_title":"XXVII Seminario \u00abJuan Miquel\u00bb de Derecho Comparado - ULL - Agenda","og_description":"Las \u00c1reas de Derecho Romano y Derecho Civil del Departamento de Disciplinas Jur\u00eddicas B\u00e1sicas organizan el XXVII Seminario \u00abJuan Miquel\u00bb de Derecho Comparado que se celebrar\u00e1 en la Sala de Juntas de la Facultad de Derecho los d\u00edas 4, 24 y 25 de abril de 2025. Los principales objetivos de este encuentro son resaltar la...","og_url":"https:\/\/www.ull.es\/portal\/agenda\/evento\/xxvii-seminario-juan-miquel-de-derecho-comparado\/","og_site_name":"ULL - Agenda","article_modified_time":"2025-03-31T10:41:50+00:00","og_image":[{"width":750,"height":370,"url":"https:\/\/www.ull.es\/portal\/agenda\/wp-content\/uploads\/sites\/12\/2025\/03\/XXVII-Seminario-Juan-Miquel-de-Derecho-Comparado_Banner-eventos.png","type":"image\/png"}],"twitter_card":"summary_large_image","twitter_misc":{"Tiempo de lectura":"1 minuto"},"schema":{"@context":"https:\/\/schema.org","@graph":[{"@type":"WebPage","@id":"https:\/\/www.ull.es\/portal\/agenda\/evento\/xxvii-seminario-juan-miquel-de-derecho-comparado\/","url":"https:\/\/www.ull.es\/portal\/agenda\/evento\/xxvii-seminario-juan-miquel-de-derecho-comparado\/","name":"XXVII Seminario \u00abJuan Miquel\u00bb de Derecho Comparado - ULL - Agenda","isPartOf":{"@id":"https:\/\/www.ull.es\/portal\/agenda\/#website"},"datePublished":"2025-03-27T10:33:46+00:00","dateModified":"2025-03-31T10:41:50+00:00","breadcrumb":{"@id":"https:\/\/www.ull.es\/portal\/agenda\/evento\/xxvii-seminario-juan-miquel-de-derecho-comparado\/#breadcrumb"},"inLanguage":"es","potentialAction":[{"@type":"ReadAction","target":["https:\/\/www.ull.es\/portal\/agenda\/evento\/xxvii-seminario-juan-miquel-de-derecho-comparado\/"]}]},{"@type":"BreadcrumbList","@id":"https:\/\/www.ull.es\/portal\/agenda\/evento\/xxvii-seminario-juan-miquel-de-derecho-comparado\/#breadcrumb","itemListElement":[{"@type":"ListItem","position":1,"name":"Portada","item":"https:\/\/www.ull.es\/portal\/agenda\/"},{"@type":"ListItem","position":2,"name":"XXVII Seminario \u00abJuan Miquel\u00bb de Derecho Comparado"}]},{"@type":"WebSite","@id":"https:\/\/www.ull.es\/portal\/agenda\/#website","url":"https:\/\/www.ull.es\/portal\/agenda\/","name":"ULL - Agenda","description":"","potentialAction":[{"@type":"SearchAction","target":{"@type":"EntryPoint","urlTemplate":"https:\/\/www.ull.es\/portal\/agenda\/?s={search_term_string}"},"query-input":"required name=search_term_string"}],"inLanguage":"es"}]}},"_links":{"self":[{"href":"https:\/\/www.ull.es\/portal\/agenda\/wp-json\/wp\/v2\/tribe_events\/41840"}],"collection":[{"href":"https:\/\/www.ull.es\/portal\/agenda\/wp-json\/wp\/v2\/tribe_events"}],"about":[{"href":"https:\/\/www.ull.es\/portal\/agenda\/wp-json\/wp\/v2\/types\/tribe_events"}],"author":[{"embeddable":true,"href":"https:\/\/www.ull.es\/portal\/agenda\/wp-json\/wp\/v2\/users\/65"}],"replies":[{"embeddable":true,"href":"https:\/\/www.ull.es\/portal\/agenda\/wp-json\/wp\/v2\/comments?post=41840"}],"version-history":[{"count":1,"href":"https:\/\/www.ull.es\/portal\/agenda\/wp-json\/wp\/v2\/tribe_events\/41840\/revisions"}],"predecessor-version":[{"id":41841,"href":"https:\/\/www.ull.es\/portal\/agenda\/wp-json\/wp\/v2\/tribe_events\/41840\/revisions\/41841"}],"wp:featuredmedia":[{"embeddable":true,"href":"https:\/\/www.ull.es\/portal\/agenda\/wp-json\/wp\/v2\/media\/41925"}],"wp:attachment":[{"href":"https:\/\/www.ull.es\/portal\/agenda\/wp-json\/wp\/v2\/media?parent=41840"}],"wp:term":[{"taxonomy":"post_tag","embeddable":true,"href":"https:\/\/www.ull.es\/portal\/agenda\/wp-json\/wp\/v2\/tags?post=41840"},{"taxonomy":"tribe_events_cat","embeddable":true,"href":"https:\/\/www.ull.es\/portal\/agenda\/wp-json\/wp\/v2\/tribe_events_cat?post=41840"}],"curies":[{"name":"wp","href":"https:\/\/api.w.org\/{rel}","templated":true}]}}

<p>Las Áreas de Derecho Romano y Derecho Civil del Departamento de Disciplinas Jurídicas Básicas organizan el XXVII Seminario «Juan Miquel» de Derecho Comparado que se celebrará en la Sala de Juntas de la Facultad de Derecho los días 4, 24 y 25 de abril de 2025.</p>
<p>Los principales objetivos de este encuentro son resaltar la figura de Juan Miquel como uno de los principales estudiosos del Derecho comparado en la Universidad de La Laguna, reflexionar acerca de la influencia del Derecho continental europeo en Asia y destacar la importancia del Derecho comparado como herramienta para la resolución de problemas jurídicos.</p>
<p><strong>Dirección académica:</strong> Dra. Dña. Verónica Daniela Díaz Sazo. Profesora Ayudante, Departamento de Disciplinas Jurídicas Básicas de la Universidad de La Laguna.</p>
<p><strong>Coordinación:</strong> Dra. Dña. Irene Aznar Sánchez-Parodi, Profesora Ayudante Doctor, Departamento de Disciplinas Jurídicas Básicas de la Universidad de La Laguna.</p>
<p><a href="https://drive.google.com/file/d/1xhflOIHRbbtRX6WIeWM5L5a3BJO4c8RO/view?usp=sharing" target="_blank" rel="noopener" target="_blank" rel="noopener">Programa</a></p>

<p>Las Áreas de Derecho Romano y Derecho Civil del Departamento de Disciplinas Jurídicas Básicas organizan el XXVII Seminario «Juan Miquel» de Derecho Comparado que se celebrará en la Sala de Juntas de la Facultad de Derecho los días 4, 24 y 25 de abril de 2025. Los principales objetivos de este encuentro son resaltar la&#8230;</p>

<!-- This site is optimized with the Yoast SEO plugin v21.3 - https://yoast.com/wordpress/plugins/seo/ -->
<title>XXVII Seminario «Juan Miquel» de Derecho Comparado - ULL - Agenda</title>
<meta name="robots" content="index, follow, max-snippet:-1, max-image-preview:large, max-video-preview:-1" />
<link rel="canonical" href="https://www.ull.es/portal/agenda/evento/xxvii-seminario-juan-miquel-de-derecho-comparado/" />
<meta property="og:locale" content="es_ES" />
<meta property="og:type" content="article" />
<meta property="og:title" content="XXVII Seminario «Juan Miquel» de Derecho Comparado - ULL - Agenda" />
<meta property="og:description" content="Las Áreas de Derecho Romano y Derecho Civil del Departamento de Disciplinas Jurídicas Básicas organizan el XXVII Seminario «Juan Miquel» de Derecho Comparado que se celebrará en la Sala de Juntas de la Facultad de Derecho los días 4, 24 y 25 de abril de 2025. Los principales objetivos de este encuentro son resaltar la..." />
<meta property="og:url" content="https://www.ull.es/portal/agenda/evento/xxvii-seminario-juan-miquel-de-derecho-comparado/" />
<meta property="og:site_name" content="ULL - Agenda" />
<meta property="article:modified_time" content="2025-03-31T10:41:50+00:00" />
<meta property="og:image" content="https://www.ull.es/portal/agenda/wp-content/uploads/sites/12/2025/03/XXVII-Seminario-Juan-Miquel-de-Derecho-Comparado_Banner-eventos.png" />
	<meta property="og:image:width" content="750" />
	<meta property="og:image:height" content="370" />
	<meta property="og:image:type" content="image/png" />
<meta name="twitter:card" content="summary_large_image" />
<meta name="twitter:label1" content="Tiempo de lectura" />
	<meta name="twitter:data1" content="1 minuto" />
<script type="application/ld+json" class="yoast-schema-graph">{"@context":"https://schema.org","@graph":[{"@type":"WebPage","@id":"https://www.ull.es/portal/agenda/evento/xxvii-seminario-juan-miquel-de-derecho-comparado/","url":"https://www.ull.es/portal/agenda/evento/xxvii-seminario-juan-miquel-de-derecho-comparado/","name":"XXVII Seminario «Juan Miquel» de Derecho Comparado - ULL - Agenda","isPartOf":{"@id":"https://www.ull.es/portal/agenda/#website"},"datePublished":"2025-03-27T10:33:46+00:00","dateModified":"2025-03-31T10:41:50+00:00","breadcrumb":{"@id":"https://www.ull.es/portal/agenda/evento/xxvii-seminario-juan-miquel-de-derecho-comparado/#breadcrumb"},"inLanguage":"es","potentialAction":[{"@type":"ReadAction","target":["https://www.ull.es/portal/agenda/evento/xxvii-seminario-juan-miquel-de-derecho-comparado/"]}]},{"@type":"BreadcrumbList","@id":"https://www.ull.es/portal/agenda/evento/xxvii-seminario-juan-miquel-de-derecho-comparado/#breadcrumb","itemListElement":[{"@type":"ListItem","position":1,"name":"Portada","item":"https://www.ull.es/portal/agenda/"},{"@type":"ListItem","position":2,"name":"XXVII Seminario «Juan Miquel» de Derecho Comparado"}]},{"@type":"WebSite","@id":"https://www.ull.es/portal/agenda/#website","url":"https://www.ull.es/portal/agenda/","name":"ULL - Agenda","description":"","potentialAction":[{"@type":"SearchAction","target":{"@type":"EntryPoint","urlTemplate":"https://www.ull.es/portal/agenda/?s={search_term_string}"},"query-input":"required name=search_term_string"}],"inLanguage":"es"}]}</script>
<!-- / Yoast SEO plugin. -->

Las Áreas de Derecho Romano y Derecho Civil del Departamento de Disciplinas Jurídicas Básicas organizan el XXVII Seminario «Juan Miquel» de Derecho Comparado que se celebrará en la Sala de Juntas de la Facultad de Derecho los días 4, 24 y 25 de abril de 2025. Los principales objetivos de este encuentro son resaltar la...
