{"id":41861,"date":"2025-03-28T09:04:03","date_gmt":"2025-03-28T09:04:03","guid":{"rendered":"https:\/\/www.ull.es\/portal\/agenda\/?post_type=tribe_events&#038;p=41861"},"modified":"2025-06-23T15:46:58","modified_gmt":"2025-06-23T15:46:58","slug":"wax-ma-ko-ci-wolof-curso-de-iniciacion-a-la-lengua-y-cultura-wolof","status":"publish","type":"tribe_events","link":"https:\/\/www.ull.es\/portal\/agenda\/evento\/wax-ma-ko-ci-wolof-curso-de-iniciacion-a-la-lengua-y-cultura-wolof\/","title":{"rendered":"WAX MA KO CI WOLOF! Curso de iniciaci\u00f3n a la lengua y cultura wolof"},"content":{"rendered":"<p>El Vicerrectorado de Internacionalizaci\u00f3n y Cooperaci\u00f3n organiza junto con el laboratorio de pensamiento senegal\u00e9s <a href=\"https:\/\/gaecafrica.org\/\" target=\"_blank\" rel=\"noopener\">GAEC \u00c1frica<\/a> la primera edici\u00f3n de su primer curso de iniciaci\u00f3n a la lengua y cultura wolof.<\/p>\n<p>El curso de introducci\u00f3n a la lengua wolof responde a las realidades de un archipi\u00e9lago multicultural en el que el wolof representa una lengua y cultura rica y vibrante de la vecina costa del \u00c1frica Subsahariana. Con esta primera edici\u00f3n, exclusivamente dirigida a la sociedad civil, la ULL pretende dar respuesta a una necesidad social y asumir su responsabilidad en el desarrollo y bienestar colectivos.<\/p>\n<p>Este curso ofrece una formaci\u00f3n b\u00e1sica en la que se abordan los aspectos fundamentales del l\u00e9xico, la gram\u00e1tica y la pronunciaci\u00f3n a trav\u00e9s de actividades pr\u00e1cticas y din\u00e1micas.\u00a0 En paralelo, se exploran la cultura y tradici\u00f3n wolof, promoviendo una mayor sensibilidad cultural, fomentando la inclusi\u00f3n y proporcionando herramientas clave para entender e interactuar en positivo con la sociedad wolof.<\/p>\n<p>El objetivo es capacitar ling\u00fc\u00edstica y culturalmente a los agentes sociales en contacto con poblaci\u00f3n wol\u00f3fona, promoviendo el entendimiento mutuo y la tolerancia. Dotar de herramientas pr\u00e1cticas para una comunicaci\u00f3n efectiva e inclusiva, favoreciendo relaciones de respeto y confianza que contribuyan a una sociedad m\u00e1s cohesionada y diversa.<\/p>\n<p>Est\u00e1 enfocado a personal educativo, humanitario, jur\u00eddico-administrativo, o sanitario que est\u00e9 actualmente en contacto con comunidades wol\u00f3fonas en el archipi\u00e9lago canario.<\/p>\n<p><b>Docente:<\/b>\u00a0Sooda Jaxate, Licenciada en Lenguas y Culturas Hisp\u00e1nicas (UGB, Senegal), M\u00e1ster de Ense\u00f1anza del Espa\u00f1ol Lengua Extranjera (ULPGC, Espa\u00f1a), M\u00e1ster Universitario en Relaciones Hispanoafricanas (ULPGC, Espa\u00f1a).<\/p>\n<p>N\u00ba de plazas (limitadas): 20<br \/>\nNivel: principiante<br \/>\nModalidad: online<br \/>\nDuraci\u00f3n 7 sesiones (1 sesi\u00f3n semanal)<br \/>\nFechas del curso: S\u00e1bados del\u00a003\/05 al 28\/06<br \/>\nHorario: 10:00 h a 11:30 h<br \/>\nLanzamiento de las inscripciones: Lunes 28 de abril de 2025 a las 8:00 h<\/p>\n<p><a href=\"https:\/\/forms.gle\/HVinZpSTxgnh8GgV7\" target=\"_blank\" rel=\"noopener\" target=\"_blank\" rel=\"noopener\">Inscripci\u00f3n gratuita<\/a><\/p>\n","protected":false},"excerpt":{"rendered":"<p>El Vicerrectorado de Internacionalizaci\u00f3n y Cooperaci\u00f3n organiza junto con el laboratorio de pensamiento senegal\u00e9s GAEC \u00c1frica la primera edici\u00f3n de su primer curso de iniciaci\u00f3n a la lengua y cultura wolof. El curso de introducci\u00f3n a la lengua wolof responde a las realidades de un archipi\u00e9lago multicultural en el que el wolof representa una lengua&#8230;<\/p>\n","protected":false},"author":65,"featured_media":42240,"comment_status":"closed","ping_status":"closed","template":"","tags":[],"tribe_events_cat":[4,1103,345,186],"acf":[],"yoast_head":"<!-- This site is optimized with the Yoast SEO plugin v21.3 - https:\/\/yoast.com\/wordpress\/plugins\/seo\/ -->\n<title>WAX MA KO CI WOLOF! Curso de iniciaci\u00f3n a la lengua y cultura wolof - ULL - Agenda<\/title>\n<meta name=\"robots\" content=\"index, follow, max-snippet:-1, max-image-preview:large, max-video-preview:-1\" \/>\n<link rel=\"canonical\" href=\"https:\/\/www.ull.es\/portal\/agenda\/evento\/wax-ma-ko-ci-wolof-curso-de-iniciacion-a-la-lengua-y-cultura-wolof\/\" \/>\n<meta property=\"og:locale\" content=\"es_ES\" \/>\n<meta property=\"og:type\" content=\"article\" \/>\n<meta property=\"og:title\" content=\"WAX MA KO CI WOLOF! Curso de iniciaci\u00f3n a la lengua y cultura wolof - ULL - Agenda\" \/>\n<meta property=\"og:description\" content=\"El Vicerrectorado de Internacionalizaci\u00f3n y Cooperaci\u00f3n organiza junto con el laboratorio de pensamiento senegal\u00e9s GAEC \u00c1frica la primera edici\u00f3n de su primer curso de iniciaci\u00f3n a la lengua y cultura wolof. El curso de introducci\u00f3n a la lengua wolof responde a las realidades de un archipi\u00e9lago multicultural en el que el wolof representa una lengua...\" \/>\n<meta property=\"og:url\" content=\"https:\/\/www.ull.es\/portal\/agenda\/evento\/wax-ma-ko-ci-wolof-curso-de-iniciacion-a-la-lengua-y-cultura-wolof\/\" \/>\n<meta property=\"og:site_name\" content=\"ULL - Agenda\" \/>\n<meta property=\"article:modified_time\" content=\"2025-06-23T15:46:58+00:00\" \/>\n<meta property=\"og:image\" content=\"https:\/\/www.ull.es\/portal\/agenda\/wp-content\/uploads\/sites\/12\/2025\/03\/WAX-MA-KO-CI-WOLOF_Banner-eventos.png\" \/>\n\t<meta property=\"og:image:width\" content=\"760\" \/>\n\t<meta property=\"og:image:height\" content=\"380\" \/>\n\t<meta property=\"og:image:type\" content=\"image\/png\" \/>\n<meta name=\"twitter:card\" content=\"summary_large_image\" \/>\n<meta name=\"twitter:label1\" content=\"Tiempo de lectura\" \/>\n\t<meta name=\"twitter:data1\" content=\"2 minutos\" \/>\n<script type=\"application\/ld+json\" class=\"yoast-schema-graph\">{\"@context\":\"https:\/\/schema.org\",\"@graph\":[{\"@type\":\"WebPage\",\"@id\":\"https:\/\/www.ull.es\/portal\/agenda\/evento\/wax-ma-ko-ci-wolof-curso-de-iniciacion-a-la-lengua-y-cultura-wolof\/\",\"url\":\"https:\/\/www.ull.es\/portal\/agenda\/evento\/wax-ma-ko-ci-wolof-curso-de-iniciacion-a-la-lengua-y-cultura-wolof\/\",\"name\":\"WAX MA KO CI WOLOF! Curso de iniciaci\u00f3n a la lengua y cultura wolof - ULL - Agenda\",\"isPartOf\":{\"@id\":\"https:\/\/www.ull.es\/portal\/agenda\/#website\"},\"datePublished\":\"2025-03-28T09:04:03+00:00\",\"dateModified\":\"2025-06-23T15:46:58+00:00\",\"breadcrumb\":{\"@id\":\"https:\/\/www.ull.es\/portal\/agenda\/evento\/wax-ma-ko-ci-wolof-curso-de-iniciacion-a-la-lengua-y-cultura-wolof\/#breadcrumb\"},\"inLanguage\":\"es\",\"potentialAction\":[{\"@type\":\"ReadAction\",\"target\":[\"https:\/\/www.ull.es\/portal\/agenda\/evento\/wax-ma-ko-ci-wolof-curso-de-iniciacion-a-la-lengua-y-cultura-wolof\/\"]}]},{\"@type\":\"BreadcrumbList\",\"@id\":\"https:\/\/www.ull.es\/portal\/agenda\/evento\/wax-ma-ko-ci-wolof-curso-de-iniciacion-a-la-lengua-y-cultura-wolof\/#breadcrumb\",\"itemListElement\":[{\"@type\":\"ListItem\",\"position\":1,\"name\":\"Portada\",\"item\":\"https:\/\/www.ull.es\/portal\/agenda\/\"},{\"@type\":\"ListItem\",\"position\":2,\"name\":\"WAX MA KO CI WOLOF! Curso de iniciaci\u00f3n a la lengua y cultura wolof\"}]},{\"@type\":\"WebSite\",\"@id\":\"https:\/\/www.ull.es\/portal\/agenda\/#website\",\"url\":\"https:\/\/www.ull.es\/portal\/agenda\/\",\"name\":\"ULL - Agenda\",\"description\":\"\",\"potentialAction\":[{\"@type\":\"SearchAction\",\"target\":{\"@type\":\"EntryPoint\",\"urlTemplate\":\"https:\/\/www.ull.es\/portal\/agenda\/?s={search_term_string}\"},\"query-input\":\"required name=search_term_string\"}],\"inLanguage\":\"es\"}]}<\/script>\n<!-- \/ Yoast SEO plugin. -->","yoast_head_json":{"title":"WAX MA KO CI WOLOF! Curso de iniciaci\u00f3n a la lengua y cultura wolof - ULL - Agenda","robots":{"index":"index","follow":"follow","max-snippet":"max-snippet:-1","max-image-preview":"max-image-preview:large","max-video-preview":"max-video-preview:-1"},"canonical":"https:\/\/www.ull.es\/portal\/agenda\/evento\/wax-ma-ko-ci-wolof-curso-de-iniciacion-a-la-lengua-y-cultura-wolof\/","og_locale":"es_ES","og_type":"article","og_title":"WAX MA KO CI WOLOF! Curso de iniciaci\u00f3n a la lengua y cultura wolof - ULL - Agenda","og_description":"El Vicerrectorado de Internacionalizaci\u00f3n y Cooperaci\u00f3n organiza junto con el laboratorio de pensamiento senegal\u00e9s GAEC \u00c1frica la primera edici\u00f3n de su primer curso de iniciaci\u00f3n a la lengua y cultura wolof. El curso de introducci\u00f3n a la lengua wolof responde a las realidades de un archipi\u00e9lago multicultural en el que el wolof representa una lengua...","og_url":"https:\/\/www.ull.es\/portal\/agenda\/evento\/wax-ma-ko-ci-wolof-curso-de-iniciacion-a-la-lengua-y-cultura-wolof\/","og_site_name":"ULL - Agenda","article_modified_time":"2025-06-23T15:46:58+00:00","og_image":[{"width":760,"height":380,"url":"https:\/\/www.ull.es\/portal\/agenda\/wp-content\/uploads\/sites\/12\/2025\/03\/WAX-MA-KO-CI-WOLOF_Banner-eventos.png","type":"image\/png"}],"twitter_card":"summary_large_image","twitter_misc":{"Tiempo de lectura":"2 minutos"},"schema":{"@context":"https:\/\/schema.org","@graph":[{"@type":"WebPage","@id":"https:\/\/www.ull.es\/portal\/agenda\/evento\/wax-ma-ko-ci-wolof-curso-de-iniciacion-a-la-lengua-y-cultura-wolof\/","url":"https:\/\/www.ull.es\/portal\/agenda\/evento\/wax-ma-ko-ci-wolof-curso-de-iniciacion-a-la-lengua-y-cultura-wolof\/","name":"WAX MA KO CI WOLOF! Curso de iniciaci\u00f3n a la lengua y cultura wolof - ULL - Agenda","isPartOf":{"@id":"https:\/\/www.ull.es\/portal\/agenda\/#website"},"datePublished":"2025-03-28T09:04:03+00:00","dateModified":"2025-06-23T15:46:58+00:00","breadcrumb":{"@id":"https:\/\/www.ull.es\/portal\/agenda\/evento\/wax-ma-ko-ci-wolof-curso-de-iniciacion-a-la-lengua-y-cultura-wolof\/#breadcrumb"},"inLanguage":"es","potentialAction":[{"@type":"ReadAction","target":["https:\/\/www.ull.es\/portal\/agenda\/evento\/wax-ma-ko-ci-wolof-curso-de-iniciacion-a-la-lengua-y-cultura-wolof\/"]}]},{"@type":"BreadcrumbList","@id":"https:\/\/www.ull.es\/portal\/agenda\/evento\/wax-ma-ko-ci-wolof-curso-de-iniciacion-a-la-lengua-y-cultura-wolof\/#breadcrumb","itemListElement":[{"@type":"ListItem","position":1,"name":"Portada","item":"https:\/\/www.ull.es\/portal\/agenda\/"},{"@type":"ListItem","position":2,"name":"WAX MA KO CI WOLOF! Curso de iniciaci\u00f3n a la lengua y cultura wolof"}]},{"@type":"WebSite","@id":"https:\/\/www.ull.es\/portal\/agenda\/#website","url":"https:\/\/www.ull.es\/portal\/agenda\/","name":"ULL - Agenda","description":"","potentialAction":[{"@type":"SearchAction","target":{"@type":"EntryPoint","urlTemplate":"https:\/\/www.ull.es\/portal\/agenda\/?s={search_term_string}"},"query-input":"required name=search_term_string"}],"inLanguage":"es"}]}},"_links":{"self":[{"href":"https:\/\/www.ull.es\/portal\/agenda\/wp-json\/wp\/v2\/tribe_events\/41861"}],"collection":[{"href":"https:\/\/www.ull.es\/portal\/agenda\/wp-json\/wp\/v2\/tribe_events"}],"about":[{"href":"https:\/\/www.ull.es\/portal\/agenda\/wp-json\/wp\/v2\/types\/tribe_events"}],"author":[{"embeddable":true,"href":"https:\/\/www.ull.es\/portal\/agenda\/wp-json\/wp\/v2\/users\/65"}],"replies":[{"embeddable":true,"href":"https:\/\/www.ull.es\/portal\/agenda\/wp-json\/wp\/v2\/comments?post=41861"}],"version-history":[{"count":6,"href":"https:\/\/www.ull.es\/portal\/agenda\/wp-json\/wp\/v2\/tribe_events\/41861\/revisions"}],"predecessor-version":[{"id":42295,"href":"https:\/\/www.ull.es\/portal\/agenda\/wp-json\/wp\/v2\/tribe_events\/41861\/revisions\/42295"}],"wp:featuredmedia":[{"embeddable":true,"href":"https:\/\/www.ull.es\/portal\/agenda\/wp-json\/wp\/v2\/media\/42240"}],"wp:attachment":[{"href":"https:\/\/www.ull.es\/portal\/agenda\/wp-json\/wp\/v2\/media?parent=41861"}],"wp:term":[{"taxonomy":"post_tag","embeddable":true,"href":"https:\/\/www.ull.es\/portal\/agenda\/wp-json\/wp\/v2\/tags?post=41861"},{"taxonomy":"tribe_events_cat","embeddable":true,"href":"https:\/\/www.ull.es\/portal\/agenda\/wp-json\/wp\/v2\/tribe_events_cat?post=41861"}],"curies":[{"name":"wp","href":"https:\/\/api.w.org\/{rel}","templated":true}]}}

WAX MA KO CI WOLOF! Curso de iniciación a la lengua y cultura wolof

<p>El Vicerrectorado de Internacionalización y Cooperación organiza junto con el laboratorio de pensamiento senegalés <a href="https://gaecafrica.org/" target="_blank" rel="noopener">GAEC África</a> la primera edición de su primer curso de iniciación a la lengua y cultura wolof.</p>
<p>El curso de introducción a la lengua wolof responde a las realidades de un archipiélago multicultural en el que el wolof representa una lengua y cultura rica y vibrante de la vecina costa del África Subsahariana. Con esta primera edición, exclusivamente dirigida a la sociedad civil, la ULL pretende dar respuesta a una necesidad social y asumir su responsabilidad en el desarrollo y bienestar colectivos.</p>
<p>Este curso ofrece una formación básica en la que se abordan los aspectos fundamentales del léxico, la gramática y la pronunciación a través de actividades prácticas y dinámicas.  En paralelo, se exploran la cultura y tradición wolof, promoviendo una mayor sensibilidad cultural, fomentando la inclusión y proporcionando herramientas clave para entender e interactuar en positivo con la sociedad wolof.</p>
<p>El objetivo es capacitar lingüística y culturalmente a los agentes sociales en contacto con población wolófona, promoviendo el entendimiento mutuo y la tolerancia. Dotar de herramientas prácticas para una comunicación efectiva e inclusiva, favoreciendo relaciones de respeto y confianza que contribuyan a una sociedad más cohesionada y diversa.</p>
<p>Está enfocado a personal educativo, humanitario, jurídico-administrativo, o sanitario que esté actualmente en contacto con comunidades wolófonas en el archipiélago canario.</p>
<p><b>Docente:</b> Sooda Jaxate, Licenciada en Lenguas y Culturas Hispánicas (UGB, Senegal), Máster de Enseñanza del Español Lengua Extranjera (ULPGC, España), Máster Universitario en Relaciones Hispanoafricanas (ULPGC, España).</p>
<p>Nº de plazas (limitadas): 20<br />
Nivel: principiante<br />
Modalidad: online<br />
Duración 7 sesiones (1 sesión semanal)<br />
Fechas del curso: Sábados del 03/05 al 28/06<br />
Horario: 10:00 h a 11:30 h<br />
Lanzamiento de las inscripciones: Lunes 28 de abril de 2025 a las 8:00 h</p>
<p><a href="https://forms.gle/HVinZpSTxgnh8GgV7" target="_blank" rel="noopener" target="_blank" rel="noopener">Inscripción gratuita</a></p>

<p>El Vicerrectorado de Internacionalización y Cooperación organiza junto con el laboratorio de pensamiento senegalés GAEC África la primera edición de su primer curso de iniciación a la lengua y cultura wolof. El curso de introducción a la lengua wolof responde a las realidades de un archipiélago multicultural en el que el wolof representa una lengua&#8230;</p>

<!-- This site is optimized with the Yoast SEO plugin v21.3 - https://yoast.com/wordpress/plugins/seo/ -->
<title>WAX MA KO CI WOLOF! Curso de iniciación a la lengua y cultura wolof - ULL - Agenda</title>
<meta name="robots" content="index, follow, max-snippet:-1, max-image-preview:large, max-video-preview:-1" />
<link rel="canonical" href="https://www.ull.es/portal/agenda/evento/wax-ma-ko-ci-wolof-curso-de-iniciacion-a-la-lengua-y-cultura-wolof/" />
<meta property="og:locale" content="es_ES" />
<meta property="og:type" content="article" />
<meta property="og:title" content="WAX MA KO CI WOLOF! Curso de iniciación a la lengua y cultura wolof - ULL - Agenda" />
<meta property="og:description" content="El Vicerrectorado de Internacionalización y Cooperación organiza junto con el laboratorio de pensamiento senegalés GAEC África la primera edición de su primer curso de iniciación a la lengua y cultura wolof. El curso de introducción a la lengua wolof responde a las realidades de un archipiélago multicultural en el que el wolof representa una lengua..." />
<meta property="og:url" content="https://www.ull.es/portal/agenda/evento/wax-ma-ko-ci-wolof-curso-de-iniciacion-a-la-lengua-y-cultura-wolof/" />
<meta property="og:site_name" content="ULL - Agenda" />
<meta property="article:modified_time" content="2025-06-23T15:46:58+00:00" />
<meta property="og:image" content="https://www.ull.es/portal/agenda/wp-content/uploads/sites/12/2025/03/WAX-MA-KO-CI-WOLOF_Banner-eventos.png" />
	<meta property="og:image:width" content="760" />
	<meta property="og:image:height" content="380" />
	<meta property="og:image:type" content="image/png" />
<meta name="twitter:card" content="summary_large_image" />
<meta name="twitter:label1" content="Tiempo de lectura" />
	<meta name="twitter:data1" content="2 minutos" />
<script type="application/ld+json" class="yoast-schema-graph">{"@context":"https://schema.org","@graph":[{"@type":"WebPage","@id":"https://www.ull.es/portal/agenda/evento/wax-ma-ko-ci-wolof-curso-de-iniciacion-a-la-lengua-y-cultura-wolof/","url":"https://www.ull.es/portal/agenda/evento/wax-ma-ko-ci-wolof-curso-de-iniciacion-a-la-lengua-y-cultura-wolof/","name":"WAX MA KO CI WOLOF! Curso de iniciación a la lengua y cultura wolof - ULL - Agenda","isPartOf":{"@id":"https://www.ull.es/portal/agenda/#website"},"datePublished":"2025-03-28T09:04:03+00:00","dateModified":"2025-06-23T15:46:58+00:00","breadcrumb":{"@id":"https://www.ull.es/portal/agenda/evento/wax-ma-ko-ci-wolof-curso-de-iniciacion-a-la-lengua-y-cultura-wolof/#breadcrumb"},"inLanguage":"es","potentialAction":[{"@type":"ReadAction","target":["https://www.ull.es/portal/agenda/evento/wax-ma-ko-ci-wolof-curso-de-iniciacion-a-la-lengua-y-cultura-wolof/"]}]},{"@type":"BreadcrumbList","@id":"https://www.ull.es/portal/agenda/evento/wax-ma-ko-ci-wolof-curso-de-iniciacion-a-la-lengua-y-cultura-wolof/#breadcrumb","itemListElement":[{"@type":"ListItem","position":1,"name":"Portada","item":"https://www.ull.es/portal/agenda/"},{"@type":"ListItem","position":2,"name":"WAX MA KO CI WOLOF! Curso de iniciación a la lengua y cultura wolof"}]},{"@type":"WebSite","@id":"https://www.ull.es/portal/agenda/#website","url":"https://www.ull.es/portal/agenda/","name":"ULL - Agenda","description":"","potentialAction":[{"@type":"SearchAction","target":{"@type":"EntryPoint","urlTemplate":"https://www.ull.es/portal/agenda/?s={search_term_string}"},"query-input":"required name=search_term_string"}],"inLanguage":"es"}]}</script>
<!-- / Yoast SEO plugin. -->

WAX MA KO CI WOLOF! Curso de iniciación a la lengua y cultura wolof - ULL - Agenda

El Vicerrectorado de Internacionalización y Cooperación organiza junto con el laboratorio de pensamiento senegalés GAEC África la primera edición de su primer curso de iniciación a la lengua y cultura wolof. El curso de introducción a la lengua wolof responde a las realidades de un archipiélago multicultural en el que el wolof representa una lengua...
