{"id":41951,"date":"2025-04-01T12:06:54","date_gmt":"2025-04-01T12:06:54","guid":{"rendered":"https:\/\/www.ull.es\/portal\/agenda\/?post_type=tribe_events&#038;p=41951"},"modified":"2025-04-03T12:08:52","modified_gmt":"2025-04-03T12:08:52","slug":"iv-encuentro-de-gestores-de-itinerarios-culturales-del-consejo-de-europa-en-espana","status":"publish","type":"tribe_events","link":"https:\/\/www.ull.es\/portal\/agenda\/evento\/iv-encuentro-de-gestores-de-itinerarios-culturales-del-consejo-de-europa-en-espana\/","title":{"rendered":"IV Encuentro de Gestores de Itinerarios Culturales del Consejo de Europa en Espa\u00f1a"},"content":{"rendered":"<p>Tras tres ediciones celebradas del Encuentro trabajando sobre aspectos como la consolidaci\u00f3n y fortalecimiento del Programa de los Itinerarios culturales, la participaci\u00f3n ciudadana, el desarrollo local o la preservaci\u00f3n del patrimonio cultural, en los \u00faltimos a\u00f1os se ha reflexionado sobre la necesidad de llevar a cabo una estrategia de comunicaci\u00f3n del Programa que permita visibilizar y dar a conocer de una manera m\u00e1s clara sus objetivos, actividades, proyectos, etc.<\/p>\n<p>Desde esta perspectiva, la organizaci\u00f3n de este IV Encuentro de Gestores tiene como objetivo reflexionar, debatir y orientar sobre la viabilidad y sobre las diferentes herramientas al alcance de los y las gestores de los diferentes Itinerarios culturales, que permitan lograr una comunicaci\u00f3n m\u00e1s efectiva del Programa en su conjunto y de los 27 Itinerarios con socios en nuestro pa\u00eds. Esta es la raz\u00f3n por la que, desde el Ministerio de Cultura, hemos querido que esta 4a edici\u00f3n del Encuentro se centre en la dimensi\u00f3n comunicativa para mejorar el conocimiento y el entendimiento del programa por parte del conjunto de la ciudadan\u00eda.<\/p>\n<p><a href=\"https:\/\/drive.google.com\/file\/d\/1f5GJhxBjk9Lb3bDnk7rIjTQZ8J7vJ6h1\/view?usp=sharing\" target=\"_blank\" rel=\"noopener\" target=\"_blank\" rel=\"noopener\">Programa<\/a><\/p>\n","protected":false},"excerpt":{"rendered":"<p>Tras tres ediciones celebradas del Encuentro trabajando sobre aspectos como la consolidaci\u00f3n y fortalecimiento del Programa de los Itinerarios culturales, la participaci\u00f3n ciudadana, el desarrollo local o la preservaci\u00f3n del patrimonio cultural, en los \u00faltimos a\u00f1os se ha reflexionado sobre la necesidad de llevar a cabo una estrategia de comunicaci\u00f3n del Programa que permita visibilizar&#8230;<\/p>\n","protected":false},"author":65,"featured_media":41983,"comment_status":"closed","ping_status":"closed","template":"","tags":[],"tribe_events_cat":[3987,4,191],"acf":[],"yoast_head":"<!-- This site is optimized with the Yoast SEO plugin v21.3 - https:\/\/yoast.com\/wordpress\/plugins\/seo\/ -->\n<title>IV Encuentro de Gestores de Itinerarios Culturales del Consejo de Europa en Espa\u00f1a - ULL - Agenda<\/title>\n<meta name=\"robots\" content=\"index, follow, max-snippet:-1, max-image-preview:large, max-video-preview:-1\" \/>\n<link rel=\"canonical\" href=\"https:\/\/www.ull.es\/portal\/agenda\/evento\/iv-encuentro-de-gestores-de-itinerarios-culturales-del-consejo-de-europa-en-espana\/\" \/>\n<meta property=\"og:locale\" content=\"es_ES\" \/>\n<meta property=\"og:type\" content=\"article\" \/>\n<meta property=\"og:title\" content=\"IV Encuentro de Gestores de Itinerarios Culturales del Consejo de Europa en Espa\u00f1a - ULL - Agenda\" \/>\n<meta property=\"og:description\" content=\"Tras tres ediciones celebradas del Encuentro trabajando sobre aspectos como la consolidaci\u00f3n y fortalecimiento del Programa de los Itinerarios culturales, la participaci\u00f3n ciudadana, el desarrollo local o la preservaci\u00f3n del patrimonio cultural, en los \u00faltimos a\u00f1os se ha reflexionado sobre la necesidad de llevar a cabo una estrategia de comunicaci\u00f3n del Programa que permita visibilizar...\" \/>\n<meta property=\"og:url\" content=\"https:\/\/www.ull.es\/portal\/agenda\/evento\/iv-encuentro-de-gestores-de-itinerarios-culturales-del-consejo-de-europa-en-espana\/\" \/>\n<meta property=\"og:site_name\" content=\"ULL - Agenda\" \/>\n<meta property=\"article:modified_time\" content=\"2025-04-03T12:08:52+00:00\" \/>\n<meta property=\"og:image\" content=\"https:\/\/www.ull.es\/portal\/agenda\/wp-content\/uploads\/sites\/12\/2025\/04\/IV-Encuentro-de-Gestores-de-Itinerarios-Culturales_Banner-eventos.png\" \/>\n\t<meta property=\"og:image:width\" content=\"750\" \/>\n\t<meta property=\"og:image:height\" content=\"370\" \/>\n\t<meta property=\"og:image:type\" content=\"image\/png\" \/>\n<meta name=\"twitter:card\" content=\"summary_large_image\" \/>\n<meta name=\"twitter:label1\" content=\"Tiempo de lectura\" \/>\n\t<meta name=\"twitter:data1\" content=\"1 minuto\" \/>\n<script type=\"application\/ld+json\" class=\"yoast-schema-graph\">{\"@context\":\"https:\/\/schema.org\",\"@graph\":[{\"@type\":\"WebPage\",\"@id\":\"https:\/\/www.ull.es\/portal\/agenda\/evento\/iv-encuentro-de-gestores-de-itinerarios-culturales-del-consejo-de-europa-en-espana\/\",\"url\":\"https:\/\/www.ull.es\/portal\/agenda\/evento\/iv-encuentro-de-gestores-de-itinerarios-culturales-del-consejo-de-europa-en-espana\/\",\"name\":\"IV Encuentro de Gestores de Itinerarios Culturales del Consejo de Europa en Espa\u00f1a - ULL - Agenda\",\"isPartOf\":{\"@id\":\"https:\/\/www.ull.es\/portal\/agenda\/#website\"},\"datePublished\":\"2025-04-01T12:06:54+00:00\",\"dateModified\":\"2025-04-03T12:08:52+00:00\",\"breadcrumb\":{\"@id\":\"https:\/\/www.ull.es\/portal\/agenda\/evento\/iv-encuentro-de-gestores-de-itinerarios-culturales-del-consejo-de-europa-en-espana\/#breadcrumb\"},\"inLanguage\":\"es\",\"potentialAction\":[{\"@type\":\"ReadAction\",\"target\":[\"https:\/\/www.ull.es\/portal\/agenda\/evento\/iv-encuentro-de-gestores-de-itinerarios-culturales-del-consejo-de-europa-en-espana\/\"]}]},{\"@type\":\"BreadcrumbList\",\"@id\":\"https:\/\/www.ull.es\/portal\/agenda\/evento\/iv-encuentro-de-gestores-de-itinerarios-culturales-del-consejo-de-europa-en-espana\/#breadcrumb\",\"itemListElement\":[{\"@type\":\"ListItem\",\"position\":1,\"name\":\"Portada\",\"item\":\"https:\/\/www.ull.es\/portal\/agenda\/\"},{\"@type\":\"ListItem\",\"position\":2,\"name\":\"IV Encuentro de Gestores de Itinerarios Culturales del Consejo de Europa en Espa\u00f1a\"}]},{\"@type\":\"WebSite\",\"@id\":\"https:\/\/www.ull.es\/portal\/agenda\/#website\",\"url\":\"https:\/\/www.ull.es\/portal\/agenda\/\",\"name\":\"ULL - Agenda\",\"description\":\"\",\"potentialAction\":[{\"@type\":\"SearchAction\",\"target\":{\"@type\":\"EntryPoint\",\"urlTemplate\":\"https:\/\/www.ull.es\/portal\/agenda\/?s={search_term_string}\"},\"query-input\":\"required name=search_term_string\"}],\"inLanguage\":\"es\"}]}<\/script>\n<!-- \/ Yoast SEO plugin. -->","yoast_head_json":{"title":"IV Encuentro de Gestores de Itinerarios Culturales del Consejo de Europa en Espa\u00f1a - ULL - Agenda","robots":{"index":"index","follow":"follow","max-snippet":"max-snippet:-1","max-image-preview":"max-image-preview:large","max-video-preview":"max-video-preview:-1"},"canonical":"https:\/\/www.ull.es\/portal\/agenda\/evento\/iv-encuentro-de-gestores-de-itinerarios-culturales-del-consejo-de-europa-en-espana\/","og_locale":"es_ES","og_type":"article","og_title":"IV Encuentro de Gestores de Itinerarios Culturales del Consejo de Europa en Espa\u00f1a - ULL - Agenda","og_description":"Tras tres ediciones celebradas del Encuentro trabajando sobre aspectos como la consolidaci\u00f3n y fortalecimiento del Programa de los Itinerarios culturales, la participaci\u00f3n ciudadana, el desarrollo local o la preservaci\u00f3n del patrimonio cultural, en los \u00faltimos a\u00f1os se ha reflexionado sobre la necesidad de llevar a cabo una estrategia de comunicaci\u00f3n del Programa que permita visibilizar...","og_url":"https:\/\/www.ull.es\/portal\/agenda\/evento\/iv-encuentro-de-gestores-de-itinerarios-culturales-del-consejo-de-europa-en-espana\/","og_site_name":"ULL - Agenda","article_modified_time":"2025-04-03T12:08:52+00:00","og_image":[{"width":750,"height":370,"url":"https:\/\/www.ull.es\/portal\/agenda\/wp-content\/uploads\/sites\/12\/2025\/04\/IV-Encuentro-de-Gestores-de-Itinerarios-Culturales_Banner-eventos.png","type":"image\/png"}],"twitter_card":"summary_large_image","twitter_misc":{"Tiempo de lectura":"1 minuto"},"schema":{"@context":"https:\/\/schema.org","@graph":[{"@type":"WebPage","@id":"https:\/\/www.ull.es\/portal\/agenda\/evento\/iv-encuentro-de-gestores-de-itinerarios-culturales-del-consejo-de-europa-en-espana\/","url":"https:\/\/www.ull.es\/portal\/agenda\/evento\/iv-encuentro-de-gestores-de-itinerarios-culturales-del-consejo-de-europa-en-espana\/","name":"IV Encuentro de Gestores de Itinerarios Culturales del Consejo de Europa en Espa\u00f1a - ULL - Agenda","isPartOf":{"@id":"https:\/\/www.ull.es\/portal\/agenda\/#website"},"datePublished":"2025-04-01T12:06:54+00:00","dateModified":"2025-04-03T12:08:52+00:00","breadcrumb":{"@id":"https:\/\/www.ull.es\/portal\/agenda\/evento\/iv-encuentro-de-gestores-de-itinerarios-culturales-del-consejo-de-europa-en-espana\/#breadcrumb"},"inLanguage":"es","potentialAction":[{"@type":"ReadAction","target":["https:\/\/www.ull.es\/portal\/agenda\/evento\/iv-encuentro-de-gestores-de-itinerarios-culturales-del-consejo-de-europa-en-espana\/"]}]},{"@type":"BreadcrumbList","@id":"https:\/\/www.ull.es\/portal\/agenda\/evento\/iv-encuentro-de-gestores-de-itinerarios-culturales-del-consejo-de-europa-en-espana\/#breadcrumb","itemListElement":[{"@type":"ListItem","position":1,"name":"Portada","item":"https:\/\/www.ull.es\/portal\/agenda\/"},{"@type":"ListItem","position":2,"name":"IV Encuentro de Gestores de Itinerarios Culturales del Consejo de Europa en Espa\u00f1a"}]},{"@type":"WebSite","@id":"https:\/\/www.ull.es\/portal\/agenda\/#website","url":"https:\/\/www.ull.es\/portal\/agenda\/","name":"ULL - Agenda","description":"","potentialAction":[{"@type":"SearchAction","target":{"@type":"EntryPoint","urlTemplate":"https:\/\/www.ull.es\/portal\/agenda\/?s={search_term_string}"},"query-input":"required name=search_term_string"}],"inLanguage":"es"}]}},"_links":{"self":[{"href":"https:\/\/www.ull.es\/portal\/agenda\/wp-json\/wp\/v2\/tribe_events\/41951"}],"collection":[{"href":"https:\/\/www.ull.es\/portal\/agenda\/wp-json\/wp\/v2\/tribe_events"}],"about":[{"href":"https:\/\/www.ull.es\/portal\/agenda\/wp-json\/wp\/v2\/types\/tribe_events"}],"author":[{"embeddable":true,"href":"https:\/\/www.ull.es\/portal\/agenda\/wp-json\/wp\/v2\/users\/65"}],"replies":[{"embeddable":true,"href":"https:\/\/www.ull.es\/portal\/agenda\/wp-json\/wp\/v2\/comments?post=41951"}],"version-history":[{"count":1,"href":"https:\/\/www.ull.es\/portal\/agenda\/wp-json\/wp\/v2\/tribe_events\/41951\/revisions"}],"predecessor-version":[{"id":41952,"href":"https:\/\/www.ull.es\/portal\/agenda\/wp-json\/wp\/v2\/tribe_events\/41951\/revisions\/41952"}],"wp:featuredmedia":[{"embeddable":true,"href":"https:\/\/www.ull.es\/portal\/agenda\/wp-json\/wp\/v2\/media\/41983"}],"wp:attachment":[{"href":"https:\/\/www.ull.es\/portal\/agenda\/wp-json\/wp\/v2\/media?parent=41951"}],"wp:term":[{"taxonomy":"post_tag","embeddable":true,"href":"https:\/\/www.ull.es\/portal\/agenda\/wp-json\/wp\/v2\/tags?post=41951"},{"taxonomy":"tribe_events_cat","embeddable":true,"href":"https:\/\/www.ull.es\/portal\/agenda\/wp-json\/wp\/v2\/tribe_events_cat?post=41951"}],"curies":[{"name":"wp","href":"https:\/\/api.w.org\/{rel}","templated":true}]}}

IV Encuentro de Gestores de Itinerarios Culturales del Consejo de Europa en España

<p>Tras tres ediciones celebradas del Encuentro trabajando sobre aspectos como la consolidación y fortalecimiento del Programa de los Itinerarios culturales, la participación ciudadana, el desarrollo local o la preservación del patrimonio cultural, en los últimos años se ha reflexionado sobre la necesidad de llevar a cabo una estrategia de comunicación del Programa que permita visibilizar y dar a conocer de una manera más clara sus objetivos, actividades, proyectos, etc.</p>
<p>Desde esta perspectiva, la organización de este IV Encuentro de Gestores tiene como objetivo reflexionar, debatir y orientar sobre la viabilidad y sobre las diferentes herramientas al alcance de los y las gestores de los diferentes Itinerarios culturales, que permitan lograr una comunicación más efectiva del Programa en su conjunto y de los 27 Itinerarios con socios en nuestro país. Esta es la razón por la que, desde el Ministerio de Cultura, hemos querido que esta 4a edición del Encuentro se centre en la dimensión comunicativa para mejorar el conocimiento y el entendimiento del programa por parte del conjunto de la ciudadanía.</p>
<p><a href="https://drive.google.com/file/d/1f5GJhxBjk9Lb3bDnk7rIjTQZ8J7vJ6h1/view?usp=sharing" target="_blank" rel="noopener" target="_blank" rel="noopener">Programa</a></p>

<p>Tras tres ediciones celebradas del Encuentro trabajando sobre aspectos como la consolidación y fortalecimiento del Programa de los Itinerarios culturales, la participación ciudadana, el desarrollo local o la preservación del patrimonio cultural, en los últimos años se ha reflexionado sobre la necesidad de llevar a cabo una estrategia de comunicación del Programa que permita visibilizar&#8230;</p>

<!-- This site is optimized with the Yoast SEO plugin v21.3 - https://yoast.com/wordpress/plugins/seo/ -->
<title>IV Encuentro de Gestores de Itinerarios Culturales del Consejo de Europa en España - ULL - Agenda</title>
<meta name="robots" content="index, follow, max-snippet:-1, max-image-preview:large, max-video-preview:-1" />
<link rel="canonical" href="https://www.ull.es/portal/agenda/evento/iv-encuentro-de-gestores-de-itinerarios-culturales-del-consejo-de-europa-en-espana/" />
<meta property="og:locale" content="es_ES" />
<meta property="og:type" content="article" />
<meta property="og:title" content="IV Encuentro de Gestores de Itinerarios Culturales del Consejo de Europa en España - ULL - Agenda" />
<meta property="og:description" content="Tras tres ediciones celebradas del Encuentro trabajando sobre aspectos como la consolidación y fortalecimiento del Programa de los Itinerarios culturales, la participación ciudadana, el desarrollo local o la preservación del patrimonio cultural, en los últimos años se ha reflexionado sobre la necesidad de llevar a cabo una estrategia de comunicación del Programa que permita visibilizar..." />
<meta property="og:url" content="https://www.ull.es/portal/agenda/evento/iv-encuentro-de-gestores-de-itinerarios-culturales-del-consejo-de-europa-en-espana/" />
<meta property="og:site_name" content="ULL - Agenda" />
<meta property="article:modified_time" content="2025-04-03T12:08:52+00:00" />
<meta property="og:image" content="https://www.ull.es/portal/agenda/wp-content/uploads/sites/12/2025/04/IV-Encuentro-de-Gestores-de-Itinerarios-Culturales_Banner-eventos.png" />
	<meta property="og:image:width" content="750" />
	<meta property="og:image:height" content="370" />
	<meta property="og:image:type" content="image/png" />
<meta name="twitter:card" content="summary_large_image" />
<meta name="twitter:label1" content="Tiempo de lectura" />
	<meta name="twitter:data1" content="1 minuto" />
<script type="application/ld+json" class="yoast-schema-graph">{"@context":"https://schema.org","@graph":[{"@type":"WebPage","@id":"https://www.ull.es/portal/agenda/evento/iv-encuentro-de-gestores-de-itinerarios-culturales-del-consejo-de-europa-en-espana/","url":"https://www.ull.es/portal/agenda/evento/iv-encuentro-de-gestores-de-itinerarios-culturales-del-consejo-de-europa-en-espana/","name":"IV Encuentro de Gestores de Itinerarios Culturales del Consejo de Europa en España - ULL - Agenda","isPartOf":{"@id":"https://www.ull.es/portal/agenda/#website"},"datePublished":"2025-04-01T12:06:54+00:00","dateModified":"2025-04-03T12:08:52+00:00","breadcrumb":{"@id":"https://www.ull.es/portal/agenda/evento/iv-encuentro-de-gestores-de-itinerarios-culturales-del-consejo-de-europa-en-espana/#breadcrumb"},"inLanguage":"es","potentialAction":[{"@type":"ReadAction","target":["https://www.ull.es/portal/agenda/evento/iv-encuentro-de-gestores-de-itinerarios-culturales-del-consejo-de-europa-en-espana/"]}]},{"@type":"BreadcrumbList","@id":"https://www.ull.es/portal/agenda/evento/iv-encuentro-de-gestores-de-itinerarios-culturales-del-consejo-de-europa-en-espana/#breadcrumb","itemListElement":[{"@type":"ListItem","position":1,"name":"Portada","item":"https://www.ull.es/portal/agenda/"},{"@type":"ListItem","position":2,"name":"IV Encuentro de Gestores de Itinerarios Culturales del Consejo de Europa en España"}]},{"@type":"WebSite","@id":"https://www.ull.es/portal/agenda/#website","url":"https://www.ull.es/portal/agenda/","name":"ULL - Agenda","description":"","potentialAction":[{"@type":"SearchAction","target":{"@type":"EntryPoint","urlTemplate":"https://www.ull.es/portal/agenda/?s={search_term_string}"},"query-input":"required name=search_term_string"}],"inLanguage":"es"}]}</script>
<!-- / Yoast SEO plugin. -->

IV Encuentro de Gestores de Itinerarios Culturales del Consejo de Europa en España - ULL - Agenda

Tras tres ediciones celebradas del Encuentro trabajando sobre aspectos como la consolidación y fortalecimiento del Programa de los Itinerarios culturales, la participación ciudadana, el desarrollo local o la preservación del patrimonio cultural, en los últimos años se ha reflexionado sobre la necesidad de llevar a cabo una estrategia de comunicación del Programa que permita visibilizar...
