{"id":41998,"date":"2025-04-04T10:10:04","date_gmt":"2025-04-04T10:10:04","guid":{"rendered":"https:\/\/www.ull.es\/portal\/agenda\/?post_type=tribe_events&#038;p=41998"},"modified":"2025-04-04T10:10:04","modified_gmt":"2025-04-04T10:10:04","slug":"taller-justicia-restaurativa","status":"publish","type":"tribe_events","link":"https:\/\/www.ull.es\/portal\/agenda\/evento\/taller-justicia-restaurativa\/","title":{"rendered":"Taller Justicia Restaurativa"},"content":{"rendered":"<p>La Facultad de Ciencias Sociales y de la Comunicaci\u00f3n de la Universidad de La Laguna organiza un &#8216;Taller de introducci\u00f3n a la Justicia Restaurativa&#8217;. La actividad tendr\u00e1 lugar el jueves 10 de abril de 2025 de 16.00h a 20.00h, en la Sala de Juntas de la Facultad en el Campus de Guajara, y se integra en el POAT para las titulaciones de Trabajo Social, Sociolog\u00eda y Antropolog\u00eda Social y Cultural. Sin inscripci\u00f3n previa, con acceso preferente para el alumnado de la instituci\u00f3n acad\u00e9mica, con un aforo previsto para 30 personas.<\/p>\n<p>La Justicia Restaurativa es un medio y herramienta similar a la mediaci\u00f3n y distinta a la Justicia Tradicional o Justicia Distributiva basada en el sistema penal y penitenciario: una Justicia que busca abordar y tratar los da\u00f1os y repararlos de forma real y efectiva. Con este taller se busca dar a conocer esta herramienta para la reparaci\u00f3n del da\u00f1o y de forma m\u00e1s espec\u00edfica facilitar un contexto para la reflexi\u00f3n de c\u00f3mo afecta el da\u00f1o a la persona que lo recibe (v\u00edctima) y c\u00f3mo afecta a la persona que ejerce el da\u00f1o (victimario\/a o infractor\/a) y c\u00f3mo este v\u00ednculo del da\u00f1o y los efectos que tiene sobre las vidas, individuales y colectivas, no puede ser abordado ni reparado en su dimensi\u00f3n m\u00e1s social y humana por los sistemas tradicionales de la justicia retributiva.<\/p>\n<p>El taller tratar\u00e1 lo que son los sistemas alternativos para la resoluci\u00f3n del conflicto, la Justicia Restaurativa como alternativa a la Justicia Tradicional como ejemplo de uno de los procesos de reparaci\u00f3n de da\u00f1os, de forma pr\u00e1ctica y din\u00e1mica.<\/p>\n<p>Taller facilitado por Beatriz Palm\u00e9s y Magdalena Alicia Carmona Cocre, Abogadas, Mediadoras, y facilitadoras de Justicia Restaurativa del equipo de AMEDI CANARIAS.<\/p>\n","protected":false},"excerpt":{"rendered":"<p>La Facultad de Ciencias Sociales y de la Comunicaci\u00f3n de la Universidad de La Laguna organiza un &#8216;Taller de introducci\u00f3n a la Justicia Restaurativa&#8217;. La actividad tendr\u00e1 lugar el jueves 10 de abril de 2025 de 16.00h a 20.00h, en la Sala de Juntas de la Facultad en el Campus de Guajara, y se integra&#8230;<\/p>\n","protected":false},"author":65,"featured_media":41999,"comment_status":"closed","ping_status":"closed","template":"","tags":[],"tribe_events_cat":[361,848,556],"acf":[],"yoast_head":"<!-- This site is optimized with the Yoast SEO plugin v21.3 - https:\/\/yoast.com\/wordpress\/plugins\/seo\/ -->\n<title>Taller Justicia Restaurativa - ULL - Agenda<\/title>\n<meta name=\"robots\" content=\"index, follow, max-snippet:-1, max-image-preview:large, max-video-preview:-1\" \/>\n<link rel=\"canonical\" href=\"https:\/\/www.ull.es\/portal\/agenda\/evento\/taller-justicia-restaurativa\/\" \/>\n<meta property=\"og:locale\" content=\"es_ES\" \/>\n<meta property=\"og:type\" content=\"article\" \/>\n<meta property=\"og:title\" content=\"Taller Justicia Restaurativa - ULL - Agenda\" \/>\n<meta property=\"og:description\" content=\"La Facultad de Ciencias Sociales y de la Comunicaci\u00f3n de la Universidad de La Laguna organiza un &#8216;Taller de introducci\u00f3n a la Justicia Restaurativa&#8217;. La actividad tendr\u00e1 lugar el jueves 10 de abril de 2025 de 16.00h a 20.00h, en la Sala de Juntas de la Facultad en el Campus de Guajara, y se integra...\" \/>\n<meta property=\"og:url\" content=\"https:\/\/www.ull.es\/portal\/agenda\/evento\/taller-justicia-restaurativa\/\" \/>\n<meta property=\"og:site_name\" content=\"ULL - Agenda\" \/>\n<meta property=\"og:image\" content=\"https:\/\/www.ull.es\/portal\/agenda\/wp-content\/uploads\/sites\/12\/2025\/04\/Taller-Justicia-Restaurativa.jpg\" \/>\n\t<meta property=\"og:image:width\" content=\"1280\" \/>\n\t<meta property=\"og:image:height\" content=\"720\" \/>\n\t<meta property=\"og:image:type\" content=\"image\/jpeg\" \/>\n<meta name=\"twitter:card\" content=\"summary_large_image\" \/>\n<meta name=\"twitter:label1\" content=\"Tiempo de lectura\" \/>\n\t<meta name=\"twitter:data1\" content=\"2 minutos\" \/>\n<script type=\"application\/ld+json\" class=\"yoast-schema-graph\">{\"@context\":\"https:\/\/schema.org\",\"@graph\":[{\"@type\":\"WebPage\",\"@id\":\"https:\/\/www.ull.es\/portal\/agenda\/evento\/taller-justicia-restaurativa\/\",\"url\":\"https:\/\/www.ull.es\/portal\/agenda\/evento\/taller-justicia-restaurativa\/\",\"name\":\"Taller Justicia Restaurativa - ULL - Agenda\",\"isPartOf\":{\"@id\":\"https:\/\/www.ull.es\/portal\/agenda\/#website\"},\"datePublished\":\"2025-04-04T10:10:04+00:00\",\"dateModified\":\"2025-04-04T10:10:04+00:00\",\"breadcrumb\":{\"@id\":\"https:\/\/www.ull.es\/portal\/agenda\/evento\/taller-justicia-restaurativa\/#breadcrumb\"},\"inLanguage\":\"es\",\"potentialAction\":[{\"@type\":\"ReadAction\",\"target\":[\"https:\/\/www.ull.es\/portal\/agenda\/evento\/taller-justicia-restaurativa\/\"]}]},{\"@type\":\"BreadcrumbList\",\"@id\":\"https:\/\/www.ull.es\/portal\/agenda\/evento\/taller-justicia-restaurativa\/#breadcrumb\",\"itemListElement\":[{\"@type\":\"ListItem\",\"position\":1,\"name\":\"Portada\",\"item\":\"https:\/\/www.ull.es\/portal\/agenda\/\"},{\"@type\":\"ListItem\",\"position\":2,\"name\":\"Taller Justicia Restaurativa\"}]},{\"@type\":\"WebSite\",\"@id\":\"https:\/\/www.ull.es\/portal\/agenda\/#website\",\"url\":\"https:\/\/www.ull.es\/portal\/agenda\/\",\"name\":\"ULL - Agenda\",\"description\":\"\",\"potentialAction\":[{\"@type\":\"SearchAction\",\"target\":{\"@type\":\"EntryPoint\",\"urlTemplate\":\"https:\/\/www.ull.es\/portal\/agenda\/?s={search_term_string}\"},\"query-input\":\"required name=search_term_string\"}],\"inLanguage\":\"es\"}]}<\/script>\n<!-- \/ Yoast SEO plugin. -->","yoast_head_json":{"title":"Taller Justicia Restaurativa - ULL - Agenda","robots":{"index":"index","follow":"follow","max-snippet":"max-snippet:-1","max-image-preview":"max-image-preview:large","max-video-preview":"max-video-preview:-1"},"canonical":"https:\/\/www.ull.es\/portal\/agenda\/evento\/taller-justicia-restaurativa\/","og_locale":"es_ES","og_type":"article","og_title":"Taller Justicia Restaurativa - ULL - Agenda","og_description":"La Facultad de Ciencias Sociales y de la Comunicaci\u00f3n de la Universidad de La Laguna organiza un &#8216;Taller de introducci\u00f3n a la Justicia Restaurativa&#8217;. La actividad tendr\u00e1 lugar el jueves 10 de abril de 2025 de 16.00h a 20.00h, en la Sala de Juntas de la Facultad en el Campus de Guajara, y se integra...","og_url":"https:\/\/www.ull.es\/portal\/agenda\/evento\/taller-justicia-restaurativa\/","og_site_name":"ULL - Agenda","og_image":[{"width":1280,"height":720,"url":"https:\/\/www.ull.es\/portal\/agenda\/wp-content\/uploads\/sites\/12\/2025\/04\/Taller-Justicia-Restaurativa.jpg","type":"image\/jpeg"}],"twitter_card":"summary_large_image","twitter_misc":{"Tiempo de lectura":"2 minutos"},"schema":{"@context":"https:\/\/schema.org","@graph":[{"@type":"WebPage","@id":"https:\/\/www.ull.es\/portal\/agenda\/evento\/taller-justicia-restaurativa\/","url":"https:\/\/www.ull.es\/portal\/agenda\/evento\/taller-justicia-restaurativa\/","name":"Taller Justicia Restaurativa - ULL - Agenda","isPartOf":{"@id":"https:\/\/www.ull.es\/portal\/agenda\/#website"},"datePublished":"2025-04-04T10:10:04+00:00","dateModified":"2025-04-04T10:10:04+00:00","breadcrumb":{"@id":"https:\/\/www.ull.es\/portal\/agenda\/evento\/taller-justicia-restaurativa\/#breadcrumb"},"inLanguage":"es","potentialAction":[{"@type":"ReadAction","target":["https:\/\/www.ull.es\/portal\/agenda\/evento\/taller-justicia-restaurativa\/"]}]},{"@type":"BreadcrumbList","@id":"https:\/\/www.ull.es\/portal\/agenda\/evento\/taller-justicia-restaurativa\/#breadcrumb","itemListElement":[{"@type":"ListItem","position":1,"name":"Portada","item":"https:\/\/www.ull.es\/portal\/agenda\/"},{"@type":"ListItem","position":2,"name":"Taller Justicia Restaurativa"}]},{"@type":"WebSite","@id":"https:\/\/www.ull.es\/portal\/agenda\/#website","url":"https:\/\/www.ull.es\/portal\/agenda\/","name":"ULL - Agenda","description":"","potentialAction":[{"@type":"SearchAction","target":{"@type":"EntryPoint","urlTemplate":"https:\/\/www.ull.es\/portal\/agenda\/?s={search_term_string}"},"query-input":"required name=search_term_string"}],"inLanguage":"es"}]}},"_links":{"self":[{"href":"https:\/\/www.ull.es\/portal\/agenda\/wp-json\/wp\/v2\/tribe_events\/41998"}],"collection":[{"href":"https:\/\/www.ull.es\/portal\/agenda\/wp-json\/wp\/v2\/tribe_events"}],"about":[{"href":"https:\/\/www.ull.es\/portal\/agenda\/wp-json\/wp\/v2\/types\/tribe_events"}],"author":[{"embeddable":true,"href":"https:\/\/www.ull.es\/portal\/agenda\/wp-json\/wp\/v2\/users\/65"}],"replies":[{"embeddable":true,"href":"https:\/\/www.ull.es\/portal\/agenda\/wp-json\/wp\/v2\/comments?post=41998"}],"version-history":[{"count":1,"href":"https:\/\/www.ull.es\/portal\/agenda\/wp-json\/wp\/v2\/tribe_events\/41998\/revisions"}],"predecessor-version":[{"id":42000,"href":"https:\/\/www.ull.es\/portal\/agenda\/wp-json\/wp\/v2\/tribe_events\/41998\/revisions\/42000"}],"wp:featuredmedia":[{"embeddable":true,"href":"https:\/\/www.ull.es\/portal\/agenda\/wp-json\/wp\/v2\/media\/41999"}],"wp:attachment":[{"href":"https:\/\/www.ull.es\/portal\/agenda\/wp-json\/wp\/v2\/media?parent=41998"}],"wp:term":[{"taxonomy":"post_tag","embeddable":true,"href":"https:\/\/www.ull.es\/portal\/agenda\/wp-json\/wp\/v2\/tags?post=41998"},{"taxonomy":"tribe_events_cat","embeddable":true,"href":"https:\/\/www.ull.es\/portal\/agenda\/wp-json\/wp\/v2\/tribe_events_cat?post=41998"}],"curies":[{"name":"wp","href":"https:\/\/api.w.org\/{rel}","templated":true}]}}

<p>La Facultad de Ciencias Sociales y de la Comunicación de la Universidad de La Laguna organiza un &#8216;Taller de introducción a la Justicia Restaurativa&#8217;. La actividad tendrá lugar el jueves 10 de abril de 2025 de 16.00h a 20.00h, en la Sala de Juntas de la Facultad en el Campus de Guajara, y se integra en el POAT para las titulaciones de Trabajo Social, Sociología y Antropología Social y Cultural. Sin inscripción previa, con acceso preferente para el alumnado de la institución académica, con un aforo previsto para 30 personas.</p>
<p>La Justicia Restaurativa es un medio y herramienta similar a la mediación y distinta a la Justicia Tradicional o Justicia Distributiva basada en el sistema penal y penitenciario: una Justicia que busca abordar y tratar los daños y repararlos de forma real y efectiva. Con este taller se busca dar a conocer esta herramienta para la reparación del daño y de forma más específica facilitar un contexto para la reflexión de cómo afecta el daño a la persona que lo recibe (víctima) y cómo afecta a la persona que ejerce el daño (victimario/a o infractor/a) y cómo este vínculo del daño y los efectos que tiene sobre las vidas, individuales y colectivas, no puede ser abordado ni reparado en su dimensión más social y humana por los sistemas tradicionales de la justicia retributiva.</p>
<p>El taller tratará lo que son los sistemas alternativos para la resolución del conflicto, la Justicia Restaurativa como alternativa a la Justicia Tradicional como ejemplo de uno de los procesos de reparación de daños, de forma práctica y dinámica.</p>
<p>Taller facilitado por Beatriz Palmés y Magdalena Alicia Carmona Cocre, Abogadas, Mediadoras, y facilitadoras de Justicia Restaurativa del equipo de AMEDI CANARIAS.</p>

<p>La Facultad de Ciencias Sociales y de la Comunicación de la Universidad de La Laguna organiza un &#8216;Taller de introducción a la Justicia Restaurativa&#8217;. La actividad tendrá lugar el jueves 10 de abril de 2025 de 16.00h a 20.00h, en la Sala de Juntas de la Facultad en el Campus de Guajara, y se integra&#8230;</p>

<!-- This site is optimized with the Yoast SEO plugin v21.3 - https://yoast.com/wordpress/plugins/seo/ -->
<title>Taller Justicia Restaurativa - ULL - Agenda</title>
<meta name="robots" content="index, follow, max-snippet:-1, max-image-preview:large, max-video-preview:-1" />
<link rel="canonical" href="https://www.ull.es/portal/agenda/evento/taller-justicia-restaurativa/" />
<meta property="og:locale" content="es_ES" />
<meta property="og:type" content="article" />
<meta property="og:title" content="Taller Justicia Restaurativa - ULL - Agenda" />
<meta property="og:description" content="La Facultad de Ciencias Sociales y de la Comunicación de la Universidad de La Laguna organiza un &#8216;Taller de introducción a la Justicia Restaurativa&#8217;. La actividad tendrá lugar el jueves 10 de abril de 2025 de 16.00h a 20.00h, en la Sala de Juntas de la Facultad en el Campus de Guajara, y se integra..." />
<meta property="og:url" content="https://www.ull.es/portal/agenda/evento/taller-justicia-restaurativa/" />
<meta property="og:site_name" content="ULL - Agenda" />
<meta property="og:image" content="https://www.ull.es/portal/agenda/wp-content/uploads/sites/12/2025/04/Taller-Justicia-Restaurativa.jpg" />
	<meta property="og:image:width" content="1280" />
	<meta property="og:image:height" content="720" />
	<meta property="og:image:type" content="image/jpeg" />
<meta name="twitter:card" content="summary_large_image" />
<meta name="twitter:label1" content="Tiempo de lectura" />
	<meta name="twitter:data1" content="2 minutos" />
<script type="application/ld+json" class="yoast-schema-graph">{"@context":"https://schema.org","@graph":[{"@type":"WebPage","@id":"https://www.ull.es/portal/agenda/evento/taller-justicia-restaurativa/","url":"https://www.ull.es/portal/agenda/evento/taller-justicia-restaurativa/","name":"Taller Justicia Restaurativa - ULL - Agenda","isPartOf":{"@id":"https://www.ull.es/portal/agenda/#website"},"datePublished":"2025-04-04T10:10:04+00:00","dateModified":"2025-04-04T10:10:04+00:00","breadcrumb":{"@id":"https://www.ull.es/portal/agenda/evento/taller-justicia-restaurativa/#breadcrumb"},"inLanguage":"es","potentialAction":[{"@type":"ReadAction","target":["https://www.ull.es/portal/agenda/evento/taller-justicia-restaurativa/"]}]},{"@type":"BreadcrumbList","@id":"https://www.ull.es/portal/agenda/evento/taller-justicia-restaurativa/#breadcrumb","itemListElement":[{"@type":"ListItem","position":1,"name":"Portada","item":"https://www.ull.es/portal/agenda/"},{"@type":"ListItem","position":2,"name":"Taller Justicia Restaurativa"}]},{"@type":"WebSite","@id":"https://www.ull.es/portal/agenda/#website","url":"https://www.ull.es/portal/agenda/","name":"ULL - Agenda","description":"","potentialAction":[{"@type":"SearchAction","target":{"@type":"EntryPoint","urlTemplate":"https://www.ull.es/portal/agenda/?s={search_term_string}"},"query-input":"required name=search_term_string"}],"inLanguage":"es"}]}</script>
<!-- / Yoast SEO plugin. -->

La Facultad de Ciencias Sociales y de la Comunicación de la Universidad de La Laguna organiza un &#8216;Taller de introducción a la Justicia Restaurativa&#8217;. La actividad tendrá lugar el jueves 10 de abril de 2025 de 16.00h a 20.00h, en la Sala de Juntas de la Facultad en el Campus de Guajara, y se integra...
