{"id":42270,"date":"2025-04-22T14:00:34","date_gmt":"2025-04-22T14:00:34","guid":{"rendered":"https:\/\/www.ull.es\/portal\/agenda\/?post_type=tribe_events&#038;p=42270"},"modified":"2025-09-17T08:27:27","modified_gmt":"2025-09-17T08:27:27","slug":"maru-candel-reislas-festival-de-humor-8-islas","status":"publish","type":"tribe_events","link":"https:\/\/www.ull.es\/portal\/agenda\/evento\/maru-candel-reislas-festival-de-humor-8-islas\/","title":{"rendered":"Re\u00edslas. Festival de Humor 8 Islas. Maru Candel"},"content":{"rendered":"<p>El Festival de Humor \u2018Re\u00edslas\u2019, que se celebra este a\u00f1o en las ocho islas del archipi\u00e9lago, contar\u00e1 con el Paraninfo como una de sus sedes. Este a\u00f1o alcanza su tercera edici\u00f3n con la actuaci\u00f3n de trece c\u00f3micos que ofrecer\u00e1n, entre el d\u00eda 2 de septiembre y el 5 de octubre, un total de 33 espect\u00e1culos en quince recintos esc\u00e9nicos diferentes. En el Paraninfo de la Universidad de La Laguna actuar\u00e1 la c\u00f3mica Maru Candel el viernes 19 de septiembre a las 18:00 horas.<\/p>\n<p>Maru Candel llega en su tercera temporada con su show de stand up, m\u00fasica e improvisaci\u00f3n. La actriz c\u00f3mica y cantante sevillana, criada en el coraz\u00f3n de Triana, comenz\u00f3 su carrera en el 2005 recorriendo el pa\u00eds con sus espect\u00e1culos de Stand Up Comedy.<\/p>\n<p>Desde sus inicios supo mezclar la comedia con la m\u00fasica en sus mon\u00f3logos \u201cS.O.S\u201d, \u201cTodo pasa por algo amor\u201d, \u201cMandarinas, Amor en gajos\u201d, \u201cLa antigua y la moderna\u201d, participando en Comedy Central y Las Noches del Club de la Comedia.<\/p>\n<p>\u00a1No te la puedes perder! una fresca, cercana y divertida obra de humor.<\/p>\n<p>P\u00fablico: a partir de 16 a\u00f1os<\/p>\n<p><a href=\"https:\/\/www.ecoentradas.com\/elegirsesion\/2647\" target=\"_blank\" rel=\"noopener\">Entradas<\/a>: 20\u20ac<\/p>\n","protected":false},"excerpt":{"rendered":"<p>El Festival de Humor \u2018Re\u00edslas\u2019, que se celebra este a\u00f1o en las ocho islas del archipi\u00e9lago, contar\u00e1 con el Paraninfo como una de sus sedes. Este a\u00f1o alcanza su tercera edici\u00f3n con la actuaci\u00f3n de trece c\u00f3micos que ofrecer\u00e1n, entre el d\u00eda 2 de septiembre y el 5 de octubre, un total de 33 espect\u00e1culos&#8230;<\/p>\n","protected":false},"author":65,"featured_media":42271,"comment_status":"closed","ping_status":"closed","template":"","tags":[],"tribe_events_cat":[3987,4,343,186,191],"acf":[],"yoast_head":"<!-- This site is optimized with the Yoast SEO plugin v21.3 - https:\/\/yoast.com\/wordpress\/plugins\/seo\/ -->\n<title>Re\u00edslas. Festival de Humor 8 Islas. Maru Candel - ULL - Agenda<\/title>\n<meta name=\"robots\" content=\"index, follow, max-snippet:-1, max-image-preview:large, max-video-preview:-1\" \/>\n<link rel=\"canonical\" href=\"https:\/\/www.ull.es\/portal\/agenda\/evento\/maru-candel-reislas-festival-de-humor-8-islas\/\" \/>\n<meta property=\"og:locale\" content=\"es_ES\" \/>\n<meta property=\"og:type\" content=\"article\" \/>\n<meta property=\"og:title\" content=\"Re\u00edslas. Festival de Humor 8 Islas. Maru Candel - ULL - Agenda\" \/>\n<meta property=\"og:description\" content=\"El Festival de Humor \u2018Re\u00edslas\u2019, que se celebra este a\u00f1o en las ocho islas del archipi\u00e9lago, contar\u00e1 con el Paraninfo como una de sus sedes. Este a\u00f1o alcanza su tercera edici\u00f3n con la actuaci\u00f3n de trece c\u00f3micos que ofrecer\u00e1n, entre el d\u00eda 2 de septiembre y el 5 de octubre, un total de 33 espect\u00e1culos...\" \/>\n<meta property=\"og:url\" content=\"https:\/\/www.ull.es\/portal\/agenda\/evento\/maru-candel-reislas-festival-de-humor-8-islas\/\" \/>\n<meta property=\"og:site_name\" content=\"ULL - Agenda\" \/>\n<meta property=\"article:modified_time\" content=\"2025-09-17T08:27:27+00:00\" \/>\n<meta property=\"og:image\" content=\"https:\/\/www.ull.es\/portal\/agenda\/wp-content\/uploads\/sites\/12\/2025\/04\/750X370-REISLAS-MARU-CANDEL-TENERIFE.jpg\" \/>\n\t<meta property=\"og:image:width\" content=\"1600\" \/>\n\t<meta property=\"og:image:height\" content=\"790\" \/>\n\t<meta property=\"og:image:type\" content=\"image\/jpeg\" \/>\n<meta name=\"twitter:card\" content=\"summary_large_image\" \/>\n<meta name=\"twitter:label1\" content=\"Tiempo de lectura\" \/>\n\t<meta name=\"twitter:data1\" content=\"1 minuto\" \/>\n<script type=\"application\/ld+json\" class=\"yoast-schema-graph\">{\"@context\":\"https:\/\/schema.org\",\"@graph\":[{\"@type\":\"WebPage\",\"@id\":\"https:\/\/www.ull.es\/portal\/agenda\/evento\/maru-candel-reislas-festival-de-humor-8-islas\/\",\"url\":\"https:\/\/www.ull.es\/portal\/agenda\/evento\/maru-candel-reislas-festival-de-humor-8-islas\/\",\"name\":\"Re\u00edslas. Festival de Humor 8 Islas. Maru Candel - ULL - Agenda\",\"isPartOf\":{\"@id\":\"https:\/\/www.ull.es\/portal\/agenda\/#website\"},\"datePublished\":\"2025-04-22T14:00:34+00:00\",\"dateModified\":\"2025-09-17T08:27:27+00:00\",\"breadcrumb\":{\"@id\":\"https:\/\/www.ull.es\/portal\/agenda\/evento\/maru-candel-reislas-festival-de-humor-8-islas\/#breadcrumb\"},\"inLanguage\":\"es\",\"potentialAction\":[{\"@type\":\"ReadAction\",\"target\":[\"https:\/\/www.ull.es\/portal\/agenda\/evento\/maru-candel-reislas-festival-de-humor-8-islas\/\"]}]},{\"@type\":\"BreadcrumbList\",\"@id\":\"https:\/\/www.ull.es\/portal\/agenda\/evento\/maru-candel-reislas-festival-de-humor-8-islas\/#breadcrumb\",\"itemListElement\":[{\"@type\":\"ListItem\",\"position\":1,\"name\":\"Portada\",\"item\":\"https:\/\/www.ull.es\/portal\/agenda\/\"},{\"@type\":\"ListItem\",\"position\":2,\"name\":\"Re\u00edslas. Festival de Humor 8 Islas. Maru Candel\"}]},{\"@type\":\"WebSite\",\"@id\":\"https:\/\/www.ull.es\/portal\/agenda\/#website\",\"url\":\"https:\/\/www.ull.es\/portal\/agenda\/\",\"name\":\"ULL - Agenda\",\"description\":\"\",\"potentialAction\":[{\"@type\":\"SearchAction\",\"target\":{\"@type\":\"EntryPoint\",\"urlTemplate\":\"https:\/\/www.ull.es\/portal\/agenda\/?s={search_term_string}\"},\"query-input\":\"required name=search_term_string\"}],\"inLanguage\":\"es\"}]}<\/script>\n<!-- \/ Yoast SEO plugin. -->","yoast_head_json":{"title":"Re\u00edslas. Festival de Humor 8 Islas. Maru Candel - ULL - Agenda","robots":{"index":"index","follow":"follow","max-snippet":"max-snippet:-1","max-image-preview":"max-image-preview:large","max-video-preview":"max-video-preview:-1"},"canonical":"https:\/\/www.ull.es\/portal\/agenda\/evento\/maru-candel-reislas-festival-de-humor-8-islas\/","og_locale":"es_ES","og_type":"article","og_title":"Re\u00edslas. Festival de Humor 8 Islas. Maru Candel - ULL - Agenda","og_description":"El Festival de Humor \u2018Re\u00edslas\u2019, que se celebra este a\u00f1o en las ocho islas del archipi\u00e9lago, contar\u00e1 con el Paraninfo como una de sus sedes. Este a\u00f1o alcanza su tercera edici\u00f3n con la actuaci\u00f3n de trece c\u00f3micos que ofrecer\u00e1n, entre el d\u00eda 2 de septiembre y el 5 de octubre, un total de 33 espect\u00e1culos...","og_url":"https:\/\/www.ull.es\/portal\/agenda\/evento\/maru-candel-reislas-festival-de-humor-8-islas\/","og_site_name":"ULL - Agenda","article_modified_time":"2025-09-17T08:27:27+00:00","og_image":[{"width":1600,"height":790,"url":"https:\/\/www.ull.es\/portal\/agenda\/wp-content\/uploads\/sites\/12\/2025\/04\/750X370-REISLAS-MARU-CANDEL-TENERIFE.jpg","type":"image\/jpeg"}],"twitter_card":"summary_large_image","twitter_misc":{"Tiempo de lectura":"1 minuto"},"schema":{"@context":"https:\/\/schema.org","@graph":[{"@type":"WebPage","@id":"https:\/\/www.ull.es\/portal\/agenda\/evento\/maru-candel-reislas-festival-de-humor-8-islas\/","url":"https:\/\/www.ull.es\/portal\/agenda\/evento\/maru-candel-reislas-festival-de-humor-8-islas\/","name":"Re\u00edslas. Festival de Humor 8 Islas. Maru Candel - ULL - Agenda","isPartOf":{"@id":"https:\/\/www.ull.es\/portal\/agenda\/#website"},"datePublished":"2025-04-22T14:00:34+00:00","dateModified":"2025-09-17T08:27:27+00:00","breadcrumb":{"@id":"https:\/\/www.ull.es\/portal\/agenda\/evento\/maru-candel-reislas-festival-de-humor-8-islas\/#breadcrumb"},"inLanguage":"es","potentialAction":[{"@type":"ReadAction","target":["https:\/\/www.ull.es\/portal\/agenda\/evento\/maru-candel-reislas-festival-de-humor-8-islas\/"]}]},{"@type":"BreadcrumbList","@id":"https:\/\/www.ull.es\/portal\/agenda\/evento\/maru-candel-reislas-festival-de-humor-8-islas\/#breadcrumb","itemListElement":[{"@type":"ListItem","position":1,"name":"Portada","item":"https:\/\/www.ull.es\/portal\/agenda\/"},{"@type":"ListItem","position":2,"name":"Re\u00edslas. Festival de Humor 8 Islas. Maru Candel"}]},{"@type":"WebSite","@id":"https:\/\/www.ull.es\/portal\/agenda\/#website","url":"https:\/\/www.ull.es\/portal\/agenda\/","name":"ULL - Agenda","description":"","potentialAction":[{"@type":"SearchAction","target":{"@type":"EntryPoint","urlTemplate":"https:\/\/www.ull.es\/portal\/agenda\/?s={search_term_string}"},"query-input":"required name=search_term_string"}],"inLanguage":"es"}]}},"_links":{"self":[{"href":"https:\/\/www.ull.es\/portal\/agenda\/wp-json\/wp\/v2\/tribe_events\/42270"}],"collection":[{"href":"https:\/\/www.ull.es\/portal\/agenda\/wp-json\/wp\/v2\/tribe_events"}],"about":[{"href":"https:\/\/www.ull.es\/portal\/agenda\/wp-json\/wp\/v2\/types\/tribe_events"}],"author":[{"embeddable":true,"href":"https:\/\/www.ull.es\/portal\/agenda\/wp-json\/wp\/v2\/users\/65"}],"replies":[{"embeddable":true,"href":"https:\/\/www.ull.es\/portal\/agenda\/wp-json\/wp\/v2\/comments?post=42270"}],"version-history":[{"count":4,"href":"https:\/\/www.ull.es\/portal\/agenda\/wp-json\/wp\/v2\/tribe_events\/42270\/revisions"}],"predecessor-version":[{"id":44039,"href":"https:\/\/www.ull.es\/portal\/agenda\/wp-json\/wp\/v2\/tribe_events\/42270\/revisions\/44039"}],"wp:featuredmedia":[{"embeddable":true,"href":"https:\/\/www.ull.es\/portal\/agenda\/wp-json\/wp\/v2\/media\/42271"}],"wp:attachment":[{"href":"https:\/\/www.ull.es\/portal\/agenda\/wp-json\/wp\/v2\/media?parent=42270"}],"wp:term":[{"taxonomy":"post_tag","embeddable":true,"href":"https:\/\/www.ull.es\/portal\/agenda\/wp-json\/wp\/v2\/tags?post=42270"},{"taxonomy":"tribe_events_cat","embeddable":true,"href":"https:\/\/www.ull.es\/portal\/agenda\/wp-json\/wp\/v2\/tribe_events_cat?post=42270"}],"curies":[{"name":"wp","href":"https:\/\/api.w.org\/{rel}","templated":true}]}}

Reíslas. Festival de Humor 8 Islas. Maru Candel

<p>El Festival de Humor ‘Reíslas’, que se celebra este año en las ocho islas del archipiélago, contará con el Paraninfo como una de sus sedes. Este año alcanza su tercera edición con la actuación de trece cómicos que ofrecerán, entre el día 2 de septiembre y el 5 de octubre, un total de 33 espectáculos en quince recintos escénicos diferentes. En el Paraninfo de la Universidad de La Laguna actuará la cómica Maru Candel el viernes 19 de septiembre a las 18:00 horas.</p>
<p>Maru Candel llega en su tercera temporada con su show de stand up, música e improvisación. La actriz cómica y cantante sevillana, criada en el corazón de Triana, comenzó su carrera en el 2005 recorriendo el país con sus espectáculos de Stand Up Comedy.</p>
<p>Desde sus inicios supo mezclar la comedia con la música en sus monólogos “S.O.S”, “Todo pasa por algo amor”, “Mandarinas, Amor en gajos”, “La antigua y la moderna”, participando en Comedy Central y Las Noches del Club de la Comedia.</p>
<p>¡No te la puedes perder! una fresca, cercana y divertida obra de humor.</p>
<p>Público: a partir de 16 años</p>
<p><a href="https://www.ecoentradas.com/elegirsesion/2647" target="_blank" rel="noopener">Entradas</a>: 20€</p>

<p>El Festival de Humor ‘Reíslas’, que se celebra este año en las ocho islas del archipiélago, contará con el Paraninfo como una de sus sedes. Este año alcanza su tercera edición con la actuación de trece cómicos que ofrecerán, entre el día 2 de septiembre y el 5 de octubre, un total de 33 espectáculos&#8230;</p>

<!-- This site is optimized with the Yoast SEO plugin v21.3 - https://yoast.com/wordpress/plugins/seo/ -->
<title>Reíslas. Festival de Humor 8 Islas. Maru Candel - ULL - Agenda</title>
<meta name="robots" content="index, follow, max-snippet:-1, max-image-preview:large, max-video-preview:-1" />
<link rel="canonical" href="https://www.ull.es/portal/agenda/evento/maru-candel-reislas-festival-de-humor-8-islas/" />
<meta property="og:locale" content="es_ES" />
<meta property="og:type" content="article" />
<meta property="og:title" content="Reíslas. Festival de Humor 8 Islas. Maru Candel - ULL - Agenda" />
<meta property="og:description" content="El Festival de Humor ‘Reíslas’, que se celebra este año en las ocho islas del archipiélago, contará con el Paraninfo como una de sus sedes. Este año alcanza su tercera edición con la actuación de trece cómicos que ofrecerán, entre el día 2 de septiembre y el 5 de octubre, un total de 33 espectáculos..." />
<meta property="og:url" content="https://www.ull.es/portal/agenda/evento/maru-candel-reislas-festival-de-humor-8-islas/" />
<meta property="og:site_name" content="ULL - Agenda" />
<meta property="article:modified_time" content="2025-09-17T08:27:27+00:00" />
<meta property="og:image" content="https://www.ull.es/portal/agenda/wp-content/uploads/sites/12/2025/04/750X370-REISLAS-MARU-CANDEL-TENERIFE.jpg" />
	<meta property="og:image:width" content="1600" />
	<meta property="og:image:height" content="790" />
	<meta property="og:image:type" content="image/jpeg" />
<meta name="twitter:card" content="summary_large_image" />
<meta name="twitter:label1" content="Tiempo de lectura" />
	<meta name="twitter:data1" content="1 minuto" />
<script type="application/ld+json" class="yoast-schema-graph">{"@context":"https://schema.org","@graph":[{"@type":"WebPage","@id":"https://www.ull.es/portal/agenda/evento/maru-candel-reislas-festival-de-humor-8-islas/","url":"https://www.ull.es/portal/agenda/evento/maru-candel-reislas-festival-de-humor-8-islas/","name":"Reíslas. Festival de Humor 8 Islas. Maru Candel - ULL - Agenda","isPartOf":{"@id":"https://www.ull.es/portal/agenda/#website"},"datePublished":"2025-04-22T14:00:34+00:00","dateModified":"2025-09-17T08:27:27+00:00","breadcrumb":{"@id":"https://www.ull.es/portal/agenda/evento/maru-candel-reislas-festival-de-humor-8-islas/#breadcrumb"},"inLanguage":"es","potentialAction":[{"@type":"ReadAction","target":["https://www.ull.es/portal/agenda/evento/maru-candel-reislas-festival-de-humor-8-islas/"]}]},{"@type":"BreadcrumbList","@id":"https://www.ull.es/portal/agenda/evento/maru-candel-reislas-festival-de-humor-8-islas/#breadcrumb","itemListElement":[{"@type":"ListItem","position":1,"name":"Portada","item":"https://www.ull.es/portal/agenda/"},{"@type":"ListItem","position":2,"name":"Reíslas. Festival de Humor 8 Islas. Maru Candel"}]},{"@type":"WebSite","@id":"https://www.ull.es/portal/agenda/#website","url":"https://www.ull.es/portal/agenda/","name":"ULL - Agenda","description":"","potentialAction":[{"@type":"SearchAction","target":{"@type":"EntryPoint","urlTemplate":"https://www.ull.es/portal/agenda/?s={search_term_string}"},"query-input":"required name=search_term_string"}],"inLanguage":"es"}]}</script>
<!-- / Yoast SEO plugin. -->

Reíslas. Festival de Humor 8 Islas. Maru Candel - ULL - Agenda

El Festival de Humor ‘Reíslas’, que se celebra este año en las ocho islas del archipiélago, contará con el Paraninfo como una de sus sedes. Este año alcanza su tercera edición con la actuación de trece cómicos que ofrecerán, entre el día 2 de septiembre y el 5 de octubre, un total de 33 espectáculos...
