{"id":42273,"date":"2025-04-22T14:04:34","date_gmt":"2025-04-22T14:04:34","guid":{"rendered":"https:\/\/www.ull.es\/portal\/agenda\/?post_type=tribe_events&#038;p=42273"},"modified":"2025-09-17T08:27:22","modified_gmt":"2025-09-17T08:27:22","slug":"reislas-festival-de-humor-8-islas-hovik-keuchkerian-grito","status":"publish","type":"tribe_events","link":"https:\/\/www.ull.es\/portal\/agenda\/evento\/reislas-festival-de-humor-8-islas-hovik-keuchkerian-grito\/","title":{"rendered":"Re\u00edslas. Festival de Humor 8 Islas.\u00a0Hovik Keuchkerian. &#8216;Grito&#8217;"},"content":{"rendered":"<p>El Festival de Humor \u2018Re\u00edslas\u2019, que se celebra este a\u00f1o en las ocho islas del archipi\u00e9lago, contar\u00e1 con el Paraninfo como una de sus sedes. Este a\u00f1o alcanza su tercera edici\u00f3n con la actuaci\u00f3n de trece c\u00f3micos que ofrecer\u00e1n, entre el d\u00eda 2 de septiembre y el 5 de octubre, un total de 33 espect\u00e1culos en quince recintos esc\u00e9nicos diferentes. En el Paraninfo de la Universidad de La Laguna actuar\u00e1 Hovik Keuchkerian el viernes 19 de septiembre a las 21:00 horas.<\/p>\n<p>Hovik Keuchkerian vuelve al Stand Up despu\u00e9s de m\u00e1s de quince a\u00f1os alejado del circuito de la comedia. Vuelve con GRITO, un espect\u00e1culo en el que conecta con su esencia de c\u00f3mico. Con este show, recupera un discurso \u00e1cido, profundo que por momentos har\u00e1 sentir inc\u00f3modo al espectador. En un texto, que Hovik dispara como una r\u00e1faga constante, se adentra en el centro mismo de los grandes temas de la realidad social del momento. La guerra, la intolerancia, los extremismos, la ausencia de humanidad, el exceso de humanidad o la manipulaci\u00f3n a la que est\u00e1n sometidas las sociedades, son algunos de los temas que Hovik aborda con su particular humor ca\u00fastico y su potencia en el escenario.<\/p>\n<p>Pero sobre todo GRITO es un ejercicio de comuni\u00f3n, una invitaci\u00f3n a mirar al mundo y a mirarnos sin las limitaciones impuestas por las ideas de los que tienen el poder. Grito es una llamada para escapar de la libertad y adentrarnos en los espacios d\u00f3nde la vida vive.<\/p>\n<p>P\u00fablico: a partir de 16 a\u00f1os<\/p>\n<p><a href=\"https:\/\/www.ecoentradas.com\/elegirsesion\/2649\" target=\"_blank\" rel=\"noopener\" target=\"_blank\" rel=\"noopener\">Entradas<\/a>: 30\u20ac (patio de butacas)\u00a0 28\u20ac (anfiteatro y palco bajo)\u00a0 25\u20ac (palco alto)<\/p>\n","protected":false},"excerpt":{"rendered":"<p>El Festival de Humor \u2018Re\u00edslas\u2019, que se celebra este a\u00f1o en las ocho islas del archipi\u00e9lago, contar\u00e1 con el Paraninfo como una de sus sedes. Este a\u00f1o alcanza su tercera edici\u00f3n con la actuaci\u00f3n de trece c\u00f3micos que ofrecer\u00e1n, entre el d\u00eda 2 de septiembre y el 5 de octubre, un total de 33 espect\u00e1culos&#8230;<\/p>\n","protected":false},"author":65,"featured_media":42274,"comment_status":"closed","ping_status":"closed","template":"","tags":[],"tribe_events_cat":[3987,4,343,186,191],"acf":[],"yoast_head":"<!-- This site is optimized with the Yoast SEO plugin v21.3 - https:\/\/yoast.com\/wordpress\/plugins\/seo\/ -->\n<title>Re\u00edslas. Festival de Humor 8 Islas.\u00a0Hovik Keuchkerian. &#039;Grito&#039; - ULL - Agenda<\/title>\n<meta name=\"robots\" content=\"index, follow, max-snippet:-1, max-image-preview:large, max-video-preview:-1\" \/>\n<link rel=\"canonical\" href=\"https:\/\/www.ull.es\/portal\/agenda\/evento\/reislas-festival-de-humor-8-islas-hovik-keuchkerian-grito\/\" \/>\n<meta property=\"og:locale\" content=\"es_ES\" \/>\n<meta property=\"og:type\" content=\"article\" \/>\n<meta property=\"og:title\" content=\"Re\u00edslas. Festival de Humor 8 Islas.\u00a0Hovik Keuchkerian. &#039;Grito&#039; - ULL - Agenda\" \/>\n<meta property=\"og:description\" content=\"El Festival de Humor \u2018Re\u00edslas\u2019, que se celebra este a\u00f1o en las ocho islas del archipi\u00e9lago, contar\u00e1 con el Paraninfo como una de sus sedes. Este a\u00f1o alcanza su tercera edici\u00f3n con la actuaci\u00f3n de trece c\u00f3micos que ofrecer\u00e1n, entre el d\u00eda 2 de septiembre y el 5 de octubre, un total de 33 espect\u00e1culos...\" \/>\n<meta property=\"og:url\" content=\"https:\/\/www.ull.es\/portal\/agenda\/evento\/reislas-festival-de-humor-8-islas-hovik-keuchkerian-grito\/\" \/>\n<meta property=\"og:site_name\" content=\"ULL - Agenda\" \/>\n<meta property=\"article:modified_time\" content=\"2025-09-17T08:27:22+00:00\" \/>\n<meta property=\"og:image\" content=\"https:\/\/www.ull.es\/portal\/agenda\/wp-content\/uploads\/sites\/12\/2025\/04\/750X370-REISLAS-HOVIK-TENERIFE.jpg\" \/>\n\t<meta property=\"og:image:width\" content=\"1600\" \/>\n\t<meta property=\"og:image:height\" content=\"790\" \/>\n\t<meta property=\"og:image:type\" content=\"image\/jpeg\" \/>\n<meta name=\"twitter:card\" content=\"summary_large_image\" \/>\n<meta name=\"twitter:label1\" content=\"Tiempo de lectura\" \/>\n\t<meta name=\"twitter:data1\" content=\"2 minutos\" \/>\n<script type=\"application\/ld+json\" class=\"yoast-schema-graph\">{\"@context\":\"https:\/\/schema.org\",\"@graph\":[{\"@type\":\"WebPage\",\"@id\":\"https:\/\/www.ull.es\/portal\/agenda\/evento\/reislas-festival-de-humor-8-islas-hovik-keuchkerian-grito\/\",\"url\":\"https:\/\/www.ull.es\/portal\/agenda\/evento\/reislas-festival-de-humor-8-islas-hovik-keuchkerian-grito\/\",\"name\":\"Re\u00edslas. Festival de Humor 8 Islas.\u00a0Hovik Keuchkerian. 'Grito' - ULL - Agenda\",\"isPartOf\":{\"@id\":\"https:\/\/www.ull.es\/portal\/agenda\/#website\"},\"datePublished\":\"2025-04-22T14:04:34+00:00\",\"dateModified\":\"2025-09-17T08:27:22+00:00\",\"breadcrumb\":{\"@id\":\"https:\/\/www.ull.es\/portal\/agenda\/evento\/reislas-festival-de-humor-8-islas-hovik-keuchkerian-grito\/#breadcrumb\"},\"inLanguage\":\"es\",\"potentialAction\":[{\"@type\":\"ReadAction\",\"target\":[\"https:\/\/www.ull.es\/portal\/agenda\/evento\/reislas-festival-de-humor-8-islas-hovik-keuchkerian-grito\/\"]}]},{\"@type\":\"BreadcrumbList\",\"@id\":\"https:\/\/www.ull.es\/portal\/agenda\/evento\/reislas-festival-de-humor-8-islas-hovik-keuchkerian-grito\/#breadcrumb\",\"itemListElement\":[{\"@type\":\"ListItem\",\"position\":1,\"name\":\"Portada\",\"item\":\"https:\/\/www.ull.es\/portal\/agenda\/\"},{\"@type\":\"ListItem\",\"position\":2,\"name\":\"Re\u00edslas. Festival de Humor 8 Islas.\u00a0Hovik Keuchkerian. &#8216;Grito&#8217;\"}]},{\"@type\":\"WebSite\",\"@id\":\"https:\/\/www.ull.es\/portal\/agenda\/#website\",\"url\":\"https:\/\/www.ull.es\/portal\/agenda\/\",\"name\":\"ULL - Agenda\",\"description\":\"\",\"potentialAction\":[{\"@type\":\"SearchAction\",\"target\":{\"@type\":\"EntryPoint\",\"urlTemplate\":\"https:\/\/www.ull.es\/portal\/agenda\/?s={search_term_string}\"},\"query-input\":\"required name=search_term_string\"}],\"inLanguage\":\"es\"}]}<\/script>\n<!-- \/ Yoast SEO plugin. -->","yoast_head_json":{"title":"Re\u00edslas. Festival de Humor 8 Islas.\u00a0Hovik Keuchkerian. 'Grito' - ULL - Agenda","robots":{"index":"index","follow":"follow","max-snippet":"max-snippet:-1","max-image-preview":"max-image-preview:large","max-video-preview":"max-video-preview:-1"},"canonical":"https:\/\/www.ull.es\/portal\/agenda\/evento\/reislas-festival-de-humor-8-islas-hovik-keuchkerian-grito\/","og_locale":"es_ES","og_type":"article","og_title":"Re\u00edslas. Festival de Humor 8 Islas.\u00a0Hovik Keuchkerian. 'Grito' - ULL - Agenda","og_description":"El Festival de Humor \u2018Re\u00edslas\u2019, que se celebra este a\u00f1o en las ocho islas del archipi\u00e9lago, contar\u00e1 con el Paraninfo como una de sus sedes. Este a\u00f1o alcanza su tercera edici\u00f3n con la actuaci\u00f3n de trece c\u00f3micos que ofrecer\u00e1n, entre el d\u00eda 2 de septiembre y el 5 de octubre, un total de 33 espect\u00e1culos...","og_url":"https:\/\/www.ull.es\/portal\/agenda\/evento\/reislas-festival-de-humor-8-islas-hovik-keuchkerian-grito\/","og_site_name":"ULL - Agenda","article_modified_time":"2025-09-17T08:27:22+00:00","og_image":[{"width":1600,"height":790,"url":"https:\/\/www.ull.es\/portal\/agenda\/wp-content\/uploads\/sites\/12\/2025\/04\/750X370-REISLAS-HOVIK-TENERIFE.jpg","type":"image\/jpeg"}],"twitter_card":"summary_large_image","twitter_misc":{"Tiempo de lectura":"2 minutos"},"schema":{"@context":"https:\/\/schema.org","@graph":[{"@type":"WebPage","@id":"https:\/\/www.ull.es\/portal\/agenda\/evento\/reislas-festival-de-humor-8-islas-hovik-keuchkerian-grito\/","url":"https:\/\/www.ull.es\/portal\/agenda\/evento\/reislas-festival-de-humor-8-islas-hovik-keuchkerian-grito\/","name":"Re\u00edslas. Festival de Humor 8 Islas.\u00a0Hovik Keuchkerian. 'Grito' - ULL - Agenda","isPartOf":{"@id":"https:\/\/www.ull.es\/portal\/agenda\/#website"},"datePublished":"2025-04-22T14:04:34+00:00","dateModified":"2025-09-17T08:27:22+00:00","breadcrumb":{"@id":"https:\/\/www.ull.es\/portal\/agenda\/evento\/reislas-festival-de-humor-8-islas-hovik-keuchkerian-grito\/#breadcrumb"},"inLanguage":"es","potentialAction":[{"@type":"ReadAction","target":["https:\/\/www.ull.es\/portal\/agenda\/evento\/reislas-festival-de-humor-8-islas-hovik-keuchkerian-grito\/"]}]},{"@type":"BreadcrumbList","@id":"https:\/\/www.ull.es\/portal\/agenda\/evento\/reislas-festival-de-humor-8-islas-hovik-keuchkerian-grito\/#breadcrumb","itemListElement":[{"@type":"ListItem","position":1,"name":"Portada","item":"https:\/\/www.ull.es\/portal\/agenda\/"},{"@type":"ListItem","position":2,"name":"Re\u00edslas. Festival de Humor 8 Islas.\u00a0Hovik Keuchkerian. &#8216;Grito&#8217;"}]},{"@type":"WebSite","@id":"https:\/\/www.ull.es\/portal\/agenda\/#website","url":"https:\/\/www.ull.es\/portal\/agenda\/","name":"ULL - Agenda","description":"","potentialAction":[{"@type":"SearchAction","target":{"@type":"EntryPoint","urlTemplate":"https:\/\/www.ull.es\/portal\/agenda\/?s={search_term_string}"},"query-input":"required name=search_term_string"}],"inLanguage":"es"}]}},"_links":{"self":[{"href":"https:\/\/www.ull.es\/portal\/agenda\/wp-json\/wp\/v2\/tribe_events\/42273"}],"collection":[{"href":"https:\/\/www.ull.es\/portal\/agenda\/wp-json\/wp\/v2\/tribe_events"}],"about":[{"href":"https:\/\/www.ull.es\/portal\/agenda\/wp-json\/wp\/v2\/types\/tribe_events"}],"author":[{"embeddable":true,"href":"https:\/\/www.ull.es\/portal\/agenda\/wp-json\/wp\/v2\/users\/65"}],"replies":[{"embeddable":true,"href":"https:\/\/www.ull.es\/portal\/agenda\/wp-json\/wp\/v2\/comments?post=42273"}],"version-history":[{"count":3,"href":"https:\/\/www.ull.es\/portal\/agenda\/wp-json\/wp\/v2\/tribe_events\/42273\/revisions"}],"predecessor-version":[{"id":44041,"href":"https:\/\/www.ull.es\/portal\/agenda\/wp-json\/wp\/v2\/tribe_events\/42273\/revisions\/44041"}],"wp:featuredmedia":[{"embeddable":true,"href":"https:\/\/www.ull.es\/portal\/agenda\/wp-json\/wp\/v2\/media\/42274"}],"wp:attachment":[{"href":"https:\/\/www.ull.es\/portal\/agenda\/wp-json\/wp\/v2\/media?parent=42273"}],"wp:term":[{"taxonomy":"post_tag","embeddable":true,"href":"https:\/\/www.ull.es\/portal\/agenda\/wp-json\/wp\/v2\/tags?post=42273"},{"taxonomy":"tribe_events_cat","embeddable":true,"href":"https:\/\/www.ull.es\/portal\/agenda\/wp-json\/wp\/v2\/tribe_events_cat?post=42273"}],"curies":[{"name":"wp","href":"https:\/\/api.w.org\/{rel}","templated":true}]}}

Reíslas. Festival de Humor 8 Islas. Hovik Keuchkerian. &#8216;Grito&#8217;

<p>El Festival de Humor ‘Reíslas’, que se celebra este año en las ocho islas del archipiélago, contará con el Paraninfo como una de sus sedes. Este año alcanza su tercera edición con la actuación de trece cómicos que ofrecerán, entre el día 2 de septiembre y el 5 de octubre, un total de 33 espectáculos en quince recintos escénicos diferentes. En el Paraninfo de la Universidad de La Laguna actuará Hovik Keuchkerian el viernes 19 de septiembre a las 21:00 horas.</p>
<p>Hovik Keuchkerian vuelve al Stand Up después de más de quince años alejado del circuito de la comedia. Vuelve con GRITO, un espectáculo en el que conecta con su esencia de cómico. Con este show, recupera un discurso ácido, profundo que por momentos hará sentir incómodo al espectador. En un texto, que Hovik dispara como una ráfaga constante, se adentra en el centro mismo de los grandes temas de la realidad social del momento. La guerra, la intolerancia, los extremismos, la ausencia de humanidad, el exceso de humanidad o la manipulación a la que están sometidas las sociedades, son algunos de los temas que Hovik aborda con su particular humor caústico y su potencia en el escenario.</p>
<p>Pero sobre todo GRITO es un ejercicio de comunión, una invitación a mirar al mundo y a mirarnos sin las limitaciones impuestas por las ideas de los que tienen el poder. Grito es una llamada para escapar de la libertad y adentrarnos en los espacios dónde la vida vive.</p>
<p>Público: a partir de 16 años</p>
<p><a href="https://www.ecoentradas.com/elegirsesion/2649" target="_blank" rel="noopener" target="_blank" rel="noopener">Entradas</a>: 30€ (patio de butacas)  28€ (anfiteatro y palco bajo)  25€ (palco alto)</p>

<p>El Festival de Humor ‘Reíslas’, que se celebra este año en las ocho islas del archipiélago, contará con el Paraninfo como una de sus sedes. Este año alcanza su tercera edición con la actuación de trece cómicos que ofrecerán, entre el día 2 de septiembre y el 5 de octubre, un total de 33 espectáculos&#8230;</p>

<!-- This site is optimized with the Yoast SEO plugin v21.3 - https://yoast.com/wordpress/plugins/seo/ -->
<title>Reíslas. Festival de Humor 8 Islas. Hovik Keuchkerian. &#039;Grito&#039; - ULL - Agenda</title>
<meta name="robots" content="index, follow, max-snippet:-1, max-image-preview:large, max-video-preview:-1" />
<link rel="canonical" href="https://www.ull.es/portal/agenda/evento/reislas-festival-de-humor-8-islas-hovik-keuchkerian-grito/" />
<meta property="og:locale" content="es_ES" />
<meta property="og:type" content="article" />
<meta property="og:title" content="Reíslas. Festival de Humor 8 Islas. Hovik Keuchkerian. &#039;Grito&#039; - ULL - Agenda" />
<meta property="og:description" content="El Festival de Humor ‘Reíslas’, que se celebra este año en las ocho islas del archipiélago, contará con el Paraninfo como una de sus sedes. Este año alcanza su tercera edición con la actuación de trece cómicos que ofrecerán, entre el día 2 de septiembre y el 5 de octubre, un total de 33 espectáculos..." />
<meta property="og:url" content="https://www.ull.es/portal/agenda/evento/reislas-festival-de-humor-8-islas-hovik-keuchkerian-grito/" />
<meta property="og:site_name" content="ULL - Agenda" />
<meta property="article:modified_time" content="2025-09-17T08:27:22+00:00" />
<meta property="og:image" content="https://www.ull.es/portal/agenda/wp-content/uploads/sites/12/2025/04/750X370-REISLAS-HOVIK-TENERIFE.jpg" />
	<meta property="og:image:width" content="1600" />
	<meta property="og:image:height" content="790" />
	<meta property="og:image:type" content="image/jpeg" />
<meta name="twitter:card" content="summary_large_image" />
<meta name="twitter:label1" content="Tiempo de lectura" />
	<meta name="twitter:data1" content="2 minutos" />
<script type="application/ld+json" class="yoast-schema-graph">{"@context":"https://schema.org","@graph":[{"@type":"WebPage","@id":"https://www.ull.es/portal/agenda/evento/reislas-festival-de-humor-8-islas-hovik-keuchkerian-grito/","url":"https://www.ull.es/portal/agenda/evento/reislas-festival-de-humor-8-islas-hovik-keuchkerian-grito/","name":"Reíslas. Festival de Humor 8 Islas. Hovik Keuchkerian. 'Grito' - ULL - Agenda","isPartOf":{"@id":"https://www.ull.es/portal/agenda/#website"},"datePublished":"2025-04-22T14:04:34+00:00","dateModified":"2025-09-17T08:27:22+00:00","breadcrumb":{"@id":"https://www.ull.es/portal/agenda/evento/reislas-festival-de-humor-8-islas-hovik-keuchkerian-grito/#breadcrumb"},"inLanguage":"es","potentialAction":[{"@type":"ReadAction","target":["https://www.ull.es/portal/agenda/evento/reislas-festival-de-humor-8-islas-hovik-keuchkerian-grito/"]}]},{"@type":"BreadcrumbList","@id":"https://www.ull.es/portal/agenda/evento/reislas-festival-de-humor-8-islas-hovik-keuchkerian-grito/#breadcrumb","itemListElement":[{"@type":"ListItem","position":1,"name":"Portada","item":"https://www.ull.es/portal/agenda/"},{"@type":"ListItem","position":2,"name":"Reíslas. Festival de Humor 8 Islas. Hovik Keuchkerian. &#8216;Grito&#8217;"}]},{"@type":"WebSite","@id":"https://www.ull.es/portal/agenda/#website","url":"https://www.ull.es/portal/agenda/","name":"ULL - Agenda","description":"","potentialAction":[{"@type":"SearchAction","target":{"@type":"EntryPoint","urlTemplate":"https://www.ull.es/portal/agenda/?s={search_term_string}"},"query-input":"required name=search_term_string"}],"inLanguage":"es"}]}</script>
<!-- / Yoast SEO plugin. -->

Reíslas. Festival de Humor 8 Islas. Hovik Keuchkerian. 'Grito' - ULL - Agenda

El Festival de Humor ‘Reíslas’, que se celebra este año en las ocho islas del archipiélago, contará con el Paraninfo como una de sus sedes. Este año alcanza su tercera edición con la actuación de trece cómicos que ofrecerán, entre el día 2 de septiembre y el 5 de octubre, un total de 33 espectáculos...
