{"id":42525,"date":"2025-05-05T10:49:55","date_gmt":"2025-05-05T10:49:55","guid":{"rendered":"https:\/\/www.ull.es\/portal\/agenda\/?post_type=tribe_events&#038;p=42525"},"modified":"2025-05-05T10:49:55","modified_gmt":"2025-05-05T10:49:55","slug":"lettering-de-protesta-disena-letras-para-carteles-de-manifestaciones","status":"publish","type":"tribe_events","link":"https:\/\/www.ull.es\/portal\/agenda\/evento\/lettering-de-protesta-disena-letras-para-carteles-de-manifestaciones\/","title":{"rendered":"Lettering de protesta. Dise\u00f1a letras para carteles de manifestaciones"},"content":{"rendered":"<p>El Aula Cultural de Dise\u00f1o organiza este curso que se celebrar\u00e1 en la Facultad de Bellas Artes los d\u00edas 3, 4 y 5 de noviembre de 2025.<\/p>\n<p>El objetivo del curso es proveer de recursos te\u00f3ricos y pr\u00e1cticos referidos a la rotulaci\u00f3n (lettering) para realizar un cartel protesta con un mensaje predeterminado.<\/p>\n<p>Dirigido a estudiantes del Grado en Dise\u00f1o, Grado en Bellas Artes o interesados en el \u00e1rea de conocimiento.<\/p>\n<p>Imparte: Erik Cuxart Carrillo. Rotulista y dise\u00f1ador.<\/p>\n<p>Direcci\u00f3n acad\u00e9mica: Javier Cabrera Correa. Profesor Asociado, Departamento de Bellas Artes de la Universidad de La Laguna.<\/p>\n<p><strong>CERTIFICADO DE ASISTENCIA, APTITUD Y RECONOCIMIENTO POR CR\u00c9DITO ECTS<\/strong><\/p>\n<p>La Universidad de La Laguna, a trav\u00e9s del Vicerrectorado de Cultura y Extensi\u00f3n Universitaria, emitir\u00e1 un certificado de asistencia a todas aquellas personas que asistan a un m\u00ednimo del 80% de las horas lectivas presenciales. Asimismo, aquellas personas que superen el trabajo aut\u00f3nomo del alumnado, recibir\u00e1n un certificado de asistencia y aprovechamiento, reconocible a su vez por un cr\u00e9dito ECTS.<\/p>\n<p><a href=\"https:\/\/sede.fg.ull.es\/es\/curso\/detalle?code=a25020141&amp;name=lettering-de-protesta-dise-a-letras-para-carteles-de-manifestaciones&amp;query=%3Fcode%3DA25020141\" target=\"_blank\" rel=\"noopener\" target=\"_blank\" rel=\"noopener\"><strong><u>Consulta el programa e inscr\u00edbete aqu\u00ed.<\/u><\/strong><\/a><\/p>\n<p><strong>Contacto:\u00a0<\/strong><a href=\"mailto:extuni@ull.edu.es\" target=\"_blank\" rel=\"noopener\" target=\"_blank\" rel=\"noopener\"><strong>extuni@ull.es<\/strong><\/a><\/p>\n","protected":false},"excerpt":{"rendered":"<p>El Aula Cultural de Dise\u00f1o organiza este curso que se celebrar\u00e1 en la Facultad de Bellas Artes los d\u00edas 3, 4 y 5 de noviembre de 2025. El objetivo del curso es proveer de recursos te\u00f3ricos y pr\u00e1cticos referidos a la rotulaci\u00f3n (lettering) para realizar un cartel protesta con un mensaje predeterminado. Dirigido a estudiantes&#8230;<\/p>\n","protected":false},"author":43,"featured_media":42527,"comment_status":"closed","ping_status":"closed","template":"","tags":[4259,4789,977,3812,3751],"tribe_events_cat":[472,471,4,186],"acf":[],"yoast_head":"<!-- This site is optimized with the Yoast SEO plugin v21.3 - https:\/\/yoast.com\/wordpress\/plugins\/seo\/ -->\n<title>Lettering de protesta. Dise\u00f1a letras para carteles de manifestaciones - ULL - Agenda<\/title>\n<meta name=\"robots\" content=\"index, follow, max-snippet:-1, max-image-preview:large, max-video-preview:-1\" \/>\n<link rel=\"canonical\" href=\"https:\/\/www.ull.es\/portal\/agenda\/evento\/lettering-de-protesta-disena-letras-para-carteles-de-manifestaciones\/\" \/>\n<meta property=\"og:locale\" content=\"es_ES\" \/>\n<meta property=\"og:type\" content=\"article\" \/>\n<meta property=\"og:title\" content=\"Lettering de protesta. Dise\u00f1a letras para carteles de manifestaciones - ULL - Agenda\" \/>\n<meta property=\"og:description\" content=\"El Aula Cultural de Dise\u00f1o organiza este curso que se celebrar\u00e1 en la Facultad de Bellas Artes los d\u00edas 3, 4 y 5 de noviembre de 2025. El objetivo del curso es proveer de recursos te\u00f3ricos y pr\u00e1cticos referidos a la rotulaci\u00f3n (lettering) para realizar un cartel protesta con un mensaje predeterminado. Dirigido a estudiantes...\" \/>\n<meta property=\"og:url\" content=\"https:\/\/www.ull.es\/portal\/agenda\/evento\/lettering-de-protesta-disena-letras-para-carteles-de-manifestaciones\/\" \/>\n<meta property=\"og:site_name\" content=\"ULL - Agenda\" \/>\n<meta property=\"og:image\" content=\"https:\/\/www.ull.es\/portal\/agenda\/wp-content\/uploads\/sites\/12\/2025\/05\/BannerLetteringProtesta.png\" \/>\n\t<meta property=\"og:image:width\" content=\"750\" \/>\n\t<meta property=\"og:image:height\" content=\"370\" \/>\n\t<meta property=\"og:image:type\" content=\"image\/png\" \/>\n<meta name=\"twitter:card\" content=\"summary_large_image\" \/>\n<meta name=\"twitter:label1\" content=\"Tiempo de lectura\" \/>\n\t<meta name=\"twitter:data1\" content=\"1 minuto\" \/>\n<script type=\"application\/ld+json\" class=\"yoast-schema-graph\">{\"@context\":\"https:\/\/schema.org\",\"@graph\":[{\"@type\":\"WebPage\",\"@id\":\"https:\/\/www.ull.es\/portal\/agenda\/evento\/lettering-de-protesta-disena-letras-para-carteles-de-manifestaciones\/\",\"url\":\"https:\/\/www.ull.es\/portal\/agenda\/evento\/lettering-de-protesta-disena-letras-para-carteles-de-manifestaciones\/\",\"name\":\"Lettering de protesta. Dise\u00f1a letras para carteles de manifestaciones - ULL - Agenda\",\"isPartOf\":{\"@id\":\"https:\/\/www.ull.es\/portal\/agenda\/#website\"},\"datePublished\":\"2025-05-05T10:49:55+00:00\",\"dateModified\":\"2025-05-05T10:49:55+00:00\",\"breadcrumb\":{\"@id\":\"https:\/\/www.ull.es\/portal\/agenda\/evento\/lettering-de-protesta-disena-letras-para-carteles-de-manifestaciones\/#breadcrumb\"},\"inLanguage\":\"es\",\"potentialAction\":[{\"@type\":\"ReadAction\",\"target\":[\"https:\/\/www.ull.es\/portal\/agenda\/evento\/lettering-de-protesta-disena-letras-para-carteles-de-manifestaciones\/\"]}]},{\"@type\":\"BreadcrumbList\",\"@id\":\"https:\/\/www.ull.es\/portal\/agenda\/evento\/lettering-de-protesta-disena-letras-para-carteles-de-manifestaciones\/#breadcrumb\",\"itemListElement\":[{\"@type\":\"ListItem\",\"position\":1,\"name\":\"Portada\",\"item\":\"https:\/\/www.ull.es\/portal\/agenda\/\"},{\"@type\":\"ListItem\",\"position\":2,\"name\":\"Lettering de protesta. Dise\u00f1a letras para carteles de manifestaciones\"}]},{\"@type\":\"WebSite\",\"@id\":\"https:\/\/www.ull.es\/portal\/agenda\/#website\",\"url\":\"https:\/\/www.ull.es\/portal\/agenda\/\",\"name\":\"ULL - Agenda\",\"description\":\"\",\"potentialAction\":[{\"@type\":\"SearchAction\",\"target\":{\"@type\":\"EntryPoint\",\"urlTemplate\":\"https:\/\/www.ull.es\/portal\/agenda\/?s={search_term_string}\"},\"query-input\":\"required name=search_term_string\"}],\"inLanguage\":\"es\"}]}<\/script>\n<!-- \/ Yoast SEO plugin. -->","yoast_head_json":{"title":"Lettering de protesta. Dise\u00f1a letras para carteles de manifestaciones - ULL - Agenda","robots":{"index":"index","follow":"follow","max-snippet":"max-snippet:-1","max-image-preview":"max-image-preview:large","max-video-preview":"max-video-preview:-1"},"canonical":"https:\/\/www.ull.es\/portal\/agenda\/evento\/lettering-de-protesta-disena-letras-para-carteles-de-manifestaciones\/","og_locale":"es_ES","og_type":"article","og_title":"Lettering de protesta. Dise\u00f1a letras para carteles de manifestaciones - ULL - Agenda","og_description":"El Aula Cultural de Dise\u00f1o organiza este curso que se celebrar\u00e1 en la Facultad de Bellas Artes los d\u00edas 3, 4 y 5 de noviembre de 2025. El objetivo del curso es proveer de recursos te\u00f3ricos y pr\u00e1cticos referidos a la rotulaci\u00f3n (lettering) para realizar un cartel protesta con un mensaje predeterminado. Dirigido a estudiantes...","og_url":"https:\/\/www.ull.es\/portal\/agenda\/evento\/lettering-de-protesta-disena-letras-para-carteles-de-manifestaciones\/","og_site_name":"ULL - Agenda","og_image":[{"width":750,"height":370,"url":"https:\/\/www.ull.es\/portal\/agenda\/wp-content\/uploads\/sites\/12\/2025\/05\/BannerLetteringProtesta.png","type":"image\/png"}],"twitter_card":"summary_large_image","twitter_misc":{"Tiempo de lectura":"1 minuto"},"schema":{"@context":"https:\/\/schema.org","@graph":[{"@type":"WebPage","@id":"https:\/\/www.ull.es\/portal\/agenda\/evento\/lettering-de-protesta-disena-letras-para-carteles-de-manifestaciones\/","url":"https:\/\/www.ull.es\/portal\/agenda\/evento\/lettering-de-protesta-disena-letras-para-carteles-de-manifestaciones\/","name":"Lettering de protesta. Dise\u00f1a letras para carteles de manifestaciones - ULL - Agenda","isPartOf":{"@id":"https:\/\/www.ull.es\/portal\/agenda\/#website"},"datePublished":"2025-05-05T10:49:55+00:00","dateModified":"2025-05-05T10:49:55+00:00","breadcrumb":{"@id":"https:\/\/www.ull.es\/portal\/agenda\/evento\/lettering-de-protesta-disena-letras-para-carteles-de-manifestaciones\/#breadcrumb"},"inLanguage":"es","potentialAction":[{"@type":"ReadAction","target":["https:\/\/www.ull.es\/portal\/agenda\/evento\/lettering-de-protesta-disena-letras-para-carteles-de-manifestaciones\/"]}]},{"@type":"BreadcrumbList","@id":"https:\/\/www.ull.es\/portal\/agenda\/evento\/lettering-de-protesta-disena-letras-para-carteles-de-manifestaciones\/#breadcrumb","itemListElement":[{"@type":"ListItem","position":1,"name":"Portada","item":"https:\/\/www.ull.es\/portal\/agenda\/"},{"@type":"ListItem","position":2,"name":"Lettering de protesta. Dise\u00f1a letras para carteles de manifestaciones"}]},{"@type":"WebSite","@id":"https:\/\/www.ull.es\/portal\/agenda\/#website","url":"https:\/\/www.ull.es\/portal\/agenda\/","name":"ULL - Agenda","description":"","potentialAction":[{"@type":"SearchAction","target":{"@type":"EntryPoint","urlTemplate":"https:\/\/www.ull.es\/portal\/agenda\/?s={search_term_string}"},"query-input":"required name=search_term_string"}],"inLanguage":"es"}]}},"_links":{"self":[{"href":"https:\/\/www.ull.es\/portal\/agenda\/wp-json\/wp\/v2\/tribe_events\/42525"}],"collection":[{"href":"https:\/\/www.ull.es\/portal\/agenda\/wp-json\/wp\/v2\/tribe_events"}],"about":[{"href":"https:\/\/www.ull.es\/portal\/agenda\/wp-json\/wp\/v2\/types\/tribe_events"}],"author":[{"embeddable":true,"href":"https:\/\/www.ull.es\/portal\/agenda\/wp-json\/wp\/v2\/users\/43"}],"replies":[{"embeddable":true,"href":"https:\/\/www.ull.es\/portal\/agenda\/wp-json\/wp\/v2\/comments?post=42525"}],"version-history":[{"count":3,"href":"https:\/\/www.ull.es\/portal\/agenda\/wp-json\/wp\/v2\/tribe_events\/42525\/revisions"}],"predecessor-version":[{"id":42529,"href":"https:\/\/www.ull.es\/portal\/agenda\/wp-json\/wp\/v2\/tribe_events\/42525\/revisions\/42529"}],"wp:featuredmedia":[{"embeddable":true,"href":"https:\/\/www.ull.es\/portal\/agenda\/wp-json\/wp\/v2\/media\/42527"}],"wp:attachment":[{"href":"https:\/\/www.ull.es\/portal\/agenda\/wp-json\/wp\/v2\/media?parent=42525"}],"wp:term":[{"taxonomy":"post_tag","embeddable":true,"href":"https:\/\/www.ull.es\/portal\/agenda\/wp-json\/wp\/v2\/tags?post=42525"},{"taxonomy":"tribe_events_cat","embeddable":true,"href":"https:\/\/www.ull.es\/portal\/agenda\/wp-json\/wp\/v2\/tribe_events_cat?post=42525"}],"curies":[{"name":"wp","href":"https:\/\/api.w.org\/{rel}","templated":true}]}}

Lettering de protesta. Diseña letras para carteles de manifestaciones

<p>El Aula Cultural de Diseño organiza este curso que se celebrará en la Facultad de Bellas Artes los días 3, 4 y 5 de noviembre de 2025.</p>
<p>El objetivo del curso es proveer de recursos teóricos y prácticos referidos a la rotulación (lettering) para realizar un cartel protesta con un mensaje predeterminado.</p>
<p>Dirigido a estudiantes del Grado en Diseño, Grado en Bellas Artes o interesados en el área de conocimiento.</p>
<p>Imparte: Erik Cuxart Carrillo. Rotulista y diseñador.</p>
<p>Dirección académica: Javier Cabrera Correa. Profesor Asociado, Departamento de Bellas Artes de la Universidad de La Laguna.</p>
<p><strong>CERTIFICADO DE ASISTENCIA, APTITUD Y RECONOCIMIENTO POR CRÉDITO ECTS</strong></p>
<p>La Universidad de La Laguna, a través del Vicerrectorado de Cultura y Extensión Universitaria, emitirá un certificado de asistencia a todas aquellas personas que asistan a un mínimo del 80% de las horas lectivas presenciales. Asimismo, aquellas personas que superen el trabajo autónomo del alumnado, recibirán un certificado de asistencia y aprovechamiento, reconocible a su vez por un crédito ECTS.</p>
<p><a href="https://sede.fg.ull.es/es/curso/detalle?code=a25020141&amp;name=lettering-de-protesta-dise-a-letras-para-carteles-de-manifestaciones&amp;query=%3Fcode%3DA25020141" target="_blank" rel="noopener" target="_blank" rel="noopener"><strong><u>Consulta el programa e inscríbete aquí.</u></strong></a></p>
<p><strong>Contacto: </strong><a href="mailto:extuni@ull.edu.es" target="_blank" rel="noopener" target="_blank" rel="noopener"><strong>extuni@ull.es</strong></a></p>

<p>El Aula Cultural de Diseño organiza este curso que se celebrará en la Facultad de Bellas Artes los días 3, 4 y 5 de noviembre de 2025. El objetivo del curso es proveer de recursos teóricos y prácticos referidos a la rotulación (lettering) para realizar un cartel protesta con un mensaje predeterminado. Dirigido a estudiantes&#8230;</p>

<!-- This site is optimized with the Yoast SEO plugin v21.3 - https://yoast.com/wordpress/plugins/seo/ -->
<title>Lettering de protesta. Diseña letras para carteles de manifestaciones - ULL - Agenda</title>
<meta name="robots" content="index, follow, max-snippet:-1, max-image-preview:large, max-video-preview:-1" />
<link rel="canonical" href="https://www.ull.es/portal/agenda/evento/lettering-de-protesta-disena-letras-para-carteles-de-manifestaciones/" />
<meta property="og:locale" content="es_ES" />
<meta property="og:type" content="article" />
<meta property="og:title" content="Lettering de protesta. Diseña letras para carteles de manifestaciones - ULL - Agenda" />
<meta property="og:description" content="El Aula Cultural de Diseño organiza este curso que se celebrará en la Facultad de Bellas Artes los días 3, 4 y 5 de noviembre de 2025. El objetivo del curso es proveer de recursos teóricos y prácticos referidos a la rotulación (lettering) para realizar un cartel protesta con un mensaje predeterminado. Dirigido a estudiantes..." />
<meta property="og:url" content="https://www.ull.es/portal/agenda/evento/lettering-de-protesta-disena-letras-para-carteles-de-manifestaciones/" />
<meta property="og:site_name" content="ULL - Agenda" />
<meta property="og:image" content="https://www.ull.es/portal/agenda/wp-content/uploads/sites/12/2025/05/BannerLetteringProtesta.png" />
	<meta property="og:image:width" content="750" />
	<meta property="og:image:height" content="370" />
	<meta property="og:image:type" content="image/png" />
<meta name="twitter:card" content="summary_large_image" />
<meta name="twitter:label1" content="Tiempo de lectura" />
	<meta name="twitter:data1" content="1 minuto" />
<script type="application/ld+json" class="yoast-schema-graph">{"@context":"https://schema.org","@graph":[{"@type":"WebPage","@id":"https://www.ull.es/portal/agenda/evento/lettering-de-protesta-disena-letras-para-carteles-de-manifestaciones/","url":"https://www.ull.es/portal/agenda/evento/lettering-de-protesta-disena-letras-para-carteles-de-manifestaciones/","name":"Lettering de protesta. Diseña letras para carteles de manifestaciones - ULL - Agenda","isPartOf":{"@id":"https://www.ull.es/portal/agenda/#website"},"datePublished":"2025-05-05T10:49:55+00:00","dateModified":"2025-05-05T10:49:55+00:00","breadcrumb":{"@id":"https://www.ull.es/portal/agenda/evento/lettering-de-protesta-disena-letras-para-carteles-de-manifestaciones/#breadcrumb"},"inLanguage":"es","potentialAction":[{"@type":"ReadAction","target":["https://www.ull.es/portal/agenda/evento/lettering-de-protesta-disena-letras-para-carteles-de-manifestaciones/"]}]},{"@type":"BreadcrumbList","@id":"https://www.ull.es/portal/agenda/evento/lettering-de-protesta-disena-letras-para-carteles-de-manifestaciones/#breadcrumb","itemListElement":[{"@type":"ListItem","position":1,"name":"Portada","item":"https://www.ull.es/portal/agenda/"},{"@type":"ListItem","position":2,"name":"Lettering de protesta. Diseña letras para carteles de manifestaciones"}]},{"@type":"WebSite","@id":"https://www.ull.es/portal/agenda/#website","url":"https://www.ull.es/portal/agenda/","name":"ULL - Agenda","description":"","potentialAction":[{"@type":"SearchAction","target":{"@type":"EntryPoint","urlTemplate":"https://www.ull.es/portal/agenda/?s={search_term_string}"},"query-input":"required name=search_term_string"}],"inLanguage":"es"}]}</script>
<!-- / Yoast SEO plugin. -->

Lettering de protesta. Diseña letras para carteles de manifestaciones - ULL - Agenda

El Aula Cultural de Diseño organiza este curso que se celebrará en la Facultad de Bellas Artes los días 3, 4 y 5 de noviembre de 2025. El objetivo del curso es proveer de recursos teóricos y prácticos referidos a la rotulación (lettering) para realizar un cartel protesta con un mensaje predeterminado. Dirigido a estudiantes...
