{"id":42642,"date":"2025-05-13T09:05:28","date_gmt":"2025-05-13T09:05:28","guid":{"rendered":"https:\/\/www.ull.es\/portal\/agenda\/?post_type=tribe_events&#038;p=42642"},"modified":"2025-06-16T07:37:08","modified_gmt":"2025-06-16T07:37:08","slug":"la-co-vivienda-en-canarias-espacio-para-la-investigacion-y-la-transferencia","status":"publish","type":"tribe_events","link":"https:\/\/www.ull.es\/portal\/agenda\/evento\/la-co-vivienda-en-canarias-espacio-para-la-investigacion-y-la-transferencia\/","title":{"rendered":"La Co-Vivienda en Canarias. Espacio para la investigaci\u00f3n y la transferencia"},"content":{"rendered":"<p>El Seminario tiene como objetivo abordar las dimensiones jur\u00eddicas, sociales, de arquitectura y urbanismo o econ\u00f3micas, m\u00e1s relevantes. que permitan establecer redes entre los agentes sociales y los organismos de investigaci\u00f3n, compartir las diferentes miradas y generar una hoja de ruta que permita explorar nuevos modelos de habitar en Canarias.<\/p>\n<p>Se pretende promover la generaci\u00f3n de conocimiento compartido, la identificaci\u00f3n de oportunidades de investigaci\u00f3n y de transferencia de forma aplicada, invitando a profesionales, expertos, docentes e investigadores a formar parte de un proceso de aprendizaje continuo que permita analizar la situaci\u00f3n actual de la vivienda en canarias y las posibilidades de la co-vivienda y su aportaci\u00f3n en el \u00e1mbito de criterios de sostenibilidad social, ambiental y econ\u00f3mica.<\/p>\n<p><a href=\"https:\/\/forms.gle\/XDNnMes52CFjPEEL7\" target=\"_blank\" rel=\"noopener\" target=\"_blank\" rel=\"noopener\">Inscripci\u00f3n<\/a><\/p>\n<p><a href=\"https:\/\/drive.google.com\/file\/d\/1KVYsvlU_SCL3M2tL50tajKFtPGkmp19K\/view?usp=sharing\" target=\"_blank\" rel=\"noopener\" target=\"_blank\" rel=\"noopener\">Programa<\/a><\/p>\n","protected":false},"excerpt":{"rendered":"<p>El Seminario tiene como objetivo abordar las dimensiones jur\u00eddicas, sociales, de arquitectura y urbanismo o econ\u00f3micas, m\u00e1s relevantes. que permitan establecer redes entre los agentes sociales y los organismos de investigaci\u00f3n, compartir las diferentes miradas y generar una hoja de ruta que permita explorar nuevos modelos de habitar en Canarias. Se pretende promover la generaci\u00f3n&#8230;<\/p>\n","protected":false},"author":65,"featured_media":42719,"comment_status":"closed","ping_status":"closed","template":"","tags":[],"tribe_events_cat":[3779,191],"acf":[],"yoast_head":"<!-- This site is optimized with the Yoast SEO plugin v21.3 - https:\/\/yoast.com\/wordpress\/plugins\/seo\/ -->\n<title>La Co-Vivienda en Canarias. Espacio para la investigaci\u00f3n y la transferencia - ULL - Agenda<\/title>\n<meta name=\"robots\" content=\"index, follow, max-snippet:-1, max-image-preview:large, max-video-preview:-1\" \/>\n<link rel=\"canonical\" href=\"https:\/\/www.ull.es\/portal\/agenda\/evento\/la-co-vivienda-en-canarias-espacio-para-la-investigacion-y-la-transferencia\/\" \/>\n<meta property=\"og:locale\" content=\"es_ES\" \/>\n<meta property=\"og:type\" content=\"article\" \/>\n<meta property=\"og:title\" content=\"La Co-Vivienda en Canarias. Espacio para la investigaci\u00f3n y la transferencia - ULL - Agenda\" \/>\n<meta property=\"og:description\" content=\"El Seminario tiene como objetivo abordar las dimensiones jur\u00eddicas, sociales, de arquitectura y urbanismo o econ\u00f3micas, m\u00e1s relevantes. que permitan establecer redes entre los agentes sociales y los organismos de investigaci\u00f3n, compartir las diferentes miradas y generar una hoja de ruta que permita explorar nuevos modelos de habitar en Canarias. Se pretende promover la generaci\u00f3n...\" \/>\n<meta property=\"og:url\" content=\"https:\/\/www.ull.es\/portal\/agenda\/evento\/la-co-vivienda-en-canarias-espacio-para-la-investigacion-y-la-transferencia\/\" \/>\n<meta property=\"og:site_name\" content=\"ULL - Agenda\" \/>\n<meta property=\"article:modified_time\" content=\"2025-06-16T07:37:08+00:00\" \/>\n<meta property=\"og:image\" content=\"https:\/\/www.ull.es\/portal\/agenda\/wp-content\/uploads\/sites\/12\/2025\/05\/La-Co-Vivienda-en-Canarias.png\" \/>\n\t<meta property=\"og:image:width\" content=\"750\" \/>\n\t<meta property=\"og:image:height\" content=\"370\" \/>\n\t<meta property=\"og:image:type\" content=\"image\/png\" \/>\n<meta name=\"twitter:card\" content=\"summary_large_image\" \/>\n<meta name=\"twitter:label1\" content=\"Tiempo de lectura\" \/>\n\t<meta name=\"twitter:data1\" content=\"1 minuto\" \/>\n<script type=\"application\/ld+json\" class=\"yoast-schema-graph\">{\"@context\":\"https:\/\/schema.org\",\"@graph\":[{\"@type\":\"WebPage\",\"@id\":\"https:\/\/www.ull.es\/portal\/agenda\/evento\/la-co-vivienda-en-canarias-espacio-para-la-investigacion-y-la-transferencia\/\",\"url\":\"https:\/\/www.ull.es\/portal\/agenda\/evento\/la-co-vivienda-en-canarias-espacio-para-la-investigacion-y-la-transferencia\/\",\"name\":\"La Co-Vivienda en Canarias. Espacio para la investigaci\u00f3n y la transferencia - ULL - Agenda\",\"isPartOf\":{\"@id\":\"https:\/\/www.ull.es\/portal\/agenda\/#website\"},\"datePublished\":\"2025-05-13T09:05:28+00:00\",\"dateModified\":\"2025-06-16T07:37:08+00:00\",\"breadcrumb\":{\"@id\":\"https:\/\/www.ull.es\/portal\/agenda\/evento\/la-co-vivienda-en-canarias-espacio-para-la-investigacion-y-la-transferencia\/#breadcrumb\"},\"inLanguage\":\"es\",\"potentialAction\":[{\"@type\":\"ReadAction\",\"target\":[\"https:\/\/www.ull.es\/portal\/agenda\/evento\/la-co-vivienda-en-canarias-espacio-para-la-investigacion-y-la-transferencia\/\"]}]},{\"@type\":\"BreadcrumbList\",\"@id\":\"https:\/\/www.ull.es\/portal\/agenda\/evento\/la-co-vivienda-en-canarias-espacio-para-la-investigacion-y-la-transferencia\/#breadcrumb\",\"itemListElement\":[{\"@type\":\"ListItem\",\"position\":1,\"name\":\"Portada\",\"item\":\"https:\/\/www.ull.es\/portal\/agenda\/\"},{\"@type\":\"ListItem\",\"position\":2,\"name\":\"La Co-Vivienda en Canarias. Espacio para la investigaci\u00f3n y la transferencia\"}]},{\"@type\":\"WebSite\",\"@id\":\"https:\/\/www.ull.es\/portal\/agenda\/#website\",\"url\":\"https:\/\/www.ull.es\/portal\/agenda\/\",\"name\":\"ULL - Agenda\",\"description\":\"\",\"potentialAction\":[{\"@type\":\"SearchAction\",\"target\":{\"@type\":\"EntryPoint\",\"urlTemplate\":\"https:\/\/www.ull.es\/portal\/agenda\/?s={search_term_string}\"},\"query-input\":\"required name=search_term_string\"}],\"inLanguage\":\"es\"}]}<\/script>\n<!-- \/ Yoast SEO plugin. -->","yoast_head_json":{"title":"La Co-Vivienda en Canarias. Espacio para la investigaci\u00f3n y la transferencia - ULL - Agenda","robots":{"index":"index","follow":"follow","max-snippet":"max-snippet:-1","max-image-preview":"max-image-preview:large","max-video-preview":"max-video-preview:-1"},"canonical":"https:\/\/www.ull.es\/portal\/agenda\/evento\/la-co-vivienda-en-canarias-espacio-para-la-investigacion-y-la-transferencia\/","og_locale":"es_ES","og_type":"article","og_title":"La Co-Vivienda en Canarias. Espacio para la investigaci\u00f3n y la transferencia - ULL - Agenda","og_description":"El Seminario tiene como objetivo abordar las dimensiones jur\u00eddicas, sociales, de arquitectura y urbanismo o econ\u00f3micas, m\u00e1s relevantes. que permitan establecer redes entre los agentes sociales y los organismos de investigaci\u00f3n, compartir las diferentes miradas y generar una hoja de ruta que permita explorar nuevos modelos de habitar en Canarias. Se pretende promover la generaci\u00f3n...","og_url":"https:\/\/www.ull.es\/portal\/agenda\/evento\/la-co-vivienda-en-canarias-espacio-para-la-investigacion-y-la-transferencia\/","og_site_name":"ULL - Agenda","article_modified_time":"2025-06-16T07:37:08+00:00","og_image":[{"width":750,"height":370,"url":"https:\/\/www.ull.es\/portal\/agenda\/wp-content\/uploads\/sites\/12\/2025\/05\/La-Co-Vivienda-en-Canarias.png","type":"image\/png"}],"twitter_card":"summary_large_image","twitter_misc":{"Tiempo de lectura":"1 minuto"},"schema":{"@context":"https:\/\/schema.org","@graph":[{"@type":"WebPage","@id":"https:\/\/www.ull.es\/portal\/agenda\/evento\/la-co-vivienda-en-canarias-espacio-para-la-investigacion-y-la-transferencia\/","url":"https:\/\/www.ull.es\/portal\/agenda\/evento\/la-co-vivienda-en-canarias-espacio-para-la-investigacion-y-la-transferencia\/","name":"La Co-Vivienda en Canarias. Espacio para la investigaci\u00f3n y la transferencia - ULL - Agenda","isPartOf":{"@id":"https:\/\/www.ull.es\/portal\/agenda\/#website"},"datePublished":"2025-05-13T09:05:28+00:00","dateModified":"2025-06-16T07:37:08+00:00","breadcrumb":{"@id":"https:\/\/www.ull.es\/portal\/agenda\/evento\/la-co-vivienda-en-canarias-espacio-para-la-investigacion-y-la-transferencia\/#breadcrumb"},"inLanguage":"es","potentialAction":[{"@type":"ReadAction","target":["https:\/\/www.ull.es\/portal\/agenda\/evento\/la-co-vivienda-en-canarias-espacio-para-la-investigacion-y-la-transferencia\/"]}]},{"@type":"BreadcrumbList","@id":"https:\/\/www.ull.es\/portal\/agenda\/evento\/la-co-vivienda-en-canarias-espacio-para-la-investigacion-y-la-transferencia\/#breadcrumb","itemListElement":[{"@type":"ListItem","position":1,"name":"Portada","item":"https:\/\/www.ull.es\/portal\/agenda\/"},{"@type":"ListItem","position":2,"name":"La Co-Vivienda en Canarias. Espacio para la investigaci\u00f3n y la transferencia"}]},{"@type":"WebSite","@id":"https:\/\/www.ull.es\/portal\/agenda\/#website","url":"https:\/\/www.ull.es\/portal\/agenda\/","name":"ULL - Agenda","description":"","potentialAction":[{"@type":"SearchAction","target":{"@type":"EntryPoint","urlTemplate":"https:\/\/www.ull.es\/portal\/agenda\/?s={search_term_string}"},"query-input":"required name=search_term_string"}],"inLanguage":"es"}]}},"_links":{"self":[{"href":"https:\/\/www.ull.es\/portal\/agenda\/wp-json\/wp\/v2\/tribe_events\/42642"}],"collection":[{"href":"https:\/\/www.ull.es\/portal\/agenda\/wp-json\/wp\/v2\/tribe_events"}],"about":[{"href":"https:\/\/www.ull.es\/portal\/agenda\/wp-json\/wp\/v2\/types\/tribe_events"}],"author":[{"embeddable":true,"href":"https:\/\/www.ull.es\/portal\/agenda\/wp-json\/wp\/v2\/users\/65"}],"replies":[{"embeddable":true,"href":"https:\/\/www.ull.es\/portal\/agenda\/wp-json\/wp\/v2\/comments?post=42642"}],"version-history":[{"count":1,"href":"https:\/\/www.ull.es\/portal\/agenda\/wp-json\/wp\/v2\/tribe_events\/42642\/revisions"}],"predecessor-version":[{"id":42643,"href":"https:\/\/www.ull.es\/portal\/agenda\/wp-json\/wp\/v2\/tribe_events\/42642\/revisions\/42643"}],"wp:featuredmedia":[{"embeddable":true,"href":"https:\/\/www.ull.es\/portal\/agenda\/wp-json\/wp\/v2\/media\/42719"}],"wp:attachment":[{"href":"https:\/\/www.ull.es\/portal\/agenda\/wp-json\/wp\/v2\/media?parent=42642"}],"wp:term":[{"taxonomy":"post_tag","embeddable":true,"href":"https:\/\/www.ull.es\/portal\/agenda\/wp-json\/wp\/v2\/tags?post=42642"},{"taxonomy":"tribe_events_cat","embeddable":true,"href":"https:\/\/www.ull.es\/portal\/agenda\/wp-json\/wp\/v2\/tribe_events_cat?post=42642"}],"curies":[{"name":"wp","href":"https:\/\/api.w.org\/{rel}","templated":true}]}}

La Co-Vivienda en Canarias. Espacio para la investigación y la transferencia

<p>El Seminario tiene como objetivo abordar las dimensiones jurídicas, sociales, de arquitectura y urbanismo o económicas, más relevantes. que permitan establecer redes entre los agentes sociales y los organismos de investigación, compartir las diferentes miradas y generar una hoja de ruta que permita explorar nuevos modelos de habitar en Canarias.</p>
<p>Se pretende promover la generación de conocimiento compartido, la identificación de oportunidades de investigación y de transferencia de forma aplicada, invitando a profesionales, expertos, docentes e investigadores a formar parte de un proceso de aprendizaje continuo que permita analizar la situación actual de la vivienda en canarias y las posibilidades de la co-vivienda y su aportación en el ámbito de criterios de sostenibilidad social, ambiental y económica.</p>
<p><a href="https://forms.gle/XDNnMes52CFjPEEL7" target="_blank" rel="noopener" target="_blank" rel="noopener">Inscripción</a></p>
<p><a href="https://drive.google.com/file/d/1KVYsvlU_SCL3M2tL50tajKFtPGkmp19K/view?usp=sharing" target="_blank" rel="noopener" target="_blank" rel="noopener">Programa</a></p>

<p>El Seminario tiene como objetivo abordar las dimensiones jurídicas, sociales, de arquitectura y urbanismo o económicas, más relevantes. que permitan establecer redes entre los agentes sociales y los organismos de investigación, compartir las diferentes miradas y generar una hoja de ruta que permita explorar nuevos modelos de habitar en Canarias. Se pretende promover la generación&#8230;</p>

<!-- This site is optimized with the Yoast SEO plugin v21.3 - https://yoast.com/wordpress/plugins/seo/ -->
<title>La Co-Vivienda en Canarias. Espacio para la investigación y la transferencia - ULL - Agenda</title>
<meta name="robots" content="index, follow, max-snippet:-1, max-image-preview:large, max-video-preview:-1" />
<link rel="canonical" href="https://www.ull.es/portal/agenda/evento/la-co-vivienda-en-canarias-espacio-para-la-investigacion-y-la-transferencia/" />
<meta property="og:locale" content="es_ES" />
<meta property="og:type" content="article" />
<meta property="og:title" content="La Co-Vivienda en Canarias. Espacio para la investigación y la transferencia - ULL - Agenda" />
<meta property="og:description" content="El Seminario tiene como objetivo abordar las dimensiones jurídicas, sociales, de arquitectura y urbanismo o económicas, más relevantes. que permitan establecer redes entre los agentes sociales y los organismos de investigación, compartir las diferentes miradas y generar una hoja de ruta que permita explorar nuevos modelos de habitar en Canarias. Se pretende promover la generación..." />
<meta property="og:url" content="https://www.ull.es/portal/agenda/evento/la-co-vivienda-en-canarias-espacio-para-la-investigacion-y-la-transferencia/" />
<meta property="og:site_name" content="ULL - Agenda" />
<meta property="article:modified_time" content="2025-06-16T07:37:08+00:00" />
<meta property="og:image" content="https://www.ull.es/portal/agenda/wp-content/uploads/sites/12/2025/05/La-Co-Vivienda-en-Canarias.png" />
	<meta property="og:image:width" content="750" />
	<meta property="og:image:height" content="370" />
	<meta property="og:image:type" content="image/png" />
<meta name="twitter:card" content="summary_large_image" />
<meta name="twitter:label1" content="Tiempo de lectura" />
	<meta name="twitter:data1" content="1 minuto" />
<script type="application/ld+json" class="yoast-schema-graph">{"@context":"https://schema.org","@graph":[{"@type":"WebPage","@id":"https://www.ull.es/portal/agenda/evento/la-co-vivienda-en-canarias-espacio-para-la-investigacion-y-la-transferencia/","url":"https://www.ull.es/portal/agenda/evento/la-co-vivienda-en-canarias-espacio-para-la-investigacion-y-la-transferencia/","name":"La Co-Vivienda en Canarias. Espacio para la investigación y la transferencia - ULL - Agenda","isPartOf":{"@id":"https://www.ull.es/portal/agenda/#website"},"datePublished":"2025-05-13T09:05:28+00:00","dateModified":"2025-06-16T07:37:08+00:00","breadcrumb":{"@id":"https://www.ull.es/portal/agenda/evento/la-co-vivienda-en-canarias-espacio-para-la-investigacion-y-la-transferencia/#breadcrumb"},"inLanguage":"es","potentialAction":[{"@type":"ReadAction","target":["https://www.ull.es/portal/agenda/evento/la-co-vivienda-en-canarias-espacio-para-la-investigacion-y-la-transferencia/"]}]},{"@type":"BreadcrumbList","@id":"https://www.ull.es/portal/agenda/evento/la-co-vivienda-en-canarias-espacio-para-la-investigacion-y-la-transferencia/#breadcrumb","itemListElement":[{"@type":"ListItem","position":1,"name":"Portada","item":"https://www.ull.es/portal/agenda/"},{"@type":"ListItem","position":2,"name":"La Co-Vivienda en Canarias. Espacio para la investigación y la transferencia"}]},{"@type":"WebSite","@id":"https://www.ull.es/portal/agenda/#website","url":"https://www.ull.es/portal/agenda/","name":"ULL - Agenda","description":"","potentialAction":[{"@type":"SearchAction","target":{"@type":"EntryPoint","urlTemplate":"https://www.ull.es/portal/agenda/?s={search_term_string}"},"query-input":"required name=search_term_string"}],"inLanguage":"es"}]}</script>
<!-- / Yoast SEO plugin. -->

La Co-Vivienda en Canarias. Espacio para la investigación y la transferencia - ULL - Agenda

El Seminario tiene como objetivo abordar las dimensiones jurídicas, sociales, de arquitectura y urbanismo o económicas, más relevantes. que permitan establecer redes entre los agentes sociales y los organismos de investigación, compartir las diferentes miradas y generar una hoja de ruta que permita explorar nuevos modelos de habitar en Canarias. Se pretende promover la generación...
