{"id":42851,"date":"2025-05-28T10:36:26","date_gmt":"2025-05-28T10:36:26","guid":{"rendered":"https:\/\/www.ull.es\/portal\/agenda\/?post_type=tribe_events&#038;p=42851"},"modified":"2025-06-03T09:14:18","modified_gmt":"2025-06-03T09:14:18","slug":"curso-practico-estrategias-de-intervencion-familiar-para-potenciar-el-bienestar-en-ninos-y-ninas-con-necesidades-educativas-especiales","status":"publish","type":"tribe_events","link":"https:\/\/www.ull.es\/portal\/agenda\/evento\/curso-practico-estrategias-de-intervencion-familiar-para-potenciar-el-bienestar-en-ninos-y-ninas-con-necesidades-educativas-especiales\/","title":{"rendered":"Curso pr\u00e1ctico: Estrategias de intervenci\u00f3n familiar para potenciar el bienestar en ni\u00f1os y ni\u00f1as con Necesidades Educativas Especiales"},"content":{"rendered":"<p>El curso\u00a0<em>\u00abEstrategias de intervenci\u00f3n familiar para potenciar el bienestar en ni\u00f1os y ni\u00f1as con Necesidades Educativas Especiales\u00bb<\/em>\u00a0forma parte de la programaci\u00f3n de los Cursos de Extensi\u00f3n Universitaria de la \u201c<a href=\"https:\/\/www.ull.es\/cultura\/cursos-extension-universitaria\/universidad-de-verano-de-adeje\/\" target=\"_blank\" rel=\"noopener noreferrer\" target=\"_blank\" rel=\"noopener\">Universidad de Verano de Adeje 2025<\/a>\u201d, y se celebrar\u00e1 en el municipio de Adeje los d\u00edas 21 y 22 de julio.<\/p>\n<p>Objetivos:<\/p>\n<ul>\n<li>Definir el concepto de familia y los diferentes tipos de familias.<\/li>\n<li>Conocer el concepto de calidad de vida familiar.<\/li>\n<li>Comprender las reacciones emocionales de las familias tras el diagn\u00f3stico de su hijo\/a. &#8211; Conocer los modelos de intervenci\u00f3n con las familias de ni\u00f1os\/as con NEE.<\/li>\n<li>Conocer los modelos de relaci\u00f3n entre familias y profesionales.<\/li>\n<li>Casos pr\u00e1cticos: Analizar casos pr\u00e1cticos que ilustren situaciones reales en las que se aborden los desaf\u00edos de las familias con ni\u00f1os\/as con NEAE y NEE, considerando tanto los aspectos emocionales, sociales y educativos, como las intervenciones profesionales y el apoyo familiar necesario.<\/li>\n<\/ul>\n<p>El p\u00fablico objetivo de este curso son: Estudiantes de Grado en Pedagog\u00eda, Grado de Maestro en Educaci\u00f3n Infantil, Grado en Educaci\u00f3n Primaria, y Grado en Psicolog\u00eda. Licenciados\/as en Psicopedagog\u00eda, Grado en Trabajo Social, y Grado en Logopedia. Profesionales del \u00e1mbito educativo (maestros, pedagogos, psicopedagogos) y de la salud (psic\u00f3logos, logopedas, terapeutas). Desempleados. P\u00fablico en general interesado en mejorar sus estrategias para trabajar con ni\u00f1os con NEE y sus familias.<\/p>\n<p>Direcci\u00f3n acad\u00e9mica: Mar\u00eda del Carmen Rodr\u00edguez Jim\u00e9nez. Profesora contratada Doctora, Departamento de Did\u00e1ctica e Investigaci\u00f3n Educativa de la Universidad de La Laguna.<\/p>\n<p><strong>CERTIFICADO DE ASISTENCIA, APTITUD Y RECONOCIMIENTO POR CR\u00c9DITO ECTS<\/strong><\/p>\n<p>La Universidad de La Laguna, a trav\u00e9s del Vicerrectorado de Cultura y Extensi\u00f3n Universitaria, emitir\u00e1 un certificado de asistencia a todas aquellas personas que asistan a un m\u00ednimo del 80% de las horas lectivas. Asimismo, aquellas personas que superen el trabajo aut\u00f3nomo del alumnado, recibir\u00e1n un certificado de asistencia y aprovechamiento, reconocible a su vez por un cr\u00e9dito ECTS.<\/p>\n<p><a href=\"https:\/\/www.adeje.es\/uva\/cursos-y-talleres\/25258-curso-prctico-estrategias-de-intervencin-familiar-para-potenciar-el-bienestar-en-nios-y-nias-con-nec\" target=\"_blank\" rel=\"noopener\" target=\"_blank\" rel=\"noopener\"><strong><u>M\u00e1s informaci\u00f3n e inscripci\u00f3n aqu\u00ed.<\/u><\/strong><\/a><\/p>\n<p><strong>Contacto:\u00a0<\/strong><a href=\"mailto:extuni@ull.edu.es\" target=\"_blank\" rel=\"noopener\" target=\"_blank\" rel=\"noopener\"><strong>extuni@ull.es<\/strong><\/a><\/p>\n","protected":false},"excerpt":{"rendered":"<p>El curso\u00a0\u00abEstrategias de intervenci\u00f3n familiar para potenciar el bienestar en ni\u00f1os y ni\u00f1as con Necesidades Educativas Especiales\u00bb\u00a0forma parte de la programaci\u00f3n de los Cursos de Extensi\u00f3n Universitaria de la \u201cUniversidad de Verano de Adeje 2025\u201d, y se celebrar\u00e1 en el municipio de Adeje los d\u00edas 21 y 22 de julio. Objetivos: Definir el concepto de&#8230;<\/p>\n","protected":false},"author":43,"featured_media":42852,"comment_status":"closed","ping_status":"closed","template":"","tags":[4259,4710,977,3812,4711,3751,245,4972,4709],"tribe_events_cat":[472,4,186,3942],"acf":[],"yoast_head":"<!-- This site is optimized with the Yoast SEO plugin v21.3 - https:\/\/yoast.com\/wordpress\/plugins\/seo\/ -->\n<title>Curso pr\u00e1ctico: Estrategias de intervenci\u00f3n familiar para potenciar el bienestar en ni\u00f1os y ni\u00f1as con Necesidades Educativas Especiales - ULL - Agenda<\/title>\n<meta name=\"robots\" content=\"index, follow, max-snippet:-1, max-image-preview:large, max-video-preview:-1\" \/>\n<link rel=\"canonical\" href=\"https:\/\/www.ull.es\/portal\/agenda\/evento\/curso-practico-estrategias-de-intervencion-familiar-para-potenciar-el-bienestar-en-ninos-y-ninas-con-necesidades-educativas-especiales\/\" \/>\n<meta property=\"og:locale\" content=\"es_ES\" \/>\n<meta property=\"og:type\" content=\"article\" \/>\n<meta property=\"og:title\" content=\"Curso pr\u00e1ctico: Estrategias de intervenci\u00f3n familiar para potenciar el bienestar en ni\u00f1os y ni\u00f1as con Necesidades Educativas Especiales - ULL - Agenda\" \/>\n<meta property=\"og:description\" content=\"El curso\u00a0\u00abEstrategias de intervenci\u00f3n familiar para potenciar el bienestar en ni\u00f1os y ni\u00f1as con Necesidades Educativas Especiales\u00bb\u00a0forma parte de la programaci\u00f3n de los Cursos de Extensi\u00f3n Universitaria de la \u201cUniversidad de Verano de Adeje 2025\u201d, y se celebrar\u00e1 en el municipio de Adeje los d\u00edas 21 y 22 de julio. Objetivos: Definir el concepto de...\" \/>\n<meta property=\"og:url\" content=\"https:\/\/www.ull.es\/portal\/agenda\/evento\/curso-practico-estrategias-de-intervencion-familiar-para-potenciar-el-bienestar-en-ninos-y-ninas-con-necesidades-educativas-especiales\/\" \/>\n<meta property=\"og:site_name\" content=\"ULL - Agenda\" \/>\n<meta property=\"article:modified_time\" content=\"2025-06-03T09:14:18+00:00\" \/>\n<meta property=\"og:image\" content=\"https:\/\/www.ull.es\/portal\/agenda\/wp-content\/uploads\/sites\/12\/2025\/05\/3.png\" \/>\n\t<meta property=\"og:image:width\" content=\"750\" \/>\n\t<meta property=\"og:image:height\" content=\"370\" \/>\n\t<meta property=\"og:image:type\" content=\"image\/png\" \/>\n<meta name=\"twitter:card\" content=\"summary_large_image\" \/>\n<meta name=\"twitter:label1\" content=\"Tiempo de lectura\" \/>\n\t<meta name=\"twitter:data1\" content=\"2 minutos\" \/>\n<script type=\"application\/ld+json\" class=\"yoast-schema-graph\">{\"@context\":\"https:\/\/schema.org\",\"@graph\":[{\"@type\":\"WebPage\",\"@id\":\"https:\/\/www.ull.es\/portal\/agenda\/evento\/curso-practico-estrategias-de-intervencion-familiar-para-potenciar-el-bienestar-en-ninos-y-ninas-con-necesidades-educativas-especiales\/\",\"url\":\"https:\/\/www.ull.es\/portal\/agenda\/evento\/curso-practico-estrategias-de-intervencion-familiar-para-potenciar-el-bienestar-en-ninos-y-ninas-con-necesidades-educativas-especiales\/\",\"name\":\"Curso pr\u00e1ctico: Estrategias de intervenci\u00f3n familiar para potenciar el bienestar en ni\u00f1os y ni\u00f1as con Necesidades Educativas Especiales - ULL - Agenda\",\"isPartOf\":{\"@id\":\"https:\/\/www.ull.es\/portal\/agenda\/#website\"},\"datePublished\":\"2025-05-28T10:36:26+00:00\",\"dateModified\":\"2025-06-03T09:14:18+00:00\",\"breadcrumb\":{\"@id\":\"https:\/\/www.ull.es\/portal\/agenda\/evento\/curso-practico-estrategias-de-intervencion-familiar-para-potenciar-el-bienestar-en-ninos-y-ninas-con-necesidades-educativas-especiales\/#breadcrumb\"},\"inLanguage\":\"es\",\"potentialAction\":[{\"@type\":\"ReadAction\",\"target\":[\"https:\/\/www.ull.es\/portal\/agenda\/evento\/curso-practico-estrategias-de-intervencion-familiar-para-potenciar-el-bienestar-en-ninos-y-ninas-con-necesidades-educativas-especiales\/\"]}]},{\"@type\":\"BreadcrumbList\",\"@id\":\"https:\/\/www.ull.es\/portal\/agenda\/evento\/curso-practico-estrategias-de-intervencion-familiar-para-potenciar-el-bienestar-en-ninos-y-ninas-con-necesidades-educativas-especiales\/#breadcrumb\",\"itemListElement\":[{\"@type\":\"ListItem\",\"position\":1,\"name\":\"Portada\",\"item\":\"https:\/\/www.ull.es\/portal\/agenda\/\"},{\"@type\":\"ListItem\",\"position\":2,\"name\":\"Curso pr\u00e1ctico: Estrategias de intervenci\u00f3n familiar para potenciar el bienestar en ni\u00f1os y ni\u00f1as con Necesidades Educativas Especiales\"}]},{\"@type\":\"WebSite\",\"@id\":\"https:\/\/www.ull.es\/portal\/agenda\/#website\",\"url\":\"https:\/\/www.ull.es\/portal\/agenda\/\",\"name\":\"ULL - Agenda\",\"description\":\"\",\"potentialAction\":[{\"@type\":\"SearchAction\",\"target\":{\"@type\":\"EntryPoint\",\"urlTemplate\":\"https:\/\/www.ull.es\/portal\/agenda\/?s={search_term_string}\"},\"query-input\":\"required name=search_term_string\"}],\"inLanguage\":\"es\"}]}<\/script>\n<!-- \/ Yoast SEO plugin. -->","yoast_head_json":{"title":"Curso pr\u00e1ctico: Estrategias de intervenci\u00f3n familiar para potenciar el bienestar en ni\u00f1os y ni\u00f1as con Necesidades Educativas Especiales - ULL - Agenda","robots":{"index":"index","follow":"follow","max-snippet":"max-snippet:-1","max-image-preview":"max-image-preview:large","max-video-preview":"max-video-preview:-1"},"canonical":"https:\/\/www.ull.es\/portal\/agenda\/evento\/curso-practico-estrategias-de-intervencion-familiar-para-potenciar-el-bienestar-en-ninos-y-ninas-con-necesidades-educativas-especiales\/","og_locale":"es_ES","og_type":"article","og_title":"Curso pr\u00e1ctico: Estrategias de intervenci\u00f3n familiar para potenciar el bienestar en ni\u00f1os y ni\u00f1as con Necesidades Educativas Especiales - ULL - Agenda","og_description":"El curso\u00a0\u00abEstrategias de intervenci\u00f3n familiar para potenciar el bienestar en ni\u00f1os y ni\u00f1as con Necesidades Educativas Especiales\u00bb\u00a0forma parte de la programaci\u00f3n de los Cursos de Extensi\u00f3n Universitaria de la \u201cUniversidad de Verano de Adeje 2025\u201d, y se celebrar\u00e1 en el municipio de Adeje los d\u00edas 21 y 22 de julio. Objetivos: Definir el concepto de...","og_url":"https:\/\/www.ull.es\/portal\/agenda\/evento\/curso-practico-estrategias-de-intervencion-familiar-para-potenciar-el-bienestar-en-ninos-y-ninas-con-necesidades-educativas-especiales\/","og_site_name":"ULL - Agenda","article_modified_time":"2025-06-03T09:14:18+00:00","og_image":[{"width":750,"height":370,"url":"https:\/\/www.ull.es\/portal\/agenda\/wp-content\/uploads\/sites\/12\/2025\/05\/3.png","type":"image\/png"}],"twitter_card":"summary_large_image","twitter_misc":{"Tiempo de lectura":"2 minutos"},"schema":{"@context":"https:\/\/schema.org","@graph":[{"@type":"WebPage","@id":"https:\/\/www.ull.es\/portal\/agenda\/evento\/curso-practico-estrategias-de-intervencion-familiar-para-potenciar-el-bienestar-en-ninos-y-ninas-con-necesidades-educativas-especiales\/","url":"https:\/\/www.ull.es\/portal\/agenda\/evento\/curso-practico-estrategias-de-intervencion-familiar-para-potenciar-el-bienestar-en-ninos-y-ninas-con-necesidades-educativas-especiales\/","name":"Curso pr\u00e1ctico: Estrategias de intervenci\u00f3n familiar para potenciar el bienestar en ni\u00f1os y ni\u00f1as con Necesidades Educativas Especiales - ULL - Agenda","isPartOf":{"@id":"https:\/\/www.ull.es\/portal\/agenda\/#website"},"datePublished":"2025-05-28T10:36:26+00:00","dateModified":"2025-06-03T09:14:18+00:00","breadcrumb":{"@id":"https:\/\/www.ull.es\/portal\/agenda\/evento\/curso-practico-estrategias-de-intervencion-familiar-para-potenciar-el-bienestar-en-ninos-y-ninas-con-necesidades-educativas-especiales\/#breadcrumb"},"inLanguage":"es","potentialAction":[{"@type":"ReadAction","target":["https:\/\/www.ull.es\/portal\/agenda\/evento\/curso-practico-estrategias-de-intervencion-familiar-para-potenciar-el-bienestar-en-ninos-y-ninas-con-necesidades-educativas-especiales\/"]}]},{"@type":"BreadcrumbList","@id":"https:\/\/www.ull.es\/portal\/agenda\/evento\/curso-practico-estrategias-de-intervencion-familiar-para-potenciar-el-bienestar-en-ninos-y-ninas-con-necesidades-educativas-especiales\/#breadcrumb","itemListElement":[{"@type":"ListItem","position":1,"name":"Portada","item":"https:\/\/www.ull.es\/portal\/agenda\/"},{"@type":"ListItem","position":2,"name":"Curso pr\u00e1ctico: Estrategias de intervenci\u00f3n familiar para potenciar el bienestar en ni\u00f1os y ni\u00f1as con Necesidades Educativas Especiales"}]},{"@type":"WebSite","@id":"https:\/\/www.ull.es\/portal\/agenda\/#website","url":"https:\/\/www.ull.es\/portal\/agenda\/","name":"ULL - Agenda","description":"","potentialAction":[{"@type":"SearchAction","target":{"@type":"EntryPoint","urlTemplate":"https:\/\/www.ull.es\/portal\/agenda\/?s={search_term_string}"},"query-input":"required name=search_term_string"}],"inLanguage":"es"}]}},"_links":{"self":[{"href":"https:\/\/www.ull.es\/portal\/agenda\/wp-json\/wp\/v2\/tribe_events\/42851"}],"collection":[{"href":"https:\/\/www.ull.es\/portal\/agenda\/wp-json\/wp\/v2\/tribe_events"}],"about":[{"href":"https:\/\/www.ull.es\/portal\/agenda\/wp-json\/wp\/v2\/types\/tribe_events"}],"author":[{"embeddable":true,"href":"https:\/\/www.ull.es\/portal\/agenda\/wp-json\/wp\/v2\/users\/43"}],"replies":[{"embeddable":true,"href":"https:\/\/www.ull.es\/portal\/agenda\/wp-json\/wp\/v2\/comments?post=42851"}],"version-history":[{"count":3,"href":"https:\/\/www.ull.es\/portal\/agenda\/wp-json\/wp\/v2\/tribe_events\/42851\/revisions"}],"predecessor-version":[{"id":42974,"href":"https:\/\/www.ull.es\/portal\/agenda\/wp-json\/wp\/v2\/tribe_events\/42851\/revisions\/42974"}],"wp:featuredmedia":[{"embeddable":true,"href":"https:\/\/www.ull.es\/portal\/agenda\/wp-json\/wp\/v2\/media\/42852"}],"wp:attachment":[{"href":"https:\/\/www.ull.es\/portal\/agenda\/wp-json\/wp\/v2\/media?parent=42851"}],"wp:term":[{"taxonomy":"post_tag","embeddable":true,"href":"https:\/\/www.ull.es\/portal\/agenda\/wp-json\/wp\/v2\/tags?post=42851"},{"taxonomy":"tribe_events_cat","embeddable":true,"href":"https:\/\/www.ull.es\/portal\/agenda\/wp-json\/wp\/v2\/tribe_events_cat?post=42851"}],"curies":[{"name":"wp","href":"https:\/\/api.w.org\/{rel}","templated":true}]}}

Curso práctico: Estrategias de intervención familiar para potenciar el bienestar en niños y niñas con Necesidades Educativas Especiales

<p>El curso <em>«Estrategias de intervención familiar para potenciar el bienestar en niños y niñas con Necesidades Educativas Especiales»</em> forma parte de la programación de los Cursos de Extensión Universitaria de la “<a href="https://www.ull.es/cultura/cursos-extension-universitaria/universidad-de-verano-de-adeje/" target="_blank" rel="noopener noreferrer" target="_blank" rel="noopener">Universidad de Verano de Adeje 2025</a>”, y se celebrará en el municipio de Adeje los días 21 y 22 de julio.</p>
<p>Objetivos:</p>
<ul>
<li>Definir el concepto de familia y los diferentes tipos de familias.</li>
<li>Conocer el concepto de calidad de vida familiar.</li>
<li>Comprender las reacciones emocionales de las familias tras el diagnóstico de su hijo/a. &#8211; Conocer los modelos de intervención con las familias de niños/as con NEE.</li>
<li>Conocer los modelos de relación entre familias y profesionales.</li>
<li>Casos prácticos: Analizar casos prácticos que ilustren situaciones reales en las que se aborden los desafíos de las familias con niños/as con NEAE y NEE, considerando tanto los aspectos emocionales, sociales y educativos, como las intervenciones profesionales y el apoyo familiar necesario.</li>
</ul>
<p>El público objetivo de este curso son: Estudiantes de Grado en Pedagogía, Grado de Maestro en Educación Infantil, Grado en Educación Primaria, y Grado en Psicología. Licenciados/as en Psicopedagogía, Grado en Trabajo Social, y Grado en Logopedia. Profesionales del ámbito educativo (maestros, pedagogos, psicopedagogos) y de la salud (psicólogos, logopedas, terapeutas). Desempleados. Público en general interesado en mejorar sus estrategias para trabajar con niños con NEE y sus familias.</p>
<p>Dirección académica: María del Carmen Rodríguez Jiménez. Profesora contratada Doctora, Departamento de Didáctica e Investigación Educativa de la Universidad de La Laguna.</p>
<p><strong>CERTIFICADO DE ASISTENCIA, APTITUD Y RECONOCIMIENTO POR CRÉDITO ECTS</strong></p>
<p>La Universidad de La Laguna, a través del Vicerrectorado de Cultura y Extensión Universitaria, emitirá un certificado de asistencia a todas aquellas personas que asistan a un mínimo del 80% de las horas lectivas. Asimismo, aquellas personas que superen el trabajo autónomo del alumnado, recibirán un certificado de asistencia y aprovechamiento, reconocible a su vez por un crédito ECTS.</p>
<p><a href="https://www.adeje.es/uva/cursos-y-talleres/25258-curso-prctico-estrategias-de-intervencin-familiar-para-potenciar-el-bienestar-en-nios-y-nias-con-nec" target="_blank" rel="noopener" target="_blank" rel="noopener"><strong><u>Más información e inscripción aquí.</u></strong></a></p>
<p><strong>Contacto: </strong><a href="mailto:extuni@ull.edu.es" target="_blank" rel="noopener" target="_blank" rel="noopener"><strong>extuni@ull.es</strong></a></p>

<p>El curso «Estrategias de intervención familiar para potenciar el bienestar en niños y niñas con Necesidades Educativas Especiales» forma parte de la programación de los Cursos de Extensión Universitaria de la “Universidad de Verano de Adeje 2025”, y se celebrará en el municipio de Adeje los días 21 y 22 de julio. Objetivos: Definir el concepto de&#8230;</p>

<!-- This site is optimized with the Yoast SEO plugin v21.3 - https://yoast.com/wordpress/plugins/seo/ -->
<title>Curso práctico: Estrategias de intervención familiar para potenciar el bienestar en niños y niñas con Necesidades Educativas Especiales - ULL - Agenda</title>
<meta name="robots" content="index, follow, max-snippet:-1, max-image-preview:large, max-video-preview:-1" />
<link rel="canonical" href="https://www.ull.es/portal/agenda/evento/curso-practico-estrategias-de-intervencion-familiar-para-potenciar-el-bienestar-en-ninos-y-ninas-con-necesidades-educativas-especiales/" />
<meta property="og:locale" content="es_ES" />
<meta property="og:type" content="article" />
<meta property="og:title" content="Curso práctico: Estrategias de intervención familiar para potenciar el bienestar en niños y niñas con Necesidades Educativas Especiales - ULL - Agenda" />
<meta property="og:description" content="El curso «Estrategias de intervención familiar para potenciar el bienestar en niños y niñas con Necesidades Educativas Especiales» forma parte de la programación de los Cursos de Extensión Universitaria de la “Universidad de Verano de Adeje 2025”, y se celebrará en el municipio de Adeje los días 21 y 22 de julio. Objetivos: Definir el concepto de..." />
<meta property="og:url" content="https://www.ull.es/portal/agenda/evento/curso-practico-estrategias-de-intervencion-familiar-para-potenciar-el-bienestar-en-ninos-y-ninas-con-necesidades-educativas-especiales/" />
<meta property="og:site_name" content="ULL - Agenda" />
<meta property="article:modified_time" content="2025-06-03T09:14:18+00:00" />
<meta property="og:image" content="https://www.ull.es/portal/agenda/wp-content/uploads/sites/12/2025/05/3.png" />
	<meta property="og:image:width" content="750" />
	<meta property="og:image:height" content="370" />
	<meta property="og:image:type" content="image/png" />
<meta name="twitter:card" content="summary_large_image" />
<meta name="twitter:label1" content="Tiempo de lectura" />
	<meta name="twitter:data1" content="2 minutos" />
<script type="application/ld+json" class="yoast-schema-graph">{"@context":"https://schema.org","@graph":[{"@type":"WebPage","@id":"https://www.ull.es/portal/agenda/evento/curso-practico-estrategias-de-intervencion-familiar-para-potenciar-el-bienestar-en-ninos-y-ninas-con-necesidades-educativas-especiales/","url":"https://www.ull.es/portal/agenda/evento/curso-practico-estrategias-de-intervencion-familiar-para-potenciar-el-bienestar-en-ninos-y-ninas-con-necesidades-educativas-especiales/","name":"Curso práctico: Estrategias de intervención familiar para potenciar el bienestar en niños y niñas con Necesidades Educativas Especiales - ULL - Agenda","isPartOf":{"@id":"https://www.ull.es/portal/agenda/#website"},"datePublished":"2025-05-28T10:36:26+00:00","dateModified":"2025-06-03T09:14:18+00:00","breadcrumb":{"@id":"https://www.ull.es/portal/agenda/evento/curso-practico-estrategias-de-intervencion-familiar-para-potenciar-el-bienestar-en-ninos-y-ninas-con-necesidades-educativas-especiales/#breadcrumb"},"inLanguage":"es","potentialAction":[{"@type":"ReadAction","target":["https://www.ull.es/portal/agenda/evento/curso-practico-estrategias-de-intervencion-familiar-para-potenciar-el-bienestar-en-ninos-y-ninas-con-necesidades-educativas-especiales/"]}]},{"@type":"BreadcrumbList","@id":"https://www.ull.es/portal/agenda/evento/curso-practico-estrategias-de-intervencion-familiar-para-potenciar-el-bienestar-en-ninos-y-ninas-con-necesidades-educativas-especiales/#breadcrumb","itemListElement":[{"@type":"ListItem","position":1,"name":"Portada","item":"https://www.ull.es/portal/agenda/"},{"@type":"ListItem","position":2,"name":"Curso práctico: Estrategias de intervención familiar para potenciar el bienestar en niños y niñas con Necesidades Educativas Especiales"}]},{"@type":"WebSite","@id":"https://www.ull.es/portal/agenda/#website","url":"https://www.ull.es/portal/agenda/","name":"ULL - Agenda","description":"","potentialAction":[{"@type":"SearchAction","target":{"@type":"EntryPoint","urlTemplate":"https://www.ull.es/portal/agenda/?s={search_term_string}"},"query-input":"required name=search_term_string"}],"inLanguage":"es"}]}</script>
<!-- / Yoast SEO plugin. -->

Curso práctico: Estrategias de intervención familiar para potenciar el bienestar en niños y niñas con Necesidades Educativas Especiales - ULL - Agenda

El curso «Estrategias de intervención familiar para potenciar el bienestar en niños y niñas con Necesidades Educativas Especiales» forma parte de la programación de los Cursos de Extensión Universitaria de la “Universidad de Verano de Adeje 2025”, y se celebrará en el municipio de Adeje los días 21 y 22 de julio. Objetivos: Definir el concepto de...
