{"id":42876,"date":"2025-05-28T11:40:30","date_gmt":"2025-05-28T11:40:30","guid":{"rendered":"https:\/\/www.ull.es\/portal\/agenda\/?post_type=tribe_events&#038;p=42876"},"modified":"2025-06-20T10:39:59","modified_gmt":"2025-06-20T10:39:59","slug":"adeje-frente-al-riesgo-de-inundaciones-adaptacion-gestion-y-sostenibilidad","status":"publish","type":"tribe_events","link":"https:\/\/www.ull.es\/portal\/agenda\/evento\/adeje-frente-al-riesgo-de-inundaciones-adaptacion-gestion-y-sostenibilidad\/","title":{"rendered":"Adeje frente al riesgo de inundaciones: adaptaci\u00f3n, gesti\u00f3n y sostenibilidad"},"content":{"rendered":"<p>El curso\u00a0<em>\u00abAdeje frente al riesgo de inundaciones: adaptaci\u00f3n, gesti\u00f3n y sostenibilidad\u00bb<\/em>\u00a0forma parte de la programaci\u00f3n de los Cursos de Extensi\u00f3n Universitaria de la \u201c<a href=\"https:\/\/www.ull.es\/cultura\/cursos-extension-universitaria\/universidad-de-verano-de-adeje\/\" target=\"_blank\" rel=\"noopener noreferrer\" target=\"_blank\" rel=\"noopener\">Universidad de Verano de Adeje 2025<\/a>\u201d, y se celebrar\u00e1 en el municipio de Adeje los d\u00edas 23 y 24 de julio.<\/p>\n<p>Objetivos:<\/p>\n<ul>\n<li>Comprender el concepto de peligrosidad y riesgo de inundaci\u00f3n.<\/li>\n<li>Conocer m\u00e9todos de an\u00e1lisis cuantitativos y cualitativos para analizar el riesgo de inundaci\u00f3n.<\/li>\n<li>Comprender los factores que afectan a la intensidad y frecuencia de las inundaciones.<\/li>\n<li>Aprender a identificar \u00e1reas de riesgo de inundaci\u00f3n.<\/li>\n<\/ul>\n<p>Este curso va dirigido al alumnado interesado en la tem\u00e1tica del curso (Estudiantes de Grado en Geograf\u00eda y Ordenaci\u00f3n del Territorio, Grado en Ciencias Ambientales, Grado en Biolog\u00eda, Grado en Turismo, Grado en F\u00edsica, etc), as\u00ed como a aquellos interesados en el an\u00e1lisis y la gesti\u00f3n de las inundaciones.<\/p>\n<p>Direcci\u00f3n acad\u00e9mica: Jaime Salvador D\u00edaz Pacheco. Profesor contratado Doctor, \u00c1rea de Geograf\u00eda F\u00edsica, Departamento de Geograf\u00eda e Historia de la Universidad de La Laguna.<\/p>\n<p><strong>CERTIFICADO DE ASISTENCIA, APTITUD Y RECONOCIMIENTO POR CR\u00c9DITO ECTS<\/strong><\/p>\n<p>La Universidad de La Laguna, a trav\u00e9s del Vicerrectorado de Cultura y Extensi\u00f3n Universitaria, emitir\u00e1 un certificado de asistencia a todas aquellas personas que asistan a un m\u00ednimo del 80% de las horas lectivas. Asimismo, aquellas personas que superen el trabajo aut\u00f3nomo del alumnado, recibir\u00e1n un certificado de asistencia y aprovechamiento, reconocible a su vez por un cr\u00e9dito ECTS.<\/p>\n<p><a href=\"https:\/\/www.adeje.es\/uva\/cursos-y-talleres\/25255-adeje-frente-al-riesgo-de-inundaciones-adaptacion-gestion-y-sostenibilidad\" target=\"_blank\" rel=\"noopener\" target=\"_blank\" rel=\"noopener\"><strong><u>M\u00e1s informaci\u00f3n e inscripci\u00f3n aqu\u00ed.<\/u><\/strong><\/a><\/p>\n<p><a href=\"https:\/\/www.youtube.com\/watch?v=pqi_iYRanzg&amp;list=PLfF1FVWLcdH9GUjaAZcRn3iIx4ZI0ctVS&amp;index=2\" target=\"_blank\" rel=\"noopener\" target=\"_blank\" rel=\"noopener\">Entrevista con la direcci\u00f3n acad\u00e9mica<\/a><\/p>\n<p><strong>Contacto:\u00a0<\/strong><a href=\"mailto:extuni@ull.edu.es\" target=\"_blank\" rel=\"noopener\" target=\"_blank\" rel=\"noopener\"><strong>extuni@ull.es<\/strong><\/a><\/p>\n","protected":false},"excerpt":{"rendered":"<p>El curso\u00a0\u00abAdeje frente al riesgo de inundaciones: adaptaci\u00f3n, gesti\u00f3n y sostenibilidad\u00bb\u00a0forma parte de la programaci\u00f3n de los Cursos de Extensi\u00f3n Universitaria de la \u201cUniversidad de Verano de Adeje 2025\u201d, y se celebrar\u00e1 en el municipio de Adeje los d\u00edas 23 y 24 de julio. Objetivos: Comprender el concepto de peligrosidad y riesgo de inundaci\u00f3n. Conocer&#8230;<\/p>\n","protected":false},"author":43,"featured_media":42879,"comment_status":"closed","ping_status":"closed","template":"","tags":[4259,4710,977,3812,4711,3751,245,4972,4709],"tribe_events_cat":[472,4,186,3942],"acf":[],"yoast_head":"<!-- This site is optimized with the Yoast SEO plugin v21.3 - https:\/\/yoast.com\/wordpress\/plugins\/seo\/ -->\n<title>Adeje frente al riesgo de inundaciones: adaptaci\u00f3n, gesti\u00f3n y sostenibilidad - ULL - Agenda<\/title>\n<meta name=\"robots\" content=\"index, follow, max-snippet:-1, max-image-preview:large, max-video-preview:-1\" \/>\n<link rel=\"canonical\" href=\"https:\/\/www.ull.es\/portal\/agenda\/evento\/adeje-frente-al-riesgo-de-inundaciones-adaptacion-gestion-y-sostenibilidad\/\" \/>\n<meta property=\"og:locale\" content=\"es_ES\" \/>\n<meta property=\"og:type\" content=\"article\" \/>\n<meta property=\"og:title\" content=\"Adeje frente al riesgo de inundaciones: adaptaci\u00f3n, gesti\u00f3n y sostenibilidad - ULL - Agenda\" \/>\n<meta property=\"og:description\" content=\"El curso\u00a0\u00abAdeje frente al riesgo de inundaciones: adaptaci\u00f3n, gesti\u00f3n y sostenibilidad\u00bb\u00a0forma parte de la programaci\u00f3n de los Cursos de Extensi\u00f3n Universitaria de la \u201cUniversidad de Verano de Adeje 2025\u201d, y se celebrar\u00e1 en el municipio de Adeje los d\u00edas 23 y 24 de julio. Objetivos: Comprender el concepto de peligrosidad y riesgo de inundaci\u00f3n. Conocer...\" \/>\n<meta property=\"og:url\" content=\"https:\/\/www.ull.es\/portal\/agenda\/evento\/adeje-frente-al-riesgo-de-inundaciones-adaptacion-gestion-y-sostenibilidad\/\" \/>\n<meta property=\"og:site_name\" content=\"ULL - Agenda\" \/>\n<meta property=\"article:modified_time\" content=\"2025-06-20T10:39:59+00:00\" \/>\n<meta property=\"og:image\" content=\"https:\/\/www.ull.es\/portal\/agenda\/wp-content\/uploads\/sites\/12\/2025\/05\/8.png\" \/>\n\t<meta property=\"og:image:width\" content=\"750\" \/>\n\t<meta property=\"og:image:height\" content=\"370\" \/>\n\t<meta property=\"og:image:type\" content=\"image\/png\" \/>\n<meta name=\"twitter:card\" content=\"summary_large_image\" \/>\n<meta name=\"twitter:label1\" content=\"Tiempo de lectura\" \/>\n\t<meta name=\"twitter:data1\" content=\"2 minutos\" \/>\n<script type=\"application\/ld+json\" class=\"yoast-schema-graph\">{\"@context\":\"https:\/\/schema.org\",\"@graph\":[{\"@type\":\"WebPage\",\"@id\":\"https:\/\/www.ull.es\/portal\/agenda\/evento\/adeje-frente-al-riesgo-de-inundaciones-adaptacion-gestion-y-sostenibilidad\/\",\"url\":\"https:\/\/www.ull.es\/portal\/agenda\/evento\/adeje-frente-al-riesgo-de-inundaciones-adaptacion-gestion-y-sostenibilidad\/\",\"name\":\"Adeje frente al riesgo de inundaciones: adaptaci\u00f3n, gesti\u00f3n y sostenibilidad - ULL - Agenda\",\"isPartOf\":{\"@id\":\"https:\/\/www.ull.es\/portal\/agenda\/#website\"},\"datePublished\":\"2025-05-28T11:40:30+00:00\",\"dateModified\":\"2025-06-20T10:39:59+00:00\",\"breadcrumb\":{\"@id\":\"https:\/\/www.ull.es\/portal\/agenda\/evento\/adeje-frente-al-riesgo-de-inundaciones-adaptacion-gestion-y-sostenibilidad\/#breadcrumb\"},\"inLanguage\":\"es\",\"potentialAction\":[{\"@type\":\"ReadAction\",\"target\":[\"https:\/\/www.ull.es\/portal\/agenda\/evento\/adeje-frente-al-riesgo-de-inundaciones-adaptacion-gestion-y-sostenibilidad\/\"]}]},{\"@type\":\"BreadcrumbList\",\"@id\":\"https:\/\/www.ull.es\/portal\/agenda\/evento\/adeje-frente-al-riesgo-de-inundaciones-adaptacion-gestion-y-sostenibilidad\/#breadcrumb\",\"itemListElement\":[{\"@type\":\"ListItem\",\"position\":1,\"name\":\"Portada\",\"item\":\"https:\/\/www.ull.es\/portal\/agenda\/\"},{\"@type\":\"ListItem\",\"position\":2,\"name\":\"Adeje frente al riesgo de inundaciones: adaptaci\u00f3n, gesti\u00f3n y sostenibilidad\"}]},{\"@type\":\"WebSite\",\"@id\":\"https:\/\/www.ull.es\/portal\/agenda\/#website\",\"url\":\"https:\/\/www.ull.es\/portal\/agenda\/\",\"name\":\"ULL - Agenda\",\"description\":\"\",\"potentialAction\":[{\"@type\":\"SearchAction\",\"target\":{\"@type\":\"EntryPoint\",\"urlTemplate\":\"https:\/\/www.ull.es\/portal\/agenda\/?s={search_term_string}\"},\"query-input\":\"required name=search_term_string\"}],\"inLanguage\":\"es\"}]}<\/script>\n<!-- \/ Yoast SEO plugin. -->","yoast_head_json":{"title":"Adeje frente al riesgo de inundaciones: adaptaci\u00f3n, gesti\u00f3n y sostenibilidad - ULL - Agenda","robots":{"index":"index","follow":"follow","max-snippet":"max-snippet:-1","max-image-preview":"max-image-preview:large","max-video-preview":"max-video-preview:-1"},"canonical":"https:\/\/www.ull.es\/portal\/agenda\/evento\/adeje-frente-al-riesgo-de-inundaciones-adaptacion-gestion-y-sostenibilidad\/","og_locale":"es_ES","og_type":"article","og_title":"Adeje frente al riesgo de inundaciones: adaptaci\u00f3n, gesti\u00f3n y sostenibilidad - ULL - Agenda","og_description":"El curso\u00a0\u00abAdeje frente al riesgo de inundaciones: adaptaci\u00f3n, gesti\u00f3n y sostenibilidad\u00bb\u00a0forma parte de la programaci\u00f3n de los Cursos de Extensi\u00f3n Universitaria de la \u201cUniversidad de Verano de Adeje 2025\u201d, y se celebrar\u00e1 en el municipio de Adeje los d\u00edas 23 y 24 de julio. Objetivos: Comprender el concepto de peligrosidad y riesgo de inundaci\u00f3n. Conocer...","og_url":"https:\/\/www.ull.es\/portal\/agenda\/evento\/adeje-frente-al-riesgo-de-inundaciones-adaptacion-gestion-y-sostenibilidad\/","og_site_name":"ULL - Agenda","article_modified_time":"2025-06-20T10:39:59+00:00","og_image":[{"width":750,"height":370,"url":"https:\/\/www.ull.es\/portal\/agenda\/wp-content\/uploads\/sites\/12\/2025\/05\/8.png","type":"image\/png"}],"twitter_card":"summary_large_image","twitter_misc":{"Tiempo de lectura":"2 minutos"},"schema":{"@context":"https:\/\/schema.org","@graph":[{"@type":"WebPage","@id":"https:\/\/www.ull.es\/portal\/agenda\/evento\/adeje-frente-al-riesgo-de-inundaciones-adaptacion-gestion-y-sostenibilidad\/","url":"https:\/\/www.ull.es\/portal\/agenda\/evento\/adeje-frente-al-riesgo-de-inundaciones-adaptacion-gestion-y-sostenibilidad\/","name":"Adeje frente al riesgo de inundaciones: adaptaci\u00f3n, gesti\u00f3n y sostenibilidad - ULL - Agenda","isPartOf":{"@id":"https:\/\/www.ull.es\/portal\/agenda\/#website"},"datePublished":"2025-05-28T11:40:30+00:00","dateModified":"2025-06-20T10:39:59+00:00","breadcrumb":{"@id":"https:\/\/www.ull.es\/portal\/agenda\/evento\/adeje-frente-al-riesgo-de-inundaciones-adaptacion-gestion-y-sostenibilidad\/#breadcrumb"},"inLanguage":"es","potentialAction":[{"@type":"ReadAction","target":["https:\/\/www.ull.es\/portal\/agenda\/evento\/adeje-frente-al-riesgo-de-inundaciones-adaptacion-gestion-y-sostenibilidad\/"]}]},{"@type":"BreadcrumbList","@id":"https:\/\/www.ull.es\/portal\/agenda\/evento\/adeje-frente-al-riesgo-de-inundaciones-adaptacion-gestion-y-sostenibilidad\/#breadcrumb","itemListElement":[{"@type":"ListItem","position":1,"name":"Portada","item":"https:\/\/www.ull.es\/portal\/agenda\/"},{"@type":"ListItem","position":2,"name":"Adeje frente al riesgo de inundaciones: adaptaci\u00f3n, gesti\u00f3n y sostenibilidad"}]},{"@type":"WebSite","@id":"https:\/\/www.ull.es\/portal\/agenda\/#website","url":"https:\/\/www.ull.es\/portal\/agenda\/","name":"ULL - Agenda","description":"","potentialAction":[{"@type":"SearchAction","target":{"@type":"EntryPoint","urlTemplate":"https:\/\/www.ull.es\/portal\/agenda\/?s={search_term_string}"},"query-input":"required name=search_term_string"}],"inLanguage":"es"}]}},"_links":{"self":[{"href":"https:\/\/www.ull.es\/portal\/agenda\/wp-json\/wp\/v2\/tribe_events\/42876"}],"collection":[{"href":"https:\/\/www.ull.es\/portal\/agenda\/wp-json\/wp\/v2\/tribe_events"}],"about":[{"href":"https:\/\/www.ull.es\/portal\/agenda\/wp-json\/wp\/v2\/types\/tribe_events"}],"author":[{"embeddable":true,"href":"https:\/\/www.ull.es\/portal\/agenda\/wp-json\/wp\/v2\/users\/43"}],"replies":[{"embeddable":true,"href":"https:\/\/www.ull.es\/portal\/agenda\/wp-json\/wp\/v2\/comments?post=42876"}],"version-history":[{"count":5,"href":"https:\/\/www.ull.es\/portal\/agenda\/wp-json\/wp\/v2\/tribe_events\/42876\/revisions"}],"predecessor-version":[{"id":43281,"href":"https:\/\/www.ull.es\/portal\/agenda\/wp-json\/wp\/v2\/tribe_events\/42876\/revisions\/43281"}],"wp:featuredmedia":[{"embeddable":true,"href":"https:\/\/www.ull.es\/portal\/agenda\/wp-json\/wp\/v2\/media\/42879"}],"wp:attachment":[{"href":"https:\/\/www.ull.es\/portal\/agenda\/wp-json\/wp\/v2\/media?parent=42876"}],"wp:term":[{"taxonomy":"post_tag","embeddable":true,"href":"https:\/\/www.ull.es\/portal\/agenda\/wp-json\/wp\/v2\/tags?post=42876"},{"taxonomy":"tribe_events_cat","embeddable":true,"href":"https:\/\/www.ull.es\/portal\/agenda\/wp-json\/wp\/v2\/tribe_events_cat?post=42876"}],"curies":[{"name":"wp","href":"https:\/\/api.w.org\/{rel}","templated":true}]}}

Adeje frente al riesgo de inundaciones: adaptación, gestión y sostenibilidad

<p>El curso <em>«Adeje frente al riesgo de inundaciones: adaptación, gestión y sostenibilidad»</em> forma parte de la programación de los Cursos de Extensión Universitaria de la “<a href="https://www.ull.es/cultura/cursos-extension-universitaria/universidad-de-verano-de-adeje/" target="_blank" rel="noopener noreferrer" target="_blank" rel="noopener">Universidad de Verano de Adeje 2025</a>”, y se celebrará en el municipio de Adeje los días 23 y 24 de julio.</p>
<p>Objetivos:</p>
<ul>
<li>Comprender el concepto de peligrosidad y riesgo de inundación.</li>
<li>Conocer métodos de análisis cuantitativos y cualitativos para analizar el riesgo de inundación.</li>
<li>Comprender los factores que afectan a la intensidad y frecuencia de las inundaciones.</li>
<li>Aprender a identificar áreas de riesgo de inundación.</li>
</ul>
<p>Este curso va dirigido al alumnado interesado en la temática del curso (Estudiantes de Grado en Geografía y Ordenación del Territorio, Grado en Ciencias Ambientales, Grado en Biología, Grado en Turismo, Grado en Física, etc), así como a aquellos interesados en el análisis y la gestión de las inundaciones.</p>
<p>Dirección académica: Jaime Salvador Díaz Pacheco. Profesor contratado Doctor, Área de Geografía Física, Departamento de Geografía e Historia de la Universidad de La Laguna.</p>
<p><strong>CERTIFICADO DE ASISTENCIA, APTITUD Y RECONOCIMIENTO POR CRÉDITO ECTS</strong></p>
<p>La Universidad de La Laguna, a través del Vicerrectorado de Cultura y Extensión Universitaria, emitirá un certificado de asistencia a todas aquellas personas que asistan a un mínimo del 80% de las horas lectivas. Asimismo, aquellas personas que superen el trabajo autónomo del alumnado, recibirán un certificado de asistencia y aprovechamiento, reconocible a su vez por un crédito ECTS.</p>
<p><a href="https://www.adeje.es/uva/cursos-y-talleres/25255-adeje-frente-al-riesgo-de-inundaciones-adaptacion-gestion-y-sostenibilidad" target="_blank" rel="noopener" target="_blank" rel="noopener"><strong><u>Más información e inscripción aquí.</u></strong></a></p>
<p><a href="https://www.youtube.com/watch?v=pqi_iYRanzg&amp;list=PLfF1FVWLcdH9GUjaAZcRn3iIx4ZI0ctVS&amp;index=2" target="_blank" rel="noopener" target="_blank" rel="noopener">Entrevista con la dirección académica</a></p>
<p><strong>Contacto: </strong><a href="mailto:extuni@ull.edu.es" target="_blank" rel="noopener" target="_blank" rel="noopener"><strong>extuni@ull.es</strong></a></p>

<p>El curso «Adeje frente al riesgo de inundaciones: adaptación, gestión y sostenibilidad» forma parte de la programación de los Cursos de Extensión Universitaria de la “Universidad de Verano de Adeje 2025”, y se celebrará en el municipio de Adeje los días 23 y 24 de julio. Objetivos: Comprender el concepto de peligrosidad y riesgo de inundación. Conocer&#8230;</p>

<!-- This site is optimized with the Yoast SEO plugin v21.3 - https://yoast.com/wordpress/plugins/seo/ -->
<title>Adeje frente al riesgo de inundaciones: adaptación, gestión y sostenibilidad - ULL - Agenda</title>
<meta name="robots" content="index, follow, max-snippet:-1, max-image-preview:large, max-video-preview:-1" />
<link rel="canonical" href="https://www.ull.es/portal/agenda/evento/adeje-frente-al-riesgo-de-inundaciones-adaptacion-gestion-y-sostenibilidad/" />
<meta property="og:locale" content="es_ES" />
<meta property="og:type" content="article" />
<meta property="og:title" content="Adeje frente al riesgo de inundaciones: adaptación, gestión y sostenibilidad - ULL - Agenda" />
<meta property="og:description" content="El curso «Adeje frente al riesgo de inundaciones: adaptación, gestión y sostenibilidad» forma parte de la programación de los Cursos de Extensión Universitaria de la “Universidad de Verano de Adeje 2025”, y se celebrará en el municipio de Adeje los días 23 y 24 de julio. Objetivos: Comprender el concepto de peligrosidad y riesgo de inundación. Conocer..." />
<meta property="og:url" content="https://www.ull.es/portal/agenda/evento/adeje-frente-al-riesgo-de-inundaciones-adaptacion-gestion-y-sostenibilidad/" />
<meta property="og:site_name" content="ULL - Agenda" />
<meta property="article:modified_time" content="2025-06-20T10:39:59+00:00" />
<meta property="og:image" content="https://www.ull.es/portal/agenda/wp-content/uploads/sites/12/2025/05/8.png" />
	<meta property="og:image:width" content="750" />
	<meta property="og:image:height" content="370" />
	<meta property="og:image:type" content="image/png" />
<meta name="twitter:card" content="summary_large_image" />
<meta name="twitter:label1" content="Tiempo de lectura" />
	<meta name="twitter:data1" content="2 minutos" />
<script type="application/ld+json" class="yoast-schema-graph">{"@context":"https://schema.org","@graph":[{"@type":"WebPage","@id":"https://www.ull.es/portal/agenda/evento/adeje-frente-al-riesgo-de-inundaciones-adaptacion-gestion-y-sostenibilidad/","url":"https://www.ull.es/portal/agenda/evento/adeje-frente-al-riesgo-de-inundaciones-adaptacion-gestion-y-sostenibilidad/","name":"Adeje frente al riesgo de inundaciones: adaptación, gestión y sostenibilidad - ULL - Agenda","isPartOf":{"@id":"https://www.ull.es/portal/agenda/#website"},"datePublished":"2025-05-28T11:40:30+00:00","dateModified":"2025-06-20T10:39:59+00:00","breadcrumb":{"@id":"https://www.ull.es/portal/agenda/evento/adeje-frente-al-riesgo-de-inundaciones-adaptacion-gestion-y-sostenibilidad/#breadcrumb"},"inLanguage":"es","potentialAction":[{"@type":"ReadAction","target":["https://www.ull.es/portal/agenda/evento/adeje-frente-al-riesgo-de-inundaciones-adaptacion-gestion-y-sostenibilidad/"]}]},{"@type":"BreadcrumbList","@id":"https://www.ull.es/portal/agenda/evento/adeje-frente-al-riesgo-de-inundaciones-adaptacion-gestion-y-sostenibilidad/#breadcrumb","itemListElement":[{"@type":"ListItem","position":1,"name":"Portada","item":"https://www.ull.es/portal/agenda/"},{"@type":"ListItem","position":2,"name":"Adeje frente al riesgo de inundaciones: adaptación, gestión y sostenibilidad"}]},{"@type":"WebSite","@id":"https://www.ull.es/portal/agenda/#website","url":"https://www.ull.es/portal/agenda/","name":"ULL - Agenda","description":"","potentialAction":[{"@type":"SearchAction","target":{"@type":"EntryPoint","urlTemplate":"https://www.ull.es/portal/agenda/?s={search_term_string}"},"query-input":"required name=search_term_string"}],"inLanguage":"es"}]}</script>
<!-- / Yoast SEO plugin. -->

Adeje frente al riesgo de inundaciones: adaptación, gestión y sostenibilidad - ULL - Agenda

El curso «Adeje frente al riesgo de inundaciones: adaptación, gestión y sostenibilidad» forma parte de la programación de los Cursos de Extensión Universitaria de la “Universidad de Verano de Adeje 2025”, y se celebrará en el municipio de Adeje los días 23 y 24 de julio. Objetivos: Comprender el concepto de peligrosidad y riesgo de inundación. Conocer...
