{"id":42889,"date":"2025-05-28T12:30:13","date_gmt":"2025-05-28T12:30:13","guid":{"rendered":"https:\/\/www.ull.es\/portal\/agenda\/?post_type=tribe_events&#038;p=42889"},"modified":"2025-06-03T09:18:46","modified_gmt":"2025-06-03T09:18:46","slug":"reprogramacion-metabolica-como-los-habitos-transforman-tu-salud","status":"publish","type":"tribe_events","link":"https:\/\/www.ull.es\/portal\/agenda\/evento\/reprogramacion-metabolica-como-los-habitos-transforman-tu-salud\/","title":{"rendered":"Reprogramaci\u00f3n Metab\u00f3lica: C\u00f3mo los H\u00e1bitos Transforman tu Salud"},"content":{"rendered":"<p>El curso\u00a0<em>\u00abReprogramaci\u00f3n Metab\u00f3lica: C\u00f3mo los H\u00e1bitos Transforman tu Salud\u00bb<\/em>\u00a0forma parte de la programaci\u00f3n de los Cursos de Extensi\u00f3n Universitaria de la \u201c<a href=\"https:\/\/www.ull.es\/cultura\/cursos-extension-universitaria\/universidad-de-verano-de-adeje\/\" target=\"_blank\" rel=\"noopener noreferrer\" target=\"_blank\" rel=\"noopener\">Universidad de Verano de Adeje 2025<\/a>\u201d, y se celebrar\u00e1 en el municipio de Adeje los d\u00edas 24 y 25 de julio.<\/p>\n<p>Objetivos:<\/p>\n<ul>\n<li>Comprender el metabolismo humano y c\u00f3mo se puede optimizar mediante cambios en la alimentaci\u00f3n, el movimiento, el descanso y otros h\u00e1bitos diarios.<\/li>\n<li>Aprender a identificar y modificar h\u00e1bitos que afectan negativamente la salud metab\u00f3lica, como el consumo de ultraprocesados, el sedentarismo o la alteraci\u00f3n de los ritmos circadianos.<\/li>\n<li>Conocer el impacto de la alimentaci\u00f3n en la salud y c\u00f3mo elegir opciones que favorezcan un metabolismo eficiente.<\/li>\n<li>Explorar la relaci\u00f3n entre sue\u00f1o, estr\u00e9s y metabolismo, y aplicar estrategias pr\u00e1cticas para mejorar la calidad del descanso y reducir el impacto del estr\u00e9s en el organismo.<\/li>\n<li>Promover la actividad f\u00edsica de manera sostenible, integrando el movimiento en la vida cotidiana sin necesidad de rutinas complejas.<\/li>\n<li>Fomentar la autonom\u00eda y el pensamiento cr\u00edtico, brindando herramientas basadas en la evidencia cient\u00edfica para que cada persona pueda tomar decisiones informadas sobre su salud.<\/li>\n<li>Crear un plan de acci\u00f3n personalizado, donde cada participante pueda establecer cambios graduales y sostenibles para mejorar su bienestar a largo plazo.<\/li>\n<\/ul>\n<p>Este curso est\u00e1 dise\u00f1ado para cualquier persona interesada en mejorar su salud y bienestar a trav\u00e9s de la reprogramaci\u00f3n metab\u00f3lica y la adopci\u00f3n de h\u00e1bitos saludables basados en la ciencia. No importa tu edad ni tu nivel de conocimiento previo: si quieres mejorar tu metabolismo, entender c\u00f3mo influyen la alimentaci\u00f3n, el movimiento y los ritmos circadianos en tu bienestar, este curso es para ti.<\/p>\n<p>Direcci\u00f3n acad\u00e9mica: Javier Rafael Castro Hern\u00e1ndez. Profesor contratado Doctor, Departamento de Medicina F\u00edsica y Farmacolog\u00eda de la Universidad de La Laguna.<\/p>\n<p><strong>CERTIFICADO DE ASISTENCIA, APTITUD Y RECONOCIMIENTO POR CR\u00c9DITO ECTS<\/strong><\/p>\n<p>La Universidad de La Laguna, a trav\u00e9s del Vicerrectorado de Cultura y Extensi\u00f3n Universitaria, emitir\u00e1 un certificado de asistencia a todas aquellas personas que asistan a un m\u00ednimo del 80% de las horas lectivas. Asimismo, aquellas personas que superen el trabajo aut\u00f3nomo del alumnado, recibir\u00e1n un certificado de asistencia y aprovechamiento, reconocible a su vez por un cr\u00e9dito ECTS.<\/p>\n<p><a href=\"https:\/\/www.adeje.es\/uva\/cursos-y-talleres\/25263-reprogramacin-metablica-cmo-los-hbitos-transforman-tu-salud\" target=\"_blank\" rel=\"noopener\" target=\"_blank\" rel=\"noopener\"><strong><u>M\u00e1s informaci\u00f3n e inscripci\u00f3n aqu\u00ed.<\/u><\/strong><\/a><\/p>\n<p><strong>Contacto:\u00a0<\/strong><a href=\"mailto:extuni@ull.edu.es\" target=\"_blank\" rel=\"noopener\" target=\"_blank\" rel=\"noopener\"><strong>extuni@ull.es<\/strong><\/a><\/p>\n","protected":false},"excerpt":{"rendered":"<p>El curso\u00a0\u00abReprogramaci\u00f3n Metab\u00f3lica: C\u00f3mo los H\u00e1bitos Transforman tu Salud\u00bb\u00a0forma parte de la programaci\u00f3n de los Cursos de Extensi\u00f3n Universitaria de la \u201cUniversidad de Verano de Adeje 2025\u201d, y se celebrar\u00e1 en el municipio de Adeje los d\u00edas 24 y 25 de julio. Objetivos: Comprender el metabolismo humano y c\u00f3mo se puede optimizar mediante cambios en&#8230;<\/p>\n","protected":false},"author":43,"featured_media":42891,"comment_status":"closed","ping_status":"closed","template":"","tags":[4259,4710,977,3812,4711,3751,245,4972,4709],"tribe_events_cat":[472,4,186,3942],"acf":[],"yoast_head":"<!-- This site is optimized with the Yoast SEO plugin v21.3 - https:\/\/yoast.com\/wordpress\/plugins\/seo\/ -->\n<title>Reprogramaci\u00f3n Metab\u00f3lica: C\u00f3mo los H\u00e1bitos Transforman tu Salud - ULL - Agenda<\/title>\n<meta name=\"robots\" content=\"index, follow, max-snippet:-1, max-image-preview:large, max-video-preview:-1\" \/>\n<link rel=\"canonical\" href=\"https:\/\/www.ull.es\/portal\/agenda\/evento\/reprogramacion-metabolica-como-los-habitos-transforman-tu-salud\/\" \/>\n<meta property=\"og:locale\" content=\"es_ES\" \/>\n<meta property=\"og:type\" content=\"article\" \/>\n<meta property=\"og:title\" content=\"Reprogramaci\u00f3n Metab\u00f3lica: C\u00f3mo los H\u00e1bitos Transforman tu Salud - ULL - Agenda\" \/>\n<meta property=\"og:description\" content=\"El curso\u00a0\u00abReprogramaci\u00f3n Metab\u00f3lica: C\u00f3mo los H\u00e1bitos Transforman tu Salud\u00bb\u00a0forma parte de la programaci\u00f3n de los Cursos de Extensi\u00f3n Universitaria de la \u201cUniversidad de Verano de Adeje 2025\u201d, y se celebrar\u00e1 en el municipio de Adeje los d\u00edas 24 y 25 de julio. Objetivos: Comprender el metabolismo humano y c\u00f3mo se puede optimizar mediante cambios en...\" \/>\n<meta property=\"og:url\" content=\"https:\/\/www.ull.es\/portal\/agenda\/evento\/reprogramacion-metabolica-como-los-habitos-transforman-tu-salud\/\" \/>\n<meta property=\"og:site_name\" content=\"ULL - Agenda\" \/>\n<meta property=\"article:modified_time\" content=\"2025-06-03T09:18:46+00:00\" \/>\n<meta property=\"og:image\" content=\"https:\/\/www.ull.es\/portal\/agenda\/wp-content\/uploads\/sites\/12\/2025\/05\/10.png\" \/>\n\t<meta property=\"og:image:width\" content=\"750\" \/>\n\t<meta property=\"og:image:height\" content=\"370\" \/>\n\t<meta property=\"og:image:type\" content=\"image\/png\" \/>\n<meta name=\"twitter:card\" content=\"summary_large_image\" \/>\n<meta name=\"twitter:label1\" content=\"Tiempo de lectura\" \/>\n\t<meta name=\"twitter:data1\" content=\"2 minutos\" \/>\n<script type=\"application\/ld+json\" class=\"yoast-schema-graph\">{\"@context\":\"https:\/\/schema.org\",\"@graph\":[{\"@type\":\"WebPage\",\"@id\":\"https:\/\/www.ull.es\/portal\/agenda\/evento\/reprogramacion-metabolica-como-los-habitos-transforman-tu-salud\/\",\"url\":\"https:\/\/www.ull.es\/portal\/agenda\/evento\/reprogramacion-metabolica-como-los-habitos-transforman-tu-salud\/\",\"name\":\"Reprogramaci\u00f3n Metab\u00f3lica: C\u00f3mo los H\u00e1bitos Transforman tu Salud - ULL - Agenda\",\"isPartOf\":{\"@id\":\"https:\/\/www.ull.es\/portal\/agenda\/#website\"},\"datePublished\":\"2025-05-28T12:30:13+00:00\",\"dateModified\":\"2025-06-03T09:18:46+00:00\",\"breadcrumb\":{\"@id\":\"https:\/\/www.ull.es\/portal\/agenda\/evento\/reprogramacion-metabolica-como-los-habitos-transforman-tu-salud\/#breadcrumb\"},\"inLanguage\":\"es\",\"potentialAction\":[{\"@type\":\"ReadAction\",\"target\":[\"https:\/\/www.ull.es\/portal\/agenda\/evento\/reprogramacion-metabolica-como-los-habitos-transforman-tu-salud\/\"]}]},{\"@type\":\"BreadcrumbList\",\"@id\":\"https:\/\/www.ull.es\/portal\/agenda\/evento\/reprogramacion-metabolica-como-los-habitos-transforman-tu-salud\/#breadcrumb\",\"itemListElement\":[{\"@type\":\"ListItem\",\"position\":1,\"name\":\"Portada\",\"item\":\"https:\/\/www.ull.es\/portal\/agenda\/\"},{\"@type\":\"ListItem\",\"position\":2,\"name\":\"Reprogramaci\u00f3n Metab\u00f3lica: C\u00f3mo los H\u00e1bitos Transforman tu Salud\"}]},{\"@type\":\"WebSite\",\"@id\":\"https:\/\/www.ull.es\/portal\/agenda\/#website\",\"url\":\"https:\/\/www.ull.es\/portal\/agenda\/\",\"name\":\"ULL - Agenda\",\"description\":\"\",\"potentialAction\":[{\"@type\":\"SearchAction\",\"target\":{\"@type\":\"EntryPoint\",\"urlTemplate\":\"https:\/\/www.ull.es\/portal\/agenda\/?s={search_term_string}\"},\"query-input\":\"required name=search_term_string\"}],\"inLanguage\":\"es\"}]}<\/script>\n<!-- \/ Yoast SEO plugin. -->","yoast_head_json":{"title":"Reprogramaci\u00f3n Metab\u00f3lica: C\u00f3mo los H\u00e1bitos Transforman tu Salud - ULL - Agenda","robots":{"index":"index","follow":"follow","max-snippet":"max-snippet:-1","max-image-preview":"max-image-preview:large","max-video-preview":"max-video-preview:-1"},"canonical":"https:\/\/www.ull.es\/portal\/agenda\/evento\/reprogramacion-metabolica-como-los-habitos-transforman-tu-salud\/","og_locale":"es_ES","og_type":"article","og_title":"Reprogramaci\u00f3n Metab\u00f3lica: C\u00f3mo los H\u00e1bitos Transforman tu Salud - ULL - Agenda","og_description":"El curso\u00a0\u00abReprogramaci\u00f3n Metab\u00f3lica: C\u00f3mo los H\u00e1bitos Transforman tu Salud\u00bb\u00a0forma parte de la programaci\u00f3n de los Cursos de Extensi\u00f3n Universitaria de la \u201cUniversidad de Verano de Adeje 2025\u201d, y se celebrar\u00e1 en el municipio de Adeje los d\u00edas 24 y 25 de julio. Objetivos: Comprender el metabolismo humano y c\u00f3mo se puede optimizar mediante cambios en...","og_url":"https:\/\/www.ull.es\/portal\/agenda\/evento\/reprogramacion-metabolica-como-los-habitos-transforman-tu-salud\/","og_site_name":"ULL - Agenda","article_modified_time":"2025-06-03T09:18:46+00:00","og_image":[{"width":750,"height":370,"url":"https:\/\/www.ull.es\/portal\/agenda\/wp-content\/uploads\/sites\/12\/2025\/05\/10.png","type":"image\/png"}],"twitter_card":"summary_large_image","twitter_misc":{"Tiempo de lectura":"2 minutos"},"schema":{"@context":"https:\/\/schema.org","@graph":[{"@type":"WebPage","@id":"https:\/\/www.ull.es\/portal\/agenda\/evento\/reprogramacion-metabolica-como-los-habitos-transforman-tu-salud\/","url":"https:\/\/www.ull.es\/portal\/agenda\/evento\/reprogramacion-metabolica-como-los-habitos-transforman-tu-salud\/","name":"Reprogramaci\u00f3n Metab\u00f3lica: C\u00f3mo los H\u00e1bitos Transforman tu Salud - ULL - Agenda","isPartOf":{"@id":"https:\/\/www.ull.es\/portal\/agenda\/#website"},"datePublished":"2025-05-28T12:30:13+00:00","dateModified":"2025-06-03T09:18:46+00:00","breadcrumb":{"@id":"https:\/\/www.ull.es\/portal\/agenda\/evento\/reprogramacion-metabolica-como-los-habitos-transforman-tu-salud\/#breadcrumb"},"inLanguage":"es","potentialAction":[{"@type":"ReadAction","target":["https:\/\/www.ull.es\/portal\/agenda\/evento\/reprogramacion-metabolica-como-los-habitos-transforman-tu-salud\/"]}]},{"@type":"BreadcrumbList","@id":"https:\/\/www.ull.es\/portal\/agenda\/evento\/reprogramacion-metabolica-como-los-habitos-transforman-tu-salud\/#breadcrumb","itemListElement":[{"@type":"ListItem","position":1,"name":"Portada","item":"https:\/\/www.ull.es\/portal\/agenda\/"},{"@type":"ListItem","position":2,"name":"Reprogramaci\u00f3n Metab\u00f3lica: C\u00f3mo los H\u00e1bitos Transforman tu Salud"}]},{"@type":"WebSite","@id":"https:\/\/www.ull.es\/portal\/agenda\/#website","url":"https:\/\/www.ull.es\/portal\/agenda\/","name":"ULL - Agenda","description":"","potentialAction":[{"@type":"SearchAction","target":{"@type":"EntryPoint","urlTemplate":"https:\/\/www.ull.es\/portal\/agenda\/?s={search_term_string}"},"query-input":"required name=search_term_string"}],"inLanguage":"es"}]}},"_links":{"self":[{"href":"https:\/\/www.ull.es\/portal\/agenda\/wp-json\/wp\/v2\/tribe_events\/42889"}],"collection":[{"href":"https:\/\/www.ull.es\/portal\/agenda\/wp-json\/wp\/v2\/tribe_events"}],"about":[{"href":"https:\/\/www.ull.es\/portal\/agenda\/wp-json\/wp\/v2\/types\/tribe_events"}],"author":[{"embeddable":true,"href":"https:\/\/www.ull.es\/portal\/agenda\/wp-json\/wp\/v2\/users\/43"}],"replies":[{"embeddable":true,"href":"https:\/\/www.ull.es\/portal\/agenda\/wp-json\/wp\/v2\/comments?post=42889"}],"version-history":[{"count":4,"href":"https:\/\/www.ull.es\/portal\/agenda\/wp-json\/wp\/v2\/tribe_events\/42889\/revisions"}],"predecessor-version":[{"id":42980,"href":"https:\/\/www.ull.es\/portal\/agenda\/wp-json\/wp\/v2\/tribe_events\/42889\/revisions\/42980"}],"wp:featuredmedia":[{"embeddable":true,"href":"https:\/\/www.ull.es\/portal\/agenda\/wp-json\/wp\/v2\/media\/42891"}],"wp:attachment":[{"href":"https:\/\/www.ull.es\/portal\/agenda\/wp-json\/wp\/v2\/media?parent=42889"}],"wp:term":[{"taxonomy":"post_tag","embeddable":true,"href":"https:\/\/www.ull.es\/portal\/agenda\/wp-json\/wp\/v2\/tags?post=42889"},{"taxonomy":"tribe_events_cat","embeddable":true,"href":"https:\/\/www.ull.es\/portal\/agenda\/wp-json\/wp\/v2\/tribe_events_cat?post=42889"}],"curies":[{"name":"wp","href":"https:\/\/api.w.org\/{rel}","templated":true}]}}

Reprogramación Metabólica: Cómo los Hábitos Transforman tu Salud

<p>El curso <em>«Reprogramación Metabólica: Cómo los Hábitos Transforman tu Salud»</em> forma parte de la programación de los Cursos de Extensión Universitaria de la “<a href="https://www.ull.es/cultura/cursos-extension-universitaria/universidad-de-verano-de-adeje/" target="_blank" rel="noopener noreferrer" target="_blank" rel="noopener">Universidad de Verano de Adeje 2025</a>”, y se celebrará en el municipio de Adeje los días 24 y 25 de julio.</p>
<p>Objetivos:</p>
<ul>
<li>Comprender el metabolismo humano y cómo se puede optimizar mediante cambios en la alimentación, el movimiento, el descanso y otros hábitos diarios.</li>
<li>Aprender a identificar y modificar hábitos que afectan negativamente la salud metabólica, como el consumo de ultraprocesados, el sedentarismo o la alteración de los ritmos circadianos.</li>
<li>Conocer el impacto de la alimentación en la salud y cómo elegir opciones que favorezcan un metabolismo eficiente.</li>
<li>Explorar la relación entre sueño, estrés y metabolismo, y aplicar estrategias prácticas para mejorar la calidad del descanso y reducir el impacto del estrés en el organismo.</li>
<li>Promover la actividad física de manera sostenible, integrando el movimiento en la vida cotidiana sin necesidad de rutinas complejas.</li>
<li>Fomentar la autonomía y el pensamiento crítico, brindando herramientas basadas en la evidencia científica para que cada persona pueda tomar decisiones informadas sobre su salud.</li>
<li>Crear un plan de acción personalizado, donde cada participante pueda establecer cambios graduales y sostenibles para mejorar su bienestar a largo plazo.</li>
</ul>
<p>Este curso está diseñado para cualquier persona interesada en mejorar su salud y bienestar a través de la reprogramación metabólica y la adopción de hábitos saludables basados en la ciencia. No importa tu edad ni tu nivel de conocimiento previo: si quieres mejorar tu metabolismo, entender cómo influyen la alimentación, el movimiento y los ritmos circadianos en tu bienestar, este curso es para ti.</p>
<p>Dirección académica: Javier Rafael Castro Hernández. Profesor contratado Doctor, Departamento de Medicina Física y Farmacología de la Universidad de La Laguna.</p>
<p><strong>CERTIFICADO DE ASISTENCIA, APTITUD Y RECONOCIMIENTO POR CRÉDITO ECTS</strong></p>
<p>La Universidad de La Laguna, a través del Vicerrectorado de Cultura y Extensión Universitaria, emitirá un certificado de asistencia a todas aquellas personas que asistan a un mínimo del 80% de las horas lectivas. Asimismo, aquellas personas que superen el trabajo autónomo del alumnado, recibirán un certificado de asistencia y aprovechamiento, reconocible a su vez por un crédito ECTS.</p>
<p><a href="https://www.adeje.es/uva/cursos-y-talleres/25263-reprogramacin-metablica-cmo-los-hbitos-transforman-tu-salud" target="_blank" rel="noopener" target="_blank" rel="noopener"><strong><u>Más información e inscripción aquí.</u></strong></a></p>
<p><strong>Contacto: </strong><a href="mailto:extuni@ull.edu.es" target="_blank" rel="noopener" target="_blank" rel="noopener"><strong>extuni@ull.es</strong></a></p>

<p>El curso «Reprogramación Metabólica: Cómo los Hábitos Transforman tu Salud» forma parte de la programación de los Cursos de Extensión Universitaria de la “Universidad de Verano de Adeje 2025”, y se celebrará en el municipio de Adeje los días 24 y 25 de julio. Objetivos: Comprender el metabolismo humano y cómo se puede optimizar mediante cambios en&#8230;</p>

<!-- This site is optimized with the Yoast SEO plugin v21.3 - https://yoast.com/wordpress/plugins/seo/ -->
<title>Reprogramación Metabólica: Cómo los Hábitos Transforman tu Salud - ULL - Agenda</title>
<meta name="robots" content="index, follow, max-snippet:-1, max-image-preview:large, max-video-preview:-1" />
<link rel="canonical" href="https://www.ull.es/portal/agenda/evento/reprogramacion-metabolica-como-los-habitos-transforman-tu-salud/" />
<meta property="og:locale" content="es_ES" />
<meta property="og:type" content="article" />
<meta property="og:title" content="Reprogramación Metabólica: Cómo los Hábitos Transforman tu Salud - ULL - Agenda" />
<meta property="og:description" content="El curso «Reprogramación Metabólica: Cómo los Hábitos Transforman tu Salud» forma parte de la programación de los Cursos de Extensión Universitaria de la “Universidad de Verano de Adeje 2025”, y se celebrará en el municipio de Adeje los días 24 y 25 de julio. Objetivos: Comprender el metabolismo humano y cómo se puede optimizar mediante cambios en..." />
<meta property="og:url" content="https://www.ull.es/portal/agenda/evento/reprogramacion-metabolica-como-los-habitos-transforman-tu-salud/" />
<meta property="og:site_name" content="ULL - Agenda" />
<meta property="article:modified_time" content="2025-06-03T09:18:46+00:00" />
<meta property="og:image" content="https://www.ull.es/portal/agenda/wp-content/uploads/sites/12/2025/05/10.png" />
	<meta property="og:image:width" content="750" />
	<meta property="og:image:height" content="370" />
	<meta property="og:image:type" content="image/png" />
<meta name="twitter:card" content="summary_large_image" />
<meta name="twitter:label1" content="Tiempo de lectura" />
	<meta name="twitter:data1" content="2 minutos" />
<script type="application/ld+json" class="yoast-schema-graph">{"@context":"https://schema.org","@graph":[{"@type":"WebPage","@id":"https://www.ull.es/portal/agenda/evento/reprogramacion-metabolica-como-los-habitos-transforman-tu-salud/","url":"https://www.ull.es/portal/agenda/evento/reprogramacion-metabolica-como-los-habitos-transforman-tu-salud/","name":"Reprogramación Metabólica: Cómo los Hábitos Transforman tu Salud - ULL - Agenda","isPartOf":{"@id":"https://www.ull.es/portal/agenda/#website"},"datePublished":"2025-05-28T12:30:13+00:00","dateModified":"2025-06-03T09:18:46+00:00","breadcrumb":{"@id":"https://www.ull.es/portal/agenda/evento/reprogramacion-metabolica-como-los-habitos-transforman-tu-salud/#breadcrumb"},"inLanguage":"es","potentialAction":[{"@type":"ReadAction","target":["https://www.ull.es/portal/agenda/evento/reprogramacion-metabolica-como-los-habitos-transforman-tu-salud/"]}]},{"@type":"BreadcrumbList","@id":"https://www.ull.es/portal/agenda/evento/reprogramacion-metabolica-como-los-habitos-transforman-tu-salud/#breadcrumb","itemListElement":[{"@type":"ListItem","position":1,"name":"Portada","item":"https://www.ull.es/portal/agenda/"},{"@type":"ListItem","position":2,"name":"Reprogramación Metabólica: Cómo los Hábitos Transforman tu Salud"}]},{"@type":"WebSite","@id":"https://www.ull.es/portal/agenda/#website","url":"https://www.ull.es/portal/agenda/","name":"ULL - Agenda","description":"","potentialAction":[{"@type":"SearchAction","target":{"@type":"EntryPoint","urlTemplate":"https://www.ull.es/portal/agenda/?s={search_term_string}"},"query-input":"required name=search_term_string"}],"inLanguage":"es"}]}</script>
<!-- / Yoast SEO plugin. -->

Reprogramación Metabólica: Cómo los Hábitos Transforman tu Salud - ULL - Agenda

El curso «Reprogramación Metabólica: Cómo los Hábitos Transforman tu Salud» forma parte de la programación de los Cursos de Extensión Universitaria de la “Universidad de Verano de Adeje 2025”, y se celebrará en el municipio de Adeje los días 24 y 25 de julio. Objetivos: Comprender el metabolismo humano y cómo se puede optimizar mediante cambios en...
