{"id":42903,"date":"2025-05-28T12:53:12","date_gmt":"2025-05-28T12:53:12","guid":{"rendered":"https:\/\/www.ull.es\/portal\/agenda\/?post_type=tribe_events&#038;p=42903"},"modified":"2025-06-03T09:59:01","modified_gmt":"2025-06-03T09:59:01","slug":"biodiversidad-en-peligro-descubre-y-protege-el-barranco-del-infierno","status":"publish","type":"tribe_events","link":"https:\/\/www.ull.es\/portal\/agenda\/evento\/biodiversidad-en-peligro-descubre-y-protege-el-barranco-del-infierno\/","title":{"rendered":"Biodiversidad en peligro: Descubre y protege el Barranco del Infierno"},"content":{"rendered":"<p>El taller <em>\u00abBiodiversidad en peligro: Descubre y protege el Barranco del Infierno\u00bb<\/em>\u00a0forma parte de la programaci\u00f3n de los Cursos de Extensi\u00f3n Universitaria de la \u201c<a href=\"https:\/\/www.ull.es\/cultura\/cursos-extension-universitaria\/universidad-de-verano-de-adeje\/\" target=\"_blank\" rel=\"noopener noreferrer\" target=\"_blank\" rel=\"noopener\">Universidad de Verano de Adeje 2025<\/a>\u201d, y se celebrar\u00e1 en el municipio de Adeje el 24 de julio.<\/p>\n<p>El objetivo del taller es fomentar el aprendizaje experiencial del entorno natural, promoviendo la autonom\u00eda, la colaboraci\u00f3n y la reflexi\u00f3n cr\u00edtica en los participantes. Para ello se hace necesario dotar a los estudiantes del conocimiento de la flora y la vegetaci\u00f3n del lugar, no solo a trav\u00e9s de la taxonom\u00eda cl\u00e1sica para la identificaci\u00f3n de especies si no que sean capaces de conocer realmente los problemas actuales de conservaci\u00f3n en los Espacios Naturales Protegidos (especies invasoras o el cambio clim\u00e1tico).<\/p>\n<p>Este taller va dirigido al alumnado de Biolog\u00eda, Ciencias Ambientales y cualquier otra titulaci\u00f3n relacionada con el estudio de la naturaleza. Gu\u00edas tur\u00edsticos y monitores de Educaci\u00f3n Ambiental. Poblaci\u00f3n en general interesada en el conocimiento de la Naturaleza Canaria y sus problemas de conservaci\u00f3n.<\/p>\n<p>Direcci\u00f3n acad\u00e9mica: Jonay Jes\u00fas Cubas D\u00edaz. Profesor del \u00c1rea de Bot\u00e1nica, Departamento de Bot\u00e1nica, Ecolog\u00eda y Fisiolog\u00eda Vegetal de la Universidad de La Laguna.<\/p>\n<p>CERTIFICADO DE ASISTENCIA Y APTITUD: La Universidad de La Laguna, a trav\u00e9s del Vicerrectorado de Cultura y Extensi\u00f3n Universitaria, emitir\u00e1 un certificado de asistencia a todas aquellas personas que asistan al total de las horas lectivas. Asimismo, aquellas personas que superen la evaluaci\u00f3n, recibir\u00e1n un certificado de asistencia y aprovechamiento.<\/p>\n<p><a href=\"https:\/\/www.adeje.es\/uva\/cursos-y-talleres\/25267-biodiversidad-en-peligro-descubre-y-protege-el-barranco-del-infierno\" target=\"_blank\" rel=\"noopener\" target=\"_blank\" rel=\"noopener\"><strong><u>M\u00e1s informaci\u00f3n e inscripci\u00f3n aqu\u00ed.<\/u><\/strong><\/a><\/p>\n<p><strong>Contacto:\u00a0<\/strong><a href=\"mailto:extuni@ull.edu.es\" target=\"_blank\" rel=\"noopener\" target=\"_blank\" rel=\"noopener\"><strong>extuni@ull.es<\/strong><\/a><\/p>\n","protected":false},"excerpt":{"rendered":"<p>El taller \u00abBiodiversidad en peligro: Descubre y protege el Barranco del Infierno\u00bb\u00a0forma parte de la programaci\u00f3n de los Cursos de Extensi\u00f3n Universitaria de la \u201cUniversidad de Verano de Adeje 2025\u201d, y se celebrar\u00e1 en el municipio de Adeje el 24 de julio. El objetivo del taller es fomentar el aprendizaje experiencial del entorno natural, promoviendo&#8230;<\/p>\n","protected":false},"author":43,"featured_media":42906,"comment_status":"closed","ping_status":"closed","template":"","tags":[4259,4710,977,3812,4711,3751,245,4972,4709],"tribe_events_cat":[472,4,186,3942],"acf":[],"yoast_head":"<!-- This site is optimized with the Yoast SEO plugin v21.3 - https:\/\/yoast.com\/wordpress\/plugins\/seo\/ -->\n<title>Biodiversidad en peligro: Descubre y protege el Barranco del Infierno - ULL - Agenda<\/title>\n<meta name=\"robots\" content=\"index, follow, max-snippet:-1, max-image-preview:large, max-video-preview:-1\" \/>\n<link rel=\"canonical\" href=\"https:\/\/www.ull.es\/portal\/agenda\/evento\/biodiversidad-en-peligro-descubre-y-protege-el-barranco-del-infierno\/\" \/>\n<meta property=\"og:locale\" content=\"es_ES\" \/>\n<meta property=\"og:type\" content=\"article\" \/>\n<meta property=\"og:title\" content=\"Biodiversidad en peligro: Descubre y protege el Barranco del Infierno - ULL - Agenda\" \/>\n<meta property=\"og:description\" content=\"El taller \u00abBiodiversidad en peligro: Descubre y protege el Barranco del Infierno\u00bb\u00a0forma parte de la programaci\u00f3n de los Cursos de Extensi\u00f3n Universitaria de la \u201cUniversidad de Verano de Adeje 2025\u201d, y se celebrar\u00e1 en el municipio de Adeje el 24 de julio. El objetivo del taller es fomentar el aprendizaje experiencial del entorno natural, promoviendo...\" \/>\n<meta property=\"og:url\" content=\"https:\/\/www.ull.es\/portal\/agenda\/evento\/biodiversidad-en-peligro-descubre-y-protege-el-barranco-del-infierno\/\" \/>\n<meta property=\"og:site_name\" content=\"ULL - Agenda\" \/>\n<meta property=\"article:modified_time\" content=\"2025-06-03T09:59:01+00:00\" \/>\n<meta property=\"og:image\" content=\"https:\/\/www.ull.es\/portal\/agenda\/wp-content\/uploads\/sites\/12\/2025\/05\/12.jpg\" \/>\n\t<meta property=\"og:image:width\" content=\"750\" \/>\n\t<meta property=\"og:image:height\" content=\"370\" \/>\n\t<meta property=\"og:image:type\" content=\"image\/jpeg\" \/>\n<meta name=\"twitter:card\" content=\"summary_large_image\" \/>\n<meta name=\"twitter:label1\" content=\"Tiempo de lectura\" \/>\n\t<meta name=\"twitter:data1\" content=\"2 minutos\" \/>\n<script type=\"application\/ld+json\" class=\"yoast-schema-graph\">{\"@context\":\"https:\/\/schema.org\",\"@graph\":[{\"@type\":\"WebPage\",\"@id\":\"https:\/\/www.ull.es\/portal\/agenda\/evento\/biodiversidad-en-peligro-descubre-y-protege-el-barranco-del-infierno\/\",\"url\":\"https:\/\/www.ull.es\/portal\/agenda\/evento\/biodiversidad-en-peligro-descubre-y-protege-el-barranco-del-infierno\/\",\"name\":\"Biodiversidad en peligro: Descubre y protege el Barranco del Infierno - ULL - Agenda\",\"isPartOf\":{\"@id\":\"https:\/\/www.ull.es\/portal\/agenda\/#website\"},\"datePublished\":\"2025-05-28T12:53:12+00:00\",\"dateModified\":\"2025-06-03T09:59:01+00:00\",\"breadcrumb\":{\"@id\":\"https:\/\/www.ull.es\/portal\/agenda\/evento\/biodiversidad-en-peligro-descubre-y-protege-el-barranco-del-infierno\/#breadcrumb\"},\"inLanguage\":\"es\",\"potentialAction\":[{\"@type\":\"ReadAction\",\"target\":[\"https:\/\/www.ull.es\/portal\/agenda\/evento\/biodiversidad-en-peligro-descubre-y-protege-el-barranco-del-infierno\/\"]}]},{\"@type\":\"BreadcrumbList\",\"@id\":\"https:\/\/www.ull.es\/portal\/agenda\/evento\/biodiversidad-en-peligro-descubre-y-protege-el-barranco-del-infierno\/#breadcrumb\",\"itemListElement\":[{\"@type\":\"ListItem\",\"position\":1,\"name\":\"Portada\",\"item\":\"https:\/\/www.ull.es\/portal\/agenda\/\"},{\"@type\":\"ListItem\",\"position\":2,\"name\":\"Biodiversidad en peligro: Descubre y protege el Barranco del Infierno\"}]},{\"@type\":\"WebSite\",\"@id\":\"https:\/\/www.ull.es\/portal\/agenda\/#website\",\"url\":\"https:\/\/www.ull.es\/portal\/agenda\/\",\"name\":\"ULL - Agenda\",\"description\":\"\",\"potentialAction\":[{\"@type\":\"SearchAction\",\"target\":{\"@type\":\"EntryPoint\",\"urlTemplate\":\"https:\/\/www.ull.es\/portal\/agenda\/?s={search_term_string}\"},\"query-input\":\"required name=search_term_string\"}],\"inLanguage\":\"es\"}]}<\/script>\n<!-- \/ Yoast SEO plugin. -->","yoast_head_json":{"title":"Biodiversidad en peligro: Descubre y protege el Barranco del Infierno - ULL - Agenda","robots":{"index":"index","follow":"follow","max-snippet":"max-snippet:-1","max-image-preview":"max-image-preview:large","max-video-preview":"max-video-preview:-1"},"canonical":"https:\/\/www.ull.es\/portal\/agenda\/evento\/biodiversidad-en-peligro-descubre-y-protege-el-barranco-del-infierno\/","og_locale":"es_ES","og_type":"article","og_title":"Biodiversidad en peligro: Descubre y protege el Barranco del Infierno - ULL - Agenda","og_description":"El taller \u00abBiodiversidad en peligro: Descubre y protege el Barranco del Infierno\u00bb\u00a0forma parte de la programaci\u00f3n de los Cursos de Extensi\u00f3n Universitaria de la \u201cUniversidad de Verano de Adeje 2025\u201d, y se celebrar\u00e1 en el municipio de Adeje el 24 de julio. El objetivo del taller es fomentar el aprendizaje experiencial del entorno natural, promoviendo...","og_url":"https:\/\/www.ull.es\/portal\/agenda\/evento\/biodiversidad-en-peligro-descubre-y-protege-el-barranco-del-infierno\/","og_site_name":"ULL - Agenda","article_modified_time":"2025-06-03T09:59:01+00:00","og_image":[{"width":750,"height":370,"url":"https:\/\/www.ull.es\/portal\/agenda\/wp-content\/uploads\/sites\/12\/2025\/05\/12.jpg","type":"image\/jpeg"}],"twitter_card":"summary_large_image","twitter_misc":{"Tiempo de lectura":"2 minutos"},"schema":{"@context":"https:\/\/schema.org","@graph":[{"@type":"WebPage","@id":"https:\/\/www.ull.es\/portal\/agenda\/evento\/biodiversidad-en-peligro-descubre-y-protege-el-barranco-del-infierno\/","url":"https:\/\/www.ull.es\/portal\/agenda\/evento\/biodiversidad-en-peligro-descubre-y-protege-el-barranco-del-infierno\/","name":"Biodiversidad en peligro: Descubre y protege el Barranco del Infierno - ULL - Agenda","isPartOf":{"@id":"https:\/\/www.ull.es\/portal\/agenda\/#website"},"datePublished":"2025-05-28T12:53:12+00:00","dateModified":"2025-06-03T09:59:01+00:00","breadcrumb":{"@id":"https:\/\/www.ull.es\/portal\/agenda\/evento\/biodiversidad-en-peligro-descubre-y-protege-el-barranco-del-infierno\/#breadcrumb"},"inLanguage":"es","potentialAction":[{"@type":"ReadAction","target":["https:\/\/www.ull.es\/portal\/agenda\/evento\/biodiversidad-en-peligro-descubre-y-protege-el-barranco-del-infierno\/"]}]},{"@type":"BreadcrumbList","@id":"https:\/\/www.ull.es\/portal\/agenda\/evento\/biodiversidad-en-peligro-descubre-y-protege-el-barranco-del-infierno\/#breadcrumb","itemListElement":[{"@type":"ListItem","position":1,"name":"Portada","item":"https:\/\/www.ull.es\/portal\/agenda\/"},{"@type":"ListItem","position":2,"name":"Biodiversidad en peligro: Descubre y protege el Barranco del Infierno"}]},{"@type":"WebSite","@id":"https:\/\/www.ull.es\/portal\/agenda\/#website","url":"https:\/\/www.ull.es\/portal\/agenda\/","name":"ULL - Agenda","description":"","potentialAction":[{"@type":"SearchAction","target":{"@type":"EntryPoint","urlTemplate":"https:\/\/www.ull.es\/portal\/agenda\/?s={search_term_string}"},"query-input":"required name=search_term_string"}],"inLanguage":"es"}]}},"_links":{"self":[{"href":"https:\/\/www.ull.es\/portal\/agenda\/wp-json\/wp\/v2\/tribe_events\/42903"}],"collection":[{"href":"https:\/\/www.ull.es\/portal\/agenda\/wp-json\/wp\/v2\/tribe_events"}],"about":[{"href":"https:\/\/www.ull.es\/portal\/agenda\/wp-json\/wp\/v2\/types\/tribe_events"}],"author":[{"embeddable":true,"href":"https:\/\/www.ull.es\/portal\/agenda\/wp-json\/wp\/v2\/users\/43"}],"replies":[{"embeddable":true,"href":"https:\/\/www.ull.es\/portal\/agenda\/wp-json\/wp\/v2\/comments?post=42903"}],"version-history":[{"count":7,"href":"https:\/\/www.ull.es\/portal\/agenda\/wp-json\/wp\/v2\/tribe_events\/42903\/revisions"}],"predecessor-version":[{"id":42988,"href":"https:\/\/www.ull.es\/portal\/agenda\/wp-json\/wp\/v2\/tribe_events\/42903\/revisions\/42988"}],"wp:featuredmedia":[{"embeddable":true,"href":"https:\/\/www.ull.es\/portal\/agenda\/wp-json\/wp\/v2\/media\/42906"}],"wp:attachment":[{"href":"https:\/\/www.ull.es\/portal\/agenda\/wp-json\/wp\/v2\/media?parent=42903"}],"wp:term":[{"taxonomy":"post_tag","embeddable":true,"href":"https:\/\/www.ull.es\/portal\/agenda\/wp-json\/wp\/v2\/tags?post=42903"},{"taxonomy":"tribe_events_cat","embeddable":true,"href":"https:\/\/www.ull.es\/portal\/agenda\/wp-json\/wp\/v2\/tribe_events_cat?post=42903"}],"curies":[{"name":"wp","href":"https:\/\/api.w.org\/{rel}","templated":true}]}}

<p>El taller <em>«Biodiversidad en peligro: Descubre y protege el Barranco del Infierno»</em> forma parte de la programación de los Cursos de Extensión Universitaria de la “<a href="https://www.ull.es/cultura/cursos-extension-universitaria/universidad-de-verano-de-adeje/" target="_blank" rel="noopener noreferrer" target="_blank" rel="noopener">Universidad de Verano de Adeje 2025</a>”, y se celebrará en el municipio de Adeje el 24 de julio.</p>
<p>El objetivo del taller es fomentar el aprendizaje experiencial del entorno natural, promoviendo la autonomía, la colaboración y la reflexión crítica en los participantes. Para ello se hace necesario dotar a los estudiantes del conocimiento de la flora y la vegetación del lugar, no solo a través de la taxonomía clásica para la identificación de especies si no que sean capaces de conocer realmente los problemas actuales de conservación en los Espacios Naturales Protegidos (especies invasoras o el cambio climático).</p>
<p>Este taller va dirigido al alumnado de Biología, Ciencias Ambientales y cualquier otra titulación relacionada con el estudio de la naturaleza. Guías turísticos y monitores de Educación Ambiental. Población en general interesada en el conocimiento de la Naturaleza Canaria y sus problemas de conservación.</p>
<p>Dirección académica: Jonay Jesús Cubas Díaz. Profesor del Área de Botánica, Departamento de Botánica, Ecología y Fisiología Vegetal de la Universidad de La Laguna.</p>
<p>CERTIFICADO DE ASISTENCIA Y APTITUD: La Universidad de La Laguna, a través del Vicerrectorado de Cultura y Extensión Universitaria, emitirá un certificado de asistencia a todas aquellas personas que asistan al total de las horas lectivas. Asimismo, aquellas personas que superen la evaluación, recibirán un certificado de asistencia y aprovechamiento.</p>
<p><a href="https://www.adeje.es/uva/cursos-y-talleres/25267-biodiversidad-en-peligro-descubre-y-protege-el-barranco-del-infierno" target="_blank" rel="noopener" target="_blank" rel="noopener"><strong><u>Más información e inscripción aquí.</u></strong></a></p>
<p><strong>Contacto: </strong><a href="mailto:extuni@ull.edu.es" target="_blank" rel="noopener" target="_blank" rel="noopener"><strong>extuni@ull.es</strong></a></p>

<p>El taller «Biodiversidad en peligro: Descubre y protege el Barranco del Infierno» forma parte de la programación de los Cursos de Extensión Universitaria de la “Universidad de Verano de Adeje 2025”, y se celebrará en el municipio de Adeje el 24 de julio. El objetivo del taller es fomentar el aprendizaje experiencial del entorno natural, promoviendo&#8230;</p>

<!-- This site is optimized with the Yoast SEO plugin v21.3 - https://yoast.com/wordpress/plugins/seo/ -->
<title>Biodiversidad en peligro: Descubre y protege el Barranco del Infierno - ULL - Agenda</title>
<meta name="robots" content="index, follow, max-snippet:-1, max-image-preview:large, max-video-preview:-1" />
<link rel="canonical" href="https://www.ull.es/portal/agenda/evento/biodiversidad-en-peligro-descubre-y-protege-el-barranco-del-infierno/" />
<meta property="og:locale" content="es_ES" />
<meta property="og:type" content="article" />
<meta property="og:title" content="Biodiversidad en peligro: Descubre y protege el Barranco del Infierno - ULL - Agenda" />
<meta property="og:description" content="El taller «Biodiversidad en peligro: Descubre y protege el Barranco del Infierno» forma parte de la programación de los Cursos de Extensión Universitaria de la “Universidad de Verano de Adeje 2025”, y se celebrará en el municipio de Adeje el 24 de julio. El objetivo del taller es fomentar el aprendizaje experiencial del entorno natural, promoviendo..." />
<meta property="og:url" content="https://www.ull.es/portal/agenda/evento/biodiversidad-en-peligro-descubre-y-protege-el-barranco-del-infierno/" />
<meta property="og:site_name" content="ULL - Agenda" />
<meta property="article:modified_time" content="2025-06-03T09:59:01+00:00" />
<meta property="og:image" content="https://www.ull.es/portal/agenda/wp-content/uploads/sites/12/2025/05/12.jpg" />
	<meta property="og:image:width" content="750" />
	<meta property="og:image:height" content="370" />
	<meta property="og:image:type" content="image/jpeg" />
<meta name="twitter:card" content="summary_large_image" />
<meta name="twitter:label1" content="Tiempo de lectura" />
	<meta name="twitter:data1" content="2 minutos" />
<script type="application/ld+json" class="yoast-schema-graph">{"@context":"https://schema.org","@graph":[{"@type":"WebPage","@id":"https://www.ull.es/portal/agenda/evento/biodiversidad-en-peligro-descubre-y-protege-el-barranco-del-infierno/","url":"https://www.ull.es/portal/agenda/evento/biodiversidad-en-peligro-descubre-y-protege-el-barranco-del-infierno/","name":"Biodiversidad en peligro: Descubre y protege el Barranco del Infierno - ULL - Agenda","isPartOf":{"@id":"https://www.ull.es/portal/agenda/#website"},"datePublished":"2025-05-28T12:53:12+00:00","dateModified":"2025-06-03T09:59:01+00:00","breadcrumb":{"@id":"https://www.ull.es/portal/agenda/evento/biodiversidad-en-peligro-descubre-y-protege-el-barranco-del-infierno/#breadcrumb"},"inLanguage":"es","potentialAction":[{"@type":"ReadAction","target":["https://www.ull.es/portal/agenda/evento/biodiversidad-en-peligro-descubre-y-protege-el-barranco-del-infierno/"]}]},{"@type":"BreadcrumbList","@id":"https://www.ull.es/portal/agenda/evento/biodiversidad-en-peligro-descubre-y-protege-el-barranco-del-infierno/#breadcrumb","itemListElement":[{"@type":"ListItem","position":1,"name":"Portada","item":"https://www.ull.es/portal/agenda/"},{"@type":"ListItem","position":2,"name":"Biodiversidad en peligro: Descubre y protege el Barranco del Infierno"}]},{"@type":"WebSite","@id":"https://www.ull.es/portal/agenda/#website","url":"https://www.ull.es/portal/agenda/","name":"ULL - Agenda","description":"","potentialAction":[{"@type":"SearchAction","target":{"@type":"EntryPoint","urlTemplate":"https://www.ull.es/portal/agenda/?s={search_term_string}"},"query-input":"required name=search_term_string"}],"inLanguage":"es"}]}</script>
<!-- / Yoast SEO plugin. -->

El taller «Biodiversidad en peligro: Descubre y protege el Barranco del Infierno» forma parte de la programación de los Cursos de Extensión Universitaria de la “Universidad de Verano de Adeje 2025”, y se celebrará en el municipio de Adeje el 24 de julio. El objetivo del taller es fomentar el aprendizaje experiencial del entorno natural, promoviendo...
