{"id":43118,"date":"2025-06-09T13:24:22","date_gmt":"2025-06-09T13:24:22","guid":{"rendered":"https:\/\/www.ull.es\/portal\/agenda\/?post_type=tribe_events&#038;p=43118"},"modified":"2025-06-12T09:41:55","modified_gmt":"2025-06-12T09:41:55","slug":"tagoror-de-saberes","status":"publish","type":"tribe_events","link":"https:\/\/www.ull.es\/portal\/agenda\/evento\/tagoror-de-saberes\/","title":{"rendered":"Tagoror de Saberes"},"content":{"rendered":"<p>Este a\u00f1o contaremos con varias lecturas de Trabajos de Fin de Grado (TFG) y Fin de M\u00e1ster (TFM) en el marco de la \u00a0<a href=\"https:\/\/www.ull.es\/cultura\/cursos-extension-universitaria\/universidad-de-verano-de-la-gomera\/\" target=\"_blank\" rel=\"noopener\" target=\"_blank\" rel=\"noopener\">\u201cUniversidad de Verano de La Gomera 2025\u201d<\/a>, \u00a0que tendr\u00e1 lugar el pr\u00f3ximo 12 de julio en el Sal\u00f3n de Actos del Ayuntamiento de Alajer\u00f3 a las 16:00 horas.<\/p>\n<p>Se trata de un espacio de exposici\u00f3n y di\u00e1logo en torno a la exposici\u00f3n de los siguientes TFG y TFM:<\/p>\n<ul>\n<li><em>La educaci\u00f3n diferenciada por sexos y los problemas constitucionales de su financiaci\u00f3n con dinero p\u00fablico.<\/em> Carmen Daniela Ramos \u00c1lvarez.<\/li>\n<li><em>El estudio jur\u00eddico de la contrataci\u00f3n a tiempo parcial en Espa\u00f1a: cuestiones controvertidas y retos.<\/em> Amanda Reyes G\u00e1mez Damas.<\/li>\n<li><em>El teatro como recurso educativo para trabajar el entorno inmediato en la Educaci\u00f3n Primaria.<\/em> Santiago Nicol\u00e1s Terreno Carandino.<\/li>\n<li><em>La reconfiguraci\u00f3n demogr\u00e1fica de La Gomera ((1940\u20131991): Causas, movimientos internos y emigraci\u00f3n.<\/em> Daniel Ventura Sierra.<\/li>\n<li><em>T\u00e9cnicas de teledetecci\u00f3n e inteligencia artificial para la caracterizaci\u00f3n de Phoenix canariensis.<\/em> Jos\u00e9 Andr\u00e9s Ramos Mendoza.<\/li>\n<\/ul>\n<p>Entrada libre hasta completar el aforo.<\/p>\n<p>Contacto: <a href=\"mailto:extuni@ull.edu.es\" target=\"_blank\" rel=\"noopener\" target=\"_blank\" rel=\"noopener\">extuni@ull.es<\/a><\/p>\n","protected":false},"excerpt":{"rendered":"<p>Este a\u00f1o contaremos con varias lecturas de Trabajos de Fin de Grado (TFG) y Fin de M\u00e1ster (TFM) en el marco de la \u00a0\u201cUniversidad de Verano de La Gomera 2025\u201d, \u00a0que tendr\u00e1 lugar el pr\u00f3ximo 12 de julio en el Sal\u00f3n de Actos del Ayuntamiento de Alajer\u00f3 a las 16:00 horas. Se trata de un&#8230;<\/p>\n","protected":false},"author":43,"featured_media":43121,"comment_status":"closed","ping_status":"closed","template":"","tags":[4259,4712,977,3812,4713,3751,3001],"tribe_events_cat":[472,1555,4,186],"acf":[],"yoast_head":"<!-- This site is optimized with the Yoast SEO plugin v21.3 - https:\/\/yoast.com\/wordpress\/plugins\/seo\/ -->\n<title>Tagoror de Saberes - ULL - Agenda<\/title>\n<meta name=\"robots\" content=\"index, follow, max-snippet:-1, max-image-preview:large, max-video-preview:-1\" \/>\n<link rel=\"canonical\" href=\"https:\/\/www.ull.es\/portal\/agenda\/evento\/tagoror-de-saberes\/\" \/>\n<meta property=\"og:locale\" content=\"es_ES\" \/>\n<meta property=\"og:type\" content=\"article\" \/>\n<meta property=\"og:title\" content=\"Tagoror de Saberes - ULL - Agenda\" \/>\n<meta property=\"og:description\" content=\"Este a\u00f1o contaremos con varias lecturas de Trabajos de Fin de Grado (TFG) y Fin de M\u00e1ster (TFM) en el marco de la \u00a0\u201cUniversidad de Verano de La Gomera 2025\u201d, \u00a0que tendr\u00e1 lugar el pr\u00f3ximo 12 de julio en el Sal\u00f3n de Actos del Ayuntamiento de Alajer\u00f3 a las 16:00 horas. Se trata de un...\" \/>\n<meta property=\"og:url\" content=\"https:\/\/www.ull.es\/portal\/agenda\/evento\/tagoror-de-saberes\/\" \/>\n<meta property=\"og:site_name\" content=\"ULL - Agenda\" \/>\n<meta property=\"article:modified_time\" content=\"2025-06-12T09:41:55+00:00\" \/>\n<meta property=\"og:image\" content=\"https:\/\/www.ull.es\/portal\/agenda\/wp-content\/uploads\/sites\/12\/2025\/06\/BannerTagororSaberes.png\" \/>\n\t<meta property=\"og:image:width\" content=\"750\" \/>\n\t<meta property=\"og:image:height\" content=\"370\" \/>\n\t<meta property=\"og:image:type\" content=\"image\/png\" \/>\n<meta name=\"twitter:card\" content=\"summary_large_image\" \/>\n<meta name=\"twitter:label1\" content=\"Tiempo de lectura\" \/>\n\t<meta name=\"twitter:data1\" content=\"1 minuto\" \/>\n<script type=\"application\/ld+json\" class=\"yoast-schema-graph\">{\"@context\":\"https:\/\/schema.org\",\"@graph\":[{\"@type\":\"WebPage\",\"@id\":\"https:\/\/www.ull.es\/portal\/agenda\/evento\/tagoror-de-saberes\/\",\"url\":\"https:\/\/www.ull.es\/portal\/agenda\/evento\/tagoror-de-saberes\/\",\"name\":\"Tagoror de Saberes - ULL - Agenda\",\"isPartOf\":{\"@id\":\"https:\/\/www.ull.es\/portal\/agenda\/#website\"},\"datePublished\":\"2025-06-09T13:24:22+00:00\",\"dateModified\":\"2025-06-12T09:41:55+00:00\",\"breadcrumb\":{\"@id\":\"https:\/\/www.ull.es\/portal\/agenda\/evento\/tagoror-de-saberes\/#breadcrumb\"},\"inLanguage\":\"es\",\"potentialAction\":[{\"@type\":\"ReadAction\",\"target\":[\"https:\/\/www.ull.es\/portal\/agenda\/evento\/tagoror-de-saberes\/\"]}]},{\"@type\":\"BreadcrumbList\",\"@id\":\"https:\/\/www.ull.es\/portal\/agenda\/evento\/tagoror-de-saberes\/#breadcrumb\",\"itemListElement\":[{\"@type\":\"ListItem\",\"position\":1,\"name\":\"Portada\",\"item\":\"https:\/\/www.ull.es\/portal\/agenda\/\"},{\"@type\":\"ListItem\",\"position\":2,\"name\":\"Tagoror de Saberes\"}]},{\"@type\":\"WebSite\",\"@id\":\"https:\/\/www.ull.es\/portal\/agenda\/#website\",\"url\":\"https:\/\/www.ull.es\/portal\/agenda\/\",\"name\":\"ULL - Agenda\",\"description\":\"\",\"potentialAction\":[{\"@type\":\"SearchAction\",\"target\":{\"@type\":\"EntryPoint\",\"urlTemplate\":\"https:\/\/www.ull.es\/portal\/agenda\/?s={search_term_string}\"},\"query-input\":\"required name=search_term_string\"}],\"inLanguage\":\"es\"}]}<\/script>\n<!-- \/ Yoast SEO plugin. -->","yoast_head_json":{"title":"Tagoror de Saberes - ULL - Agenda","robots":{"index":"index","follow":"follow","max-snippet":"max-snippet:-1","max-image-preview":"max-image-preview:large","max-video-preview":"max-video-preview:-1"},"canonical":"https:\/\/www.ull.es\/portal\/agenda\/evento\/tagoror-de-saberes\/","og_locale":"es_ES","og_type":"article","og_title":"Tagoror de Saberes - ULL - Agenda","og_description":"Este a\u00f1o contaremos con varias lecturas de Trabajos de Fin de Grado (TFG) y Fin de M\u00e1ster (TFM) en el marco de la \u00a0\u201cUniversidad de Verano de La Gomera 2025\u201d, \u00a0que tendr\u00e1 lugar el pr\u00f3ximo 12 de julio en el Sal\u00f3n de Actos del Ayuntamiento de Alajer\u00f3 a las 16:00 horas. Se trata de un...","og_url":"https:\/\/www.ull.es\/portal\/agenda\/evento\/tagoror-de-saberes\/","og_site_name":"ULL - Agenda","article_modified_time":"2025-06-12T09:41:55+00:00","og_image":[{"width":750,"height":370,"url":"https:\/\/www.ull.es\/portal\/agenda\/wp-content\/uploads\/sites\/12\/2025\/06\/BannerTagororSaberes.png","type":"image\/png"}],"twitter_card":"summary_large_image","twitter_misc":{"Tiempo de lectura":"1 minuto"},"schema":{"@context":"https:\/\/schema.org","@graph":[{"@type":"WebPage","@id":"https:\/\/www.ull.es\/portal\/agenda\/evento\/tagoror-de-saberes\/","url":"https:\/\/www.ull.es\/portal\/agenda\/evento\/tagoror-de-saberes\/","name":"Tagoror de Saberes - ULL - Agenda","isPartOf":{"@id":"https:\/\/www.ull.es\/portal\/agenda\/#website"},"datePublished":"2025-06-09T13:24:22+00:00","dateModified":"2025-06-12T09:41:55+00:00","breadcrumb":{"@id":"https:\/\/www.ull.es\/portal\/agenda\/evento\/tagoror-de-saberes\/#breadcrumb"},"inLanguage":"es","potentialAction":[{"@type":"ReadAction","target":["https:\/\/www.ull.es\/portal\/agenda\/evento\/tagoror-de-saberes\/"]}]},{"@type":"BreadcrumbList","@id":"https:\/\/www.ull.es\/portal\/agenda\/evento\/tagoror-de-saberes\/#breadcrumb","itemListElement":[{"@type":"ListItem","position":1,"name":"Portada","item":"https:\/\/www.ull.es\/portal\/agenda\/"},{"@type":"ListItem","position":2,"name":"Tagoror de Saberes"}]},{"@type":"WebSite","@id":"https:\/\/www.ull.es\/portal\/agenda\/#website","url":"https:\/\/www.ull.es\/portal\/agenda\/","name":"ULL - Agenda","description":"","potentialAction":[{"@type":"SearchAction","target":{"@type":"EntryPoint","urlTemplate":"https:\/\/www.ull.es\/portal\/agenda\/?s={search_term_string}"},"query-input":"required name=search_term_string"}],"inLanguage":"es"}]}},"_links":{"self":[{"href":"https:\/\/www.ull.es\/portal\/agenda\/wp-json\/wp\/v2\/tribe_events\/43118"}],"collection":[{"href":"https:\/\/www.ull.es\/portal\/agenda\/wp-json\/wp\/v2\/tribe_events"}],"about":[{"href":"https:\/\/www.ull.es\/portal\/agenda\/wp-json\/wp\/v2\/types\/tribe_events"}],"author":[{"embeddable":true,"href":"https:\/\/www.ull.es\/portal\/agenda\/wp-json\/wp\/v2\/users\/43"}],"replies":[{"embeddable":true,"href":"https:\/\/www.ull.es\/portal\/agenda\/wp-json\/wp\/v2\/comments?post=43118"}],"version-history":[{"count":5,"href":"https:\/\/www.ull.es\/portal\/agenda\/wp-json\/wp\/v2\/tribe_events\/43118\/revisions"}],"predecessor-version":[{"id":43172,"href":"https:\/\/www.ull.es\/portal\/agenda\/wp-json\/wp\/v2\/tribe_events\/43118\/revisions\/43172"}],"wp:featuredmedia":[{"embeddable":true,"href":"https:\/\/www.ull.es\/portal\/agenda\/wp-json\/wp\/v2\/media\/43121"}],"wp:attachment":[{"href":"https:\/\/www.ull.es\/portal\/agenda\/wp-json\/wp\/v2\/media?parent=43118"}],"wp:term":[{"taxonomy":"post_tag","embeddable":true,"href":"https:\/\/www.ull.es\/portal\/agenda\/wp-json\/wp\/v2\/tags?post=43118"},{"taxonomy":"tribe_events_cat","embeddable":true,"href":"https:\/\/www.ull.es\/portal\/agenda\/wp-json\/wp\/v2\/tribe_events_cat?post=43118"}],"curies":[{"name":"wp","href":"https:\/\/api.w.org\/{rel}","templated":true}]}}

<p>Este año contaremos con varias lecturas de Trabajos de Fin de Grado (TFG) y Fin de Máster (TFM) en el marco de la  <a href="https://www.ull.es/cultura/cursos-extension-universitaria/universidad-de-verano-de-la-gomera/" target="_blank" rel="noopener" target="_blank" rel="noopener">“Universidad de Verano de La Gomera 2025”</a>,  que tendrá lugar el próximo 12 de julio en el Salón de Actos del Ayuntamiento de Alajeró a las 16:00 horas.</p>
<p>Se trata de un espacio de exposición y diálogo en torno a la exposición de los siguientes TFG y TFM:</p>
<ul>
<li><em>La educación diferenciada por sexos y los problemas constitucionales de su financiación con dinero público.</em> Carmen Daniela Ramos Álvarez.</li>
<li><em>El estudio jurídico de la contratación a tiempo parcial en España: cuestiones controvertidas y retos.</em> Amanda Reyes Gámez Damas.</li>
<li><em>El teatro como recurso educativo para trabajar el entorno inmediato en la Educación Primaria.</em> Santiago Nicolás Terreno Carandino.</li>
<li><em>La reconfiguración demográfica de La Gomera ((1940–1991): Causas, movimientos internos y emigración.</em> Daniel Ventura Sierra.</li>
<li><em>Técnicas de teledetección e inteligencia artificial para la caracterización de Phoenix canariensis.</em> José Andrés Ramos Mendoza.</li>
</ul>
<p>Entrada libre hasta completar el aforo.</p>
<p>Contacto: <a href="mailto:extuni@ull.edu.es" target="_blank" rel="noopener" target="_blank" rel="noopener">extuni@ull.es</a></p>

<p>Este año contaremos con varias lecturas de Trabajos de Fin de Grado (TFG) y Fin de Máster (TFM) en el marco de la  “Universidad de Verano de La Gomera 2025”,  que tendrá lugar el próximo 12 de julio en el Salón de Actos del Ayuntamiento de Alajeró a las 16:00 horas. Se trata de un&#8230;</p>

<!-- This site is optimized with the Yoast SEO plugin v21.3 - https://yoast.com/wordpress/plugins/seo/ -->
<title>Tagoror de Saberes - ULL - Agenda</title>
<meta name="robots" content="index, follow, max-snippet:-1, max-image-preview:large, max-video-preview:-1" />
<link rel="canonical" href="https://www.ull.es/portal/agenda/evento/tagoror-de-saberes/" />
<meta property="og:locale" content="es_ES" />
<meta property="og:type" content="article" />
<meta property="og:title" content="Tagoror de Saberes - ULL - Agenda" />
<meta property="og:description" content="Este año contaremos con varias lecturas de Trabajos de Fin de Grado (TFG) y Fin de Máster (TFM) en el marco de la  “Universidad de Verano de La Gomera 2025”,  que tendrá lugar el próximo 12 de julio en el Salón de Actos del Ayuntamiento de Alajeró a las 16:00 horas. Se trata de un..." />
<meta property="og:url" content="https://www.ull.es/portal/agenda/evento/tagoror-de-saberes/" />
<meta property="og:site_name" content="ULL - Agenda" />
<meta property="article:modified_time" content="2025-06-12T09:41:55+00:00" />
<meta property="og:image" content="https://www.ull.es/portal/agenda/wp-content/uploads/sites/12/2025/06/BannerTagororSaberes.png" />
	<meta property="og:image:width" content="750" />
	<meta property="og:image:height" content="370" />
	<meta property="og:image:type" content="image/png" />
<meta name="twitter:card" content="summary_large_image" />
<meta name="twitter:label1" content="Tiempo de lectura" />
	<meta name="twitter:data1" content="1 minuto" />
<script type="application/ld+json" class="yoast-schema-graph">{"@context":"https://schema.org","@graph":[{"@type":"WebPage","@id":"https://www.ull.es/portal/agenda/evento/tagoror-de-saberes/","url":"https://www.ull.es/portal/agenda/evento/tagoror-de-saberes/","name":"Tagoror de Saberes - ULL - Agenda","isPartOf":{"@id":"https://www.ull.es/portal/agenda/#website"},"datePublished":"2025-06-09T13:24:22+00:00","dateModified":"2025-06-12T09:41:55+00:00","breadcrumb":{"@id":"https://www.ull.es/portal/agenda/evento/tagoror-de-saberes/#breadcrumb"},"inLanguage":"es","potentialAction":[{"@type":"ReadAction","target":["https://www.ull.es/portal/agenda/evento/tagoror-de-saberes/"]}]},{"@type":"BreadcrumbList","@id":"https://www.ull.es/portal/agenda/evento/tagoror-de-saberes/#breadcrumb","itemListElement":[{"@type":"ListItem","position":1,"name":"Portada","item":"https://www.ull.es/portal/agenda/"},{"@type":"ListItem","position":2,"name":"Tagoror de Saberes"}]},{"@type":"WebSite","@id":"https://www.ull.es/portal/agenda/#website","url":"https://www.ull.es/portal/agenda/","name":"ULL - Agenda","description":"","potentialAction":[{"@type":"SearchAction","target":{"@type":"EntryPoint","urlTemplate":"https://www.ull.es/portal/agenda/?s={search_term_string}"},"query-input":"required name=search_term_string"}],"inLanguage":"es"}]}</script>
<!-- / Yoast SEO plugin. -->

Este año contaremos con varias lecturas de Trabajos de Fin de Grado (TFG) y Fin de Máster (TFM) en el marco de la  “Universidad de Verano de La Gomera 2025”,  que tendrá lugar el próximo 12 de julio en el Salón de Actos del Ayuntamiento de Alajeró a las 16:00 horas. Se trata de un...
