{"id":43166,"date":"2025-06-11T11:00:54","date_gmt":"2025-06-11T11:00:54","guid":{"rendered":"https:\/\/www.ull.es\/portal\/agenda\/?post_type=tribe_events&#038;p=43166"},"modified":"2025-07-17T10:11:57","modified_gmt":"2025-07-17T10:11:57","slug":"exposicion-la-savia-de-la-historia-genealogia-en-canarias","status":"publish","type":"tribe_events","link":"https:\/\/www.ull.es\/portal\/agenda\/evento\/exposicion-la-savia-de-la-historia-genealogia-en-canarias\/","title":{"rendered":"Exposici\u00f3n: &#8216;La savia de la Historia: Genealog\u00eda en Canarias&#8217;"},"content":{"rendered":"<p>\u00abLa savia de la Historia: Genealog\u00eda en Canarias\u00bb es el t\u00edtulo elegido para la exposici\u00f3n bibliogr\u00e1fica y documental que se inaugura el 27 de junio y que permanecer\u00e1 hasta el 28 de julio de 2025 en la planta principal de la Biblioteca General y de Humanidades de la Universidad de La Laguna, en el Campus de Guajara. La muestra forma parte de los actos del XIV Coloquio Internacional de Genealog\u00eda organizado por la Sociedad de Estudios Geneal\u00f3gicos y Her\u00e1ldicos de Canarias (SEGEHECA).<\/p>\n<p>Esta exposici\u00f3n quiere dar visibilidad a los fondos de car\u00e1cter geneal\u00f3gico con los que cuenta la Biblioteca de la Universidad de La Laguna en el Fondo Antiguo, en los Archivos Personales y Familiares y tambi\u00e9n en sus colecciones m\u00e1s modernas de la Biblioteca de Canarias.<\/p>\n<p>Es una oportunidad para contemplar tanto impresos y manuscritos antiguos, que muestran la Genealog\u00eda en su sentido m\u00e1s tradicional del estudio de linajes familiares, como otras obras modernas que evidencian el uso m\u00e1s actual de esta disciplina que -ayudada por la Gen\u00e9tica- trata de contribuir al estudio y reconstrucci\u00f3n de las historias familiares. La mayor\u00eda de los documentos expuestos est\u00e1n digitalizados y en acceso abierto a trav\u00e9s de la plataforma Mares\u00eda.<\/p>\n<p>Para m\u00e1s informaci\u00f3n, pulse este <a href=\"https:\/\/www.segeheca.com\/XIV-Coloquio-Internacional-de-Genealog-a\/\" target=\"_blank\" rel=\"noopener\" target=\"_blank\" rel=\"noopener\">enlace<\/a>.<\/p>\n","protected":false},"excerpt":{"rendered":"<p>\u00abLa savia de la Historia: Genealog\u00eda en Canarias\u00bb es el t\u00edtulo elegido para la exposici\u00f3n bibliogr\u00e1fica y documental que se inaugura el 27 de junio y que permanecer\u00e1 hasta el 28 de julio de 2025 en la planta principal de la Biblioteca General y de Humanidades de la Universidad de La Laguna, en el Campus&#8230;<\/p>\n","protected":false},"author":65,"featured_media":43167,"comment_status":"closed","ping_status":"closed","template":"","tags":[],"tribe_events_cat":[1669,3987,4,19,186],"acf":[],"yoast_head":"<!-- This site is optimized with the Yoast SEO plugin v21.3 - https:\/\/yoast.com\/wordpress\/plugins\/seo\/ -->\n<title>Exposici\u00f3n: &#039;La savia de la Historia: Genealog\u00eda en Canarias&#039; - ULL - Agenda<\/title>\n<meta name=\"robots\" content=\"index, follow, max-snippet:-1, max-image-preview:large, max-video-preview:-1\" \/>\n<link rel=\"canonical\" href=\"https:\/\/www.ull.es\/portal\/agenda\/evento\/exposicion-la-savia-de-la-historia-genealogia-en-canarias\/\" \/>\n<meta property=\"og:locale\" content=\"es_ES\" \/>\n<meta property=\"og:type\" content=\"article\" \/>\n<meta property=\"og:title\" content=\"Exposici\u00f3n: &#039;La savia de la Historia: Genealog\u00eda en Canarias&#039; - ULL - Agenda\" \/>\n<meta property=\"og:description\" content=\"\u00abLa savia de la Historia: Genealog\u00eda en Canarias\u00bb es el t\u00edtulo elegido para la exposici\u00f3n bibliogr\u00e1fica y documental que se inaugura el 27 de junio y que permanecer\u00e1 hasta el 28 de julio de 2025 en la planta principal de la Biblioteca General y de Humanidades de la Universidad de La Laguna, en el Campus...\" \/>\n<meta property=\"og:url\" content=\"https:\/\/www.ull.es\/portal\/agenda\/evento\/exposicion-la-savia-de-la-historia-genealogia-en-canarias\/\" \/>\n<meta property=\"og:site_name\" content=\"ULL - Agenda\" \/>\n<meta property=\"article:modified_time\" content=\"2025-07-17T10:11:57+00:00\" \/>\n<meta property=\"og:image\" content=\"https:\/\/www.ull.es\/portal\/agenda\/wp-content\/uploads\/sites\/12\/2025\/06\/eventos.jpg\" \/>\n\t<meta property=\"og:image:width\" content=\"750\" \/>\n\t<meta property=\"og:image:height\" content=\"370\" \/>\n\t<meta property=\"og:image:type\" content=\"image\/jpeg\" \/>\n<meta name=\"twitter:card\" content=\"summary_large_image\" \/>\n<meta name=\"twitter:label1\" content=\"Tiempo de lectura\" \/>\n\t<meta name=\"twitter:data1\" content=\"1 minuto\" \/>\n<script type=\"application\/ld+json\" class=\"yoast-schema-graph\">{\"@context\":\"https:\/\/schema.org\",\"@graph\":[{\"@type\":\"WebPage\",\"@id\":\"https:\/\/www.ull.es\/portal\/agenda\/evento\/exposicion-la-savia-de-la-historia-genealogia-en-canarias\/\",\"url\":\"https:\/\/www.ull.es\/portal\/agenda\/evento\/exposicion-la-savia-de-la-historia-genealogia-en-canarias\/\",\"name\":\"Exposici\u00f3n: 'La savia de la Historia: Genealog\u00eda en Canarias' - ULL - Agenda\",\"isPartOf\":{\"@id\":\"https:\/\/www.ull.es\/portal\/agenda\/#website\"},\"datePublished\":\"2025-06-11T11:00:54+00:00\",\"dateModified\":\"2025-07-17T10:11:57+00:00\",\"breadcrumb\":{\"@id\":\"https:\/\/www.ull.es\/portal\/agenda\/evento\/exposicion-la-savia-de-la-historia-genealogia-en-canarias\/#breadcrumb\"},\"inLanguage\":\"es\",\"potentialAction\":[{\"@type\":\"ReadAction\",\"target\":[\"https:\/\/www.ull.es\/portal\/agenda\/evento\/exposicion-la-savia-de-la-historia-genealogia-en-canarias\/\"]}]},{\"@type\":\"BreadcrumbList\",\"@id\":\"https:\/\/www.ull.es\/portal\/agenda\/evento\/exposicion-la-savia-de-la-historia-genealogia-en-canarias\/#breadcrumb\",\"itemListElement\":[{\"@type\":\"ListItem\",\"position\":1,\"name\":\"Portada\",\"item\":\"https:\/\/www.ull.es\/portal\/agenda\/\"},{\"@type\":\"ListItem\",\"position\":2,\"name\":\"Exposici\u00f3n: &#8216;La savia de la Historia: Genealog\u00eda en Canarias&#8217;\"}]},{\"@type\":\"WebSite\",\"@id\":\"https:\/\/www.ull.es\/portal\/agenda\/#website\",\"url\":\"https:\/\/www.ull.es\/portal\/agenda\/\",\"name\":\"ULL - Agenda\",\"description\":\"\",\"potentialAction\":[{\"@type\":\"SearchAction\",\"target\":{\"@type\":\"EntryPoint\",\"urlTemplate\":\"https:\/\/www.ull.es\/portal\/agenda\/?s={search_term_string}\"},\"query-input\":\"required name=search_term_string\"}],\"inLanguage\":\"es\"}]}<\/script>\n<!-- \/ Yoast SEO plugin. -->","yoast_head_json":{"title":"Exposici\u00f3n: 'La savia de la Historia: Genealog\u00eda en Canarias' - ULL - Agenda","robots":{"index":"index","follow":"follow","max-snippet":"max-snippet:-1","max-image-preview":"max-image-preview:large","max-video-preview":"max-video-preview:-1"},"canonical":"https:\/\/www.ull.es\/portal\/agenda\/evento\/exposicion-la-savia-de-la-historia-genealogia-en-canarias\/","og_locale":"es_ES","og_type":"article","og_title":"Exposici\u00f3n: 'La savia de la Historia: Genealog\u00eda en Canarias' - ULL - Agenda","og_description":"\u00abLa savia de la Historia: Genealog\u00eda en Canarias\u00bb es el t\u00edtulo elegido para la exposici\u00f3n bibliogr\u00e1fica y documental que se inaugura el 27 de junio y que permanecer\u00e1 hasta el 28 de julio de 2025 en la planta principal de la Biblioteca General y de Humanidades de la Universidad de La Laguna, en el Campus...","og_url":"https:\/\/www.ull.es\/portal\/agenda\/evento\/exposicion-la-savia-de-la-historia-genealogia-en-canarias\/","og_site_name":"ULL - Agenda","article_modified_time":"2025-07-17T10:11:57+00:00","og_image":[{"width":750,"height":370,"url":"https:\/\/www.ull.es\/portal\/agenda\/wp-content\/uploads\/sites\/12\/2025\/06\/eventos.jpg","type":"image\/jpeg"}],"twitter_card":"summary_large_image","twitter_misc":{"Tiempo de lectura":"1 minuto"},"schema":{"@context":"https:\/\/schema.org","@graph":[{"@type":"WebPage","@id":"https:\/\/www.ull.es\/portal\/agenda\/evento\/exposicion-la-savia-de-la-historia-genealogia-en-canarias\/","url":"https:\/\/www.ull.es\/portal\/agenda\/evento\/exposicion-la-savia-de-la-historia-genealogia-en-canarias\/","name":"Exposici\u00f3n: 'La savia de la Historia: Genealog\u00eda en Canarias' - ULL - Agenda","isPartOf":{"@id":"https:\/\/www.ull.es\/portal\/agenda\/#website"},"datePublished":"2025-06-11T11:00:54+00:00","dateModified":"2025-07-17T10:11:57+00:00","breadcrumb":{"@id":"https:\/\/www.ull.es\/portal\/agenda\/evento\/exposicion-la-savia-de-la-historia-genealogia-en-canarias\/#breadcrumb"},"inLanguage":"es","potentialAction":[{"@type":"ReadAction","target":["https:\/\/www.ull.es\/portal\/agenda\/evento\/exposicion-la-savia-de-la-historia-genealogia-en-canarias\/"]}]},{"@type":"BreadcrumbList","@id":"https:\/\/www.ull.es\/portal\/agenda\/evento\/exposicion-la-savia-de-la-historia-genealogia-en-canarias\/#breadcrumb","itemListElement":[{"@type":"ListItem","position":1,"name":"Portada","item":"https:\/\/www.ull.es\/portal\/agenda\/"},{"@type":"ListItem","position":2,"name":"Exposici\u00f3n: &#8216;La savia de la Historia: Genealog\u00eda en Canarias&#8217;"}]},{"@type":"WebSite","@id":"https:\/\/www.ull.es\/portal\/agenda\/#website","url":"https:\/\/www.ull.es\/portal\/agenda\/","name":"ULL - Agenda","description":"","potentialAction":[{"@type":"SearchAction","target":{"@type":"EntryPoint","urlTemplate":"https:\/\/www.ull.es\/portal\/agenda\/?s={search_term_string}"},"query-input":"required name=search_term_string"}],"inLanguage":"es"}]}},"_links":{"self":[{"href":"https:\/\/www.ull.es\/portal\/agenda\/wp-json\/wp\/v2\/tribe_events\/43166"}],"collection":[{"href":"https:\/\/www.ull.es\/portal\/agenda\/wp-json\/wp\/v2\/tribe_events"}],"about":[{"href":"https:\/\/www.ull.es\/portal\/agenda\/wp-json\/wp\/v2\/types\/tribe_events"}],"author":[{"embeddable":true,"href":"https:\/\/www.ull.es\/portal\/agenda\/wp-json\/wp\/v2\/users\/65"}],"replies":[{"embeddable":true,"href":"https:\/\/www.ull.es\/portal\/agenda\/wp-json\/wp\/v2\/comments?post=43166"}],"version-history":[{"count":2,"href":"https:\/\/www.ull.es\/portal\/agenda\/wp-json\/wp\/v2\/tribe_events\/43166\/revisions"}],"predecessor-version":[{"id":43170,"href":"https:\/\/www.ull.es\/portal\/agenda\/wp-json\/wp\/v2\/tribe_events\/43166\/revisions\/43170"}],"wp:featuredmedia":[{"embeddable":true,"href":"https:\/\/www.ull.es\/portal\/agenda\/wp-json\/wp\/v2\/media\/43167"}],"wp:attachment":[{"href":"https:\/\/www.ull.es\/portal\/agenda\/wp-json\/wp\/v2\/media?parent=43166"}],"wp:term":[{"taxonomy":"post_tag","embeddable":true,"href":"https:\/\/www.ull.es\/portal\/agenda\/wp-json\/wp\/v2\/tags?post=43166"},{"taxonomy":"tribe_events_cat","embeddable":true,"href":"https:\/\/www.ull.es\/portal\/agenda\/wp-json\/wp\/v2\/tribe_events_cat?post=43166"}],"curies":[{"name":"wp","href":"https:\/\/api.w.org\/{rel}","templated":true}]}}

Exposición: &#8216;La savia de la Historia: Genealogía en Canarias&#8217;

<p>«La savia de la Historia: Genealogía en Canarias» es el título elegido para la exposición bibliográfica y documental que se inaugura el 27 de junio y que permanecerá hasta el 28 de julio de 2025 en la planta principal de la Biblioteca General y de Humanidades de la Universidad de La Laguna, en el Campus de Guajara. La muestra forma parte de los actos del XIV Coloquio Internacional de Genealogía organizado por la Sociedad de Estudios Genealógicos y Heráldicos de Canarias (SEGEHECA).</p>
<p>Esta exposición quiere dar visibilidad a los fondos de carácter genealógico con los que cuenta la Biblioteca de la Universidad de La Laguna en el Fondo Antiguo, en los Archivos Personales y Familiares y también en sus colecciones más modernas de la Biblioteca de Canarias.</p>
<p>Es una oportunidad para contemplar tanto impresos y manuscritos antiguos, que muestran la Genealogía en su sentido más tradicional del estudio de linajes familiares, como otras obras modernas que evidencian el uso más actual de esta disciplina que -ayudada por la Genética- trata de contribuir al estudio y reconstrucción de las historias familiares. La mayoría de los documentos expuestos están digitalizados y en acceso abierto a través de la plataforma Maresía.</p>
<p>Para más información, pulse este <a href="https://www.segeheca.com/XIV-Coloquio-Internacional-de-Genealog-a/" target="_blank" rel="noopener" target="_blank" rel="noopener">enlace</a>.</p>

<p>«La savia de la Historia: Genealogía en Canarias» es el título elegido para la exposición bibliográfica y documental que se inaugura el 27 de junio y que permanecerá hasta el 28 de julio de 2025 en la planta principal de la Biblioteca General y de Humanidades de la Universidad de La Laguna, en el Campus&#8230;</p>

<!-- This site is optimized with the Yoast SEO plugin v21.3 - https://yoast.com/wordpress/plugins/seo/ -->
<title>Exposición: &#039;La savia de la Historia: Genealogía en Canarias&#039; - ULL - Agenda</title>
<meta name="robots" content="index, follow, max-snippet:-1, max-image-preview:large, max-video-preview:-1" />
<link rel="canonical" href="https://www.ull.es/portal/agenda/evento/exposicion-la-savia-de-la-historia-genealogia-en-canarias/" />
<meta property="og:locale" content="es_ES" />
<meta property="og:type" content="article" />
<meta property="og:title" content="Exposición: &#039;La savia de la Historia: Genealogía en Canarias&#039; - ULL - Agenda" />
<meta property="og:description" content="«La savia de la Historia: Genealogía en Canarias» es el título elegido para la exposición bibliográfica y documental que se inaugura el 27 de junio y que permanecerá hasta el 28 de julio de 2025 en la planta principal de la Biblioteca General y de Humanidades de la Universidad de La Laguna, en el Campus..." />
<meta property="og:url" content="https://www.ull.es/portal/agenda/evento/exposicion-la-savia-de-la-historia-genealogia-en-canarias/" />
<meta property="og:site_name" content="ULL - Agenda" />
<meta property="article:modified_time" content="2025-07-17T10:11:57+00:00" />
<meta property="og:image" content="https://www.ull.es/portal/agenda/wp-content/uploads/sites/12/2025/06/eventos.jpg" />
	<meta property="og:image:width" content="750" />
	<meta property="og:image:height" content="370" />
	<meta property="og:image:type" content="image/jpeg" />
<meta name="twitter:card" content="summary_large_image" />
<meta name="twitter:label1" content="Tiempo de lectura" />
	<meta name="twitter:data1" content="1 minuto" />
<script type="application/ld+json" class="yoast-schema-graph">{"@context":"https://schema.org","@graph":[{"@type":"WebPage","@id":"https://www.ull.es/portal/agenda/evento/exposicion-la-savia-de-la-historia-genealogia-en-canarias/","url":"https://www.ull.es/portal/agenda/evento/exposicion-la-savia-de-la-historia-genealogia-en-canarias/","name":"Exposición: 'La savia de la Historia: Genealogía en Canarias' - ULL - Agenda","isPartOf":{"@id":"https://www.ull.es/portal/agenda/#website"},"datePublished":"2025-06-11T11:00:54+00:00","dateModified":"2025-07-17T10:11:57+00:00","breadcrumb":{"@id":"https://www.ull.es/portal/agenda/evento/exposicion-la-savia-de-la-historia-genealogia-en-canarias/#breadcrumb"},"inLanguage":"es","potentialAction":[{"@type":"ReadAction","target":["https://www.ull.es/portal/agenda/evento/exposicion-la-savia-de-la-historia-genealogia-en-canarias/"]}]},{"@type":"BreadcrumbList","@id":"https://www.ull.es/portal/agenda/evento/exposicion-la-savia-de-la-historia-genealogia-en-canarias/#breadcrumb","itemListElement":[{"@type":"ListItem","position":1,"name":"Portada","item":"https://www.ull.es/portal/agenda/"},{"@type":"ListItem","position":2,"name":"Exposición: &#8216;La savia de la Historia: Genealogía en Canarias&#8217;"}]},{"@type":"WebSite","@id":"https://www.ull.es/portal/agenda/#website","url":"https://www.ull.es/portal/agenda/","name":"ULL - Agenda","description":"","potentialAction":[{"@type":"SearchAction","target":{"@type":"EntryPoint","urlTemplate":"https://www.ull.es/portal/agenda/?s={search_term_string}"},"query-input":"required name=search_term_string"}],"inLanguage":"es"}]}</script>
<!-- / Yoast SEO plugin. -->

Exposición: 'La savia de la Historia: Genealogía en Canarias' - ULL - Agenda

«La savia de la Historia: Genealogía en Canarias» es el título elegido para la exposición bibliográfica y documental que se inaugura el 27 de junio y que permanecerá hasta el 28 de julio de 2025 en la planta principal de la Biblioteca General y de Humanidades de la Universidad de La Laguna, en el Campus...
