{"id":43235,"date":"2025-06-17T12:39:27","date_gmt":"2025-06-17T12:39:27","guid":{"rendered":"https:\/\/www.ull.es\/portal\/agenda\/?post_type=tribe_events&#038;p=43235"},"modified":"2025-06-18T08:10:47","modified_gmt":"2025-06-18T08:10:47","slug":"acto-de-reconocimiento-a-las-mejores-calificaciones-de-acceso-a-la-universidad","status":"publish","type":"tribe_events","link":"https:\/\/www.ull.es\/portal\/agenda\/evento\/acto-de-reconocimiento-a-las-mejores-calificaciones-de-acceso-a-la-universidad\/","title":{"rendered":"Acto de reconocimiento a las mejores calificaciones de acceso a la universidad"},"content":{"rendered":"<p>Un a\u00f1o mas, la Universidad de La Laguna celebra un acto de homenaje a los 30 mejores expedientes de acceso a la universidad, como forma de reconocimiento a la excelencia y al esfuerzo que un nutrido grupo de j\u00f3venes ha mostrado tanto en los ex\u00e1menes de la PAU como en el propio Bachillerato. La Facultad de Bellas Artes ser\u00e1 el escenario elegido para llevar a cabo este acto, que tendr\u00e1 lugar el viernes 27 de junio a las 18:00 horas.<\/p>\n<p>Francisco J. Garc\u00eda, rector de la universidad ser\u00e1 el encargado de presidir esta ceremonia, acompa\u00f1ado por Rosario Hern\u00e1ndez, vicerrectora de Estudiantes y Antonio Adelfo N\u00fa\u00f1ez, responsable de las pruebas de acceso. Adem\u00e1s, los padres y madres, profesorado y otros familiares de los agasajados tambi\u00e9n estar\u00e1n invitados a acompa\u00f1ar a los estudiantes en este d\u00eda.<\/p>\n","protected":false},"excerpt":{"rendered":"<p>Un a\u00f1o mas, la Universidad de La Laguna celebra un acto de homenaje a los 30 mejores expedientes de acceso a la universidad, como forma de reconocimiento a la excelencia y al esfuerzo que un nutrido grupo de j\u00f3venes ha mostrado tanto en los ex\u00e1menes de la PAU como en el propio Bachillerato. La Facultad&#8230;<\/p>\n","protected":false},"author":65,"featured_media":43243,"comment_status":"closed","ping_status":"closed","template":"","tags":[],"tribe_events_cat":[4,186,191],"acf":[],"yoast_head":"<!-- This site is optimized with the Yoast SEO plugin v21.3 - https:\/\/yoast.com\/wordpress\/plugins\/seo\/ -->\n<title>Acto de reconocimiento a las mejores calificaciones de acceso a la universidad - ULL - Agenda<\/title>\n<meta name=\"robots\" content=\"index, follow, max-snippet:-1, max-image-preview:large, max-video-preview:-1\" \/>\n<link rel=\"canonical\" href=\"https:\/\/www.ull.es\/portal\/agenda\/evento\/acto-de-reconocimiento-a-las-mejores-calificaciones-de-acceso-a-la-universidad\/\" \/>\n<meta property=\"og:locale\" content=\"es_ES\" \/>\n<meta property=\"og:type\" content=\"article\" \/>\n<meta property=\"og:title\" content=\"Acto de reconocimiento a las mejores calificaciones de acceso a la universidad - ULL - Agenda\" \/>\n<meta property=\"og:description\" content=\"Un a\u00f1o mas, la Universidad de La Laguna celebra un acto de homenaje a los 30 mejores expedientes de acceso a la universidad, como forma de reconocimiento a la excelencia y al esfuerzo que un nutrido grupo de j\u00f3venes ha mostrado tanto en los ex\u00e1menes de la PAU como en el propio Bachillerato. La Facultad...\" \/>\n<meta property=\"og:url\" content=\"https:\/\/www.ull.es\/portal\/agenda\/evento\/acto-de-reconocimiento-a-las-mejores-calificaciones-de-acceso-a-la-universidad\/\" \/>\n<meta property=\"og:site_name\" content=\"ULL - Agenda\" \/>\n<meta property=\"article:modified_time\" content=\"2025-06-18T08:10:47+00:00\" \/>\n<meta property=\"og:image\" content=\"https:\/\/www.ull.es\/portal\/agenda\/wp-content\/uploads\/sites\/12\/2025\/06\/Acto-de-reconocimiento-a-las-mejores-calificaciones-de-acceso-a-la-universidad_Banner-eventos.jpg\" \/>\n\t<meta property=\"og:image:width\" content=\"750\" \/>\n\t<meta property=\"og:image:height\" content=\"370\" \/>\n\t<meta property=\"og:image:type\" content=\"image\/jpeg\" \/>\n<meta name=\"twitter:card\" content=\"summary_large_image\" \/>\n<meta name=\"twitter:label1\" content=\"Tiempo de lectura\" \/>\n\t<meta name=\"twitter:data1\" content=\"1 minuto\" \/>\n<script type=\"application\/ld+json\" class=\"yoast-schema-graph\">{\"@context\":\"https:\/\/schema.org\",\"@graph\":[{\"@type\":\"WebPage\",\"@id\":\"https:\/\/www.ull.es\/portal\/agenda\/evento\/acto-de-reconocimiento-a-las-mejores-calificaciones-de-acceso-a-la-universidad\/\",\"url\":\"https:\/\/www.ull.es\/portal\/agenda\/evento\/acto-de-reconocimiento-a-las-mejores-calificaciones-de-acceso-a-la-universidad\/\",\"name\":\"Acto de reconocimiento a las mejores calificaciones de acceso a la universidad - ULL - Agenda\",\"isPartOf\":{\"@id\":\"https:\/\/www.ull.es\/portal\/agenda\/#website\"},\"datePublished\":\"2025-06-17T12:39:27+00:00\",\"dateModified\":\"2025-06-18T08:10:47+00:00\",\"breadcrumb\":{\"@id\":\"https:\/\/www.ull.es\/portal\/agenda\/evento\/acto-de-reconocimiento-a-las-mejores-calificaciones-de-acceso-a-la-universidad\/#breadcrumb\"},\"inLanguage\":\"es\",\"potentialAction\":[{\"@type\":\"ReadAction\",\"target\":[\"https:\/\/www.ull.es\/portal\/agenda\/evento\/acto-de-reconocimiento-a-las-mejores-calificaciones-de-acceso-a-la-universidad\/\"]}]},{\"@type\":\"BreadcrumbList\",\"@id\":\"https:\/\/www.ull.es\/portal\/agenda\/evento\/acto-de-reconocimiento-a-las-mejores-calificaciones-de-acceso-a-la-universidad\/#breadcrumb\",\"itemListElement\":[{\"@type\":\"ListItem\",\"position\":1,\"name\":\"Portada\",\"item\":\"https:\/\/www.ull.es\/portal\/agenda\/\"},{\"@type\":\"ListItem\",\"position\":2,\"name\":\"Acto de reconocimiento a las mejores calificaciones de acceso a la universidad\"}]},{\"@type\":\"WebSite\",\"@id\":\"https:\/\/www.ull.es\/portal\/agenda\/#website\",\"url\":\"https:\/\/www.ull.es\/portal\/agenda\/\",\"name\":\"ULL - Agenda\",\"description\":\"\",\"potentialAction\":[{\"@type\":\"SearchAction\",\"target\":{\"@type\":\"EntryPoint\",\"urlTemplate\":\"https:\/\/www.ull.es\/portal\/agenda\/?s={search_term_string}\"},\"query-input\":\"required name=search_term_string\"}],\"inLanguage\":\"es\"}]}<\/script>\n<!-- \/ Yoast SEO plugin. -->","yoast_head_json":{"title":"Acto de reconocimiento a las mejores calificaciones de acceso a la universidad - ULL - Agenda","robots":{"index":"index","follow":"follow","max-snippet":"max-snippet:-1","max-image-preview":"max-image-preview:large","max-video-preview":"max-video-preview:-1"},"canonical":"https:\/\/www.ull.es\/portal\/agenda\/evento\/acto-de-reconocimiento-a-las-mejores-calificaciones-de-acceso-a-la-universidad\/","og_locale":"es_ES","og_type":"article","og_title":"Acto de reconocimiento a las mejores calificaciones de acceso a la universidad - ULL - Agenda","og_description":"Un a\u00f1o mas, la Universidad de La Laguna celebra un acto de homenaje a los 30 mejores expedientes de acceso a la universidad, como forma de reconocimiento a la excelencia y al esfuerzo que un nutrido grupo de j\u00f3venes ha mostrado tanto en los ex\u00e1menes de la PAU como en el propio Bachillerato. La Facultad...","og_url":"https:\/\/www.ull.es\/portal\/agenda\/evento\/acto-de-reconocimiento-a-las-mejores-calificaciones-de-acceso-a-la-universidad\/","og_site_name":"ULL - Agenda","article_modified_time":"2025-06-18T08:10:47+00:00","og_image":[{"width":750,"height":370,"url":"https:\/\/www.ull.es\/portal\/agenda\/wp-content\/uploads\/sites\/12\/2025\/06\/Acto-de-reconocimiento-a-las-mejores-calificaciones-de-acceso-a-la-universidad_Banner-eventos.jpg","type":"image\/jpeg"}],"twitter_card":"summary_large_image","twitter_misc":{"Tiempo de lectura":"1 minuto"},"schema":{"@context":"https:\/\/schema.org","@graph":[{"@type":"WebPage","@id":"https:\/\/www.ull.es\/portal\/agenda\/evento\/acto-de-reconocimiento-a-las-mejores-calificaciones-de-acceso-a-la-universidad\/","url":"https:\/\/www.ull.es\/portal\/agenda\/evento\/acto-de-reconocimiento-a-las-mejores-calificaciones-de-acceso-a-la-universidad\/","name":"Acto de reconocimiento a las mejores calificaciones de acceso a la universidad - ULL - Agenda","isPartOf":{"@id":"https:\/\/www.ull.es\/portal\/agenda\/#website"},"datePublished":"2025-06-17T12:39:27+00:00","dateModified":"2025-06-18T08:10:47+00:00","breadcrumb":{"@id":"https:\/\/www.ull.es\/portal\/agenda\/evento\/acto-de-reconocimiento-a-las-mejores-calificaciones-de-acceso-a-la-universidad\/#breadcrumb"},"inLanguage":"es","potentialAction":[{"@type":"ReadAction","target":["https:\/\/www.ull.es\/portal\/agenda\/evento\/acto-de-reconocimiento-a-las-mejores-calificaciones-de-acceso-a-la-universidad\/"]}]},{"@type":"BreadcrumbList","@id":"https:\/\/www.ull.es\/portal\/agenda\/evento\/acto-de-reconocimiento-a-las-mejores-calificaciones-de-acceso-a-la-universidad\/#breadcrumb","itemListElement":[{"@type":"ListItem","position":1,"name":"Portada","item":"https:\/\/www.ull.es\/portal\/agenda\/"},{"@type":"ListItem","position":2,"name":"Acto de reconocimiento a las mejores calificaciones de acceso a la universidad"}]},{"@type":"WebSite","@id":"https:\/\/www.ull.es\/portal\/agenda\/#website","url":"https:\/\/www.ull.es\/portal\/agenda\/","name":"ULL - Agenda","description":"","potentialAction":[{"@type":"SearchAction","target":{"@type":"EntryPoint","urlTemplate":"https:\/\/www.ull.es\/portal\/agenda\/?s={search_term_string}"},"query-input":"required name=search_term_string"}],"inLanguage":"es"}]}},"_links":{"self":[{"href":"https:\/\/www.ull.es\/portal\/agenda\/wp-json\/wp\/v2\/tribe_events\/43235"}],"collection":[{"href":"https:\/\/www.ull.es\/portal\/agenda\/wp-json\/wp\/v2\/tribe_events"}],"about":[{"href":"https:\/\/www.ull.es\/portal\/agenda\/wp-json\/wp\/v2\/types\/tribe_events"}],"author":[{"embeddable":true,"href":"https:\/\/www.ull.es\/portal\/agenda\/wp-json\/wp\/v2\/users\/65"}],"replies":[{"embeddable":true,"href":"https:\/\/www.ull.es\/portal\/agenda\/wp-json\/wp\/v2\/comments?post=43235"}],"version-history":[{"count":3,"href":"https:\/\/www.ull.es\/portal\/agenda\/wp-json\/wp\/v2\/tribe_events\/43235\/revisions"}],"predecessor-version":[{"id":43245,"href":"https:\/\/www.ull.es\/portal\/agenda\/wp-json\/wp\/v2\/tribe_events\/43235\/revisions\/43245"}],"wp:featuredmedia":[{"embeddable":true,"href":"https:\/\/www.ull.es\/portal\/agenda\/wp-json\/wp\/v2\/media\/43243"}],"wp:attachment":[{"href":"https:\/\/www.ull.es\/portal\/agenda\/wp-json\/wp\/v2\/media?parent=43235"}],"wp:term":[{"taxonomy":"post_tag","embeddable":true,"href":"https:\/\/www.ull.es\/portal\/agenda\/wp-json\/wp\/v2\/tags?post=43235"},{"taxonomy":"tribe_events_cat","embeddable":true,"href":"https:\/\/www.ull.es\/portal\/agenda\/wp-json\/wp\/v2\/tribe_events_cat?post=43235"}],"curies":[{"name":"wp","href":"https:\/\/api.w.org\/{rel}","templated":true}]}}

<p>Un año mas, la Universidad de La Laguna celebra un acto de homenaje a los 30 mejores expedientes de acceso a la universidad, como forma de reconocimiento a la excelencia y al esfuerzo que un nutrido grupo de jóvenes ha mostrado tanto en los exámenes de la PAU como en el propio Bachillerato. La Facultad de Bellas Artes será el escenario elegido para llevar a cabo este acto, que tendrá lugar el viernes 27 de junio a las 18:00 horas.</p>
<p>Francisco J. García, rector de la universidad será el encargado de presidir esta ceremonia, acompañado por Rosario Hernández, vicerrectora de Estudiantes y Antonio Adelfo Núñez, responsable de las pruebas de acceso. Además, los padres y madres, profesorado y otros familiares de los agasajados también estarán invitados a acompañar a los estudiantes en este día.</p>

<p>Un año mas, la Universidad de La Laguna celebra un acto de homenaje a los 30 mejores expedientes de acceso a la universidad, como forma de reconocimiento a la excelencia y al esfuerzo que un nutrido grupo de jóvenes ha mostrado tanto en los exámenes de la PAU como en el propio Bachillerato. La Facultad&#8230;</p>

<!-- This site is optimized with the Yoast SEO plugin v21.3 - https://yoast.com/wordpress/plugins/seo/ -->
<title>Acto de reconocimiento a las mejores calificaciones de acceso a la universidad - ULL - Agenda</title>
<meta name="robots" content="index, follow, max-snippet:-1, max-image-preview:large, max-video-preview:-1" />
<link rel="canonical" href="https://www.ull.es/portal/agenda/evento/acto-de-reconocimiento-a-las-mejores-calificaciones-de-acceso-a-la-universidad/" />
<meta property="og:locale" content="es_ES" />
<meta property="og:type" content="article" />
<meta property="og:title" content="Acto de reconocimiento a las mejores calificaciones de acceso a la universidad - ULL - Agenda" />
<meta property="og:description" content="Un año mas, la Universidad de La Laguna celebra un acto de homenaje a los 30 mejores expedientes de acceso a la universidad, como forma de reconocimiento a la excelencia y al esfuerzo que un nutrido grupo de jóvenes ha mostrado tanto en los exámenes de la PAU como en el propio Bachillerato. La Facultad..." />
<meta property="og:url" content="https://www.ull.es/portal/agenda/evento/acto-de-reconocimiento-a-las-mejores-calificaciones-de-acceso-a-la-universidad/" />
<meta property="og:site_name" content="ULL - Agenda" />
<meta property="article:modified_time" content="2025-06-18T08:10:47+00:00" />
<meta property="og:image" content="https://www.ull.es/portal/agenda/wp-content/uploads/sites/12/2025/06/Acto-de-reconocimiento-a-las-mejores-calificaciones-de-acceso-a-la-universidad_Banner-eventos.jpg" />
	<meta property="og:image:width" content="750" />
	<meta property="og:image:height" content="370" />
	<meta property="og:image:type" content="image/jpeg" />
<meta name="twitter:card" content="summary_large_image" />
<meta name="twitter:label1" content="Tiempo de lectura" />
	<meta name="twitter:data1" content="1 minuto" />
<script type="application/ld+json" class="yoast-schema-graph">{"@context":"https://schema.org","@graph":[{"@type":"WebPage","@id":"https://www.ull.es/portal/agenda/evento/acto-de-reconocimiento-a-las-mejores-calificaciones-de-acceso-a-la-universidad/","url":"https://www.ull.es/portal/agenda/evento/acto-de-reconocimiento-a-las-mejores-calificaciones-de-acceso-a-la-universidad/","name":"Acto de reconocimiento a las mejores calificaciones de acceso a la universidad - ULL - Agenda","isPartOf":{"@id":"https://www.ull.es/portal/agenda/#website"},"datePublished":"2025-06-17T12:39:27+00:00","dateModified":"2025-06-18T08:10:47+00:00","breadcrumb":{"@id":"https://www.ull.es/portal/agenda/evento/acto-de-reconocimiento-a-las-mejores-calificaciones-de-acceso-a-la-universidad/#breadcrumb"},"inLanguage":"es","potentialAction":[{"@type":"ReadAction","target":["https://www.ull.es/portal/agenda/evento/acto-de-reconocimiento-a-las-mejores-calificaciones-de-acceso-a-la-universidad/"]}]},{"@type":"BreadcrumbList","@id":"https://www.ull.es/portal/agenda/evento/acto-de-reconocimiento-a-las-mejores-calificaciones-de-acceso-a-la-universidad/#breadcrumb","itemListElement":[{"@type":"ListItem","position":1,"name":"Portada","item":"https://www.ull.es/portal/agenda/"},{"@type":"ListItem","position":2,"name":"Acto de reconocimiento a las mejores calificaciones de acceso a la universidad"}]},{"@type":"WebSite","@id":"https://www.ull.es/portal/agenda/#website","url":"https://www.ull.es/portal/agenda/","name":"ULL - Agenda","description":"","potentialAction":[{"@type":"SearchAction","target":{"@type":"EntryPoint","urlTemplate":"https://www.ull.es/portal/agenda/?s={search_term_string}"},"query-input":"required name=search_term_string"}],"inLanguage":"es"}]}</script>
<!-- / Yoast SEO plugin. -->

Un año mas, la Universidad de La Laguna celebra un acto de homenaje a los 30 mejores expedientes de acceso a la universidad, como forma de reconocimiento a la excelencia y al esfuerzo que un nutrido grupo de jóvenes ha mostrado tanto en los exámenes de la PAU como en el propio Bachillerato. La Facultad...
