{"id":43261,"date":"2025-06-19T11:42:09","date_gmt":"2025-06-19T11:42:09","guid":{"rendered":"https:\/\/www.ull.es\/portal\/agenda\/?post_type=tribe_events&#038;p=43261"},"modified":"2025-06-19T11:42:09","modified_gmt":"2025-06-19T11:42:09","slug":"voces-entre-lineas-lecturas-de-microrrelatos-plurilingues","status":"publish","type":"tribe_events","link":"https:\/\/www.ull.es\/portal\/agenda\/evento\/voces-entre-lineas-lecturas-de-microrrelatos-plurilingues\/","title":{"rendered":"\u00abVoces entre l\u00edneas\u00bb: lecturas de microrrelatos pluriling\u00fces"},"content":{"rendered":"<p>Con motivo de su 30 aniversario, el Servicio de Idiomas de la Universidad de La Laguna presenta una nueva propuesta cultural y participativa: \u201cVoces entre l\u00edneas\u201d.<br \/>\nSe trata de una sesi\u00f3n de lectura de microrrelatos en distintas lenguas, pensada para ofrecer una experiencia diversa, creativa y enriquecedora. A lo largo de la actividad, se dar\u00e1 voz a relatos breves en varios idiomas, con el prop\u00f3sito de celebrar la riqueza del pluriling\u00fcismo, promover el placer de la lectura y propiciar un espacio de encuentro e intercambio intercultural.<\/p>\n<p>La actividad es gratuita y no requiere inscripci\u00f3n previa.<\/p>\n<p>\u00a1Una oportunidad \u00fanica para practicar idiomas y descubrir nuevas historias!<\/p>\n","protected":false},"excerpt":{"rendered":"<p>Con motivo de su 30 aniversario, el Servicio de Idiomas de la Universidad de La Laguna presenta una nueva propuesta cultural y participativa: \u201cVoces entre l\u00edneas\u201d. Se trata de una sesi\u00f3n de lectura de microrrelatos en distintas lenguas, pensada para ofrecer una experiencia diversa, creativa y enriquecedora. A lo largo de la actividad, se dar\u00e1&#8230;<\/p>\n","protected":false},"author":65,"featured_media":43262,"comment_status":"closed","ping_status":"closed","template":"","tags":[],"tribe_events_cat":[4,186,191],"acf":[],"yoast_head":"<!-- This site is optimized with the Yoast SEO plugin v21.3 - https:\/\/yoast.com\/wordpress\/plugins\/seo\/ -->\n<title>&quot;Voces entre l\u00edneas&quot;: lecturas de microrrelatos pluriling\u00fces - ULL - Agenda<\/title>\n<meta name=\"robots\" content=\"index, follow, max-snippet:-1, max-image-preview:large, max-video-preview:-1\" \/>\n<link rel=\"canonical\" href=\"https:\/\/www.ull.es\/portal\/agenda\/evento\/voces-entre-lineas-lecturas-de-microrrelatos-plurilingues\/\" \/>\n<meta property=\"og:locale\" content=\"es_ES\" \/>\n<meta property=\"og:type\" content=\"article\" \/>\n<meta property=\"og:title\" content=\"&quot;Voces entre l\u00edneas&quot;: lecturas de microrrelatos pluriling\u00fces - ULL - Agenda\" \/>\n<meta property=\"og:description\" content=\"Con motivo de su 30 aniversario, el Servicio de Idiomas de la Universidad de La Laguna presenta una nueva propuesta cultural y participativa: \u201cVoces entre l\u00edneas\u201d. Se trata de una sesi\u00f3n de lectura de microrrelatos en distintas lenguas, pensada para ofrecer una experiencia diversa, creativa y enriquecedora. A lo largo de la actividad, se dar\u00e1...\" \/>\n<meta property=\"og:url\" content=\"https:\/\/www.ull.es\/portal\/agenda\/evento\/voces-entre-lineas-lecturas-de-microrrelatos-plurilingues\/\" \/>\n<meta property=\"og:site_name\" content=\"ULL - Agenda\" \/>\n<meta property=\"og:image\" content=\"https:\/\/www.ull.es\/portal\/agenda\/wp-content\/uploads\/sites\/12\/2025\/06\/Lectura-microrrelatos_Banner-eventos.png\" \/>\n\t<meta property=\"og:image:width\" content=\"750\" \/>\n\t<meta property=\"og:image:height\" content=\"370\" \/>\n\t<meta property=\"og:image:type\" content=\"image\/png\" \/>\n<meta name=\"twitter:card\" content=\"summary_large_image\" \/>\n<meta name=\"twitter:label1\" content=\"Tiempo de lectura\" \/>\n\t<meta name=\"twitter:data1\" content=\"1 minuto\" \/>\n<script type=\"application\/ld+json\" class=\"yoast-schema-graph\">{\"@context\":\"https:\/\/schema.org\",\"@graph\":[{\"@type\":\"WebPage\",\"@id\":\"https:\/\/www.ull.es\/portal\/agenda\/evento\/voces-entre-lineas-lecturas-de-microrrelatos-plurilingues\/\",\"url\":\"https:\/\/www.ull.es\/portal\/agenda\/evento\/voces-entre-lineas-lecturas-de-microrrelatos-plurilingues\/\",\"name\":\"\\\"Voces entre l\u00edneas\\\": lecturas de microrrelatos pluriling\u00fces - ULL - Agenda\",\"isPartOf\":{\"@id\":\"https:\/\/www.ull.es\/portal\/agenda\/#website\"},\"datePublished\":\"2025-06-19T11:42:09+00:00\",\"dateModified\":\"2025-06-19T11:42:09+00:00\",\"breadcrumb\":{\"@id\":\"https:\/\/www.ull.es\/portal\/agenda\/evento\/voces-entre-lineas-lecturas-de-microrrelatos-plurilingues\/#breadcrumb\"},\"inLanguage\":\"es\",\"potentialAction\":[{\"@type\":\"ReadAction\",\"target\":[\"https:\/\/www.ull.es\/portal\/agenda\/evento\/voces-entre-lineas-lecturas-de-microrrelatos-plurilingues\/\"]}]},{\"@type\":\"BreadcrumbList\",\"@id\":\"https:\/\/www.ull.es\/portal\/agenda\/evento\/voces-entre-lineas-lecturas-de-microrrelatos-plurilingues\/#breadcrumb\",\"itemListElement\":[{\"@type\":\"ListItem\",\"position\":1,\"name\":\"Portada\",\"item\":\"https:\/\/www.ull.es\/portal\/agenda\/\"},{\"@type\":\"ListItem\",\"position\":2,\"name\":\"\u00abVoces entre l\u00edneas\u00bb: lecturas de microrrelatos pluriling\u00fces\"}]},{\"@type\":\"WebSite\",\"@id\":\"https:\/\/www.ull.es\/portal\/agenda\/#website\",\"url\":\"https:\/\/www.ull.es\/portal\/agenda\/\",\"name\":\"ULL - Agenda\",\"description\":\"\",\"potentialAction\":[{\"@type\":\"SearchAction\",\"target\":{\"@type\":\"EntryPoint\",\"urlTemplate\":\"https:\/\/www.ull.es\/portal\/agenda\/?s={search_term_string}\"},\"query-input\":\"required name=search_term_string\"}],\"inLanguage\":\"es\"}]}<\/script>\n<!-- \/ Yoast SEO plugin. -->","yoast_head_json":{"title":"\"Voces entre l\u00edneas\": lecturas de microrrelatos pluriling\u00fces - ULL - Agenda","robots":{"index":"index","follow":"follow","max-snippet":"max-snippet:-1","max-image-preview":"max-image-preview:large","max-video-preview":"max-video-preview:-1"},"canonical":"https:\/\/www.ull.es\/portal\/agenda\/evento\/voces-entre-lineas-lecturas-de-microrrelatos-plurilingues\/","og_locale":"es_ES","og_type":"article","og_title":"\"Voces entre l\u00edneas\": lecturas de microrrelatos pluriling\u00fces - ULL - Agenda","og_description":"Con motivo de su 30 aniversario, el Servicio de Idiomas de la Universidad de La Laguna presenta una nueva propuesta cultural y participativa: \u201cVoces entre l\u00edneas\u201d. Se trata de una sesi\u00f3n de lectura de microrrelatos en distintas lenguas, pensada para ofrecer una experiencia diversa, creativa y enriquecedora. A lo largo de la actividad, se dar\u00e1...","og_url":"https:\/\/www.ull.es\/portal\/agenda\/evento\/voces-entre-lineas-lecturas-de-microrrelatos-plurilingues\/","og_site_name":"ULL - Agenda","og_image":[{"width":750,"height":370,"url":"https:\/\/www.ull.es\/portal\/agenda\/wp-content\/uploads\/sites\/12\/2025\/06\/Lectura-microrrelatos_Banner-eventos.png","type":"image\/png"}],"twitter_card":"summary_large_image","twitter_misc":{"Tiempo de lectura":"1 minuto"},"schema":{"@context":"https:\/\/schema.org","@graph":[{"@type":"WebPage","@id":"https:\/\/www.ull.es\/portal\/agenda\/evento\/voces-entre-lineas-lecturas-de-microrrelatos-plurilingues\/","url":"https:\/\/www.ull.es\/portal\/agenda\/evento\/voces-entre-lineas-lecturas-de-microrrelatos-plurilingues\/","name":"\"Voces entre l\u00edneas\": lecturas de microrrelatos pluriling\u00fces - ULL - Agenda","isPartOf":{"@id":"https:\/\/www.ull.es\/portal\/agenda\/#website"},"datePublished":"2025-06-19T11:42:09+00:00","dateModified":"2025-06-19T11:42:09+00:00","breadcrumb":{"@id":"https:\/\/www.ull.es\/portal\/agenda\/evento\/voces-entre-lineas-lecturas-de-microrrelatos-plurilingues\/#breadcrumb"},"inLanguage":"es","potentialAction":[{"@type":"ReadAction","target":["https:\/\/www.ull.es\/portal\/agenda\/evento\/voces-entre-lineas-lecturas-de-microrrelatos-plurilingues\/"]}]},{"@type":"BreadcrumbList","@id":"https:\/\/www.ull.es\/portal\/agenda\/evento\/voces-entre-lineas-lecturas-de-microrrelatos-plurilingues\/#breadcrumb","itemListElement":[{"@type":"ListItem","position":1,"name":"Portada","item":"https:\/\/www.ull.es\/portal\/agenda\/"},{"@type":"ListItem","position":2,"name":"\u00abVoces entre l\u00edneas\u00bb: lecturas de microrrelatos pluriling\u00fces"}]},{"@type":"WebSite","@id":"https:\/\/www.ull.es\/portal\/agenda\/#website","url":"https:\/\/www.ull.es\/portal\/agenda\/","name":"ULL - Agenda","description":"","potentialAction":[{"@type":"SearchAction","target":{"@type":"EntryPoint","urlTemplate":"https:\/\/www.ull.es\/portal\/agenda\/?s={search_term_string}"},"query-input":"required name=search_term_string"}],"inLanguage":"es"}]}},"_links":{"self":[{"href":"https:\/\/www.ull.es\/portal\/agenda\/wp-json\/wp\/v2\/tribe_events\/43261"}],"collection":[{"href":"https:\/\/www.ull.es\/portal\/agenda\/wp-json\/wp\/v2\/tribe_events"}],"about":[{"href":"https:\/\/www.ull.es\/portal\/agenda\/wp-json\/wp\/v2\/types\/tribe_events"}],"author":[{"embeddable":true,"href":"https:\/\/www.ull.es\/portal\/agenda\/wp-json\/wp\/v2\/users\/65"}],"replies":[{"embeddable":true,"href":"https:\/\/www.ull.es\/portal\/agenda\/wp-json\/wp\/v2\/comments?post=43261"}],"version-history":[{"count":1,"href":"https:\/\/www.ull.es\/portal\/agenda\/wp-json\/wp\/v2\/tribe_events\/43261\/revisions"}],"predecessor-version":[{"id":43263,"href":"https:\/\/www.ull.es\/portal\/agenda\/wp-json\/wp\/v2\/tribe_events\/43261\/revisions\/43263"}],"wp:featuredmedia":[{"embeddable":true,"href":"https:\/\/www.ull.es\/portal\/agenda\/wp-json\/wp\/v2\/media\/43262"}],"wp:attachment":[{"href":"https:\/\/www.ull.es\/portal\/agenda\/wp-json\/wp\/v2\/media?parent=43261"}],"wp:term":[{"taxonomy":"post_tag","embeddable":true,"href":"https:\/\/www.ull.es\/portal\/agenda\/wp-json\/wp\/v2\/tags?post=43261"},{"taxonomy":"tribe_events_cat","embeddable":true,"href":"https:\/\/www.ull.es\/portal\/agenda\/wp-json\/wp\/v2\/tribe_events_cat?post=43261"}],"curies":[{"name":"wp","href":"https:\/\/api.w.org\/{rel}","templated":true}]}}

«Voces entre líneas»: lecturas de microrrelatos plurilingües

<p>Con motivo de su 30 aniversario, el Servicio de Idiomas de la Universidad de La Laguna presenta una nueva propuesta cultural y participativa: “Voces entre líneas”.<br />
Se trata de una sesión de lectura de microrrelatos en distintas lenguas, pensada para ofrecer una experiencia diversa, creativa y enriquecedora. A lo largo de la actividad, se dará voz a relatos breves en varios idiomas, con el propósito de celebrar la riqueza del plurilingüismo, promover el placer de la lectura y propiciar un espacio de encuentro e intercambio intercultural.</p>
<p>La actividad es gratuita y no requiere inscripción previa.</p>
<p>¡Una oportunidad única para practicar idiomas y descubrir nuevas historias!</p>

<p>Con motivo de su 30 aniversario, el Servicio de Idiomas de la Universidad de La Laguna presenta una nueva propuesta cultural y participativa: “Voces entre líneas”. Se trata de una sesión de lectura de microrrelatos en distintas lenguas, pensada para ofrecer una experiencia diversa, creativa y enriquecedora. A lo largo de la actividad, se dará&#8230;</p>

<!-- This site is optimized with the Yoast SEO plugin v21.3 - https://yoast.com/wordpress/plugins/seo/ -->
<title>&quot;Voces entre líneas&quot;: lecturas de microrrelatos plurilingües - ULL - Agenda</title>
<meta name="robots" content="index, follow, max-snippet:-1, max-image-preview:large, max-video-preview:-1" />
<link rel="canonical" href="https://www.ull.es/portal/agenda/evento/voces-entre-lineas-lecturas-de-microrrelatos-plurilingues/" />
<meta property="og:locale" content="es_ES" />
<meta property="og:type" content="article" />
<meta property="og:title" content="&quot;Voces entre líneas&quot;: lecturas de microrrelatos plurilingües - ULL - Agenda" />
<meta property="og:description" content="Con motivo de su 30 aniversario, el Servicio de Idiomas de la Universidad de La Laguna presenta una nueva propuesta cultural y participativa: “Voces entre líneas”. Se trata de una sesión de lectura de microrrelatos en distintas lenguas, pensada para ofrecer una experiencia diversa, creativa y enriquecedora. A lo largo de la actividad, se dará..." />
<meta property="og:url" content="https://www.ull.es/portal/agenda/evento/voces-entre-lineas-lecturas-de-microrrelatos-plurilingues/" />
<meta property="og:site_name" content="ULL - Agenda" />
<meta property="og:image" content="https://www.ull.es/portal/agenda/wp-content/uploads/sites/12/2025/06/Lectura-microrrelatos_Banner-eventos.png" />
	<meta property="og:image:width" content="750" />
	<meta property="og:image:height" content="370" />
	<meta property="og:image:type" content="image/png" />
<meta name="twitter:card" content="summary_large_image" />
<meta name="twitter:label1" content="Tiempo de lectura" />
	<meta name="twitter:data1" content="1 minuto" />
<script type="application/ld+json" class="yoast-schema-graph">{"@context":"https://schema.org","@graph":[{"@type":"WebPage","@id":"https://www.ull.es/portal/agenda/evento/voces-entre-lineas-lecturas-de-microrrelatos-plurilingues/","url":"https://www.ull.es/portal/agenda/evento/voces-entre-lineas-lecturas-de-microrrelatos-plurilingues/","name":"\"Voces entre líneas\": lecturas de microrrelatos plurilingües - ULL - Agenda","isPartOf":{"@id":"https://www.ull.es/portal/agenda/#website"},"datePublished":"2025-06-19T11:42:09+00:00","dateModified":"2025-06-19T11:42:09+00:00","breadcrumb":{"@id":"https://www.ull.es/portal/agenda/evento/voces-entre-lineas-lecturas-de-microrrelatos-plurilingues/#breadcrumb"},"inLanguage":"es","potentialAction":[{"@type":"ReadAction","target":["https://www.ull.es/portal/agenda/evento/voces-entre-lineas-lecturas-de-microrrelatos-plurilingues/"]}]},{"@type":"BreadcrumbList","@id":"https://www.ull.es/portal/agenda/evento/voces-entre-lineas-lecturas-de-microrrelatos-plurilingues/#breadcrumb","itemListElement":[{"@type":"ListItem","position":1,"name":"Portada","item":"https://www.ull.es/portal/agenda/"},{"@type":"ListItem","position":2,"name":"«Voces entre líneas»: lecturas de microrrelatos plurilingües"}]},{"@type":"WebSite","@id":"https://www.ull.es/portal/agenda/#website","url":"https://www.ull.es/portal/agenda/","name":"ULL - Agenda","description":"","potentialAction":[{"@type":"SearchAction","target":{"@type":"EntryPoint","urlTemplate":"https://www.ull.es/portal/agenda/?s={search_term_string}"},"query-input":"required name=search_term_string"}],"inLanguage":"es"}]}</script>
<!-- / Yoast SEO plugin. -->

"Voces entre líneas": lecturas de microrrelatos plurilingües - ULL - Agenda

Con motivo de su 30 aniversario, el Servicio de Idiomas de la Universidad de La Laguna presenta una nueva propuesta cultural y participativa: “Voces entre líneas”. Se trata de una sesión de lectura de microrrelatos en distintas lenguas, pensada para ofrecer una experiencia diversa, creativa y enriquecedora. A lo largo de la actividad, se dará...
