{"id":43359,"date":"2025-06-25T13:58:09","date_gmt":"2025-06-25T13:58:09","guid":{"rendered":"https:\/\/www.ull.es\/portal\/agenda\/?post_type=tribe_events&#038;p=43359"},"modified":"2025-06-26T08:57:39","modified_gmt":"2025-06-26T08:57:39","slug":"acto-institucional-con-motivo-del-dia-internacional-del-orgullo-lgbtiq","status":"publish","type":"tribe_events","link":"https:\/\/www.ull.es\/portal\/agenda\/evento\/acto-institucional-con-motivo-del-dia-internacional-del-orgullo-lgbtiq\/","title":{"rendered":"Acto institucional con motivo del D\u00eda Internacional del Orgullo LGBTIQ+"},"content":{"rendered":"<p>El 28 de junio se conmemora el D\u00eda Internacional del Orgullo LGTBIQ+, una jornada que visibiliza la diversidad afectiva, sexual y de g\u00e9nero, y reivindica los derechos de todas las personas, sin excepci\u00f3n. Adem\u00e1s, este a\u00f1o se cumplen 20 a\u00f1os de la aprobaci\u00f3n del matrimonio igualitario en Espa\u00f1a, un hito fundamental en el camino hacia la igualdad.<\/p>\n<p>La Universidad de La Laguna se suma a esta efem\u00e9ride con un acto institucional que tendr\u00e1 lugar el viernes 27 de junio a las 13:00 horas, en las escalinatas del Edificio Central. El acto consistir\u00e1 en:<\/p>\n<ul>\n<li>Lectura del manifiesto institucional por una universidad visible, viva, valiente y orgullosamente diversa.<\/li>\n<li>Dramatizaci\u00f3n de poemas de la artista y activista canaria Roberta Marrero, fallecida en 2024, a cargo de la Agrupaci\u00f3n de Teatro de Filolog\u00eda.<\/li>\n<li>Actuaci\u00f3n musical de la cantautora \u00c9tel Santos.<\/li>\n<\/ul>\n","protected":false},"excerpt":{"rendered":"<p>El 28 de junio se conmemora el D\u00eda Internacional del Orgullo LGTBIQ+, una jornada que visibiliza la diversidad afectiva, sexual y de g\u00e9nero, y reivindica los derechos de todas las personas, sin excepci\u00f3n. Adem\u00e1s, este a\u00f1o se cumplen 20 a\u00f1os de la aprobaci\u00f3n del matrimonio igualitario en Espa\u00f1a, un hito fundamental en el camino hacia&#8230;<\/p>\n","protected":false},"author":65,"featured_media":43380,"comment_status":"closed","ping_status":"closed","template":"","tags":[],"tribe_events_cat":[4321,4942,4,1103,915,789,3096,972,1090,848,865,937,815,4949,2580,985,1831,788,186,191],"acf":[],"yoast_head":"<!-- This site is optimized with the Yoast SEO plugin v21.3 - https:\/\/yoast.com\/wordpress\/plugins\/seo\/ -->\n<title>Acto institucional con motivo del D\u00eda Internacional del Orgullo LGBTIQ+ - ULL - Agenda<\/title>\n<meta name=\"robots\" content=\"index, follow, max-snippet:-1, max-image-preview:large, max-video-preview:-1\" \/>\n<link rel=\"canonical\" href=\"https:\/\/www.ull.es\/portal\/agenda\/evento\/acto-institucional-con-motivo-del-dia-internacional-del-orgullo-lgbtiq\/\" \/>\n<meta property=\"og:locale\" content=\"es_ES\" \/>\n<meta property=\"og:type\" content=\"article\" \/>\n<meta property=\"og:title\" content=\"Acto institucional con motivo del D\u00eda Internacional del Orgullo LGBTIQ+ - ULL - Agenda\" \/>\n<meta property=\"og:description\" content=\"El 28 de junio se conmemora el D\u00eda Internacional del Orgullo LGTBIQ+, una jornada que visibiliza la diversidad afectiva, sexual y de g\u00e9nero, y reivindica los derechos de todas las personas, sin excepci\u00f3n. Adem\u00e1s, este a\u00f1o se cumplen 20 a\u00f1os de la aprobaci\u00f3n del matrimonio igualitario en Espa\u00f1a, un hito fundamental en el camino hacia...\" \/>\n<meta property=\"og:url\" content=\"https:\/\/www.ull.es\/portal\/agenda\/evento\/acto-institucional-con-motivo-del-dia-internacional-del-orgullo-lgbtiq\/\" \/>\n<meta property=\"og:site_name\" content=\"ULL - Agenda\" \/>\n<meta property=\"article:modified_time\" content=\"2025-06-26T08:57:39+00:00\" \/>\n<meta property=\"og:image\" content=\"https:\/\/www.ull.es\/portal\/agenda\/wp-content\/uploads\/sites\/12\/2025\/06\/Acto-institucional-con-motivo-del-Dia-Internacional-del-Orgullo-LGBTIQ_Banner-eventos.png\" \/>\n\t<meta property=\"og:image:width\" content=\"750\" \/>\n\t<meta property=\"og:image:height\" content=\"370\" \/>\n\t<meta property=\"og:image:type\" content=\"image\/png\" \/>\n<meta name=\"twitter:card\" content=\"summary_large_image\" \/>\n<meta name=\"twitter:label1\" content=\"Tiempo de lectura\" \/>\n\t<meta name=\"twitter:data1\" content=\"1 minuto\" \/>\n<script type=\"application\/ld+json\" class=\"yoast-schema-graph\">{\"@context\":\"https:\/\/schema.org\",\"@graph\":[{\"@type\":\"WebPage\",\"@id\":\"https:\/\/www.ull.es\/portal\/agenda\/evento\/acto-institucional-con-motivo-del-dia-internacional-del-orgullo-lgbtiq\/\",\"url\":\"https:\/\/www.ull.es\/portal\/agenda\/evento\/acto-institucional-con-motivo-del-dia-internacional-del-orgullo-lgbtiq\/\",\"name\":\"Acto institucional con motivo del D\u00eda Internacional del Orgullo LGBTIQ+ - ULL - Agenda\",\"isPartOf\":{\"@id\":\"https:\/\/www.ull.es\/portal\/agenda\/#website\"},\"datePublished\":\"2025-06-25T13:58:09+00:00\",\"dateModified\":\"2025-06-26T08:57:39+00:00\",\"breadcrumb\":{\"@id\":\"https:\/\/www.ull.es\/portal\/agenda\/evento\/acto-institucional-con-motivo-del-dia-internacional-del-orgullo-lgbtiq\/#breadcrumb\"},\"inLanguage\":\"es\",\"potentialAction\":[{\"@type\":\"ReadAction\",\"target\":[\"https:\/\/www.ull.es\/portal\/agenda\/evento\/acto-institucional-con-motivo-del-dia-internacional-del-orgullo-lgbtiq\/\"]}]},{\"@type\":\"BreadcrumbList\",\"@id\":\"https:\/\/www.ull.es\/portal\/agenda\/evento\/acto-institucional-con-motivo-del-dia-internacional-del-orgullo-lgbtiq\/#breadcrumb\",\"itemListElement\":[{\"@type\":\"ListItem\",\"position\":1,\"name\":\"Portada\",\"item\":\"https:\/\/www.ull.es\/portal\/agenda\/\"},{\"@type\":\"ListItem\",\"position\":2,\"name\":\"Acto institucional con motivo del D\u00eda Internacional del Orgullo LGBTIQ+\"}]},{\"@type\":\"WebSite\",\"@id\":\"https:\/\/www.ull.es\/portal\/agenda\/#website\",\"url\":\"https:\/\/www.ull.es\/portal\/agenda\/\",\"name\":\"ULL - Agenda\",\"description\":\"\",\"potentialAction\":[{\"@type\":\"SearchAction\",\"target\":{\"@type\":\"EntryPoint\",\"urlTemplate\":\"https:\/\/www.ull.es\/portal\/agenda\/?s={search_term_string}\"},\"query-input\":\"required name=search_term_string\"}],\"inLanguage\":\"es\"}]}<\/script>\n<!-- \/ Yoast SEO plugin. -->","yoast_head_json":{"title":"Acto institucional con motivo del D\u00eda Internacional del Orgullo LGBTIQ+ - ULL - Agenda","robots":{"index":"index","follow":"follow","max-snippet":"max-snippet:-1","max-image-preview":"max-image-preview:large","max-video-preview":"max-video-preview:-1"},"canonical":"https:\/\/www.ull.es\/portal\/agenda\/evento\/acto-institucional-con-motivo-del-dia-internacional-del-orgullo-lgbtiq\/","og_locale":"es_ES","og_type":"article","og_title":"Acto institucional con motivo del D\u00eda Internacional del Orgullo LGBTIQ+ - ULL - Agenda","og_description":"El 28 de junio se conmemora el D\u00eda Internacional del Orgullo LGTBIQ+, una jornada que visibiliza la diversidad afectiva, sexual y de g\u00e9nero, y reivindica los derechos de todas las personas, sin excepci\u00f3n. Adem\u00e1s, este a\u00f1o se cumplen 20 a\u00f1os de la aprobaci\u00f3n del matrimonio igualitario en Espa\u00f1a, un hito fundamental en el camino hacia...","og_url":"https:\/\/www.ull.es\/portal\/agenda\/evento\/acto-institucional-con-motivo-del-dia-internacional-del-orgullo-lgbtiq\/","og_site_name":"ULL - Agenda","article_modified_time":"2025-06-26T08:57:39+00:00","og_image":[{"width":750,"height":370,"url":"https:\/\/www.ull.es\/portal\/agenda\/wp-content\/uploads\/sites\/12\/2025\/06\/Acto-institucional-con-motivo-del-Dia-Internacional-del-Orgullo-LGBTIQ_Banner-eventos.png","type":"image\/png"}],"twitter_card":"summary_large_image","twitter_misc":{"Tiempo de lectura":"1 minuto"},"schema":{"@context":"https:\/\/schema.org","@graph":[{"@type":"WebPage","@id":"https:\/\/www.ull.es\/portal\/agenda\/evento\/acto-institucional-con-motivo-del-dia-internacional-del-orgullo-lgbtiq\/","url":"https:\/\/www.ull.es\/portal\/agenda\/evento\/acto-institucional-con-motivo-del-dia-internacional-del-orgullo-lgbtiq\/","name":"Acto institucional con motivo del D\u00eda Internacional del Orgullo LGBTIQ+ - ULL - Agenda","isPartOf":{"@id":"https:\/\/www.ull.es\/portal\/agenda\/#website"},"datePublished":"2025-06-25T13:58:09+00:00","dateModified":"2025-06-26T08:57:39+00:00","breadcrumb":{"@id":"https:\/\/www.ull.es\/portal\/agenda\/evento\/acto-institucional-con-motivo-del-dia-internacional-del-orgullo-lgbtiq\/#breadcrumb"},"inLanguage":"es","potentialAction":[{"@type":"ReadAction","target":["https:\/\/www.ull.es\/portal\/agenda\/evento\/acto-institucional-con-motivo-del-dia-internacional-del-orgullo-lgbtiq\/"]}]},{"@type":"BreadcrumbList","@id":"https:\/\/www.ull.es\/portal\/agenda\/evento\/acto-institucional-con-motivo-del-dia-internacional-del-orgullo-lgbtiq\/#breadcrumb","itemListElement":[{"@type":"ListItem","position":1,"name":"Portada","item":"https:\/\/www.ull.es\/portal\/agenda\/"},{"@type":"ListItem","position":2,"name":"Acto institucional con motivo del D\u00eda Internacional del Orgullo LGBTIQ+"}]},{"@type":"WebSite","@id":"https:\/\/www.ull.es\/portal\/agenda\/#website","url":"https:\/\/www.ull.es\/portal\/agenda\/","name":"ULL - Agenda","description":"","potentialAction":[{"@type":"SearchAction","target":{"@type":"EntryPoint","urlTemplate":"https:\/\/www.ull.es\/portal\/agenda\/?s={search_term_string}"},"query-input":"required name=search_term_string"}],"inLanguage":"es"}]}},"_links":{"self":[{"href":"https:\/\/www.ull.es\/portal\/agenda\/wp-json\/wp\/v2\/tribe_events\/43359"}],"collection":[{"href":"https:\/\/www.ull.es\/portal\/agenda\/wp-json\/wp\/v2\/tribe_events"}],"about":[{"href":"https:\/\/www.ull.es\/portal\/agenda\/wp-json\/wp\/v2\/types\/tribe_events"}],"author":[{"embeddable":true,"href":"https:\/\/www.ull.es\/portal\/agenda\/wp-json\/wp\/v2\/users\/65"}],"replies":[{"embeddable":true,"href":"https:\/\/www.ull.es\/portal\/agenda\/wp-json\/wp\/v2\/comments?post=43359"}],"version-history":[{"count":2,"href":"https:\/\/www.ull.es\/portal\/agenda\/wp-json\/wp\/v2\/tribe_events\/43359\/revisions"}],"predecessor-version":[{"id":43379,"href":"https:\/\/www.ull.es\/portal\/agenda\/wp-json\/wp\/v2\/tribe_events\/43359\/revisions\/43379"}],"wp:featuredmedia":[{"embeddable":true,"href":"https:\/\/www.ull.es\/portal\/agenda\/wp-json\/wp\/v2\/media\/43380"}],"wp:attachment":[{"href":"https:\/\/www.ull.es\/portal\/agenda\/wp-json\/wp\/v2\/media?parent=43359"}],"wp:term":[{"taxonomy":"post_tag","embeddable":true,"href":"https:\/\/www.ull.es\/portal\/agenda\/wp-json\/wp\/v2\/tags?post=43359"},{"taxonomy":"tribe_events_cat","embeddable":true,"href":"https:\/\/www.ull.es\/portal\/agenda\/wp-json\/wp\/v2\/tribe_events_cat?post=43359"}],"curies":[{"name":"wp","href":"https:\/\/api.w.org\/{rel}","templated":true}]}}

Acto institucional con motivo del Día Internacional del Orgullo LGBTIQ+

<p>El 28 de junio se conmemora el Día Internacional del Orgullo LGTBIQ+, una jornada que visibiliza la diversidad afectiva, sexual y de género, y reivindica los derechos de todas las personas, sin excepción. Además, este año se cumplen 20 años de la aprobación del matrimonio igualitario en España, un hito fundamental en el camino hacia la igualdad.</p>
<p>La Universidad de La Laguna se suma a esta efeméride con un acto institucional que tendrá lugar el viernes 27 de junio a las 13:00 horas, en las escalinatas del Edificio Central. El acto consistirá en:</p>
<ul>
<li>Lectura del manifiesto institucional por una universidad visible, viva, valiente y orgullosamente diversa.</li>
<li>Dramatización de poemas de la artista y activista canaria Roberta Marrero, fallecida en 2024, a cargo de la Agrupación de Teatro de Filología.</li>
<li>Actuación musical de la cantautora Étel Santos.</li>
</ul>

<p>El 28 de junio se conmemora el Día Internacional del Orgullo LGTBIQ+, una jornada que visibiliza la diversidad afectiva, sexual y de género, y reivindica los derechos de todas las personas, sin excepción. Además, este año se cumplen 20 años de la aprobación del matrimonio igualitario en España, un hito fundamental en el camino hacia&#8230;</p>

<!-- This site is optimized with the Yoast SEO plugin v21.3 - https://yoast.com/wordpress/plugins/seo/ -->
<title>Acto institucional con motivo del Día Internacional del Orgullo LGBTIQ+ - ULL - Agenda</title>
<meta name="robots" content="index, follow, max-snippet:-1, max-image-preview:large, max-video-preview:-1" />
<link rel="canonical" href="https://www.ull.es/portal/agenda/evento/acto-institucional-con-motivo-del-dia-internacional-del-orgullo-lgbtiq/" />
<meta property="og:locale" content="es_ES" />
<meta property="og:type" content="article" />
<meta property="og:title" content="Acto institucional con motivo del Día Internacional del Orgullo LGBTIQ+ - ULL - Agenda" />
<meta property="og:description" content="El 28 de junio se conmemora el Día Internacional del Orgullo LGTBIQ+, una jornada que visibiliza la diversidad afectiva, sexual y de género, y reivindica los derechos de todas las personas, sin excepción. Además, este año se cumplen 20 años de la aprobación del matrimonio igualitario en España, un hito fundamental en el camino hacia..." />
<meta property="og:url" content="https://www.ull.es/portal/agenda/evento/acto-institucional-con-motivo-del-dia-internacional-del-orgullo-lgbtiq/" />
<meta property="og:site_name" content="ULL - Agenda" />
<meta property="article:modified_time" content="2025-06-26T08:57:39+00:00" />
<meta property="og:image" content="https://www.ull.es/portal/agenda/wp-content/uploads/sites/12/2025/06/Acto-institucional-con-motivo-del-Dia-Internacional-del-Orgullo-LGBTIQ_Banner-eventos.png" />
	<meta property="og:image:width" content="750" />
	<meta property="og:image:height" content="370" />
	<meta property="og:image:type" content="image/png" />
<meta name="twitter:card" content="summary_large_image" />
<meta name="twitter:label1" content="Tiempo de lectura" />
	<meta name="twitter:data1" content="1 minuto" />
<script type="application/ld+json" class="yoast-schema-graph">{"@context":"https://schema.org","@graph":[{"@type":"WebPage","@id":"https://www.ull.es/portal/agenda/evento/acto-institucional-con-motivo-del-dia-internacional-del-orgullo-lgbtiq/","url":"https://www.ull.es/portal/agenda/evento/acto-institucional-con-motivo-del-dia-internacional-del-orgullo-lgbtiq/","name":"Acto institucional con motivo del Día Internacional del Orgullo LGBTIQ+ - ULL - Agenda","isPartOf":{"@id":"https://www.ull.es/portal/agenda/#website"},"datePublished":"2025-06-25T13:58:09+00:00","dateModified":"2025-06-26T08:57:39+00:00","breadcrumb":{"@id":"https://www.ull.es/portal/agenda/evento/acto-institucional-con-motivo-del-dia-internacional-del-orgullo-lgbtiq/#breadcrumb"},"inLanguage":"es","potentialAction":[{"@type":"ReadAction","target":["https://www.ull.es/portal/agenda/evento/acto-institucional-con-motivo-del-dia-internacional-del-orgullo-lgbtiq/"]}]},{"@type":"BreadcrumbList","@id":"https://www.ull.es/portal/agenda/evento/acto-institucional-con-motivo-del-dia-internacional-del-orgullo-lgbtiq/#breadcrumb","itemListElement":[{"@type":"ListItem","position":1,"name":"Portada","item":"https://www.ull.es/portal/agenda/"},{"@type":"ListItem","position":2,"name":"Acto institucional con motivo del Día Internacional del Orgullo LGBTIQ+"}]},{"@type":"WebSite","@id":"https://www.ull.es/portal/agenda/#website","url":"https://www.ull.es/portal/agenda/","name":"ULL - Agenda","description":"","potentialAction":[{"@type":"SearchAction","target":{"@type":"EntryPoint","urlTemplate":"https://www.ull.es/portal/agenda/?s={search_term_string}"},"query-input":"required name=search_term_string"}],"inLanguage":"es"}]}</script>
<!-- / Yoast SEO plugin. -->

Acto institucional con motivo del Día Internacional del Orgullo LGBTIQ+ - ULL - Agenda

El 28 de junio se conmemora el Día Internacional del Orgullo LGTBIQ+, una jornada que visibiliza la diversidad afectiva, sexual y de género, y reivindica los derechos de todas las personas, sin excepción. Además, este año se cumplen 20 años de la aprobación del matrimonio igualitario en España, un hito fundamental en el camino hacia...
