{"id":43442,"date":"2025-07-04T10:31:52","date_gmt":"2025-07-04T10:31:52","guid":{"rendered":"https:\/\/www.ull.es\/portal\/agenda\/?post_type=tribe_events&#038;p=43442"},"modified":"2025-07-18T12:10:49","modified_gmt":"2025-07-18T12:10:49","slug":"reunion-anual-de-directores-y-directoras-del-instituto-cervantes","status":"publish","type":"tribe_events","link":"https:\/\/www.ull.es\/portal\/agenda\/evento\/reunion-anual-de-directores-y-directoras-del-instituto-cervantes\/","title":{"rendered":"Reuni\u00f3n Anual de Directores y Directoras del Instituto Cervantes"},"content":{"rendered":"<p>La Universidad de La Laguna acoge del 28 al 30 de julio la Reuni\u00f3n Anual de Directores y Directoras del Instituto Cervantes, una cumbre que congrega a casi un centenar de directivos de la instituci\u00f3n y en la que estar\u00e1 presente S.M. Letizia. El Ayuntamiento de San Crist\u00f3bal de La Laguna junto con la Fundaci\u00f3n CajaCanairas tambi\u00e9n colaboran en la celebraci\u00f3n de este encuentro.<\/p>\n<p>Esta cita anual del Instituto Cervantes, que se celebrar\u00e1 a puerta cerrada, servir\u00e1 para intercambiar experiencias y estudiar posibilidades de futuro. El Instituto Cervantes viene celebrando desde el a\u00f1o 2005 (excepto en 2020 a causa de la pandemia) reuniones anuales con las direcciones de sus centros en el exterior, en las que se debaten l\u00edneas de actuaci\u00f3n para la promoci\u00f3n internacional de la lengua espa\u00f1ola y la cultura.<\/p>\n<p>Esta ser\u00e1 la primera vez que se celebre en Canarias. Hasta ahora, once han sido las comunidades aut\u00f3nomas que han acogido estas sesiones: Andaluc\u00eda, Catalu\u00f1a, Castilla y Le\u00f3n, Castilla-La Mancha, Madrid, Cantabria, Extremadura, La Rioja, Galicia, Pa\u00eds Vasco, Comunidad Valenciana, el Principado de Asturias y Catalu\u00f1a.<\/p>\n<p>Los actos de inauguraci\u00f3n, clausura y algunas conferencias podr\u00e1n seguirse en abierto en el canal de YouTube del Instituto Cervantes.<\/p>\n<p>La lista de reproducci\u00f3n p\u00fablica de las emisiones, puede seguirse en este <a href=\"https:\/\/www.youtube.com\/playlist?list=PLHVjlacTRIv1AyieKp20Ar55AXMFDY8Pt\" target=\"_blank\" rel=\"noopener\" target=\"_blank\" rel=\"noopener\">enlace<\/a>.<\/p>\n","protected":false},"excerpt":{"rendered":"<p>La Universidad de La Laguna acoge del 28 al 30 de julio la Reuni\u00f3n Anual de Directores y Directoras del Instituto Cervantes, una cumbre que congrega a casi un centenar de directivos de la instituci\u00f3n y en la que estar\u00e1 presente S.M. Letizia. El Ayuntamiento de San Crist\u00f3bal de La Laguna junto con la Fundaci\u00f3n&#8230;<\/p>\n","protected":false},"author":65,"featured_media":43502,"comment_status":"closed","ping_status":"closed","template":"","tags":[],"tribe_events_cat":[4,189,186,188,187,191],"acf":[],"yoast_head":"<!-- This site is optimized with the Yoast SEO plugin v21.3 - https:\/\/yoast.com\/wordpress\/plugins\/seo\/ -->\n<title>Reuni\u00f3n Anual de Directores y Directoras del Instituto Cervantes - ULL - Agenda<\/title>\n<meta name=\"robots\" content=\"index, follow, max-snippet:-1, max-image-preview:large, max-video-preview:-1\" \/>\n<link rel=\"canonical\" href=\"https:\/\/www.ull.es\/portal\/agenda\/evento\/reunion-anual-de-directores-y-directoras-del-instituto-cervantes\/\" \/>\n<meta property=\"og:locale\" content=\"es_ES\" \/>\n<meta property=\"og:type\" content=\"article\" \/>\n<meta property=\"og:title\" content=\"Reuni\u00f3n Anual de Directores y Directoras del Instituto Cervantes - ULL - Agenda\" \/>\n<meta property=\"og:description\" content=\"La Universidad de La Laguna acoge del 28 al 30 de julio la Reuni\u00f3n Anual de Directores y Directoras del Instituto Cervantes, una cumbre que congrega a casi un centenar de directivos de la instituci\u00f3n y en la que estar\u00e1 presente S.M. Letizia. El Ayuntamiento de San Crist\u00f3bal de La Laguna junto con la Fundaci\u00f3n...\" \/>\n<meta property=\"og:url\" content=\"https:\/\/www.ull.es\/portal\/agenda\/evento\/reunion-anual-de-directores-y-directoras-del-instituto-cervantes\/\" \/>\n<meta property=\"og:site_name\" content=\"ULL - Agenda\" \/>\n<meta property=\"article:modified_time\" content=\"2025-07-18T12:10:49+00:00\" \/>\n<meta property=\"og:image\" content=\"https:\/\/www.ull.es\/portal\/agenda\/wp-content\/uploads\/sites\/12\/2025\/07\/Reunion-anual-de-directores-y-directoras-del-Instituto-Cervantes_Banner-eventos.png\" \/>\n\t<meta property=\"og:image:width\" content=\"750\" \/>\n\t<meta property=\"og:image:height\" content=\"370\" \/>\n\t<meta property=\"og:image:type\" content=\"image\/png\" \/>\n<meta name=\"twitter:card\" content=\"summary_large_image\" \/>\n<meta name=\"twitter:label1\" content=\"Tiempo de lectura\" \/>\n\t<meta name=\"twitter:data1\" content=\"1 minuto\" \/>\n<script type=\"application\/ld+json\" class=\"yoast-schema-graph\">{\"@context\":\"https:\/\/schema.org\",\"@graph\":[{\"@type\":\"WebPage\",\"@id\":\"https:\/\/www.ull.es\/portal\/agenda\/evento\/reunion-anual-de-directores-y-directoras-del-instituto-cervantes\/\",\"url\":\"https:\/\/www.ull.es\/portal\/agenda\/evento\/reunion-anual-de-directores-y-directoras-del-instituto-cervantes\/\",\"name\":\"Reuni\u00f3n Anual de Directores y Directoras del Instituto Cervantes - ULL - Agenda\",\"isPartOf\":{\"@id\":\"https:\/\/www.ull.es\/portal\/agenda\/#website\"},\"datePublished\":\"2025-07-04T10:31:52+00:00\",\"dateModified\":\"2025-07-18T12:10:49+00:00\",\"breadcrumb\":{\"@id\":\"https:\/\/www.ull.es\/portal\/agenda\/evento\/reunion-anual-de-directores-y-directoras-del-instituto-cervantes\/#breadcrumb\"},\"inLanguage\":\"es\",\"potentialAction\":[{\"@type\":\"ReadAction\",\"target\":[\"https:\/\/www.ull.es\/portal\/agenda\/evento\/reunion-anual-de-directores-y-directoras-del-instituto-cervantes\/\"]}]},{\"@type\":\"BreadcrumbList\",\"@id\":\"https:\/\/www.ull.es\/portal\/agenda\/evento\/reunion-anual-de-directores-y-directoras-del-instituto-cervantes\/#breadcrumb\",\"itemListElement\":[{\"@type\":\"ListItem\",\"position\":1,\"name\":\"Portada\",\"item\":\"https:\/\/www.ull.es\/portal\/agenda\/\"},{\"@type\":\"ListItem\",\"position\":2,\"name\":\"Reuni\u00f3n Anual de Directores y Directoras del Instituto Cervantes\"}]},{\"@type\":\"WebSite\",\"@id\":\"https:\/\/www.ull.es\/portal\/agenda\/#website\",\"url\":\"https:\/\/www.ull.es\/portal\/agenda\/\",\"name\":\"ULL - Agenda\",\"description\":\"\",\"potentialAction\":[{\"@type\":\"SearchAction\",\"target\":{\"@type\":\"EntryPoint\",\"urlTemplate\":\"https:\/\/www.ull.es\/portal\/agenda\/?s={search_term_string}\"},\"query-input\":\"required name=search_term_string\"}],\"inLanguage\":\"es\"}]}<\/script>\n<!-- \/ Yoast SEO plugin. -->","yoast_head_json":{"title":"Reuni\u00f3n Anual de Directores y Directoras del Instituto Cervantes - ULL - Agenda","robots":{"index":"index","follow":"follow","max-snippet":"max-snippet:-1","max-image-preview":"max-image-preview:large","max-video-preview":"max-video-preview:-1"},"canonical":"https:\/\/www.ull.es\/portal\/agenda\/evento\/reunion-anual-de-directores-y-directoras-del-instituto-cervantes\/","og_locale":"es_ES","og_type":"article","og_title":"Reuni\u00f3n Anual de Directores y Directoras del Instituto Cervantes - ULL - Agenda","og_description":"La Universidad de La Laguna acoge del 28 al 30 de julio la Reuni\u00f3n Anual de Directores y Directoras del Instituto Cervantes, una cumbre que congrega a casi un centenar de directivos de la instituci\u00f3n y en la que estar\u00e1 presente S.M. Letizia. El Ayuntamiento de San Crist\u00f3bal de La Laguna junto con la Fundaci\u00f3n...","og_url":"https:\/\/www.ull.es\/portal\/agenda\/evento\/reunion-anual-de-directores-y-directoras-del-instituto-cervantes\/","og_site_name":"ULL - Agenda","article_modified_time":"2025-07-18T12:10:49+00:00","og_image":[{"width":750,"height":370,"url":"https:\/\/www.ull.es\/portal\/agenda\/wp-content\/uploads\/sites\/12\/2025\/07\/Reunion-anual-de-directores-y-directoras-del-Instituto-Cervantes_Banner-eventos.png","type":"image\/png"}],"twitter_card":"summary_large_image","twitter_misc":{"Tiempo de lectura":"1 minuto"},"schema":{"@context":"https:\/\/schema.org","@graph":[{"@type":"WebPage","@id":"https:\/\/www.ull.es\/portal\/agenda\/evento\/reunion-anual-de-directores-y-directoras-del-instituto-cervantes\/","url":"https:\/\/www.ull.es\/portal\/agenda\/evento\/reunion-anual-de-directores-y-directoras-del-instituto-cervantes\/","name":"Reuni\u00f3n Anual de Directores y Directoras del Instituto Cervantes - ULL - Agenda","isPartOf":{"@id":"https:\/\/www.ull.es\/portal\/agenda\/#website"},"datePublished":"2025-07-04T10:31:52+00:00","dateModified":"2025-07-18T12:10:49+00:00","breadcrumb":{"@id":"https:\/\/www.ull.es\/portal\/agenda\/evento\/reunion-anual-de-directores-y-directoras-del-instituto-cervantes\/#breadcrumb"},"inLanguage":"es","potentialAction":[{"@type":"ReadAction","target":["https:\/\/www.ull.es\/portal\/agenda\/evento\/reunion-anual-de-directores-y-directoras-del-instituto-cervantes\/"]}]},{"@type":"BreadcrumbList","@id":"https:\/\/www.ull.es\/portal\/agenda\/evento\/reunion-anual-de-directores-y-directoras-del-instituto-cervantes\/#breadcrumb","itemListElement":[{"@type":"ListItem","position":1,"name":"Portada","item":"https:\/\/www.ull.es\/portal\/agenda\/"},{"@type":"ListItem","position":2,"name":"Reuni\u00f3n Anual de Directores y Directoras del Instituto Cervantes"}]},{"@type":"WebSite","@id":"https:\/\/www.ull.es\/portal\/agenda\/#website","url":"https:\/\/www.ull.es\/portal\/agenda\/","name":"ULL - Agenda","description":"","potentialAction":[{"@type":"SearchAction","target":{"@type":"EntryPoint","urlTemplate":"https:\/\/www.ull.es\/portal\/agenda\/?s={search_term_string}"},"query-input":"required name=search_term_string"}],"inLanguage":"es"}]}},"_links":{"self":[{"href":"https:\/\/www.ull.es\/portal\/agenda\/wp-json\/wp\/v2\/tribe_events\/43442"}],"collection":[{"href":"https:\/\/www.ull.es\/portal\/agenda\/wp-json\/wp\/v2\/tribe_events"}],"about":[{"href":"https:\/\/www.ull.es\/portal\/agenda\/wp-json\/wp\/v2\/types\/tribe_events"}],"author":[{"embeddable":true,"href":"https:\/\/www.ull.es\/portal\/agenda\/wp-json\/wp\/v2\/users\/65"}],"replies":[{"embeddable":true,"href":"https:\/\/www.ull.es\/portal\/agenda\/wp-json\/wp\/v2\/comments?post=43442"}],"version-history":[{"count":6,"href":"https:\/\/www.ull.es\/portal\/agenda\/wp-json\/wp\/v2\/tribe_events\/43442\/revisions"}],"predecessor-version":[{"id":43645,"href":"https:\/\/www.ull.es\/portal\/agenda\/wp-json\/wp\/v2\/tribe_events\/43442\/revisions\/43645"}],"wp:featuredmedia":[{"embeddable":true,"href":"https:\/\/www.ull.es\/portal\/agenda\/wp-json\/wp\/v2\/media\/43502"}],"wp:attachment":[{"href":"https:\/\/www.ull.es\/portal\/agenda\/wp-json\/wp\/v2\/media?parent=43442"}],"wp:term":[{"taxonomy":"post_tag","embeddable":true,"href":"https:\/\/www.ull.es\/portal\/agenda\/wp-json\/wp\/v2\/tags?post=43442"},{"taxonomy":"tribe_events_cat","embeddable":true,"href":"https:\/\/www.ull.es\/portal\/agenda\/wp-json\/wp\/v2\/tribe_events_cat?post=43442"}],"curies":[{"name":"wp","href":"https:\/\/api.w.org\/{rel}","templated":true}]}}

Reunión Anual de Directores y Directoras del Instituto Cervantes

<p>La Universidad de La Laguna acoge del 28 al 30 de julio la Reunión Anual de Directores y Directoras del Instituto Cervantes, una cumbre que congrega a casi un centenar de directivos de la institución y en la que estará presente S.M. Letizia. El Ayuntamiento de San Cristóbal de La Laguna junto con la Fundación CajaCanairas también colaboran en la celebración de este encuentro.</p>
<p>Esta cita anual del Instituto Cervantes, que se celebrará a puerta cerrada, servirá para intercambiar experiencias y estudiar posibilidades de futuro. El Instituto Cervantes viene celebrando desde el año 2005 (excepto en 2020 a causa de la pandemia) reuniones anuales con las direcciones de sus centros en el exterior, en las que se debaten líneas de actuación para la promoción internacional de la lengua española y la cultura.</p>
<p>Esta será la primera vez que se celebre en Canarias. Hasta ahora, once han sido las comunidades autónomas que han acogido estas sesiones: Andalucía, Cataluña, Castilla y León, Castilla-La Mancha, Madrid, Cantabria, Extremadura, La Rioja, Galicia, País Vasco, Comunidad Valenciana, el Principado de Asturias y Cataluña.</p>
<p>Los actos de inauguración, clausura y algunas conferencias podrán seguirse en abierto en el canal de YouTube del Instituto Cervantes.</p>
<p>La lista de reproducción pública de las emisiones, puede seguirse en este <a href="https://www.youtube.com/playlist?list=PLHVjlacTRIv1AyieKp20Ar55AXMFDY8Pt" target="_blank" rel="noopener" target="_blank" rel="noopener">enlace</a>.</p>

<p>La Universidad de La Laguna acoge del 28 al 30 de julio la Reunión Anual de Directores y Directoras del Instituto Cervantes, una cumbre que congrega a casi un centenar de directivos de la institución y en la que estará presente S.M. Letizia. El Ayuntamiento de San Cristóbal de La Laguna junto con la Fundación&#8230;</p>

<!-- This site is optimized with the Yoast SEO plugin v21.3 - https://yoast.com/wordpress/plugins/seo/ -->
<title>Reunión Anual de Directores y Directoras del Instituto Cervantes - ULL - Agenda</title>
<meta name="robots" content="index, follow, max-snippet:-1, max-image-preview:large, max-video-preview:-1" />
<link rel="canonical" href="https://www.ull.es/portal/agenda/evento/reunion-anual-de-directores-y-directoras-del-instituto-cervantes/" />
<meta property="og:locale" content="es_ES" />
<meta property="og:type" content="article" />
<meta property="og:title" content="Reunión Anual de Directores y Directoras del Instituto Cervantes - ULL - Agenda" />
<meta property="og:description" content="La Universidad de La Laguna acoge del 28 al 30 de julio la Reunión Anual de Directores y Directoras del Instituto Cervantes, una cumbre que congrega a casi un centenar de directivos de la institución y en la que estará presente S.M. Letizia. El Ayuntamiento de San Cristóbal de La Laguna junto con la Fundación..." />
<meta property="og:url" content="https://www.ull.es/portal/agenda/evento/reunion-anual-de-directores-y-directoras-del-instituto-cervantes/" />
<meta property="og:site_name" content="ULL - Agenda" />
<meta property="article:modified_time" content="2025-07-18T12:10:49+00:00" />
<meta property="og:image" content="https://www.ull.es/portal/agenda/wp-content/uploads/sites/12/2025/07/Reunion-anual-de-directores-y-directoras-del-Instituto-Cervantes_Banner-eventos.png" />
	<meta property="og:image:width" content="750" />
	<meta property="og:image:height" content="370" />
	<meta property="og:image:type" content="image/png" />
<meta name="twitter:card" content="summary_large_image" />
<meta name="twitter:label1" content="Tiempo de lectura" />
	<meta name="twitter:data1" content="1 minuto" />
<script type="application/ld+json" class="yoast-schema-graph">{"@context":"https://schema.org","@graph":[{"@type":"WebPage","@id":"https://www.ull.es/portal/agenda/evento/reunion-anual-de-directores-y-directoras-del-instituto-cervantes/","url":"https://www.ull.es/portal/agenda/evento/reunion-anual-de-directores-y-directoras-del-instituto-cervantes/","name":"Reunión Anual de Directores y Directoras del Instituto Cervantes - ULL - Agenda","isPartOf":{"@id":"https://www.ull.es/portal/agenda/#website"},"datePublished":"2025-07-04T10:31:52+00:00","dateModified":"2025-07-18T12:10:49+00:00","breadcrumb":{"@id":"https://www.ull.es/portal/agenda/evento/reunion-anual-de-directores-y-directoras-del-instituto-cervantes/#breadcrumb"},"inLanguage":"es","potentialAction":[{"@type":"ReadAction","target":["https://www.ull.es/portal/agenda/evento/reunion-anual-de-directores-y-directoras-del-instituto-cervantes/"]}]},{"@type":"BreadcrumbList","@id":"https://www.ull.es/portal/agenda/evento/reunion-anual-de-directores-y-directoras-del-instituto-cervantes/#breadcrumb","itemListElement":[{"@type":"ListItem","position":1,"name":"Portada","item":"https://www.ull.es/portal/agenda/"},{"@type":"ListItem","position":2,"name":"Reunión Anual de Directores y Directoras del Instituto Cervantes"}]},{"@type":"WebSite","@id":"https://www.ull.es/portal/agenda/#website","url":"https://www.ull.es/portal/agenda/","name":"ULL - Agenda","description":"","potentialAction":[{"@type":"SearchAction","target":{"@type":"EntryPoint","urlTemplate":"https://www.ull.es/portal/agenda/?s={search_term_string}"},"query-input":"required name=search_term_string"}],"inLanguage":"es"}]}</script>
<!-- / Yoast SEO plugin. -->

Reunión Anual de Directores y Directoras del Instituto Cervantes - ULL - Agenda

La Universidad de La Laguna acoge del 28 al 30 de julio la Reunión Anual de Directores y Directoras del Instituto Cervantes, una cumbre que congrega a casi un centenar de directivos de la institución y en la que estará presente S.M. Letizia. El Ayuntamiento de San Cristóbal de La Laguna junto con la Fundación...
