{"id":43470,"date":"2025-07-07T10:32:55","date_gmt":"2025-07-07T10:32:55","guid":{"rendered":"https:\/\/www.ull.es\/portal\/agenda\/?post_type=tribe_events&#038;p=43470"},"modified":"2025-07-11T12:18:51","modified_gmt":"2025-07-11T12:18:51","slug":"el-hispanismo-en-africa-del-sahel-al-golfo-de-guinea","status":"publish","type":"tribe_events","link":"https:\/\/www.ull.es\/portal\/agenda\/evento\/el-hispanismo-en-africa-del-sahel-al-golfo-de-guinea\/","title":{"rendered":"El hispanismo en \u00c1frica: del Sahel al Golfo de Guinea"},"content":{"rendered":"<p>En el marco del programa Campus \u00c1frica 2025, y como apuesta decidida por abrir el conocimiento y el debate cr\u00edtico a la sociedad, la Direcci\u00f3n de Cooperaci\u00f3n y Movilidad con \u00c1frica y Am\u00e9rica Latina del Vicerrectorado de Internacionalizaci\u00f3n y Cooperaci\u00f3n lanza un programa sobre los v\u00ednculos hist\u00f3ricos, culturales y<br \/>\nling\u00fc\u00edsticos entre Canarias y \u00c1frica.<\/p>\n<p>El martes 22 de julio tendr\u00e1 lugar la mesa redonda \u201cEl hispanismo en \u00c1frica: del Sahel al Golfo de Guinea\u201d, con la participaci\u00f3n de Joana Boampong (Universidad de Ghana) y Gustave Diouss\u00e9 (Universit\u00e9 Gaston Berger de Saint-Louis, Senegal). La cita ser\u00e1 una oportunidad \u00fanica para pensar el hispanismo en \u00c1frica: su historia, sus retos, sus contactos con las lenguas africanas y su futuro en el continente.<\/p>\n<p>Un encuentro \u00fanico con dos figuras clave del hispanismo africano: Joana Boampong (Universidad de Ghana) y Gustave Diouss\u00e9 (Universidad Gaston Berger, Senegal). Una conversaci\u00f3n donde se abordar\u00e1n temas esenciales como la presencia y evoluci\u00f3n del espa\u00f1ol en el continente africano, los retos y oportunidades de su ense\u00f1anza en contextos locales, el di\u00e1logo entre el espa\u00f1ol y las lenguas africanas y las perspectivas de futuro de la lengua en esta regi\u00f3n vibrante y diversa. Un espacio para reflexionar, compartir y descubrir el papel creciente del espa\u00f1ol en \u00c1frica de la mano de quienes lo viven y lo construyen cada d\u00eda.<\/p>\n<p><a href=\"https:\/\/docs.google.com\/document\/d\/1RxcXlwvAOJeoX4UOcQXbTbjAT3H67-oR\/edit?tab=t.0\" target=\"_blank\" rel=\"noopener\" target=\"_blank\" rel=\"noopener\">Programa<\/a><\/p>\n<p>&nbsp;<\/p>\n","protected":false},"excerpt":{"rendered":"<p>En el marco del programa Campus \u00c1frica 2025, y como apuesta decidida por abrir el conocimiento y el debate cr\u00edtico a la sociedad, la Direcci\u00f3n de Cooperaci\u00f3n y Movilidad con \u00c1frica y Am\u00e9rica Latina del Vicerrectorado de Internacionalizaci\u00f3n y Cooperaci\u00f3n lanza un programa sobre los v\u00ednculos hist\u00f3ricos, culturales y ling\u00fc\u00edsticos entre Canarias y \u00c1frica. El&#8230;<\/p>\n","protected":false},"author":65,"featured_media":43585,"comment_status":"closed","ping_status":"closed","template":"","tags":[],"tribe_events_cat":[3987,4,186,187],"acf":[],"yoast_head":"<!-- This site is optimized with the Yoast SEO plugin v21.3 - https:\/\/yoast.com\/wordpress\/plugins\/seo\/ -->\n<title>El hispanismo en \u00c1frica: del Sahel al Golfo de Guinea - ULL - Agenda<\/title>\n<meta name=\"robots\" content=\"index, follow, max-snippet:-1, max-image-preview:large, max-video-preview:-1\" \/>\n<link rel=\"canonical\" href=\"https:\/\/www.ull.es\/portal\/agenda\/evento\/el-hispanismo-en-africa-del-sahel-al-golfo-de-guinea\/\" \/>\n<meta property=\"og:locale\" content=\"es_ES\" \/>\n<meta property=\"og:type\" content=\"article\" \/>\n<meta property=\"og:title\" content=\"El hispanismo en \u00c1frica: del Sahel al Golfo de Guinea - ULL - Agenda\" \/>\n<meta property=\"og:description\" content=\"En el marco del programa Campus \u00c1frica 2025, y como apuesta decidida por abrir el conocimiento y el debate cr\u00edtico a la sociedad, la Direcci\u00f3n de Cooperaci\u00f3n y Movilidad con \u00c1frica y Am\u00e9rica Latina del Vicerrectorado de Internacionalizaci\u00f3n y Cooperaci\u00f3n lanza un programa sobre los v\u00ednculos hist\u00f3ricos, culturales y ling\u00fc\u00edsticos entre Canarias y \u00c1frica. El...\" \/>\n<meta property=\"og:url\" content=\"https:\/\/www.ull.es\/portal\/agenda\/evento\/el-hispanismo-en-africa-del-sahel-al-golfo-de-guinea\/\" \/>\n<meta property=\"og:site_name\" content=\"ULL - Agenda\" \/>\n<meta property=\"article:modified_time\" content=\"2025-07-11T12:18:51+00:00\" \/>\n<meta property=\"og:image\" content=\"https:\/\/www.ull.es\/portal\/agenda\/wp-content\/uploads\/sites\/12\/2025\/07\/ADAPTACIONES-CAMPUAS-AFRICA-AFROHISPANISMOS-1_Banner-eventos.png\" \/>\n\t<meta property=\"og:image:width\" content=\"750\" \/>\n\t<meta property=\"og:image:height\" content=\"370\" \/>\n\t<meta property=\"og:image:type\" content=\"image\/png\" \/>\n<meta name=\"twitter:card\" content=\"summary_large_image\" \/>\n<meta name=\"twitter:label1\" content=\"Tiempo de lectura\" \/>\n\t<meta name=\"twitter:data1\" content=\"2 minutos\" \/>\n<script type=\"application\/ld+json\" class=\"yoast-schema-graph\">{\"@context\":\"https:\/\/schema.org\",\"@graph\":[{\"@type\":\"WebPage\",\"@id\":\"https:\/\/www.ull.es\/portal\/agenda\/evento\/el-hispanismo-en-africa-del-sahel-al-golfo-de-guinea\/\",\"url\":\"https:\/\/www.ull.es\/portal\/agenda\/evento\/el-hispanismo-en-africa-del-sahel-al-golfo-de-guinea\/\",\"name\":\"El hispanismo en \u00c1frica: del Sahel al Golfo de Guinea - ULL - Agenda\",\"isPartOf\":{\"@id\":\"https:\/\/www.ull.es\/portal\/agenda\/#website\"},\"datePublished\":\"2025-07-07T10:32:55+00:00\",\"dateModified\":\"2025-07-11T12:18:51+00:00\",\"breadcrumb\":{\"@id\":\"https:\/\/www.ull.es\/portal\/agenda\/evento\/el-hispanismo-en-africa-del-sahel-al-golfo-de-guinea\/#breadcrumb\"},\"inLanguage\":\"es\",\"potentialAction\":[{\"@type\":\"ReadAction\",\"target\":[\"https:\/\/www.ull.es\/portal\/agenda\/evento\/el-hispanismo-en-africa-del-sahel-al-golfo-de-guinea\/\"]}]},{\"@type\":\"BreadcrumbList\",\"@id\":\"https:\/\/www.ull.es\/portal\/agenda\/evento\/el-hispanismo-en-africa-del-sahel-al-golfo-de-guinea\/#breadcrumb\",\"itemListElement\":[{\"@type\":\"ListItem\",\"position\":1,\"name\":\"Portada\",\"item\":\"https:\/\/www.ull.es\/portal\/agenda\/\"},{\"@type\":\"ListItem\",\"position\":2,\"name\":\"El hispanismo en \u00c1frica: del Sahel al Golfo de Guinea\"}]},{\"@type\":\"WebSite\",\"@id\":\"https:\/\/www.ull.es\/portal\/agenda\/#website\",\"url\":\"https:\/\/www.ull.es\/portal\/agenda\/\",\"name\":\"ULL - Agenda\",\"description\":\"\",\"potentialAction\":[{\"@type\":\"SearchAction\",\"target\":{\"@type\":\"EntryPoint\",\"urlTemplate\":\"https:\/\/www.ull.es\/portal\/agenda\/?s={search_term_string}\"},\"query-input\":\"required name=search_term_string\"}],\"inLanguage\":\"es\"}]}<\/script>\n<!-- \/ Yoast SEO plugin. -->","yoast_head_json":{"title":"El hispanismo en \u00c1frica: del Sahel al Golfo de Guinea - ULL - Agenda","robots":{"index":"index","follow":"follow","max-snippet":"max-snippet:-1","max-image-preview":"max-image-preview:large","max-video-preview":"max-video-preview:-1"},"canonical":"https:\/\/www.ull.es\/portal\/agenda\/evento\/el-hispanismo-en-africa-del-sahel-al-golfo-de-guinea\/","og_locale":"es_ES","og_type":"article","og_title":"El hispanismo en \u00c1frica: del Sahel al Golfo de Guinea - ULL - Agenda","og_description":"En el marco del programa Campus \u00c1frica 2025, y como apuesta decidida por abrir el conocimiento y el debate cr\u00edtico a la sociedad, la Direcci\u00f3n de Cooperaci\u00f3n y Movilidad con \u00c1frica y Am\u00e9rica Latina del Vicerrectorado de Internacionalizaci\u00f3n y Cooperaci\u00f3n lanza un programa sobre los v\u00ednculos hist\u00f3ricos, culturales y ling\u00fc\u00edsticos entre Canarias y \u00c1frica. El...","og_url":"https:\/\/www.ull.es\/portal\/agenda\/evento\/el-hispanismo-en-africa-del-sahel-al-golfo-de-guinea\/","og_site_name":"ULL - Agenda","article_modified_time":"2025-07-11T12:18:51+00:00","og_image":[{"width":750,"height":370,"url":"https:\/\/www.ull.es\/portal\/agenda\/wp-content\/uploads\/sites\/12\/2025\/07\/ADAPTACIONES-CAMPUAS-AFRICA-AFROHISPANISMOS-1_Banner-eventos.png","type":"image\/png"}],"twitter_card":"summary_large_image","twitter_misc":{"Tiempo de lectura":"2 minutos"},"schema":{"@context":"https:\/\/schema.org","@graph":[{"@type":"WebPage","@id":"https:\/\/www.ull.es\/portal\/agenda\/evento\/el-hispanismo-en-africa-del-sahel-al-golfo-de-guinea\/","url":"https:\/\/www.ull.es\/portal\/agenda\/evento\/el-hispanismo-en-africa-del-sahel-al-golfo-de-guinea\/","name":"El hispanismo en \u00c1frica: del Sahel al Golfo de Guinea - ULL - Agenda","isPartOf":{"@id":"https:\/\/www.ull.es\/portal\/agenda\/#website"},"datePublished":"2025-07-07T10:32:55+00:00","dateModified":"2025-07-11T12:18:51+00:00","breadcrumb":{"@id":"https:\/\/www.ull.es\/portal\/agenda\/evento\/el-hispanismo-en-africa-del-sahel-al-golfo-de-guinea\/#breadcrumb"},"inLanguage":"es","potentialAction":[{"@type":"ReadAction","target":["https:\/\/www.ull.es\/portal\/agenda\/evento\/el-hispanismo-en-africa-del-sahel-al-golfo-de-guinea\/"]}]},{"@type":"BreadcrumbList","@id":"https:\/\/www.ull.es\/portal\/agenda\/evento\/el-hispanismo-en-africa-del-sahel-al-golfo-de-guinea\/#breadcrumb","itemListElement":[{"@type":"ListItem","position":1,"name":"Portada","item":"https:\/\/www.ull.es\/portal\/agenda\/"},{"@type":"ListItem","position":2,"name":"El hispanismo en \u00c1frica: del Sahel al Golfo de Guinea"}]},{"@type":"WebSite","@id":"https:\/\/www.ull.es\/portal\/agenda\/#website","url":"https:\/\/www.ull.es\/portal\/agenda\/","name":"ULL - Agenda","description":"","potentialAction":[{"@type":"SearchAction","target":{"@type":"EntryPoint","urlTemplate":"https:\/\/www.ull.es\/portal\/agenda\/?s={search_term_string}"},"query-input":"required name=search_term_string"}],"inLanguage":"es"}]}},"_links":{"self":[{"href":"https:\/\/www.ull.es\/portal\/agenda\/wp-json\/wp\/v2\/tribe_events\/43470"}],"collection":[{"href":"https:\/\/www.ull.es\/portal\/agenda\/wp-json\/wp\/v2\/tribe_events"}],"about":[{"href":"https:\/\/www.ull.es\/portal\/agenda\/wp-json\/wp\/v2\/types\/tribe_events"}],"author":[{"embeddable":true,"href":"https:\/\/www.ull.es\/portal\/agenda\/wp-json\/wp\/v2\/users\/65"}],"replies":[{"embeddable":true,"href":"https:\/\/www.ull.es\/portal\/agenda\/wp-json\/wp\/v2\/comments?post=43470"}],"version-history":[{"count":4,"href":"https:\/\/www.ull.es\/portal\/agenda\/wp-json\/wp\/v2\/tribe_events\/43470\/revisions"}],"predecessor-version":[{"id":43587,"href":"https:\/\/www.ull.es\/portal\/agenda\/wp-json\/wp\/v2\/tribe_events\/43470\/revisions\/43587"}],"wp:featuredmedia":[{"embeddable":true,"href":"https:\/\/www.ull.es\/portal\/agenda\/wp-json\/wp\/v2\/media\/43585"}],"wp:attachment":[{"href":"https:\/\/www.ull.es\/portal\/agenda\/wp-json\/wp\/v2\/media?parent=43470"}],"wp:term":[{"taxonomy":"post_tag","embeddable":true,"href":"https:\/\/www.ull.es\/portal\/agenda\/wp-json\/wp\/v2\/tags?post=43470"},{"taxonomy":"tribe_events_cat","embeddable":true,"href":"https:\/\/www.ull.es\/portal\/agenda\/wp-json\/wp\/v2\/tribe_events_cat?post=43470"}],"curies":[{"name":"wp","href":"https:\/\/api.w.org\/{rel}","templated":true}]}}

El hispanismo en África: del Sahel al Golfo de Guinea

<p>En el marco del programa Campus África 2025, y como apuesta decidida por abrir el conocimiento y el debate crítico a la sociedad, la Dirección de Cooperación y Movilidad con África y América Latina del Vicerrectorado de Internacionalización y Cooperación lanza un programa sobre los vínculos históricos, culturales y<br />
lingüísticos entre Canarias y África.</p>
<p>El martes 22 de julio tendrá lugar la mesa redonda “El hispanismo en África: del Sahel al Golfo de Guinea”, con la participación de Joana Boampong (Universidad de Ghana) y Gustave Dioussé (Université Gaston Berger de Saint-Louis, Senegal). La cita será una oportunidad única para pensar el hispanismo en África: su historia, sus retos, sus contactos con las lenguas africanas y su futuro en el continente.</p>
<p>Un encuentro único con dos figuras clave del hispanismo africano: Joana Boampong (Universidad de Ghana) y Gustave Dioussé (Universidad Gaston Berger, Senegal). Una conversación donde se abordarán temas esenciales como la presencia y evolución del español en el continente africano, los retos y oportunidades de su enseñanza en contextos locales, el diálogo entre el español y las lenguas africanas y las perspectivas de futuro de la lengua en esta región vibrante y diversa. Un espacio para reflexionar, compartir y descubrir el papel creciente del español en África de la mano de quienes lo viven y lo construyen cada día.</p>
<p><a href="https://docs.google.com/document/d/1RxcXlwvAOJeoX4UOcQXbTbjAT3H67-oR/edit?tab=t.0" target="_blank" rel="noopener" target="_blank" rel="noopener">Programa</a></p>
<p>&nbsp;</p>

<p>En el marco del programa Campus África 2025, y como apuesta decidida por abrir el conocimiento y el debate crítico a la sociedad, la Dirección de Cooperación y Movilidad con África y América Latina del Vicerrectorado de Internacionalización y Cooperación lanza un programa sobre los vínculos históricos, culturales y lingüísticos entre Canarias y África. El&#8230;</p>

<!-- This site is optimized with the Yoast SEO plugin v21.3 - https://yoast.com/wordpress/plugins/seo/ -->
<title>El hispanismo en África: del Sahel al Golfo de Guinea - ULL - Agenda</title>
<meta name="robots" content="index, follow, max-snippet:-1, max-image-preview:large, max-video-preview:-1" />
<link rel="canonical" href="https://www.ull.es/portal/agenda/evento/el-hispanismo-en-africa-del-sahel-al-golfo-de-guinea/" />
<meta property="og:locale" content="es_ES" />
<meta property="og:type" content="article" />
<meta property="og:title" content="El hispanismo en África: del Sahel al Golfo de Guinea - ULL - Agenda" />
<meta property="og:description" content="En el marco del programa Campus África 2025, y como apuesta decidida por abrir el conocimiento y el debate crítico a la sociedad, la Dirección de Cooperación y Movilidad con África y América Latina del Vicerrectorado de Internacionalización y Cooperación lanza un programa sobre los vínculos históricos, culturales y lingüísticos entre Canarias y África. El..." />
<meta property="og:url" content="https://www.ull.es/portal/agenda/evento/el-hispanismo-en-africa-del-sahel-al-golfo-de-guinea/" />
<meta property="og:site_name" content="ULL - Agenda" />
<meta property="article:modified_time" content="2025-07-11T12:18:51+00:00" />
<meta property="og:image" content="https://www.ull.es/portal/agenda/wp-content/uploads/sites/12/2025/07/ADAPTACIONES-CAMPUAS-AFRICA-AFROHISPANISMOS-1_Banner-eventos.png" />
	<meta property="og:image:width" content="750" />
	<meta property="og:image:height" content="370" />
	<meta property="og:image:type" content="image/png" />
<meta name="twitter:card" content="summary_large_image" />
<meta name="twitter:label1" content="Tiempo de lectura" />
	<meta name="twitter:data1" content="2 minutos" />
<script type="application/ld+json" class="yoast-schema-graph">{"@context":"https://schema.org","@graph":[{"@type":"WebPage","@id":"https://www.ull.es/portal/agenda/evento/el-hispanismo-en-africa-del-sahel-al-golfo-de-guinea/","url":"https://www.ull.es/portal/agenda/evento/el-hispanismo-en-africa-del-sahel-al-golfo-de-guinea/","name":"El hispanismo en África: del Sahel al Golfo de Guinea - ULL - Agenda","isPartOf":{"@id":"https://www.ull.es/portal/agenda/#website"},"datePublished":"2025-07-07T10:32:55+00:00","dateModified":"2025-07-11T12:18:51+00:00","breadcrumb":{"@id":"https://www.ull.es/portal/agenda/evento/el-hispanismo-en-africa-del-sahel-al-golfo-de-guinea/#breadcrumb"},"inLanguage":"es","potentialAction":[{"@type":"ReadAction","target":["https://www.ull.es/portal/agenda/evento/el-hispanismo-en-africa-del-sahel-al-golfo-de-guinea/"]}]},{"@type":"BreadcrumbList","@id":"https://www.ull.es/portal/agenda/evento/el-hispanismo-en-africa-del-sahel-al-golfo-de-guinea/#breadcrumb","itemListElement":[{"@type":"ListItem","position":1,"name":"Portada","item":"https://www.ull.es/portal/agenda/"},{"@type":"ListItem","position":2,"name":"El hispanismo en África: del Sahel al Golfo de Guinea"}]},{"@type":"WebSite","@id":"https://www.ull.es/portal/agenda/#website","url":"https://www.ull.es/portal/agenda/","name":"ULL - Agenda","description":"","potentialAction":[{"@type":"SearchAction","target":{"@type":"EntryPoint","urlTemplate":"https://www.ull.es/portal/agenda/?s={search_term_string}"},"query-input":"required name=search_term_string"}],"inLanguage":"es"}]}</script>
<!-- / Yoast SEO plugin. -->

El hispanismo en África: del Sahel al Golfo de Guinea - ULL - Agenda

En el marco del programa Campus África 2025, y como apuesta decidida por abrir el conocimiento y el debate crítico a la sociedad, la Dirección de Cooperación y Movilidad con África y América Latina del Vicerrectorado de Internacionalización y Cooperación lanza un programa sobre los vínculos históricos, culturales y lingüísticos entre Canarias y África. El...
