{"id":43472,"date":"2025-07-07T10:35:05","date_gmt":"2025-07-07T10:35:05","guid":{"rendered":"https:\/\/www.ull.es\/portal\/agenda\/?post_type=tribe_events&#038;p=43472"},"modified":"2025-07-14T13:35:15","modified_gmt":"2025-07-14T13:35:15","slug":"proyeccion-documental-y-cineforum-teide-21-minutos","status":"publish","type":"tribe_events","link":"https:\/\/www.ull.es\/portal\/agenda\/evento\/proyeccion-documental-y-cineforum-teide-21-minutos\/","title":{"rendered":"Proyecci\u00f3n documental y cinef\u00f3rum \u2018Teide\u2019"},"content":{"rendered":"<p>En el marco del programa Campus \u00c1frica 2025, y como apuesta decidida por abrir el conocimiento y el debate cr\u00edtico a la sociedad, la Direcci\u00f3n de Cooperaci\u00f3n y Movilidad con \u00c1frica y Am\u00e9rica Latina del Vicerrectorado de Internacionalizaci\u00f3n y Cooperaci\u00f3n lanza un programa sobre los v\u00ednculos hist\u00f3ricos, culturales y ling\u00fc\u00edsticos entre Canarias y \u00c1frica.<\/p>\n<p>El mi\u00e9rcoles 23 de julio se proyectar\u00e1 el documental \u201cTeide\u201d, dirigido por Nadir Bouhmouch y Soumeya Ait Ahmed (colectivo Tizintizwa). Mezcla de poes\u00eda, ficci\u00f3n y ensayo hist\u00f3rico, esta obra propone una lectura decolonial de la colonizaci\u00f3n de las Islas Canarias, el genocidio amazigh y la l\u00f3gica imperialista del turismo contempor\u00e1neo. Tras la proyecci\u00f3n, tendr\u00e1 lugar un coloquio con sus creadores y con el historiador Rum\u00e9n Sosa Mart\u00edn.<\/p>\n<p><span style=\"font-weight: 400;\">Mezcla de documental, ficci\u00f3n y poes\u00eda, \u2018Teide\u2019 aborda la colonizaci\u00f3n de las Islas Canarias y el genocidio de los pueblos amazigh canarios en el siglo XV a trav\u00e9s de las huellas de las lenguas ind\u00edgenas extinguidas que se encuentran en los top\u00f3nimos de todo el archipi\u00e9lago. Entrelazando la memoria ling\u00fc\u00edstica y el pasado hist\u00f3rico con los problemas contempor\u00e1neos generados por el turismo de masas en el archipi\u00e9lago, Teide intenta arrojar luz sobre el legado de la supremac\u00eda europea sobre el globo y la l\u00f3gica imperialista del turismo -en busca de conquistas baratas, a s\u00f3lo un vuelo de bajo coste-.<\/span><\/p>\n","protected":false},"excerpt":{"rendered":"<p>En el marco del programa Campus \u00c1frica 2025, y como apuesta decidida por abrir el conocimiento y el debate cr\u00edtico a la sociedad, la Direcci\u00f3n de Cooperaci\u00f3n y Movilidad con \u00c1frica y Am\u00e9rica Latina del Vicerrectorado de Internacionalizaci\u00f3n y Cooperaci\u00f3n lanza un programa sobre los v\u00ednculos hist\u00f3ricos, culturales y ling\u00fc\u00edsticos entre Canarias y \u00c1frica. El&#8230;<\/p>\n","protected":false},"author":65,"featured_media":43612,"comment_status":"closed","ping_status":"closed","template":"","tags":[],"tribe_events_cat":[3987,4,345,186,187],"acf":[],"yoast_head":"<!-- This site is optimized with the Yoast SEO plugin v21.3 - https:\/\/yoast.com\/wordpress\/plugins\/seo\/ -->\n<title>Proyecci\u00f3n documental y cinef\u00f3rum \u2018Teide\u2019 - ULL - Agenda<\/title>\n<meta name=\"robots\" content=\"index, follow, max-snippet:-1, max-image-preview:large, max-video-preview:-1\" \/>\n<link rel=\"canonical\" href=\"https:\/\/www.ull.es\/portal\/agenda\/evento\/proyeccion-documental-y-cineforum-teide-21-minutos\/\" \/>\n<meta property=\"og:locale\" content=\"es_ES\" \/>\n<meta property=\"og:type\" content=\"article\" \/>\n<meta property=\"og:title\" content=\"Proyecci\u00f3n documental y cinef\u00f3rum \u2018Teide\u2019 - ULL - Agenda\" \/>\n<meta property=\"og:description\" content=\"En el marco del programa Campus \u00c1frica 2025, y como apuesta decidida por abrir el conocimiento y el debate cr\u00edtico a la sociedad, la Direcci\u00f3n de Cooperaci\u00f3n y Movilidad con \u00c1frica y Am\u00e9rica Latina del Vicerrectorado de Internacionalizaci\u00f3n y Cooperaci\u00f3n lanza un programa sobre los v\u00ednculos hist\u00f3ricos, culturales y ling\u00fc\u00edsticos entre Canarias y \u00c1frica. El...\" \/>\n<meta property=\"og:url\" content=\"https:\/\/www.ull.es\/portal\/agenda\/evento\/proyeccion-documental-y-cineforum-teide-21-minutos\/\" \/>\n<meta property=\"og:site_name\" content=\"ULL - Agenda\" \/>\n<meta property=\"article:modified_time\" content=\"2025-07-14T13:35:15+00:00\" \/>\n<meta property=\"og:image\" content=\"https:\/\/www.ull.es\/portal\/agenda\/wp-content\/uploads\/sites\/12\/2025\/07\/ADAPTACIONES-SEMINARIOS-CAMPUS-AFRICA-CINEAMAZIGH.png\" \/>\n\t<meta property=\"og:image:width\" content=\"1563\" \/>\n\t<meta property=\"og:image:height\" content=\"771\" \/>\n\t<meta property=\"og:image:type\" content=\"image\/png\" \/>\n<meta name=\"twitter:card\" content=\"summary_large_image\" \/>\n<meta name=\"twitter:label1\" content=\"Tiempo de lectura\" \/>\n\t<meta name=\"twitter:data1\" content=\"2 minutos\" \/>\n<script type=\"application\/ld+json\" class=\"yoast-schema-graph\">{\"@context\":\"https:\/\/schema.org\",\"@graph\":[{\"@type\":\"WebPage\",\"@id\":\"https:\/\/www.ull.es\/portal\/agenda\/evento\/proyeccion-documental-y-cineforum-teide-21-minutos\/\",\"url\":\"https:\/\/www.ull.es\/portal\/agenda\/evento\/proyeccion-documental-y-cineforum-teide-21-minutos\/\",\"name\":\"Proyecci\u00f3n documental y cinef\u00f3rum \u2018Teide\u2019 - ULL - Agenda\",\"isPartOf\":{\"@id\":\"https:\/\/www.ull.es\/portal\/agenda\/#website\"},\"datePublished\":\"2025-07-07T10:35:05+00:00\",\"dateModified\":\"2025-07-14T13:35:15+00:00\",\"breadcrumb\":{\"@id\":\"https:\/\/www.ull.es\/portal\/agenda\/evento\/proyeccion-documental-y-cineforum-teide-21-minutos\/#breadcrumb\"},\"inLanguage\":\"es\",\"potentialAction\":[{\"@type\":\"ReadAction\",\"target\":[\"https:\/\/www.ull.es\/portal\/agenda\/evento\/proyeccion-documental-y-cineforum-teide-21-minutos\/\"]}]},{\"@type\":\"BreadcrumbList\",\"@id\":\"https:\/\/www.ull.es\/portal\/agenda\/evento\/proyeccion-documental-y-cineforum-teide-21-minutos\/#breadcrumb\",\"itemListElement\":[{\"@type\":\"ListItem\",\"position\":1,\"name\":\"Portada\",\"item\":\"https:\/\/www.ull.es\/portal\/agenda\/\"},{\"@type\":\"ListItem\",\"position\":2,\"name\":\"Proyecci\u00f3n documental y cinef\u00f3rum \u2018Teide\u2019\"}]},{\"@type\":\"WebSite\",\"@id\":\"https:\/\/www.ull.es\/portal\/agenda\/#website\",\"url\":\"https:\/\/www.ull.es\/portal\/agenda\/\",\"name\":\"ULL - Agenda\",\"description\":\"\",\"potentialAction\":[{\"@type\":\"SearchAction\",\"target\":{\"@type\":\"EntryPoint\",\"urlTemplate\":\"https:\/\/www.ull.es\/portal\/agenda\/?s={search_term_string}\"},\"query-input\":\"required name=search_term_string\"}],\"inLanguage\":\"es\"}]}<\/script>\n<!-- \/ Yoast SEO plugin. -->","yoast_head_json":{"title":"Proyecci\u00f3n documental y cinef\u00f3rum \u2018Teide\u2019 - ULL - Agenda","robots":{"index":"index","follow":"follow","max-snippet":"max-snippet:-1","max-image-preview":"max-image-preview:large","max-video-preview":"max-video-preview:-1"},"canonical":"https:\/\/www.ull.es\/portal\/agenda\/evento\/proyeccion-documental-y-cineforum-teide-21-minutos\/","og_locale":"es_ES","og_type":"article","og_title":"Proyecci\u00f3n documental y cinef\u00f3rum \u2018Teide\u2019 - ULL - Agenda","og_description":"En el marco del programa Campus \u00c1frica 2025, y como apuesta decidida por abrir el conocimiento y el debate cr\u00edtico a la sociedad, la Direcci\u00f3n de Cooperaci\u00f3n y Movilidad con \u00c1frica y Am\u00e9rica Latina del Vicerrectorado de Internacionalizaci\u00f3n y Cooperaci\u00f3n lanza un programa sobre los v\u00ednculos hist\u00f3ricos, culturales y ling\u00fc\u00edsticos entre Canarias y \u00c1frica. El...","og_url":"https:\/\/www.ull.es\/portal\/agenda\/evento\/proyeccion-documental-y-cineforum-teide-21-minutos\/","og_site_name":"ULL - Agenda","article_modified_time":"2025-07-14T13:35:15+00:00","og_image":[{"width":1563,"height":771,"url":"https:\/\/www.ull.es\/portal\/agenda\/wp-content\/uploads\/sites\/12\/2025\/07\/ADAPTACIONES-SEMINARIOS-CAMPUS-AFRICA-CINEAMAZIGH.png","type":"image\/png"}],"twitter_card":"summary_large_image","twitter_misc":{"Tiempo de lectura":"2 minutos"},"schema":{"@context":"https:\/\/schema.org","@graph":[{"@type":"WebPage","@id":"https:\/\/www.ull.es\/portal\/agenda\/evento\/proyeccion-documental-y-cineforum-teide-21-minutos\/","url":"https:\/\/www.ull.es\/portal\/agenda\/evento\/proyeccion-documental-y-cineforum-teide-21-minutos\/","name":"Proyecci\u00f3n documental y cinef\u00f3rum \u2018Teide\u2019 - ULL - Agenda","isPartOf":{"@id":"https:\/\/www.ull.es\/portal\/agenda\/#website"},"datePublished":"2025-07-07T10:35:05+00:00","dateModified":"2025-07-14T13:35:15+00:00","breadcrumb":{"@id":"https:\/\/www.ull.es\/portal\/agenda\/evento\/proyeccion-documental-y-cineforum-teide-21-minutos\/#breadcrumb"},"inLanguage":"es","potentialAction":[{"@type":"ReadAction","target":["https:\/\/www.ull.es\/portal\/agenda\/evento\/proyeccion-documental-y-cineforum-teide-21-minutos\/"]}]},{"@type":"BreadcrumbList","@id":"https:\/\/www.ull.es\/portal\/agenda\/evento\/proyeccion-documental-y-cineforum-teide-21-minutos\/#breadcrumb","itemListElement":[{"@type":"ListItem","position":1,"name":"Portada","item":"https:\/\/www.ull.es\/portal\/agenda\/"},{"@type":"ListItem","position":2,"name":"Proyecci\u00f3n documental y cinef\u00f3rum \u2018Teide\u2019"}]},{"@type":"WebSite","@id":"https:\/\/www.ull.es\/portal\/agenda\/#website","url":"https:\/\/www.ull.es\/portal\/agenda\/","name":"ULL - Agenda","description":"","potentialAction":[{"@type":"SearchAction","target":{"@type":"EntryPoint","urlTemplate":"https:\/\/www.ull.es\/portal\/agenda\/?s={search_term_string}"},"query-input":"required name=search_term_string"}],"inLanguage":"es"}]}},"_links":{"self":[{"href":"https:\/\/www.ull.es\/portal\/agenda\/wp-json\/wp\/v2\/tribe_events\/43472"}],"collection":[{"href":"https:\/\/www.ull.es\/portal\/agenda\/wp-json\/wp\/v2\/tribe_events"}],"about":[{"href":"https:\/\/www.ull.es\/portal\/agenda\/wp-json\/wp\/v2\/types\/tribe_events"}],"author":[{"embeddable":true,"href":"https:\/\/www.ull.es\/portal\/agenda\/wp-json\/wp\/v2\/users\/65"}],"replies":[{"embeddable":true,"href":"https:\/\/www.ull.es\/portal\/agenda\/wp-json\/wp\/v2\/comments?post=43472"}],"version-history":[{"count":3,"href":"https:\/\/www.ull.es\/portal\/agenda\/wp-json\/wp\/v2\/tribe_events\/43472\/revisions"}],"predecessor-version":[{"id":43593,"href":"https:\/\/www.ull.es\/portal\/agenda\/wp-json\/wp\/v2\/tribe_events\/43472\/revisions\/43593"}],"wp:featuredmedia":[{"embeddable":true,"href":"https:\/\/www.ull.es\/portal\/agenda\/wp-json\/wp\/v2\/media\/43612"}],"wp:attachment":[{"href":"https:\/\/www.ull.es\/portal\/agenda\/wp-json\/wp\/v2\/media?parent=43472"}],"wp:term":[{"taxonomy":"post_tag","embeddable":true,"href":"https:\/\/www.ull.es\/portal\/agenda\/wp-json\/wp\/v2\/tags?post=43472"},{"taxonomy":"tribe_events_cat","embeddable":true,"href":"https:\/\/www.ull.es\/portal\/agenda\/wp-json\/wp\/v2\/tribe_events_cat?post=43472"}],"curies":[{"name":"wp","href":"https:\/\/api.w.org\/{rel}","templated":true}]}}

Proyección documental y cinefórum ‘Teide’

<p>En el marco del programa Campus África 2025, y como apuesta decidida por abrir el conocimiento y el debate crítico a la sociedad, la Dirección de Cooperación y Movilidad con África y América Latina del Vicerrectorado de Internacionalización y Cooperación lanza un programa sobre los vínculos históricos, culturales y lingüísticos entre Canarias y África.</p>
<p>El miércoles 23 de julio se proyectará el documental “Teide”, dirigido por Nadir Bouhmouch y Soumeya Ait Ahmed (colectivo Tizintizwa). Mezcla de poesía, ficción y ensayo histórico, esta obra propone una lectura decolonial de la colonización de las Islas Canarias, el genocidio amazigh y la lógica imperialista del turismo contemporáneo. Tras la proyección, tendrá lugar un coloquio con sus creadores y con el historiador Rumén Sosa Martín.</p>
<p><span style="font-weight: 400;">Mezcla de documental, ficción y poesía, ‘Teide’ aborda la colonización de las Islas Canarias y el genocidio de los pueblos amazigh canarios en el siglo XV a través de las huellas de las lenguas indígenas extinguidas que se encuentran en los topónimos de todo el archipiélago. Entrelazando la memoria lingüística y el pasado histórico con los problemas contemporáneos generados por el turismo de masas en el archipiélago, Teide intenta arrojar luz sobre el legado de la supremacía europea sobre el globo y la lógica imperialista del turismo -en busca de conquistas baratas, a sólo un vuelo de bajo coste-.</span></p>

<p>En el marco del programa Campus África 2025, y como apuesta decidida por abrir el conocimiento y el debate crítico a la sociedad, la Dirección de Cooperación y Movilidad con África y América Latina del Vicerrectorado de Internacionalización y Cooperación lanza un programa sobre los vínculos históricos, culturales y lingüísticos entre Canarias y África. El&#8230;</p>

<!-- This site is optimized with the Yoast SEO plugin v21.3 - https://yoast.com/wordpress/plugins/seo/ -->
<title>Proyección documental y cinefórum ‘Teide’ - ULL - Agenda</title>
<meta name="robots" content="index, follow, max-snippet:-1, max-image-preview:large, max-video-preview:-1" />
<link rel="canonical" href="https://www.ull.es/portal/agenda/evento/proyeccion-documental-y-cineforum-teide-21-minutos/" />
<meta property="og:locale" content="es_ES" />
<meta property="og:type" content="article" />
<meta property="og:title" content="Proyección documental y cinefórum ‘Teide’ - ULL - Agenda" />
<meta property="og:description" content="En el marco del programa Campus África 2025, y como apuesta decidida por abrir el conocimiento y el debate crítico a la sociedad, la Dirección de Cooperación y Movilidad con África y América Latina del Vicerrectorado de Internacionalización y Cooperación lanza un programa sobre los vínculos históricos, culturales y lingüísticos entre Canarias y África. El..." />
<meta property="og:url" content="https://www.ull.es/portal/agenda/evento/proyeccion-documental-y-cineforum-teide-21-minutos/" />
<meta property="og:site_name" content="ULL - Agenda" />
<meta property="article:modified_time" content="2025-07-14T13:35:15+00:00" />
<meta property="og:image" content="https://www.ull.es/portal/agenda/wp-content/uploads/sites/12/2025/07/ADAPTACIONES-SEMINARIOS-CAMPUS-AFRICA-CINEAMAZIGH.png" />
	<meta property="og:image:width" content="1563" />
	<meta property="og:image:height" content="771" />
	<meta property="og:image:type" content="image/png" />
<meta name="twitter:card" content="summary_large_image" />
<meta name="twitter:label1" content="Tiempo de lectura" />
	<meta name="twitter:data1" content="2 minutos" />
<script type="application/ld+json" class="yoast-schema-graph">{"@context":"https://schema.org","@graph":[{"@type":"WebPage","@id":"https://www.ull.es/portal/agenda/evento/proyeccion-documental-y-cineforum-teide-21-minutos/","url":"https://www.ull.es/portal/agenda/evento/proyeccion-documental-y-cineforum-teide-21-minutos/","name":"Proyección documental y cinefórum ‘Teide’ - ULL - Agenda","isPartOf":{"@id":"https://www.ull.es/portal/agenda/#website"},"datePublished":"2025-07-07T10:35:05+00:00","dateModified":"2025-07-14T13:35:15+00:00","breadcrumb":{"@id":"https://www.ull.es/portal/agenda/evento/proyeccion-documental-y-cineforum-teide-21-minutos/#breadcrumb"},"inLanguage":"es","potentialAction":[{"@type":"ReadAction","target":["https://www.ull.es/portal/agenda/evento/proyeccion-documental-y-cineforum-teide-21-minutos/"]}]},{"@type":"BreadcrumbList","@id":"https://www.ull.es/portal/agenda/evento/proyeccion-documental-y-cineforum-teide-21-minutos/#breadcrumb","itemListElement":[{"@type":"ListItem","position":1,"name":"Portada","item":"https://www.ull.es/portal/agenda/"},{"@type":"ListItem","position":2,"name":"Proyección documental y cinefórum ‘Teide’"}]},{"@type":"WebSite","@id":"https://www.ull.es/portal/agenda/#website","url":"https://www.ull.es/portal/agenda/","name":"ULL - Agenda","description":"","potentialAction":[{"@type":"SearchAction","target":{"@type":"EntryPoint","urlTemplate":"https://www.ull.es/portal/agenda/?s={search_term_string}"},"query-input":"required name=search_term_string"}],"inLanguage":"es"}]}</script>
<!-- / Yoast SEO plugin. -->

Proyección documental y cinefórum ‘Teide’ - ULL - Agenda

En el marco del programa Campus África 2025, y como apuesta decidida por abrir el conocimiento y el debate crítico a la sociedad, la Dirección de Cooperación y Movilidad con África y América Latina del Vicerrectorado de Internacionalización y Cooperación lanza un programa sobre los vínculos históricos, culturales y lingüísticos entre Canarias y África. El...
