{"id":43600,"date":"2025-07-14T09:21:59","date_gmt":"2025-07-14T09:21:59","guid":{"rendered":"https:\/\/www.ull.es\/portal\/agenda\/?post_type=tribe_events&#038;p=43600"},"modified":"2025-07-21T09:02:39","modified_gmt":"2025-07-21T09:02:39","slug":"jornadas-de-puertas-abiertas-abierto-por-excavacion-de-la-cueva-de-los-cabezazos","status":"publish","type":"tribe_events","link":"https:\/\/www.ull.es\/portal\/agenda\/evento\/jornadas-de-puertas-abiertas-abierto-por-excavacion-de-la-cueva-de-los-cabezazos\/","title":{"rendered":"Jornadas de Puertas Abiertas: &#8216;Abierto por Excavaci\u00f3n de la Cueva de Los Cabezazos&#8217;"},"content":{"rendered":"<p>La tercera edici\u00f3n de las Jornadas de Puertas Abiertas: &#8216;Abierto por Excavaci\u00f3n de la Cueva de Los Cabezazos&#8217; tendr\u00e1 lugar\u00a0 el 26 de julio en horario de 8:00 a 13:00 h.<\/p>\n<p>Esta actividad se realiza en colaboraci\u00f3n entre el Ayuntamiento de la Villa de Tegueste, la Direcci\u00f3n General de Cultura y Patrimonio Cultural del Gobierno de Canarias y la Universidad de La Laguna en el marco de los proyectos I+D+I PID2021-125055NA-I00, CNS2024-154341 y S20241230.<\/p>\n<p>\u201cAbierto por Excavaci\u00f3n\u201d consistir\u00e1 en visitas guiadas, en grupos reducidos, a la Cueva de Los Cabezazos en la que entre el 8 y el 28 de julio se est\u00e1 llevando a cabo la cuarta campa\u00f1a de excavaci\u00f3n desarrollada desde la Universidad de La Laguna y financiada por la Direcci\u00f3n General de Cultura y Patrimonio Cultural y el Ministerio de Ciencia, Innovaci\u00f3n y Universidades \u2013 Agencia Estatal de Investigaci\u00f3n.<\/p>\n<p>Una vez finalizada la visita se invitar\u00e1 tanto a los participantes, como a aquellas personas interesadas, a pasar por la Plaza de San Marcos para que puedan ver c\u00f3mo es el proceso de laboratorio (ver el material que se est\u00e1 recuperando, c\u00f3mo se analiza, etc\u2026) en horario de 9:00 a 14:00 horas.<\/p>\n<p>Las personas interesadas deber\u00e1n inscribirse previamente a trav\u00e9s de la propia Oficina de Turismo del municipio, llamando al tel\u00e9fono 922 31 61 02 o enviando un correo electr\u00f3nico a turismo@tegueste.org. Inscripciones a partir del 22 de julio.<\/p>\n","protected":false},"excerpt":{"rendered":"<p>La tercera edici\u00f3n de las Jornadas de Puertas Abiertas: &#8216;Abierto por Excavaci\u00f3n de la Cueva de Los Cabezazos&#8217; tendr\u00e1 lugar\u00a0 el 26 de julio en horario de 8:00 a 13:00 h. Esta actividad se realiza en colaboraci\u00f3n entre el Ayuntamiento de la Villa de Tegueste, la Direcci\u00f3n General de Cultura y Patrimonio Cultural del Gobierno&#8230;<\/p>\n","protected":false},"author":65,"featured_media":43614,"comment_status":"closed","ping_status":"closed","template":"","tags":[],"tribe_events_cat":[4,985,509,186,191],"acf":[],"yoast_head":"<!-- This site is optimized with the Yoast SEO plugin v21.3 - https:\/\/yoast.com\/wordpress\/plugins\/seo\/ -->\n<title>Jornadas de Puertas Abiertas: &#039;Abierto por Excavaci\u00f3n de la Cueva de Los Cabezazos&#039; - ULL - Agenda<\/title>\n<meta name=\"robots\" content=\"index, follow, max-snippet:-1, max-image-preview:large, max-video-preview:-1\" \/>\n<link rel=\"canonical\" href=\"https:\/\/www.ull.es\/portal\/agenda\/evento\/jornadas-de-puertas-abiertas-abierto-por-excavacion-de-la-cueva-de-los-cabezazos\/\" \/>\n<meta property=\"og:locale\" content=\"es_ES\" \/>\n<meta property=\"og:type\" content=\"article\" \/>\n<meta property=\"og:title\" content=\"Jornadas de Puertas Abiertas: &#039;Abierto por Excavaci\u00f3n de la Cueva de Los Cabezazos&#039; - ULL - Agenda\" \/>\n<meta property=\"og:description\" content=\"La tercera edici\u00f3n de las Jornadas de Puertas Abiertas: &#8216;Abierto por Excavaci\u00f3n de la Cueva de Los Cabezazos&#8217; tendr\u00e1 lugar\u00a0 el 26 de julio en horario de 8:00 a 13:00 h. Esta actividad se realiza en colaboraci\u00f3n entre el Ayuntamiento de la Villa de Tegueste, la Direcci\u00f3n General de Cultura y Patrimonio Cultural del Gobierno...\" \/>\n<meta property=\"og:url\" content=\"https:\/\/www.ull.es\/portal\/agenda\/evento\/jornadas-de-puertas-abiertas-abierto-por-excavacion-de-la-cueva-de-los-cabezazos\/\" \/>\n<meta property=\"og:site_name\" content=\"ULL - Agenda\" \/>\n<meta property=\"article:modified_time\" content=\"2025-07-21T09:02:39+00:00\" \/>\n<meta property=\"og:image\" content=\"https:\/\/www.ull.es\/portal\/agenda\/wp-content\/uploads\/sites\/12\/2025\/07\/Jornadas-puertas-abiertas-Cueva-de-los-Cabezazos_Banner-evento.png\" \/>\n\t<meta property=\"og:image:width\" content=\"750\" \/>\n\t<meta property=\"og:image:height\" content=\"370\" \/>\n\t<meta property=\"og:image:type\" content=\"image\/png\" \/>\n<meta name=\"twitter:card\" content=\"summary_large_image\" \/>\n<meta name=\"twitter:label1\" content=\"Tiempo de lectura\" \/>\n\t<meta name=\"twitter:data1\" content=\"2 minutos\" \/>\n<script type=\"application\/ld+json\" class=\"yoast-schema-graph\">{\"@context\":\"https:\/\/schema.org\",\"@graph\":[{\"@type\":\"WebPage\",\"@id\":\"https:\/\/www.ull.es\/portal\/agenda\/evento\/jornadas-de-puertas-abiertas-abierto-por-excavacion-de-la-cueva-de-los-cabezazos\/\",\"url\":\"https:\/\/www.ull.es\/portal\/agenda\/evento\/jornadas-de-puertas-abiertas-abierto-por-excavacion-de-la-cueva-de-los-cabezazos\/\",\"name\":\"Jornadas de Puertas Abiertas: 'Abierto por Excavaci\u00f3n de la Cueva de Los Cabezazos' - ULL - Agenda\",\"isPartOf\":{\"@id\":\"https:\/\/www.ull.es\/portal\/agenda\/#website\"},\"datePublished\":\"2025-07-14T09:21:59+00:00\",\"dateModified\":\"2025-07-21T09:02:39+00:00\",\"breadcrumb\":{\"@id\":\"https:\/\/www.ull.es\/portal\/agenda\/evento\/jornadas-de-puertas-abiertas-abierto-por-excavacion-de-la-cueva-de-los-cabezazos\/#breadcrumb\"},\"inLanguage\":\"es\",\"potentialAction\":[{\"@type\":\"ReadAction\",\"target\":[\"https:\/\/www.ull.es\/portal\/agenda\/evento\/jornadas-de-puertas-abiertas-abierto-por-excavacion-de-la-cueva-de-los-cabezazos\/\"]}]},{\"@type\":\"BreadcrumbList\",\"@id\":\"https:\/\/www.ull.es\/portal\/agenda\/evento\/jornadas-de-puertas-abiertas-abierto-por-excavacion-de-la-cueva-de-los-cabezazos\/#breadcrumb\",\"itemListElement\":[{\"@type\":\"ListItem\",\"position\":1,\"name\":\"Portada\",\"item\":\"https:\/\/www.ull.es\/portal\/agenda\/\"},{\"@type\":\"ListItem\",\"position\":2,\"name\":\"Jornadas de Puertas Abiertas: &#8216;Abierto por Excavaci\u00f3n de la Cueva de Los Cabezazos&#8217;\"}]},{\"@type\":\"WebSite\",\"@id\":\"https:\/\/www.ull.es\/portal\/agenda\/#website\",\"url\":\"https:\/\/www.ull.es\/portal\/agenda\/\",\"name\":\"ULL - Agenda\",\"description\":\"\",\"potentialAction\":[{\"@type\":\"SearchAction\",\"target\":{\"@type\":\"EntryPoint\",\"urlTemplate\":\"https:\/\/www.ull.es\/portal\/agenda\/?s={search_term_string}\"},\"query-input\":\"required name=search_term_string\"}],\"inLanguage\":\"es\"}]}<\/script>\n<!-- \/ Yoast SEO plugin. -->","yoast_head_json":{"title":"Jornadas de Puertas Abiertas: 'Abierto por Excavaci\u00f3n de la Cueva de Los Cabezazos' - ULL - Agenda","robots":{"index":"index","follow":"follow","max-snippet":"max-snippet:-1","max-image-preview":"max-image-preview:large","max-video-preview":"max-video-preview:-1"},"canonical":"https:\/\/www.ull.es\/portal\/agenda\/evento\/jornadas-de-puertas-abiertas-abierto-por-excavacion-de-la-cueva-de-los-cabezazos\/","og_locale":"es_ES","og_type":"article","og_title":"Jornadas de Puertas Abiertas: 'Abierto por Excavaci\u00f3n de la Cueva de Los Cabezazos' - ULL - Agenda","og_description":"La tercera edici\u00f3n de las Jornadas de Puertas Abiertas: &#8216;Abierto por Excavaci\u00f3n de la Cueva de Los Cabezazos&#8217; tendr\u00e1 lugar\u00a0 el 26 de julio en horario de 8:00 a 13:00 h. Esta actividad se realiza en colaboraci\u00f3n entre el Ayuntamiento de la Villa de Tegueste, la Direcci\u00f3n General de Cultura y Patrimonio Cultural del Gobierno...","og_url":"https:\/\/www.ull.es\/portal\/agenda\/evento\/jornadas-de-puertas-abiertas-abierto-por-excavacion-de-la-cueva-de-los-cabezazos\/","og_site_name":"ULL - Agenda","article_modified_time":"2025-07-21T09:02:39+00:00","og_image":[{"width":750,"height":370,"url":"https:\/\/www.ull.es\/portal\/agenda\/wp-content\/uploads\/sites\/12\/2025\/07\/Jornadas-puertas-abiertas-Cueva-de-los-Cabezazos_Banner-evento.png","type":"image\/png"}],"twitter_card":"summary_large_image","twitter_misc":{"Tiempo de lectura":"2 minutos"},"schema":{"@context":"https:\/\/schema.org","@graph":[{"@type":"WebPage","@id":"https:\/\/www.ull.es\/portal\/agenda\/evento\/jornadas-de-puertas-abiertas-abierto-por-excavacion-de-la-cueva-de-los-cabezazos\/","url":"https:\/\/www.ull.es\/portal\/agenda\/evento\/jornadas-de-puertas-abiertas-abierto-por-excavacion-de-la-cueva-de-los-cabezazos\/","name":"Jornadas de Puertas Abiertas: 'Abierto por Excavaci\u00f3n de la Cueva de Los Cabezazos' - ULL - Agenda","isPartOf":{"@id":"https:\/\/www.ull.es\/portal\/agenda\/#website"},"datePublished":"2025-07-14T09:21:59+00:00","dateModified":"2025-07-21T09:02:39+00:00","breadcrumb":{"@id":"https:\/\/www.ull.es\/portal\/agenda\/evento\/jornadas-de-puertas-abiertas-abierto-por-excavacion-de-la-cueva-de-los-cabezazos\/#breadcrumb"},"inLanguage":"es","potentialAction":[{"@type":"ReadAction","target":["https:\/\/www.ull.es\/portal\/agenda\/evento\/jornadas-de-puertas-abiertas-abierto-por-excavacion-de-la-cueva-de-los-cabezazos\/"]}]},{"@type":"BreadcrumbList","@id":"https:\/\/www.ull.es\/portal\/agenda\/evento\/jornadas-de-puertas-abiertas-abierto-por-excavacion-de-la-cueva-de-los-cabezazos\/#breadcrumb","itemListElement":[{"@type":"ListItem","position":1,"name":"Portada","item":"https:\/\/www.ull.es\/portal\/agenda\/"},{"@type":"ListItem","position":2,"name":"Jornadas de Puertas Abiertas: &#8216;Abierto por Excavaci\u00f3n de la Cueva de Los Cabezazos&#8217;"}]},{"@type":"WebSite","@id":"https:\/\/www.ull.es\/portal\/agenda\/#website","url":"https:\/\/www.ull.es\/portal\/agenda\/","name":"ULL - Agenda","description":"","potentialAction":[{"@type":"SearchAction","target":{"@type":"EntryPoint","urlTemplate":"https:\/\/www.ull.es\/portal\/agenda\/?s={search_term_string}"},"query-input":"required name=search_term_string"}],"inLanguage":"es"}]}},"_links":{"self":[{"href":"https:\/\/www.ull.es\/portal\/agenda\/wp-json\/wp\/v2\/tribe_events\/43600"}],"collection":[{"href":"https:\/\/www.ull.es\/portal\/agenda\/wp-json\/wp\/v2\/tribe_events"}],"about":[{"href":"https:\/\/www.ull.es\/portal\/agenda\/wp-json\/wp\/v2\/types\/tribe_events"}],"author":[{"embeddable":true,"href":"https:\/\/www.ull.es\/portal\/agenda\/wp-json\/wp\/v2\/users\/65"}],"replies":[{"embeddable":true,"href":"https:\/\/www.ull.es\/portal\/agenda\/wp-json\/wp\/v2\/comments?post=43600"}],"version-history":[{"count":3,"href":"https:\/\/www.ull.es\/portal\/agenda\/wp-json\/wp\/v2\/tribe_events\/43600\/revisions"}],"predecessor-version":[{"id":43652,"href":"https:\/\/www.ull.es\/portal\/agenda\/wp-json\/wp\/v2\/tribe_events\/43600\/revisions\/43652"}],"wp:featuredmedia":[{"embeddable":true,"href":"https:\/\/www.ull.es\/portal\/agenda\/wp-json\/wp\/v2\/media\/43614"}],"wp:attachment":[{"href":"https:\/\/www.ull.es\/portal\/agenda\/wp-json\/wp\/v2\/media?parent=43600"}],"wp:term":[{"taxonomy":"post_tag","embeddable":true,"href":"https:\/\/www.ull.es\/portal\/agenda\/wp-json\/wp\/v2\/tags?post=43600"},{"taxonomy":"tribe_events_cat","embeddable":true,"href":"https:\/\/www.ull.es\/portal\/agenda\/wp-json\/wp\/v2\/tribe_events_cat?post=43600"}],"curies":[{"name":"wp","href":"https:\/\/api.w.org\/{rel}","templated":true}]}}

Jornadas de Puertas Abiertas: &#8216;Abierto por Excavación de la Cueva de Los Cabezazos&#8217;

<p>La tercera edición de las Jornadas de Puertas Abiertas: &#8216;Abierto por Excavación de la Cueva de Los Cabezazos&#8217; tendrá lugar  el 26 de julio en horario de 8:00 a 13:00 h.</p>
<p>Esta actividad se realiza en colaboración entre el Ayuntamiento de la Villa de Tegueste, la Dirección General de Cultura y Patrimonio Cultural del Gobierno de Canarias y la Universidad de La Laguna en el marco de los proyectos I+D+I PID2021-125055NA-I00, CNS2024-154341 y S20241230.</p>
<p>“Abierto por Excavación” consistirá en visitas guiadas, en grupos reducidos, a la Cueva de Los Cabezazos en la que entre el 8 y el 28 de julio se está llevando a cabo la cuarta campaña de excavación desarrollada desde la Universidad de La Laguna y financiada por la Dirección General de Cultura y Patrimonio Cultural y el Ministerio de Ciencia, Innovación y Universidades – Agencia Estatal de Investigación.</p>
<p>Una vez finalizada la visita se invitará tanto a los participantes, como a aquellas personas interesadas, a pasar por la Plaza de San Marcos para que puedan ver cómo es el proceso de laboratorio (ver el material que se está recuperando, cómo se analiza, etc…) en horario de 9:00 a 14:00 horas.</p>
<p>Las personas interesadas deberán inscribirse previamente a través de la propia Oficina de Turismo del municipio, llamando al teléfono 922 31 61 02 o enviando un correo electrónico a turismo@tegueste.org. Inscripciones a partir del 22 de julio.</p>

<p>La tercera edición de las Jornadas de Puertas Abiertas: &#8216;Abierto por Excavación de la Cueva de Los Cabezazos&#8217; tendrá lugar  el 26 de julio en horario de 8:00 a 13:00 h. Esta actividad se realiza en colaboración entre el Ayuntamiento de la Villa de Tegueste, la Dirección General de Cultura y Patrimonio Cultural del Gobierno&#8230;</p>

<!-- This site is optimized with the Yoast SEO plugin v21.3 - https://yoast.com/wordpress/plugins/seo/ -->
<title>Jornadas de Puertas Abiertas: &#039;Abierto por Excavación de la Cueva de Los Cabezazos&#039; - ULL - Agenda</title>
<meta name="robots" content="index, follow, max-snippet:-1, max-image-preview:large, max-video-preview:-1" />
<link rel="canonical" href="https://www.ull.es/portal/agenda/evento/jornadas-de-puertas-abiertas-abierto-por-excavacion-de-la-cueva-de-los-cabezazos/" />
<meta property="og:locale" content="es_ES" />
<meta property="og:type" content="article" />
<meta property="og:title" content="Jornadas de Puertas Abiertas: &#039;Abierto por Excavación de la Cueva de Los Cabezazos&#039; - ULL - Agenda" />
<meta property="og:description" content="La tercera edición de las Jornadas de Puertas Abiertas: &#8216;Abierto por Excavación de la Cueva de Los Cabezazos&#8217; tendrá lugar  el 26 de julio en horario de 8:00 a 13:00 h. Esta actividad se realiza en colaboración entre el Ayuntamiento de la Villa de Tegueste, la Dirección General de Cultura y Patrimonio Cultural del Gobierno..." />
<meta property="og:url" content="https://www.ull.es/portal/agenda/evento/jornadas-de-puertas-abiertas-abierto-por-excavacion-de-la-cueva-de-los-cabezazos/" />
<meta property="og:site_name" content="ULL - Agenda" />
<meta property="article:modified_time" content="2025-07-21T09:02:39+00:00" />
<meta property="og:image" content="https://www.ull.es/portal/agenda/wp-content/uploads/sites/12/2025/07/Jornadas-puertas-abiertas-Cueva-de-los-Cabezazos_Banner-evento.png" />
	<meta property="og:image:width" content="750" />
	<meta property="og:image:height" content="370" />
	<meta property="og:image:type" content="image/png" />
<meta name="twitter:card" content="summary_large_image" />
<meta name="twitter:label1" content="Tiempo de lectura" />
	<meta name="twitter:data1" content="2 minutos" />
<script type="application/ld+json" class="yoast-schema-graph">{"@context":"https://schema.org","@graph":[{"@type":"WebPage","@id":"https://www.ull.es/portal/agenda/evento/jornadas-de-puertas-abiertas-abierto-por-excavacion-de-la-cueva-de-los-cabezazos/","url":"https://www.ull.es/portal/agenda/evento/jornadas-de-puertas-abiertas-abierto-por-excavacion-de-la-cueva-de-los-cabezazos/","name":"Jornadas de Puertas Abiertas: 'Abierto por Excavación de la Cueva de Los Cabezazos' - ULL - Agenda","isPartOf":{"@id":"https://www.ull.es/portal/agenda/#website"},"datePublished":"2025-07-14T09:21:59+00:00","dateModified":"2025-07-21T09:02:39+00:00","breadcrumb":{"@id":"https://www.ull.es/portal/agenda/evento/jornadas-de-puertas-abiertas-abierto-por-excavacion-de-la-cueva-de-los-cabezazos/#breadcrumb"},"inLanguage":"es","potentialAction":[{"@type":"ReadAction","target":["https://www.ull.es/portal/agenda/evento/jornadas-de-puertas-abiertas-abierto-por-excavacion-de-la-cueva-de-los-cabezazos/"]}]},{"@type":"BreadcrumbList","@id":"https://www.ull.es/portal/agenda/evento/jornadas-de-puertas-abiertas-abierto-por-excavacion-de-la-cueva-de-los-cabezazos/#breadcrumb","itemListElement":[{"@type":"ListItem","position":1,"name":"Portada","item":"https://www.ull.es/portal/agenda/"},{"@type":"ListItem","position":2,"name":"Jornadas de Puertas Abiertas: &#8216;Abierto por Excavación de la Cueva de Los Cabezazos&#8217;"}]},{"@type":"WebSite","@id":"https://www.ull.es/portal/agenda/#website","url":"https://www.ull.es/portal/agenda/","name":"ULL - Agenda","description":"","potentialAction":[{"@type":"SearchAction","target":{"@type":"EntryPoint","urlTemplate":"https://www.ull.es/portal/agenda/?s={search_term_string}"},"query-input":"required name=search_term_string"}],"inLanguage":"es"}]}</script>
<!-- / Yoast SEO plugin. -->

Jornadas de Puertas Abiertas: 'Abierto por Excavación de la Cueva de Los Cabezazos' - ULL - Agenda

La tercera edición de las Jornadas de Puertas Abiertas: &#8216;Abierto por Excavación de la Cueva de Los Cabezazos&#8217; tendrá lugar  el 26 de julio en horario de 8:00 a 13:00 h. Esta actividad se realiza en colaboración entre el Ayuntamiento de la Villa de Tegueste, la Dirección General de Cultura y Patrimonio Cultural del Gobierno...
