{"id":43631,"date":"2025-07-16T08:40:03","date_gmt":"2025-07-16T08:40:03","guid":{"rendered":"https:\/\/www.ull.es\/portal\/agenda\/?post_type=tribe_events&#038;p=43631"},"modified":"2025-07-16T12:12:19","modified_gmt":"2025-07-16T12:12:19","slug":"filosofia-y-archivos-el-valor-y-potencial-del-archivo-javier-muguerza-en-la-universidad-de-la-laguna-para-la-filosofia-iberoamericana","status":"publish","type":"tribe_events","link":"https:\/\/www.ull.es\/portal\/agenda\/evento\/filosofia-y-archivos-el-valor-y-potencial-del-archivo-javier-muguerza-en-la-universidad-de-la-laguna-para-la-filosofia-iberoamericana\/","title":{"rendered":"Filosof\u00eda y archivos. El valor y potencial del archivo Javier Muguerza en la Universidad de La Laguna para la filosof\u00eda iberoamericana"},"content":{"rendered":"<p>Seminario especializado con el experto de la Universidad de Castilla-La Mancha, Santiago Arroyo, sobre el archivo Javier Muguerza de la Universidad de La Laguna. La actividad forma parte de las actividades financiadas por el Cabildo de Tenerife en el marco de la convocatoria de Proyectos de Inter\u00e9s Cultural 2025 del Vicerrectorado de Cultura y Extensi\u00f3n Universitaria y tiene como objetivo poner en valor el patrimonio cultural y bibliogr\u00e1fico de la Universidad de La Laguna as\u00ed como destacar la importancia de la archiv\u00edstica para las humanidades.<\/p>\n","protected":false},"excerpt":{"rendered":"<p>Seminario especializado con el experto de la Universidad de Castilla-La Mancha, Santiago Arroyo, sobre el archivo Javier Muguerza de la Universidad de La Laguna. La actividad forma parte de las actividades financiadas por el Cabildo de Tenerife en el marco de la convocatoria de Proyectos de Inter\u00e9s Cultural 2025 del Vicerrectorado de Cultura y Extensi\u00f3n&#8230;<\/p>\n","protected":false},"author":65,"featured_media":43635,"comment_status":"closed","ping_status":"closed","template":"","tags":[],"tribe_events_cat":[344,3987,4,191],"acf":[],"yoast_head":"<!-- This site is optimized with the Yoast SEO plugin v21.3 - https:\/\/yoast.com\/wordpress\/plugins\/seo\/ -->\n<title>Filosof\u00eda y archivos. El valor y potencial del archivo Javier Muguerza en la Universidad de La Laguna para la filosof\u00eda iberoamericana - ULL - Agenda<\/title>\n<meta name=\"robots\" content=\"index, follow, max-snippet:-1, max-image-preview:large, max-video-preview:-1\" \/>\n<link rel=\"canonical\" href=\"https:\/\/www.ull.es\/portal\/agenda\/evento\/filosofia-y-archivos-el-valor-y-potencial-del-archivo-javier-muguerza-en-la-universidad-de-la-laguna-para-la-filosofia-iberoamericana\/\" \/>\n<meta property=\"og:locale\" content=\"es_ES\" \/>\n<meta property=\"og:type\" content=\"article\" \/>\n<meta property=\"og:title\" content=\"Filosof\u00eda y archivos. El valor y potencial del archivo Javier Muguerza en la Universidad de La Laguna para la filosof\u00eda iberoamericana - ULL - Agenda\" \/>\n<meta property=\"og:description\" content=\"Seminario especializado con el experto de la Universidad de Castilla-La Mancha, Santiago Arroyo, sobre el archivo Javier Muguerza de la Universidad de La Laguna. La actividad forma parte de las actividades financiadas por el Cabildo de Tenerife en el marco de la convocatoria de Proyectos de Inter\u00e9s Cultural 2025 del Vicerrectorado de Cultura y Extensi\u00f3n...\" \/>\n<meta property=\"og:url\" content=\"https:\/\/www.ull.es\/portal\/agenda\/evento\/filosofia-y-archivos-el-valor-y-potencial-del-archivo-javier-muguerza-en-la-universidad-de-la-laguna-para-la-filosofia-iberoamericana\/\" \/>\n<meta property=\"og:site_name\" content=\"ULL - Agenda\" \/>\n<meta property=\"article:modified_time\" content=\"2025-07-16T12:12:19+00:00\" \/>\n<meta property=\"og:image\" content=\"https:\/\/www.ull.es\/portal\/agenda\/wp-content\/uploads\/sites\/12\/2025\/07\/Banner_Filosofia-y-archivos_edited.jpg\" \/>\n\t<meta property=\"og:image:width\" content=\"1600\" \/>\n\t<meta property=\"og:image:height\" content=\"800\" \/>\n\t<meta property=\"og:image:type\" content=\"image\/jpeg\" \/>\n<meta name=\"twitter:card\" content=\"summary_large_image\" \/>\n<meta name=\"twitter:label1\" content=\"Tiempo de lectura\" \/>\n\t<meta name=\"twitter:data1\" content=\"1 minuto\" \/>\n<script type=\"application\/ld+json\" class=\"yoast-schema-graph\">{\"@context\":\"https:\/\/schema.org\",\"@graph\":[{\"@type\":\"WebPage\",\"@id\":\"https:\/\/www.ull.es\/portal\/agenda\/evento\/filosofia-y-archivos-el-valor-y-potencial-del-archivo-javier-muguerza-en-la-universidad-de-la-laguna-para-la-filosofia-iberoamericana\/\",\"url\":\"https:\/\/www.ull.es\/portal\/agenda\/evento\/filosofia-y-archivos-el-valor-y-potencial-del-archivo-javier-muguerza-en-la-universidad-de-la-laguna-para-la-filosofia-iberoamericana\/\",\"name\":\"Filosof\u00eda y archivos. El valor y potencial del archivo Javier Muguerza en la Universidad de La Laguna para la filosof\u00eda iberoamericana - ULL - Agenda\",\"isPartOf\":{\"@id\":\"https:\/\/www.ull.es\/portal\/agenda\/#website\"},\"datePublished\":\"2025-07-16T08:40:03+00:00\",\"dateModified\":\"2025-07-16T12:12:19+00:00\",\"breadcrumb\":{\"@id\":\"https:\/\/www.ull.es\/portal\/agenda\/evento\/filosofia-y-archivos-el-valor-y-potencial-del-archivo-javier-muguerza-en-la-universidad-de-la-laguna-para-la-filosofia-iberoamericana\/#breadcrumb\"},\"inLanguage\":\"es\",\"potentialAction\":[{\"@type\":\"ReadAction\",\"target\":[\"https:\/\/www.ull.es\/portal\/agenda\/evento\/filosofia-y-archivos-el-valor-y-potencial-del-archivo-javier-muguerza-en-la-universidad-de-la-laguna-para-la-filosofia-iberoamericana\/\"]}]},{\"@type\":\"BreadcrumbList\",\"@id\":\"https:\/\/www.ull.es\/portal\/agenda\/evento\/filosofia-y-archivos-el-valor-y-potencial-del-archivo-javier-muguerza-en-la-universidad-de-la-laguna-para-la-filosofia-iberoamericana\/#breadcrumb\",\"itemListElement\":[{\"@type\":\"ListItem\",\"position\":1,\"name\":\"Portada\",\"item\":\"https:\/\/www.ull.es\/portal\/agenda\/\"},{\"@type\":\"ListItem\",\"position\":2,\"name\":\"Filosof\u00eda y archivos. El valor y potencial del archivo Javier Muguerza en la Universidad de La Laguna para la filosof\u00eda iberoamericana\"}]},{\"@type\":\"WebSite\",\"@id\":\"https:\/\/www.ull.es\/portal\/agenda\/#website\",\"url\":\"https:\/\/www.ull.es\/portal\/agenda\/\",\"name\":\"ULL - Agenda\",\"description\":\"\",\"potentialAction\":[{\"@type\":\"SearchAction\",\"target\":{\"@type\":\"EntryPoint\",\"urlTemplate\":\"https:\/\/www.ull.es\/portal\/agenda\/?s={search_term_string}\"},\"query-input\":\"required name=search_term_string\"}],\"inLanguage\":\"es\"}]}<\/script>\n<!-- \/ Yoast SEO plugin. -->","yoast_head_json":{"title":"Filosof\u00eda y archivos. El valor y potencial del archivo Javier Muguerza en la Universidad de La Laguna para la filosof\u00eda iberoamericana - ULL - Agenda","robots":{"index":"index","follow":"follow","max-snippet":"max-snippet:-1","max-image-preview":"max-image-preview:large","max-video-preview":"max-video-preview:-1"},"canonical":"https:\/\/www.ull.es\/portal\/agenda\/evento\/filosofia-y-archivos-el-valor-y-potencial-del-archivo-javier-muguerza-en-la-universidad-de-la-laguna-para-la-filosofia-iberoamericana\/","og_locale":"es_ES","og_type":"article","og_title":"Filosof\u00eda y archivos. El valor y potencial del archivo Javier Muguerza en la Universidad de La Laguna para la filosof\u00eda iberoamericana - ULL - Agenda","og_description":"Seminario especializado con el experto de la Universidad de Castilla-La Mancha, Santiago Arroyo, sobre el archivo Javier Muguerza de la Universidad de La Laguna. La actividad forma parte de las actividades financiadas por el Cabildo de Tenerife en el marco de la convocatoria de Proyectos de Inter\u00e9s Cultural 2025 del Vicerrectorado de Cultura y Extensi\u00f3n...","og_url":"https:\/\/www.ull.es\/portal\/agenda\/evento\/filosofia-y-archivos-el-valor-y-potencial-del-archivo-javier-muguerza-en-la-universidad-de-la-laguna-para-la-filosofia-iberoamericana\/","og_site_name":"ULL - Agenda","article_modified_time":"2025-07-16T12:12:19+00:00","og_image":[{"width":1600,"height":800,"url":"https:\/\/www.ull.es\/portal\/agenda\/wp-content\/uploads\/sites\/12\/2025\/07\/Banner_Filosofia-y-archivos_edited.jpg","type":"image\/jpeg"}],"twitter_card":"summary_large_image","twitter_misc":{"Tiempo de lectura":"1 minuto"},"schema":{"@context":"https:\/\/schema.org","@graph":[{"@type":"WebPage","@id":"https:\/\/www.ull.es\/portal\/agenda\/evento\/filosofia-y-archivos-el-valor-y-potencial-del-archivo-javier-muguerza-en-la-universidad-de-la-laguna-para-la-filosofia-iberoamericana\/","url":"https:\/\/www.ull.es\/portal\/agenda\/evento\/filosofia-y-archivos-el-valor-y-potencial-del-archivo-javier-muguerza-en-la-universidad-de-la-laguna-para-la-filosofia-iberoamericana\/","name":"Filosof\u00eda y archivos. El valor y potencial del archivo Javier Muguerza en la Universidad de La Laguna para la filosof\u00eda iberoamericana - ULL - Agenda","isPartOf":{"@id":"https:\/\/www.ull.es\/portal\/agenda\/#website"},"datePublished":"2025-07-16T08:40:03+00:00","dateModified":"2025-07-16T12:12:19+00:00","breadcrumb":{"@id":"https:\/\/www.ull.es\/portal\/agenda\/evento\/filosofia-y-archivos-el-valor-y-potencial-del-archivo-javier-muguerza-en-la-universidad-de-la-laguna-para-la-filosofia-iberoamericana\/#breadcrumb"},"inLanguage":"es","potentialAction":[{"@type":"ReadAction","target":["https:\/\/www.ull.es\/portal\/agenda\/evento\/filosofia-y-archivos-el-valor-y-potencial-del-archivo-javier-muguerza-en-la-universidad-de-la-laguna-para-la-filosofia-iberoamericana\/"]}]},{"@type":"BreadcrumbList","@id":"https:\/\/www.ull.es\/portal\/agenda\/evento\/filosofia-y-archivos-el-valor-y-potencial-del-archivo-javier-muguerza-en-la-universidad-de-la-laguna-para-la-filosofia-iberoamericana\/#breadcrumb","itemListElement":[{"@type":"ListItem","position":1,"name":"Portada","item":"https:\/\/www.ull.es\/portal\/agenda\/"},{"@type":"ListItem","position":2,"name":"Filosof\u00eda y archivos. El valor y potencial del archivo Javier Muguerza en la Universidad de La Laguna para la filosof\u00eda iberoamericana"}]},{"@type":"WebSite","@id":"https:\/\/www.ull.es\/portal\/agenda\/#website","url":"https:\/\/www.ull.es\/portal\/agenda\/","name":"ULL - Agenda","description":"","potentialAction":[{"@type":"SearchAction","target":{"@type":"EntryPoint","urlTemplate":"https:\/\/www.ull.es\/portal\/agenda\/?s={search_term_string}"},"query-input":"required name=search_term_string"}],"inLanguage":"es"}]}},"_links":{"self":[{"href":"https:\/\/www.ull.es\/portal\/agenda\/wp-json\/wp\/v2\/tribe_events\/43631"}],"collection":[{"href":"https:\/\/www.ull.es\/portal\/agenda\/wp-json\/wp\/v2\/tribe_events"}],"about":[{"href":"https:\/\/www.ull.es\/portal\/agenda\/wp-json\/wp\/v2\/types\/tribe_events"}],"author":[{"embeddable":true,"href":"https:\/\/www.ull.es\/portal\/agenda\/wp-json\/wp\/v2\/users\/65"}],"replies":[{"embeddable":true,"href":"https:\/\/www.ull.es\/portal\/agenda\/wp-json\/wp\/v2\/comments?post=43631"}],"version-history":[{"count":1,"href":"https:\/\/www.ull.es\/portal\/agenda\/wp-json\/wp\/v2\/tribe_events\/43631\/revisions"}],"predecessor-version":[{"id":43632,"href":"https:\/\/www.ull.es\/portal\/agenda\/wp-json\/wp\/v2\/tribe_events\/43631\/revisions\/43632"}],"wp:featuredmedia":[{"embeddable":true,"href":"https:\/\/www.ull.es\/portal\/agenda\/wp-json\/wp\/v2\/media\/43635"}],"wp:attachment":[{"href":"https:\/\/www.ull.es\/portal\/agenda\/wp-json\/wp\/v2\/media?parent=43631"}],"wp:term":[{"taxonomy":"post_tag","embeddable":true,"href":"https:\/\/www.ull.es\/portal\/agenda\/wp-json\/wp\/v2\/tags?post=43631"},{"taxonomy":"tribe_events_cat","embeddable":true,"href":"https:\/\/www.ull.es\/portal\/agenda\/wp-json\/wp\/v2\/tribe_events_cat?post=43631"}],"curies":[{"name":"wp","href":"https:\/\/api.w.org\/{rel}","templated":true}]}}

Filosofía y archivos. El valor y potencial del archivo Javier Muguerza en la Universidad de La Laguna para la filosofía iberoamericana

<p>Seminario especializado con el experto de la Universidad de Castilla-La Mancha, Santiago Arroyo, sobre el archivo Javier Muguerza de la Universidad de La Laguna. La actividad forma parte de las actividades financiadas por el Cabildo de Tenerife en el marco de la convocatoria de Proyectos de Interés Cultural 2025 del Vicerrectorado de Cultura y Extensión Universitaria y tiene como objetivo poner en valor el patrimonio cultural y bibliográfico de la Universidad de La Laguna así como destacar la importancia de la archivística para las humanidades.</p>

<p>Seminario especializado con el experto de la Universidad de Castilla-La Mancha, Santiago Arroyo, sobre el archivo Javier Muguerza de la Universidad de La Laguna. La actividad forma parte de las actividades financiadas por el Cabildo de Tenerife en el marco de la convocatoria de Proyectos de Interés Cultural 2025 del Vicerrectorado de Cultura y Extensión&#8230;</p>

<!-- This site is optimized with the Yoast SEO plugin v21.3 - https://yoast.com/wordpress/plugins/seo/ -->
<title>Filosofía y archivos. El valor y potencial del archivo Javier Muguerza en la Universidad de La Laguna para la filosofía iberoamericana - ULL - Agenda</title>
<meta name="robots" content="index, follow, max-snippet:-1, max-image-preview:large, max-video-preview:-1" />
<link rel="canonical" href="https://www.ull.es/portal/agenda/evento/filosofia-y-archivos-el-valor-y-potencial-del-archivo-javier-muguerza-en-la-universidad-de-la-laguna-para-la-filosofia-iberoamericana/" />
<meta property="og:locale" content="es_ES" />
<meta property="og:type" content="article" />
<meta property="og:title" content="Filosofía y archivos. El valor y potencial del archivo Javier Muguerza en la Universidad de La Laguna para la filosofía iberoamericana - ULL - Agenda" />
<meta property="og:description" content="Seminario especializado con el experto de la Universidad de Castilla-La Mancha, Santiago Arroyo, sobre el archivo Javier Muguerza de la Universidad de La Laguna. La actividad forma parte de las actividades financiadas por el Cabildo de Tenerife en el marco de la convocatoria de Proyectos de Interés Cultural 2025 del Vicerrectorado de Cultura y Extensión..." />
<meta property="og:url" content="https://www.ull.es/portal/agenda/evento/filosofia-y-archivos-el-valor-y-potencial-del-archivo-javier-muguerza-en-la-universidad-de-la-laguna-para-la-filosofia-iberoamericana/" />
<meta property="og:site_name" content="ULL - Agenda" />
<meta property="article:modified_time" content="2025-07-16T12:12:19+00:00" />
<meta property="og:image" content="https://www.ull.es/portal/agenda/wp-content/uploads/sites/12/2025/07/Banner_Filosofia-y-archivos_edited.jpg" />
	<meta property="og:image:width" content="1600" />
	<meta property="og:image:height" content="800" />
	<meta property="og:image:type" content="image/jpeg" />
<meta name="twitter:card" content="summary_large_image" />
<meta name="twitter:label1" content="Tiempo de lectura" />
	<meta name="twitter:data1" content="1 minuto" />
<script type="application/ld+json" class="yoast-schema-graph">{"@context":"https://schema.org","@graph":[{"@type":"WebPage","@id":"https://www.ull.es/portal/agenda/evento/filosofia-y-archivos-el-valor-y-potencial-del-archivo-javier-muguerza-en-la-universidad-de-la-laguna-para-la-filosofia-iberoamericana/","url":"https://www.ull.es/portal/agenda/evento/filosofia-y-archivos-el-valor-y-potencial-del-archivo-javier-muguerza-en-la-universidad-de-la-laguna-para-la-filosofia-iberoamericana/","name":"Filosofía y archivos. El valor y potencial del archivo Javier Muguerza en la Universidad de La Laguna para la filosofía iberoamericana - ULL - Agenda","isPartOf":{"@id":"https://www.ull.es/portal/agenda/#website"},"datePublished":"2025-07-16T08:40:03+00:00","dateModified":"2025-07-16T12:12:19+00:00","breadcrumb":{"@id":"https://www.ull.es/portal/agenda/evento/filosofia-y-archivos-el-valor-y-potencial-del-archivo-javier-muguerza-en-la-universidad-de-la-laguna-para-la-filosofia-iberoamericana/#breadcrumb"},"inLanguage":"es","potentialAction":[{"@type":"ReadAction","target":["https://www.ull.es/portal/agenda/evento/filosofia-y-archivos-el-valor-y-potencial-del-archivo-javier-muguerza-en-la-universidad-de-la-laguna-para-la-filosofia-iberoamericana/"]}]},{"@type":"BreadcrumbList","@id":"https://www.ull.es/portal/agenda/evento/filosofia-y-archivos-el-valor-y-potencial-del-archivo-javier-muguerza-en-la-universidad-de-la-laguna-para-la-filosofia-iberoamericana/#breadcrumb","itemListElement":[{"@type":"ListItem","position":1,"name":"Portada","item":"https://www.ull.es/portal/agenda/"},{"@type":"ListItem","position":2,"name":"Filosofía y archivos. El valor y potencial del archivo Javier Muguerza en la Universidad de La Laguna para la filosofía iberoamericana"}]},{"@type":"WebSite","@id":"https://www.ull.es/portal/agenda/#website","url":"https://www.ull.es/portal/agenda/","name":"ULL - Agenda","description":"","potentialAction":[{"@type":"SearchAction","target":{"@type":"EntryPoint","urlTemplate":"https://www.ull.es/portal/agenda/?s={search_term_string}"},"query-input":"required name=search_term_string"}],"inLanguage":"es"}]}</script>
<!-- / Yoast SEO plugin. -->

Filosofía y archivos. El valor y potencial del archivo Javier Muguerza en la Universidad de La Laguna para la filosofía iberoamericana - ULL - Agenda

Seminario especializado con el experto de la Universidad de Castilla-La Mancha, Santiago Arroyo, sobre el archivo Javier Muguerza de la Universidad de La Laguna. La actividad forma parte de las actividades financiadas por el Cabildo de Tenerife en el marco de la convocatoria de Proyectos de Interés Cultural 2025 del Vicerrectorado de Cultura y Extensión...
