{"id":43712,"date":"2025-07-29T11:11:56","date_gmt":"2025-07-29T11:11:56","guid":{"rendered":"https:\/\/www.ull.es\/portal\/agenda\/?post_type=tribe_events&#038;p=43712"},"modified":"2025-07-29T12:03:35","modified_gmt":"2025-07-29T12:03:35","slug":"vi-seminario-de-divulgacion-de-la-investigacion-caudales-de-escorrentia-en-la-isla-de-tenerife","status":"publish","type":"tribe_events","link":"https:\/\/www.ull.es\/portal\/agenda\/evento\/vi-seminario-de-divulgacion-de-la-investigacion-caudales-de-escorrentia-en-la-isla-de-tenerife\/","title":{"rendered":"VI Seminario de Divulgaci\u00f3n de la Investigaci\u00f3n: Caudales de escorrent\u00eda en la isla de Tenerife"},"content":{"rendered":"<p>El Aula Cultural de Divulgaci\u00f3n Cient\u00edfica organiza este seminario que se celebrar\u00e1 en modalidad online el 10 de octubre de 2025 de 16:30 a 18:30 horas.<\/p>\n<p>Este seminario expone la necesidad de calibraci\u00f3n del modelo hidrol\u00f3gico de superficie desarrollado por el Consejo Insular de Aguas de Tenerife para obtener caudales te\u00f3ricos de escorrent\u00eda m\u00e1s aproximados a los que se producen cuando se dan fen\u00f3menos meteorol\u00f3gicos adversos.<\/p>\n<p>Imparte: Ra\u00fal Parra Hermida. Doctorando en el Programa de Doctorado en Ingenier\u00eda Industrial, Inform\u00e1tica y Medioambiental (I3MA) de la Universidad de La Laguna. Profesor sustituto del Departamento de Ingenier\u00eda Agraria, N\u00e1utica, Civil y Mar\u00edtima de la Universidad de La Laguna. Director de Proyectos en Metropolitano de Tenerife.<\/p>\n<p>Direcci\u00f3n acad\u00e9mica: Luis Javier Capote P\u00e9rez. Profesor Contratado Doctor de Derecho Civil de la Universidad de La Laguna. Co-Director y miembro fundador del Aula Cultural de Divulgaci\u00f3n Cient\u00edfica de la Universidad de La Laguna.<\/p>\n<p>CERTIFICADO DE ASISTENCIA: La Universidad de La Laguna, a trav\u00e9s del Vicerrectorado de Cultura y Extensi\u00f3n Universitaria, emitir\u00e1 un certificado de asistencia a todas aquellas personas que participen, previa inscripci\u00f3n en la actividad.<\/p>\n<p>Asistencia gratuita previa inscripci\u00f3n.\u00a0<a href=\"https:\/\/sede.fg.ull.es\/es\/curso\/detalle?code=a25020202&amp;name=vi-seminario-de-divulgacion-de-la-investigacion-caudales-de-escorrentia-en-la-isla-de-tenerife&amp;query=%3Fcode%3DA25020202\" target=\"_blank\" rel=\"noopener\" target=\"_blank\" rel=\"noopener\"><strong>Consulta el programa e inscr\u00edbete aqu\u00ed.<\/strong><\/a><\/p>\n<p><strong>Contacto:\u00a0<\/strong><a href=\"mailto:extuni@ull.edu.es\" target=\"_blank\" rel=\"noopener\" target=\"_blank\" rel=\"noopener\"><strong>extuni@ull.es<\/strong><\/a><\/p>\n<p>Colaboran: Aula Cultural \u00abRadio Campus\u00bb y Asociaci\u00f3n cultural de relaciones internacionales \u00abHacer para el Desarrollo\u00bb.<\/p>\n","protected":false},"excerpt":{"rendered":"<p>El Aula Cultural de Divulgaci\u00f3n Cient\u00edfica organiza este seminario que se celebrar\u00e1 en modalidad online el 10 de octubre de 2025 de 16:30 a 18:30 horas. Este seminario expone la necesidad de calibraci\u00f3n del modelo hidrol\u00f3gico de superficie desarrollado por el Consejo Insular de Aguas de Tenerife para obtener caudales te\u00f3ricos de escorrent\u00eda m\u00e1s aproximados&#8230;<\/p>\n","protected":false},"author":43,"featured_media":43716,"comment_status":"closed","ping_status":"closed","template":"","tags":[4259,977,3812,3751],"tribe_events_cat":[472,471,4,186],"acf":[],"yoast_head":"<!-- This site is optimized with the Yoast SEO plugin v21.3 - https:\/\/yoast.com\/wordpress\/plugins\/seo\/ -->\n<title>VI Seminario de Divulgaci\u00f3n de la Investigaci\u00f3n: Caudales de escorrent\u00eda en la isla de Tenerife - ULL - Agenda<\/title>\n<meta name=\"robots\" content=\"index, follow, max-snippet:-1, max-image-preview:large, max-video-preview:-1\" \/>\n<link rel=\"canonical\" href=\"https:\/\/www.ull.es\/portal\/agenda\/evento\/vi-seminario-de-divulgacion-de-la-investigacion-caudales-de-escorrentia-en-la-isla-de-tenerife\/\" \/>\n<meta property=\"og:locale\" content=\"es_ES\" \/>\n<meta property=\"og:type\" content=\"article\" \/>\n<meta property=\"og:title\" content=\"VI Seminario de Divulgaci\u00f3n de la Investigaci\u00f3n: Caudales de escorrent\u00eda en la isla de Tenerife - ULL - Agenda\" \/>\n<meta property=\"og:description\" content=\"El Aula Cultural de Divulgaci\u00f3n Cient\u00edfica organiza este seminario que se celebrar\u00e1 en modalidad online el 10 de octubre de 2025 de 16:30 a 18:30 horas. Este seminario expone la necesidad de calibraci\u00f3n del modelo hidrol\u00f3gico de superficie desarrollado por el Consejo Insular de Aguas de Tenerife para obtener caudales te\u00f3ricos de escorrent\u00eda m\u00e1s aproximados...\" \/>\n<meta property=\"og:url\" content=\"https:\/\/www.ull.es\/portal\/agenda\/evento\/vi-seminario-de-divulgacion-de-la-investigacion-caudales-de-escorrentia-en-la-isla-de-tenerife\/\" \/>\n<meta property=\"og:site_name\" content=\"ULL - Agenda\" \/>\n<meta property=\"article:modified_time\" content=\"2025-07-29T12:03:35+00:00\" \/>\n<meta property=\"og:image\" content=\"https:\/\/www.ull.es\/portal\/agenda\/wp-content\/uploads\/sites\/12\/2025\/07\/BannerEscorrentia.jpg\" \/>\n\t<meta property=\"og:image:width\" content=\"750\" \/>\n\t<meta property=\"og:image:height\" content=\"370\" \/>\n\t<meta property=\"og:image:type\" content=\"image\/jpeg\" \/>\n<meta name=\"twitter:card\" content=\"summary_large_image\" \/>\n<meta name=\"twitter:label1\" content=\"Tiempo de lectura\" \/>\n\t<meta name=\"twitter:data1\" content=\"1 minuto\" \/>\n<script type=\"application\/ld+json\" class=\"yoast-schema-graph\">{\"@context\":\"https:\/\/schema.org\",\"@graph\":[{\"@type\":\"WebPage\",\"@id\":\"https:\/\/www.ull.es\/portal\/agenda\/evento\/vi-seminario-de-divulgacion-de-la-investigacion-caudales-de-escorrentia-en-la-isla-de-tenerife\/\",\"url\":\"https:\/\/www.ull.es\/portal\/agenda\/evento\/vi-seminario-de-divulgacion-de-la-investigacion-caudales-de-escorrentia-en-la-isla-de-tenerife\/\",\"name\":\"VI Seminario de Divulgaci\u00f3n de la Investigaci\u00f3n: Caudales de escorrent\u00eda en la isla de Tenerife - ULL - Agenda\",\"isPartOf\":{\"@id\":\"https:\/\/www.ull.es\/portal\/agenda\/#website\"},\"datePublished\":\"2025-07-29T11:11:56+00:00\",\"dateModified\":\"2025-07-29T12:03:35+00:00\",\"breadcrumb\":{\"@id\":\"https:\/\/www.ull.es\/portal\/agenda\/evento\/vi-seminario-de-divulgacion-de-la-investigacion-caudales-de-escorrentia-en-la-isla-de-tenerife\/#breadcrumb\"},\"inLanguage\":\"es\",\"potentialAction\":[{\"@type\":\"ReadAction\",\"target\":[\"https:\/\/www.ull.es\/portal\/agenda\/evento\/vi-seminario-de-divulgacion-de-la-investigacion-caudales-de-escorrentia-en-la-isla-de-tenerife\/\"]}]},{\"@type\":\"BreadcrumbList\",\"@id\":\"https:\/\/www.ull.es\/portal\/agenda\/evento\/vi-seminario-de-divulgacion-de-la-investigacion-caudales-de-escorrentia-en-la-isla-de-tenerife\/#breadcrumb\",\"itemListElement\":[{\"@type\":\"ListItem\",\"position\":1,\"name\":\"Portada\",\"item\":\"https:\/\/www.ull.es\/portal\/agenda\/\"},{\"@type\":\"ListItem\",\"position\":2,\"name\":\"VI Seminario de Divulgaci\u00f3n de la Investigaci\u00f3n: Caudales de escorrent\u00eda en la isla de Tenerife\"}]},{\"@type\":\"WebSite\",\"@id\":\"https:\/\/www.ull.es\/portal\/agenda\/#website\",\"url\":\"https:\/\/www.ull.es\/portal\/agenda\/\",\"name\":\"ULL - Agenda\",\"description\":\"\",\"potentialAction\":[{\"@type\":\"SearchAction\",\"target\":{\"@type\":\"EntryPoint\",\"urlTemplate\":\"https:\/\/www.ull.es\/portal\/agenda\/?s={search_term_string}\"},\"query-input\":\"required name=search_term_string\"}],\"inLanguage\":\"es\"}]}<\/script>\n<!-- \/ Yoast SEO plugin. -->","yoast_head_json":{"title":"VI Seminario de Divulgaci\u00f3n de la Investigaci\u00f3n: Caudales de escorrent\u00eda en la isla de Tenerife - ULL - Agenda","robots":{"index":"index","follow":"follow","max-snippet":"max-snippet:-1","max-image-preview":"max-image-preview:large","max-video-preview":"max-video-preview:-1"},"canonical":"https:\/\/www.ull.es\/portal\/agenda\/evento\/vi-seminario-de-divulgacion-de-la-investigacion-caudales-de-escorrentia-en-la-isla-de-tenerife\/","og_locale":"es_ES","og_type":"article","og_title":"VI Seminario de Divulgaci\u00f3n de la Investigaci\u00f3n: Caudales de escorrent\u00eda en la isla de Tenerife - ULL - Agenda","og_description":"El Aula Cultural de Divulgaci\u00f3n Cient\u00edfica organiza este seminario que se celebrar\u00e1 en modalidad online el 10 de octubre de 2025 de 16:30 a 18:30 horas. Este seminario expone la necesidad de calibraci\u00f3n del modelo hidrol\u00f3gico de superficie desarrollado por el Consejo Insular de Aguas de Tenerife para obtener caudales te\u00f3ricos de escorrent\u00eda m\u00e1s aproximados...","og_url":"https:\/\/www.ull.es\/portal\/agenda\/evento\/vi-seminario-de-divulgacion-de-la-investigacion-caudales-de-escorrentia-en-la-isla-de-tenerife\/","og_site_name":"ULL - Agenda","article_modified_time":"2025-07-29T12:03:35+00:00","og_image":[{"width":750,"height":370,"url":"https:\/\/www.ull.es\/portal\/agenda\/wp-content\/uploads\/sites\/12\/2025\/07\/BannerEscorrentia.jpg","type":"image\/jpeg"}],"twitter_card":"summary_large_image","twitter_misc":{"Tiempo de lectura":"1 minuto"},"schema":{"@context":"https:\/\/schema.org","@graph":[{"@type":"WebPage","@id":"https:\/\/www.ull.es\/portal\/agenda\/evento\/vi-seminario-de-divulgacion-de-la-investigacion-caudales-de-escorrentia-en-la-isla-de-tenerife\/","url":"https:\/\/www.ull.es\/portal\/agenda\/evento\/vi-seminario-de-divulgacion-de-la-investigacion-caudales-de-escorrentia-en-la-isla-de-tenerife\/","name":"VI Seminario de Divulgaci\u00f3n de la Investigaci\u00f3n: Caudales de escorrent\u00eda en la isla de Tenerife - ULL - Agenda","isPartOf":{"@id":"https:\/\/www.ull.es\/portal\/agenda\/#website"},"datePublished":"2025-07-29T11:11:56+00:00","dateModified":"2025-07-29T12:03:35+00:00","breadcrumb":{"@id":"https:\/\/www.ull.es\/portal\/agenda\/evento\/vi-seminario-de-divulgacion-de-la-investigacion-caudales-de-escorrentia-en-la-isla-de-tenerife\/#breadcrumb"},"inLanguage":"es","potentialAction":[{"@type":"ReadAction","target":["https:\/\/www.ull.es\/portal\/agenda\/evento\/vi-seminario-de-divulgacion-de-la-investigacion-caudales-de-escorrentia-en-la-isla-de-tenerife\/"]}]},{"@type":"BreadcrumbList","@id":"https:\/\/www.ull.es\/portal\/agenda\/evento\/vi-seminario-de-divulgacion-de-la-investigacion-caudales-de-escorrentia-en-la-isla-de-tenerife\/#breadcrumb","itemListElement":[{"@type":"ListItem","position":1,"name":"Portada","item":"https:\/\/www.ull.es\/portal\/agenda\/"},{"@type":"ListItem","position":2,"name":"VI Seminario de Divulgaci\u00f3n de la Investigaci\u00f3n: Caudales de escorrent\u00eda en la isla de Tenerife"}]},{"@type":"WebSite","@id":"https:\/\/www.ull.es\/portal\/agenda\/#website","url":"https:\/\/www.ull.es\/portal\/agenda\/","name":"ULL - Agenda","description":"","potentialAction":[{"@type":"SearchAction","target":{"@type":"EntryPoint","urlTemplate":"https:\/\/www.ull.es\/portal\/agenda\/?s={search_term_string}"},"query-input":"required name=search_term_string"}],"inLanguage":"es"}]}},"_links":{"self":[{"href":"https:\/\/www.ull.es\/portal\/agenda\/wp-json\/wp\/v2\/tribe_events\/43712"}],"collection":[{"href":"https:\/\/www.ull.es\/portal\/agenda\/wp-json\/wp\/v2\/tribe_events"}],"about":[{"href":"https:\/\/www.ull.es\/portal\/agenda\/wp-json\/wp\/v2\/types\/tribe_events"}],"author":[{"embeddable":true,"href":"https:\/\/www.ull.es\/portal\/agenda\/wp-json\/wp\/v2\/users\/43"}],"replies":[{"embeddable":true,"href":"https:\/\/www.ull.es\/portal\/agenda\/wp-json\/wp\/v2\/comments?post=43712"}],"version-history":[{"count":3,"href":"https:\/\/www.ull.es\/portal\/agenda\/wp-json\/wp\/v2\/tribe_events\/43712\/revisions"}],"predecessor-version":[{"id":43718,"href":"https:\/\/www.ull.es\/portal\/agenda\/wp-json\/wp\/v2\/tribe_events\/43712\/revisions\/43718"}],"wp:featuredmedia":[{"embeddable":true,"href":"https:\/\/www.ull.es\/portal\/agenda\/wp-json\/wp\/v2\/media\/43716"}],"wp:attachment":[{"href":"https:\/\/www.ull.es\/portal\/agenda\/wp-json\/wp\/v2\/media?parent=43712"}],"wp:term":[{"taxonomy":"post_tag","embeddable":true,"href":"https:\/\/www.ull.es\/portal\/agenda\/wp-json\/wp\/v2\/tags?post=43712"},{"taxonomy":"tribe_events_cat","embeddable":true,"href":"https:\/\/www.ull.es\/portal\/agenda\/wp-json\/wp\/v2\/tribe_events_cat?post=43712"}],"curies":[{"name":"wp","href":"https:\/\/api.w.org\/{rel}","templated":true}]}}

VI Seminario de Divulgación de la Investigación: Caudales de escorrentía en la isla de Tenerife

<p>El Aula Cultural de Divulgación Científica organiza este seminario que se celebrará en modalidad online el 10 de octubre de 2025 de 16:30 a 18:30 horas.</p>
<p>Este seminario expone la necesidad de calibración del modelo hidrológico de superficie desarrollado por el Consejo Insular de Aguas de Tenerife para obtener caudales teóricos de escorrentía más aproximados a los que se producen cuando se dan fenómenos meteorológicos adversos.</p>
<p>Imparte: Raúl Parra Hermida. Doctorando en el Programa de Doctorado en Ingeniería Industrial, Informática y Medioambiental (I3MA) de la Universidad de La Laguna. Profesor sustituto del Departamento de Ingeniería Agraria, Náutica, Civil y Marítima de la Universidad de La Laguna. Director de Proyectos en Metropolitano de Tenerife.</p>
<p>Dirección académica: Luis Javier Capote Pérez. Profesor Contratado Doctor de Derecho Civil de la Universidad de La Laguna. Co-Director y miembro fundador del Aula Cultural de Divulgación Científica de la Universidad de La Laguna.</p>
<p>CERTIFICADO DE ASISTENCIA: La Universidad de La Laguna, a través del Vicerrectorado de Cultura y Extensión Universitaria, emitirá un certificado de asistencia a todas aquellas personas que participen, previa inscripción en la actividad.</p>
<p>Asistencia gratuita previa inscripción. <a href="https://sede.fg.ull.es/es/curso/detalle?code=a25020202&amp;name=vi-seminario-de-divulgacion-de-la-investigacion-caudales-de-escorrentia-en-la-isla-de-tenerife&amp;query=%3Fcode%3DA25020202" target="_blank" rel="noopener" target="_blank" rel="noopener"><strong>Consulta el programa e inscríbete aquí.</strong></a></p>
<p><strong>Contacto: </strong><a href="mailto:extuni@ull.edu.es" target="_blank" rel="noopener" target="_blank" rel="noopener"><strong>extuni@ull.es</strong></a></p>
<p>Colaboran: Aula Cultural «Radio Campus» y Asociación cultural de relaciones internacionales «Hacer para el Desarrollo».</p>

<p>El Aula Cultural de Divulgación Científica organiza este seminario que se celebrará en modalidad online el 10 de octubre de 2025 de 16:30 a 18:30 horas. Este seminario expone la necesidad de calibración del modelo hidrológico de superficie desarrollado por el Consejo Insular de Aguas de Tenerife para obtener caudales teóricos de escorrentía más aproximados&#8230;</p>

<!-- This site is optimized with the Yoast SEO plugin v21.3 - https://yoast.com/wordpress/plugins/seo/ -->
<title>VI Seminario de Divulgación de la Investigación: Caudales de escorrentía en la isla de Tenerife - ULL - Agenda</title>
<meta name="robots" content="index, follow, max-snippet:-1, max-image-preview:large, max-video-preview:-1" />
<link rel="canonical" href="https://www.ull.es/portal/agenda/evento/vi-seminario-de-divulgacion-de-la-investigacion-caudales-de-escorrentia-en-la-isla-de-tenerife/" />
<meta property="og:locale" content="es_ES" />
<meta property="og:type" content="article" />
<meta property="og:title" content="VI Seminario de Divulgación de la Investigación: Caudales de escorrentía en la isla de Tenerife - ULL - Agenda" />
<meta property="og:description" content="El Aula Cultural de Divulgación Científica organiza este seminario que se celebrará en modalidad online el 10 de octubre de 2025 de 16:30 a 18:30 horas. Este seminario expone la necesidad de calibración del modelo hidrológico de superficie desarrollado por el Consejo Insular de Aguas de Tenerife para obtener caudales teóricos de escorrentía más aproximados..." />
<meta property="og:url" content="https://www.ull.es/portal/agenda/evento/vi-seminario-de-divulgacion-de-la-investigacion-caudales-de-escorrentia-en-la-isla-de-tenerife/" />
<meta property="og:site_name" content="ULL - Agenda" />
<meta property="article:modified_time" content="2025-07-29T12:03:35+00:00" />
<meta property="og:image" content="https://www.ull.es/portal/agenda/wp-content/uploads/sites/12/2025/07/BannerEscorrentia.jpg" />
	<meta property="og:image:width" content="750" />
	<meta property="og:image:height" content="370" />
	<meta property="og:image:type" content="image/jpeg" />
<meta name="twitter:card" content="summary_large_image" />
<meta name="twitter:label1" content="Tiempo de lectura" />
	<meta name="twitter:data1" content="1 minuto" />
<script type="application/ld+json" class="yoast-schema-graph">{"@context":"https://schema.org","@graph":[{"@type":"WebPage","@id":"https://www.ull.es/portal/agenda/evento/vi-seminario-de-divulgacion-de-la-investigacion-caudales-de-escorrentia-en-la-isla-de-tenerife/","url":"https://www.ull.es/portal/agenda/evento/vi-seminario-de-divulgacion-de-la-investigacion-caudales-de-escorrentia-en-la-isla-de-tenerife/","name":"VI Seminario de Divulgación de la Investigación: Caudales de escorrentía en la isla de Tenerife - ULL - Agenda","isPartOf":{"@id":"https://www.ull.es/portal/agenda/#website"},"datePublished":"2025-07-29T11:11:56+00:00","dateModified":"2025-07-29T12:03:35+00:00","breadcrumb":{"@id":"https://www.ull.es/portal/agenda/evento/vi-seminario-de-divulgacion-de-la-investigacion-caudales-de-escorrentia-en-la-isla-de-tenerife/#breadcrumb"},"inLanguage":"es","potentialAction":[{"@type":"ReadAction","target":["https://www.ull.es/portal/agenda/evento/vi-seminario-de-divulgacion-de-la-investigacion-caudales-de-escorrentia-en-la-isla-de-tenerife/"]}]},{"@type":"BreadcrumbList","@id":"https://www.ull.es/portal/agenda/evento/vi-seminario-de-divulgacion-de-la-investigacion-caudales-de-escorrentia-en-la-isla-de-tenerife/#breadcrumb","itemListElement":[{"@type":"ListItem","position":1,"name":"Portada","item":"https://www.ull.es/portal/agenda/"},{"@type":"ListItem","position":2,"name":"VI Seminario de Divulgación de la Investigación: Caudales de escorrentía en la isla de Tenerife"}]},{"@type":"WebSite","@id":"https://www.ull.es/portal/agenda/#website","url":"https://www.ull.es/portal/agenda/","name":"ULL - Agenda","description":"","potentialAction":[{"@type":"SearchAction","target":{"@type":"EntryPoint","urlTemplate":"https://www.ull.es/portal/agenda/?s={search_term_string}"},"query-input":"required name=search_term_string"}],"inLanguage":"es"}]}</script>
<!-- / Yoast SEO plugin. -->

VI Seminario de Divulgación de la Investigación: Caudales de escorrentía en la isla de Tenerife - ULL - Agenda

El Aula Cultural de Divulgación Científica organiza este seminario que se celebrará en modalidad online el 10 de octubre de 2025 de 16:30 a 18:30 horas. Este seminario expone la necesidad de calibración del modelo hidrológico de superficie desarrollado por el Consejo Insular de Aguas de Tenerife para obtener caudales teóricos de escorrentía más aproximados...
