{"id":43873,"date":"2025-09-08T11:57:52","date_gmt":"2025-09-08T11:57:52","guid":{"rendered":"https:\/\/www.ull.es\/portal\/agenda\/?post_type=tribe_events&#038;p=43873"},"modified":"2025-09-16T08:44:11","modified_gmt":"2025-09-16T08:44:11","slug":"como-definir-medir-y-recompensar-el-impacto-academico","status":"publish","type":"tribe_events","link":"https:\/\/www.ull.es\/portal\/agenda\/evento\/como-definir-medir-y-recompensar-el-impacto-academico\/","title":{"rendered":"C\u00f3mo definir, medir y recompensar el Impacto Acad\u00e9mico"},"content":{"rendered":"<p>La C\u00e1tedra Fundaci\u00f3n DISA de J\u00f3venes Emprendedores de la Universidad de La Laguna y el Instituto Universitario de la Empresa, con la colaboraci\u00f3n de la Facultad de Econom\u00eda, Empresa y Turismo, organizan este evento que se celebrar\u00e1 en la Facultad de Econom\u00eda, Empresa y Turismo el 19 de septiembre de 2025 de 17:00 a 18:00 horas.<\/p>\n<p>El deseo de influir en diferentes partes interesadas, personal investigador, alumnado y sociedad en general, es una aspiraci\u00f3n a largo plazo de la mayor\u00eda de los\/as acad\u00e9micos\/as: una b\u00fasqueda del \u201cSanto Grial\u201d. Pero, \u00bfqu\u00e9 es el impacto acad\u00e9mico? \u00bfC\u00f3mo deber\u00edamos medirlo? \u00bfC\u00f3mo podemos acelerar el impacto de nuestras actividades de investigaci\u00f3n y docencia? \u00bfC\u00f3mo podemos producir investigaciones relevantes? Esta presentaci\u00f3n aborda estas preguntas describiendo teor\u00edas y estudios en el \u00e1mbito de la gesti\u00f3n que nos ayudan a entender la relevancia y el impacto, y c\u00f3mo mejorar ambos. La presentaci\u00f3n resultar\u00e1 de inter\u00e9s para personal docente e investigador que desee acelerar el impacto de su trabajo, as\u00ed como para l\u00edderes y personal administrativo universitario.<\/p>\n<p>La actividad est\u00e1 dirigida al p\u00fablico en general y, fundamentalmente, al alumnado de Grado y M\u00e1ster, personal docente e investigador y personal administrativo universitario.<\/p>\n<p>Imparte: <a href=\"https:\/\/www.hermanaguinis.com\/\" target=\"_blank\" rel=\"noopener\" data-saferedirecturl=\"https:\/\/www.google.com\/url?q=https:\/\/www.hermanaguinis.com\/&amp;source=gmail&amp;ust=1758094812293000&amp;usg=AOvVaw0tDAZjZ8f9Jl6fAYSHKMtp\" target=\"_blank\" rel=\"noopener\"><b>Herman\u00a0Aguinis<\/b>,<\/a>\u00a0Avram Tucker Distinguished Scholar y Profesor de Management en la School of Business de The George Washington University.<\/p>\n<p>Direcci\u00f3n acad\u00e9mica: Carmen In\u00e9s Ruiz de la Rosa. Profesora Titular de Universidad, Departamento de Econom\u00eda, Contabilidad y Finanzas de la Universidad de La Laguna.<\/p>\n<p>CERTIFICADO DE ASISTENCIA: La Universidad de La Laguna, a trav\u00e9s del Vicerrectorado de Cultura y Extensi\u00f3n Universitaria, emitir\u00e1 un certificado de asistencia a todas aquellas personas que participen, previa inscripci\u00f3n en la actividad.<\/p>\n<p>Asistencia gratuita previa inscripci\u00f3n.\u00a0<a href=\"https:\/\/sede.fg.ull.es\/es\/curso\/detalle?code=a25020220&amp;name=como-definir-medir-y-recompensar-el-impacto-academico&amp;query=%3Fcode%3DA25020220\" target=\"_blank\" rel=\"noopener\" target=\"_blank\" rel=\"noopener\"><strong><u>Consulta el programa e inscr\u00edbete aqu\u00ed.<\/u><\/strong><\/a><\/p>\n<p><strong>Contacto:\u00a0<\/strong><a href=\"mailto:extuni@ull.edu.es\" target=\"_blank\" rel=\"noopener\" target=\"_blank\" rel=\"noopener\"><strong>extuni@ull.es<\/strong><\/a><\/p>\n","protected":false},"excerpt":{"rendered":"<p>La C\u00e1tedra Fundaci\u00f3n DISA de J\u00f3venes Emprendedores de la Universidad de La Laguna y el Instituto Universitario de la Empresa, con la colaboraci\u00f3n de la Facultad de Econom\u00eda, Empresa y Turismo, organizan este evento que se celebrar\u00e1 en la Facultad de Econom\u00eda, Empresa y Turismo el 19 de septiembre de 2025 de 17:00 a 18:00&#8230;<\/p>\n","protected":false},"author":43,"featured_media":44001,"comment_status":"closed","ping_status":"closed","template":"","tags":[4259,977,4850,4452,3812,3751],"tribe_events_cat":[472,2654,3165,4,186],"acf":[],"yoast_head":"<!-- This site is optimized with the Yoast SEO plugin v21.3 - https:\/\/yoast.com\/wordpress\/plugins\/seo\/ -->\n<title>C\u00f3mo definir, medir y recompensar el Impacto Acad\u00e9mico - ULL - Agenda<\/title>\n<meta name=\"robots\" content=\"index, follow, max-snippet:-1, max-image-preview:large, max-video-preview:-1\" \/>\n<link rel=\"canonical\" href=\"https:\/\/www.ull.es\/portal\/agenda\/evento\/como-definir-medir-y-recompensar-el-impacto-academico\/\" \/>\n<meta property=\"og:locale\" content=\"es_ES\" \/>\n<meta property=\"og:type\" content=\"article\" \/>\n<meta property=\"og:title\" content=\"C\u00f3mo definir, medir y recompensar el Impacto Acad\u00e9mico - ULL - Agenda\" \/>\n<meta property=\"og:description\" content=\"La C\u00e1tedra Fundaci\u00f3n DISA de J\u00f3venes Emprendedores de la Universidad de La Laguna y el Instituto Universitario de la Empresa, con la colaboraci\u00f3n de la Facultad de Econom\u00eda, Empresa y Turismo, organizan este evento que se celebrar\u00e1 en la Facultad de Econom\u00eda, Empresa y Turismo el 19 de septiembre de 2025 de 17:00 a 18:00...\" \/>\n<meta property=\"og:url\" content=\"https:\/\/www.ull.es\/portal\/agenda\/evento\/como-definir-medir-y-recompensar-el-impacto-academico\/\" \/>\n<meta property=\"og:site_name\" content=\"ULL - Agenda\" \/>\n<meta property=\"article:modified_time\" content=\"2025-09-16T08:44:11+00:00\" \/>\n<meta property=\"og:image\" content=\"https:\/\/www.ull.es\/portal\/agenda\/wp-content\/uploads\/sites\/12\/2025\/09\/BannerHerman.png\" \/>\n\t<meta property=\"og:image:width\" content=\"750\" \/>\n\t<meta property=\"og:image:height\" content=\"370\" \/>\n\t<meta property=\"og:image:type\" content=\"image\/png\" \/>\n<meta name=\"twitter:card\" content=\"summary_large_image\" \/>\n<meta name=\"twitter:label1\" content=\"Tiempo de lectura\" \/>\n\t<meta name=\"twitter:data1\" content=\"2 minutos\" \/>\n<script type=\"application\/ld+json\" class=\"yoast-schema-graph\">{\"@context\":\"https:\/\/schema.org\",\"@graph\":[{\"@type\":\"WebPage\",\"@id\":\"https:\/\/www.ull.es\/portal\/agenda\/evento\/como-definir-medir-y-recompensar-el-impacto-academico\/\",\"url\":\"https:\/\/www.ull.es\/portal\/agenda\/evento\/como-definir-medir-y-recompensar-el-impacto-academico\/\",\"name\":\"C\u00f3mo definir, medir y recompensar el Impacto Acad\u00e9mico - ULL - Agenda\",\"isPartOf\":{\"@id\":\"https:\/\/www.ull.es\/portal\/agenda\/#website\"},\"datePublished\":\"2025-09-08T11:57:52+00:00\",\"dateModified\":\"2025-09-16T08:44:11+00:00\",\"breadcrumb\":{\"@id\":\"https:\/\/www.ull.es\/portal\/agenda\/evento\/como-definir-medir-y-recompensar-el-impacto-academico\/#breadcrumb\"},\"inLanguage\":\"es\",\"potentialAction\":[{\"@type\":\"ReadAction\",\"target\":[\"https:\/\/www.ull.es\/portal\/agenda\/evento\/como-definir-medir-y-recompensar-el-impacto-academico\/\"]}]},{\"@type\":\"BreadcrumbList\",\"@id\":\"https:\/\/www.ull.es\/portal\/agenda\/evento\/como-definir-medir-y-recompensar-el-impacto-academico\/#breadcrumb\",\"itemListElement\":[{\"@type\":\"ListItem\",\"position\":1,\"name\":\"Portada\",\"item\":\"https:\/\/www.ull.es\/portal\/agenda\/\"},{\"@type\":\"ListItem\",\"position\":2,\"name\":\"C\u00f3mo definir, medir y recompensar el Impacto Acad\u00e9mico\"}]},{\"@type\":\"WebSite\",\"@id\":\"https:\/\/www.ull.es\/portal\/agenda\/#website\",\"url\":\"https:\/\/www.ull.es\/portal\/agenda\/\",\"name\":\"ULL - Agenda\",\"description\":\"\",\"potentialAction\":[{\"@type\":\"SearchAction\",\"target\":{\"@type\":\"EntryPoint\",\"urlTemplate\":\"https:\/\/www.ull.es\/portal\/agenda\/?s={search_term_string}\"},\"query-input\":\"required name=search_term_string\"}],\"inLanguage\":\"es\"}]}<\/script>\n<!-- \/ Yoast SEO plugin. -->","yoast_head_json":{"title":"C\u00f3mo definir, medir y recompensar el Impacto Acad\u00e9mico - ULL - Agenda","robots":{"index":"index","follow":"follow","max-snippet":"max-snippet:-1","max-image-preview":"max-image-preview:large","max-video-preview":"max-video-preview:-1"},"canonical":"https:\/\/www.ull.es\/portal\/agenda\/evento\/como-definir-medir-y-recompensar-el-impacto-academico\/","og_locale":"es_ES","og_type":"article","og_title":"C\u00f3mo definir, medir y recompensar el Impacto Acad\u00e9mico - ULL - Agenda","og_description":"La C\u00e1tedra Fundaci\u00f3n DISA de J\u00f3venes Emprendedores de la Universidad de La Laguna y el Instituto Universitario de la Empresa, con la colaboraci\u00f3n de la Facultad de Econom\u00eda, Empresa y Turismo, organizan este evento que se celebrar\u00e1 en la Facultad de Econom\u00eda, Empresa y Turismo el 19 de septiembre de 2025 de 17:00 a 18:00...","og_url":"https:\/\/www.ull.es\/portal\/agenda\/evento\/como-definir-medir-y-recompensar-el-impacto-academico\/","og_site_name":"ULL - Agenda","article_modified_time":"2025-09-16T08:44:11+00:00","og_image":[{"width":750,"height":370,"url":"https:\/\/www.ull.es\/portal\/agenda\/wp-content\/uploads\/sites\/12\/2025\/09\/BannerHerman.png","type":"image\/png"}],"twitter_card":"summary_large_image","twitter_misc":{"Tiempo de lectura":"2 minutos"},"schema":{"@context":"https:\/\/schema.org","@graph":[{"@type":"WebPage","@id":"https:\/\/www.ull.es\/portal\/agenda\/evento\/como-definir-medir-y-recompensar-el-impacto-academico\/","url":"https:\/\/www.ull.es\/portal\/agenda\/evento\/como-definir-medir-y-recompensar-el-impacto-academico\/","name":"C\u00f3mo definir, medir y recompensar el Impacto Acad\u00e9mico - ULL - Agenda","isPartOf":{"@id":"https:\/\/www.ull.es\/portal\/agenda\/#website"},"datePublished":"2025-09-08T11:57:52+00:00","dateModified":"2025-09-16T08:44:11+00:00","breadcrumb":{"@id":"https:\/\/www.ull.es\/portal\/agenda\/evento\/como-definir-medir-y-recompensar-el-impacto-academico\/#breadcrumb"},"inLanguage":"es","potentialAction":[{"@type":"ReadAction","target":["https:\/\/www.ull.es\/portal\/agenda\/evento\/como-definir-medir-y-recompensar-el-impacto-academico\/"]}]},{"@type":"BreadcrumbList","@id":"https:\/\/www.ull.es\/portal\/agenda\/evento\/como-definir-medir-y-recompensar-el-impacto-academico\/#breadcrumb","itemListElement":[{"@type":"ListItem","position":1,"name":"Portada","item":"https:\/\/www.ull.es\/portal\/agenda\/"},{"@type":"ListItem","position":2,"name":"C\u00f3mo definir, medir y recompensar el Impacto Acad\u00e9mico"}]},{"@type":"WebSite","@id":"https:\/\/www.ull.es\/portal\/agenda\/#website","url":"https:\/\/www.ull.es\/portal\/agenda\/","name":"ULL - Agenda","description":"","potentialAction":[{"@type":"SearchAction","target":{"@type":"EntryPoint","urlTemplate":"https:\/\/www.ull.es\/portal\/agenda\/?s={search_term_string}"},"query-input":"required name=search_term_string"}],"inLanguage":"es"}]}},"_links":{"self":[{"href":"https:\/\/www.ull.es\/portal\/agenda\/wp-json\/wp\/v2\/tribe_events\/43873"}],"collection":[{"href":"https:\/\/www.ull.es\/portal\/agenda\/wp-json\/wp\/v2\/tribe_events"}],"about":[{"href":"https:\/\/www.ull.es\/portal\/agenda\/wp-json\/wp\/v2\/types\/tribe_events"}],"author":[{"embeddable":true,"href":"https:\/\/www.ull.es\/portal\/agenda\/wp-json\/wp\/v2\/users\/43"}],"replies":[{"embeddable":true,"href":"https:\/\/www.ull.es\/portal\/agenda\/wp-json\/wp\/v2\/comments?post=43873"}],"version-history":[{"count":3,"href":"https:\/\/www.ull.es\/portal\/agenda\/wp-json\/wp\/v2\/tribe_events\/43873\/revisions"}],"predecessor-version":[{"id":44000,"href":"https:\/\/www.ull.es\/portal\/agenda\/wp-json\/wp\/v2\/tribe_events\/43873\/revisions\/44000"}],"wp:featuredmedia":[{"embeddable":true,"href":"https:\/\/www.ull.es\/portal\/agenda\/wp-json\/wp\/v2\/media\/44001"}],"wp:attachment":[{"href":"https:\/\/www.ull.es\/portal\/agenda\/wp-json\/wp\/v2\/media?parent=43873"}],"wp:term":[{"taxonomy":"post_tag","embeddable":true,"href":"https:\/\/www.ull.es\/portal\/agenda\/wp-json\/wp\/v2\/tags?post=43873"},{"taxonomy":"tribe_events_cat","embeddable":true,"href":"https:\/\/www.ull.es\/portal\/agenda\/wp-json\/wp\/v2\/tribe_events_cat?post=43873"}],"curies":[{"name":"wp","href":"https:\/\/api.w.org\/{rel}","templated":true}]}}

Cómo definir, medir y recompensar el Impacto Académico

<p>La Cátedra Fundación DISA de Jóvenes Emprendedores de la Universidad de La Laguna y el Instituto Universitario de la Empresa, con la colaboración de la Facultad de Economía, Empresa y Turismo, organizan este evento que se celebrará en la Facultad de Economía, Empresa y Turismo el 19 de septiembre de 2025 de 17:00 a 18:00 horas.</p>
<p>El deseo de influir en diferentes partes interesadas, personal investigador, alumnado y sociedad en general, es una aspiración a largo plazo de la mayoría de los/as académicos/as: una búsqueda del “Santo Grial”. Pero, ¿qué es el impacto académico? ¿Cómo deberíamos medirlo? ¿Cómo podemos acelerar el impacto de nuestras actividades de investigación y docencia? ¿Cómo podemos producir investigaciones relevantes? Esta presentación aborda estas preguntas describiendo teorías y estudios en el ámbito de la gestión que nos ayudan a entender la relevancia y el impacto, y cómo mejorar ambos. La presentación resultará de interés para personal docente e investigador que desee acelerar el impacto de su trabajo, así como para líderes y personal administrativo universitario.</p>
<p>La actividad está dirigida al público en general y, fundamentalmente, al alumnado de Grado y Máster, personal docente e investigador y personal administrativo universitario.</p>
<p>Imparte: <a href="https://www.hermanaguinis.com/" target="_blank" rel="noopener" data-saferedirecturl="https://www.google.com/url?q=https://www.hermanaguinis.com/&amp;source=gmail&amp;ust=1758094812293000&amp;usg=AOvVaw0tDAZjZ8f9Jl6fAYSHKMtp" target="_blank" rel="noopener"><b>Herman Aguinis</b>,</a> Avram Tucker Distinguished Scholar y Profesor de Management en la School of Business de The George Washington University.</p>
<p>Dirección académica: Carmen Inés Ruiz de la Rosa. Profesora Titular de Universidad, Departamento de Economía, Contabilidad y Finanzas de la Universidad de La Laguna.</p>
<p>CERTIFICADO DE ASISTENCIA: La Universidad de La Laguna, a través del Vicerrectorado de Cultura y Extensión Universitaria, emitirá un certificado de asistencia a todas aquellas personas que participen, previa inscripción en la actividad.</p>
<p>Asistencia gratuita previa inscripción. <a href="https://sede.fg.ull.es/es/curso/detalle?code=a25020220&amp;name=como-definir-medir-y-recompensar-el-impacto-academico&amp;query=%3Fcode%3DA25020220" target="_blank" rel="noopener" target="_blank" rel="noopener"><strong><u>Consulta el programa e inscríbete aquí.</u></strong></a></p>
<p><strong>Contacto: </strong><a href="mailto:extuni@ull.edu.es" target="_blank" rel="noopener" target="_blank" rel="noopener"><strong>extuni@ull.es</strong></a></p>

<p>La Cátedra Fundación DISA de Jóvenes Emprendedores de la Universidad de La Laguna y el Instituto Universitario de la Empresa, con la colaboración de la Facultad de Economía, Empresa y Turismo, organizan este evento que se celebrará en la Facultad de Economía, Empresa y Turismo el 19 de septiembre de 2025 de 17:00 a 18:00&#8230;</p>

<!-- This site is optimized with the Yoast SEO plugin v21.3 - https://yoast.com/wordpress/plugins/seo/ -->
<title>Cómo definir, medir y recompensar el Impacto Académico - ULL - Agenda</title>
<meta name="robots" content="index, follow, max-snippet:-1, max-image-preview:large, max-video-preview:-1" />
<link rel="canonical" href="https://www.ull.es/portal/agenda/evento/como-definir-medir-y-recompensar-el-impacto-academico/" />
<meta property="og:locale" content="es_ES" />
<meta property="og:type" content="article" />
<meta property="og:title" content="Cómo definir, medir y recompensar el Impacto Académico - ULL - Agenda" />
<meta property="og:description" content="La Cátedra Fundación DISA de Jóvenes Emprendedores de la Universidad de La Laguna y el Instituto Universitario de la Empresa, con la colaboración de la Facultad de Economía, Empresa y Turismo, organizan este evento que se celebrará en la Facultad de Economía, Empresa y Turismo el 19 de septiembre de 2025 de 17:00 a 18:00..." />
<meta property="og:url" content="https://www.ull.es/portal/agenda/evento/como-definir-medir-y-recompensar-el-impacto-academico/" />
<meta property="og:site_name" content="ULL - Agenda" />
<meta property="article:modified_time" content="2025-09-16T08:44:11+00:00" />
<meta property="og:image" content="https://www.ull.es/portal/agenda/wp-content/uploads/sites/12/2025/09/BannerHerman.png" />
	<meta property="og:image:width" content="750" />
	<meta property="og:image:height" content="370" />
	<meta property="og:image:type" content="image/png" />
<meta name="twitter:card" content="summary_large_image" />
<meta name="twitter:label1" content="Tiempo de lectura" />
	<meta name="twitter:data1" content="2 minutos" />
<script type="application/ld+json" class="yoast-schema-graph">{"@context":"https://schema.org","@graph":[{"@type":"WebPage","@id":"https://www.ull.es/portal/agenda/evento/como-definir-medir-y-recompensar-el-impacto-academico/","url":"https://www.ull.es/portal/agenda/evento/como-definir-medir-y-recompensar-el-impacto-academico/","name":"Cómo definir, medir y recompensar el Impacto Académico - ULL - Agenda","isPartOf":{"@id":"https://www.ull.es/portal/agenda/#website"},"datePublished":"2025-09-08T11:57:52+00:00","dateModified":"2025-09-16T08:44:11+00:00","breadcrumb":{"@id":"https://www.ull.es/portal/agenda/evento/como-definir-medir-y-recompensar-el-impacto-academico/#breadcrumb"},"inLanguage":"es","potentialAction":[{"@type":"ReadAction","target":["https://www.ull.es/portal/agenda/evento/como-definir-medir-y-recompensar-el-impacto-academico/"]}]},{"@type":"BreadcrumbList","@id":"https://www.ull.es/portal/agenda/evento/como-definir-medir-y-recompensar-el-impacto-academico/#breadcrumb","itemListElement":[{"@type":"ListItem","position":1,"name":"Portada","item":"https://www.ull.es/portal/agenda/"},{"@type":"ListItem","position":2,"name":"Cómo definir, medir y recompensar el Impacto Académico"}]},{"@type":"WebSite","@id":"https://www.ull.es/portal/agenda/#website","url":"https://www.ull.es/portal/agenda/","name":"ULL - Agenda","description":"","potentialAction":[{"@type":"SearchAction","target":{"@type":"EntryPoint","urlTemplate":"https://www.ull.es/portal/agenda/?s={search_term_string}"},"query-input":"required name=search_term_string"}],"inLanguage":"es"}]}</script>
<!-- / Yoast SEO plugin. -->

Cómo definir, medir y recompensar el Impacto Académico - ULL - Agenda

La Cátedra Fundación DISA de Jóvenes Emprendedores de la Universidad de La Laguna y el Instituto Universitario de la Empresa, con la colaboración de la Facultad de Economía, Empresa y Turismo, organizan este evento que se celebrará en la Facultad de Economía, Empresa y Turismo el 19 de septiembre de 2025 de 17:00 a 18:00...
