{"id":43886,"date":"2025-09-09T08:46:04","date_gmt":"2025-09-09T08:46:04","guid":{"rendered":"https:\/\/www.ull.es\/portal\/agenda\/?post_type=tribe_events&#038;p=43886"},"modified":"2025-09-09T08:46:04","modified_gmt":"2025-09-09T08:46:04","slug":"impulso-coral-tenerife-construyendo-el-coro-en-el-aula-didactica-y-direccion","status":"publish","type":"tribe_events","link":"https:\/\/www.ull.es\/portal\/agenda\/evento\/impulso-coral-tenerife-construyendo-el-coro-en-el-aula-didactica-y-direccion\/","title":{"rendered":"Impulso Coral Tenerife. Construyendo el coro en el aula: did\u00e1ctica y direcci\u00f3n"},"content":{"rendered":"<p>El Aula Cultural de M\u00fasica Coral Manuel Borgu\u00f1\u00f3 y el Cabildo Insular de Tenerife, con la colaboraci\u00f3n del Ayuntamiento de La Laguna y el Orfe\u00f3n La Paz de La Laguna, organizan este curso que se celebrar\u00e1 entre el 10 y el 19 de septiembre de 2025.<\/p>\n<p>Objetivos:<\/p>\n<p>1. Desarrollar habilidades t\u00e9cnicas y expresivas en el canto coral mediante la pr\u00e1ctica de repertorio seleccionado, favoreciendo una emisi\u00f3n vocal saludable y adecuada al trabajo grupal.<br \/>\n2. Analizar los elementos te\u00f3ricos y musicales presentes en las canciones del repertorio (estructura, armon\u00eda, ritmo, textura, forma, etc.) para aplicarlos a la interpretaci\u00f3n coral y a la ense\u00f1anza musical.<br \/>\n3. Fomentar estrategias pedag\u00f3gicas para la ense\u00f1anza del canto coral en contextos escolares, integrando recursos did\u00e1cticos, metodolog\u00edas participativas y adaptaci\u00f3n del repertorio a distintos niveles educativos.<br \/>\n4. Promover la reflexi\u00f3n cr\u00edtica sobre el rol del docente como director\/a y gu\u00eda del proceso coral, fortaleciendo la capacidad de liderazgo musical, organizaci\u00f3n de ensayos y desarrollo de la escucha colectiva.<br \/>\n5. Valorar y descubrir la importancia de la conciencia corporal y el ritmo en la pr\u00e1ctica grupal coral.<\/p>\n<p>Dirigido especialmente alumnado de la Facultad de Educaci\u00f3n, profesorado especialista de M\u00fasica de todos los niveles, alumnado de la ULL interesados en la pr\u00e1ctica coral, coralistas.<\/p>\n<p>Direcci\u00f3n acad\u00e9mica: Pilar B. Gil Fr\u00edas, Profesora contratada Doctora, Departamento de Did\u00e1cticas Espec\u00edficas de la Universidad de La Laguna.<\/p>\n<p><strong>CERTIFICADO DE ASISTENCIA Y APTITUD:<\/strong> La Universidad de La Laguna, a trav\u00e9s del Vicerrectorado de Cultura y Extensi\u00f3n Universitaria, emitir\u00e1 un certificado de asistencia a todas aquellas personas que asistan a un m\u00ednimo del 80% de las horas lectivas, previa inscripci\u00f3n en la actividad. Adem\u00e1s, aquellas personas que superen la evaluaci\u00f3n, recibir\u00e1n un certificado de asistencia y aprovechamiento.<\/p>\n<p>Asistencia gratuita previa inscripci\u00f3n.\u00a0<a href=\"https:\/\/sede.fg.ull.es\/es\/curso\/detalle?code=a25020221&amp;name=impulso-coral-tenerife-construyendo-el-coro-en-el-aula-didactica-y-direccion&amp;query=%3Fcode%3DA25020221\" target=\"_blank\" rel=\"noopener\" target=\"_blank\" rel=\"noopener\"><strong><u>M\u00e1s informaci\u00f3n e inscripci\u00f3n aqu\u00ed.<\/u><\/strong><\/a><\/p>\n<p><strong>Contacto:\u00a0<\/strong><a href=\"mailto:extuni@ull.edu.es\" target=\"_blank\" rel=\"noopener\" target=\"_blank\" rel=\"noopener\"><strong>extuni@ull.es<\/strong><\/a><\/p>\n","protected":false},"excerpt":{"rendered":"<p>El Aula Cultural de M\u00fasica Coral Manuel Borgu\u00f1\u00f3 y el Cabildo Insular de Tenerife, con la colaboraci\u00f3n del Ayuntamiento de La Laguna y el Orfe\u00f3n La Paz de La Laguna, organizan este curso que se celebrar\u00e1 entre el 10 y el 19 de septiembre de 2025. Objetivos: 1. Desarrollar habilidades t\u00e9cnicas y expresivas en el&#8230;<\/p>\n","protected":false},"author":43,"featured_media":43887,"comment_status":"closed","ping_status":"closed","template":"","tags":[4259,977,3812,3751,4165],"tribe_events_cat":[472,471,4,186],"acf":[],"yoast_head":"<!-- This site is optimized with the Yoast SEO plugin v21.3 - https:\/\/yoast.com\/wordpress\/plugins\/seo\/ -->\n<title>Impulso Coral Tenerife. Construyendo el coro en el aula: did\u00e1ctica y direcci\u00f3n - ULL - Agenda<\/title>\n<meta name=\"robots\" content=\"index, follow, max-snippet:-1, max-image-preview:large, max-video-preview:-1\" \/>\n<link rel=\"canonical\" href=\"https:\/\/www.ull.es\/portal\/agenda\/evento\/impulso-coral-tenerife-construyendo-el-coro-en-el-aula-didactica-y-direccion\/\" \/>\n<meta property=\"og:locale\" content=\"es_ES\" \/>\n<meta property=\"og:type\" content=\"article\" \/>\n<meta property=\"og:title\" content=\"Impulso Coral Tenerife. Construyendo el coro en el aula: did\u00e1ctica y direcci\u00f3n - ULL - Agenda\" \/>\n<meta property=\"og:description\" content=\"El Aula Cultural de M\u00fasica Coral Manuel Borgu\u00f1\u00f3 y el Cabildo Insular de Tenerife, con la colaboraci\u00f3n del Ayuntamiento de La Laguna y el Orfe\u00f3n La Paz de La Laguna, organizan este curso que se celebrar\u00e1 entre el 10 y el 19 de septiembre de 2025. Objetivos: 1. Desarrollar habilidades t\u00e9cnicas y expresivas en el...\" \/>\n<meta property=\"og:url\" content=\"https:\/\/www.ull.es\/portal\/agenda\/evento\/impulso-coral-tenerife-construyendo-el-coro-en-el-aula-didactica-y-direccion\/\" \/>\n<meta property=\"og:site_name\" content=\"ULL - Agenda\" \/>\n<meta property=\"og:image\" content=\"https:\/\/www.ull.es\/portal\/agenda\/wp-content\/uploads\/sites\/12\/2025\/09\/BannerCoral.jpg\" \/>\n\t<meta property=\"og:image:width\" content=\"750\" \/>\n\t<meta property=\"og:image:height\" content=\"370\" \/>\n\t<meta property=\"og:image:type\" content=\"image\/jpeg\" \/>\n<meta name=\"twitter:card\" content=\"summary_large_image\" \/>\n<meta name=\"twitter:label1\" content=\"Tiempo de lectura\" \/>\n\t<meta name=\"twitter:data1\" content=\"2 minutos\" \/>\n<script type=\"application\/ld+json\" class=\"yoast-schema-graph\">{\"@context\":\"https:\/\/schema.org\",\"@graph\":[{\"@type\":\"WebPage\",\"@id\":\"https:\/\/www.ull.es\/portal\/agenda\/evento\/impulso-coral-tenerife-construyendo-el-coro-en-el-aula-didactica-y-direccion\/\",\"url\":\"https:\/\/www.ull.es\/portal\/agenda\/evento\/impulso-coral-tenerife-construyendo-el-coro-en-el-aula-didactica-y-direccion\/\",\"name\":\"Impulso Coral Tenerife. Construyendo el coro en el aula: did\u00e1ctica y direcci\u00f3n - ULL - Agenda\",\"isPartOf\":{\"@id\":\"https:\/\/www.ull.es\/portal\/agenda\/#website\"},\"datePublished\":\"2025-09-09T08:46:04+00:00\",\"dateModified\":\"2025-09-09T08:46:04+00:00\",\"breadcrumb\":{\"@id\":\"https:\/\/www.ull.es\/portal\/agenda\/evento\/impulso-coral-tenerife-construyendo-el-coro-en-el-aula-didactica-y-direccion\/#breadcrumb\"},\"inLanguage\":\"es\",\"potentialAction\":[{\"@type\":\"ReadAction\",\"target\":[\"https:\/\/www.ull.es\/portal\/agenda\/evento\/impulso-coral-tenerife-construyendo-el-coro-en-el-aula-didactica-y-direccion\/\"]}]},{\"@type\":\"BreadcrumbList\",\"@id\":\"https:\/\/www.ull.es\/portal\/agenda\/evento\/impulso-coral-tenerife-construyendo-el-coro-en-el-aula-didactica-y-direccion\/#breadcrumb\",\"itemListElement\":[{\"@type\":\"ListItem\",\"position\":1,\"name\":\"Portada\",\"item\":\"https:\/\/www.ull.es\/portal\/agenda\/\"},{\"@type\":\"ListItem\",\"position\":2,\"name\":\"Impulso Coral Tenerife. Construyendo el coro en el aula: did\u00e1ctica y direcci\u00f3n\"}]},{\"@type\":\"WebSite\",\"@id\":\"https:\/\/www.ull.es\/portal\/agenda\/#website\",\"url\":\"https:\/\/www.ull.es\/portal\/agenda\/\",\"name\":\"ULL - Agenda\",\"description\":\"\",\"potentialAction\":[{\"@type\":\"SearchAction\",\"target\":{\"@type\":\"EntryPoint\",\"urlTemplate\":\"https:\/\/www.ull.es\/portal\/agenda\/?s={search_term_string}\"},\"query-input\":\"required name=search_term_string\"}],\"inLanguage\":\"es\"}]}<\/script>\n<!-- \/ Yoast SEO plugin. -->","yoast_head_json":{"title":"Impulso Coral Tenerife. Construyendo el coro en el aula: did\u00e1ctica y direcci\u00f3n - ULL - Agenda","robots":{"index":"index","follow":"follow","max-snippet":"max-snippet:-1","max-image-preview":"max-image-preview:large","max-video-preview":"max-video-preview:-1"},"canonical":"https:\/\/www.ull.es\/portal\/agenda\/evento\/impulso-coral-tenerife-construyendo-el-coro-en-el-aula-didactica-y-direccion\/","og_locale":"es_ES","og_type":"article","og_title":"Impulso Coral Tenerife. Construyendo el coro en el aula: did\u00e1ctica y direcci\u00f3n - ULL - Agenda","og_description":"El Aula Cultural de M\u00fasica Coral Manuel Borgu\u00f1\u00f3 y el Cabildo Insular de Tenerife, con la colaboraci\u00f3n del Ayuntamiento de La Laguna y el Orfe\u00f3n La Paz de La Laguna, organizan este curso que se celebrar\u00e1 entre el 10 y el 19 de septiembre de 2025. Objetivos: 1. Desarrollar habilidades t\u00e9cnicas y expresivas en el...","og_url":"https:\/\/www.ull.es\/portal\/agenda\/evento\/impulso-coral-tenerife-construyendo-el-coro-en-el-aula-didactica-y-direccion\/","og_site_name":"ULL - Agenda","og_image":[{"width":750,"height":370,"url":"https:\/\/www.ull.es\/portal\/agenda\/wp-content\/uploads\/sites\/12\/2025\/09\/BannerCoral.jpg","type":"image\/jpeg"}],"twitter_card":"summary_large_image","twitter_misc":{"Tiempo de lectura":"2 minutos"},"schema":{"@context":"https:\/\/schema.org","@graph":[{"@type":"WebPage","@id":"https:\/\/www.ull.es\/portal\/agenda\/evento\/impulso-coral-tenerife-construyendo-el-coro-en-el-aula-didactica-y-direccion\/","url":"https:\/\/www.ull.es\/portal\/agenda\/evento\/impulso-coral-tenerife-construyendo-el-coro-en-el-aula-didactica-y-direccion\/","name":"Impulso Coral Tenerife. Construyendo el coro en el aula: did\u00e1ctica y direcci\u00f3n - ULL - Agenda","isPartOf":{"@id":"https:\/\/www.ull.es\/portal\/agenda\/#website"},"datePublished":"2025-09-09T08:46:04+00:00","dateModified":"2025-09-09T08:46:04+00:00","breadcrumb":{"@id":"https:\/\/www.ull.es\/portal\/agenda\/evento\/impulso-coral-tenerife-construyendo-el-coro-en-el-aula-didactica-y-direccion\/#breadcrumb"},"inLanguage":"es","potentialAction":[{"@type":"ReadAction","target":["https:\/\/www.ull.es\/portal\/agenda\/evento\/impulso-coral-tenerife-construyendo-el-coro-en-el-aula-didactica-y-direccion\/"]}]},{"@type":"BreadcrumbList","@id":"https:\/\/www.ull.es\/portal\/agenda\/evento\/impulso-coral-tenerife-construyendo-el-coro-en-el-aula-didactica-y-direccion\/#breadcrumb","itemListElement":[{"@type":"ListItem","position":1,"name":"Portada","item":"https:\/\/www.ull.es\/portal\/agenda\/"},{"@type":"ListItem","position":2,"name":"Impulso Coral Tenerife. Construyendo el coro en el aula: did\u00e1ctica y direcci\u00f3n"}]},{"@type":"WebSite","@id":"https:\/\/www.ull.es\/portal\/agenda\/#website","url":"https:\/\/www.ull.es\/portal\/agenda\/","name":"ULL - Agenda","description":"","potentialAction":[{"@type":"SearchAction","target":{"@type":"EntryPoint","urlTemplate":"https:\/\/www.ull.es\/portal\/agenda\/?s={search_term_string}"},"query-input":"required name=search_term_string"}],"inLanguage":"es"}]}},"_links":{"self":[{"href":"https:\/\/www.ull.es\/portal\/agenda\/wp-json\/wp\/v2\/tribe_events\/43886"}],"collection":[{"href":"https:\/\/www.ull.es\/portal\/agenda\/wp-json\/wp\/v2\/tribe_events"}],"about":[{"href":"https:\/\/www.ull.es\/portal\/agenda\/wp-json\/wp\/v2\/types\/tribe_events"}],"author":[{"embeddable":true,"href":"https:\/\/www.ull.es\/portal\/agenda\/wp-json\/wp\/v2\/users\/43"}],"replies":[{"embeddable":true,"href":"https:\/\/www.ull.es\/portal\/agenda\/wp-json\/wp\/v2\/comments?post=43886"}],"version-history":[{"count":2,"href":"https:\/\/www.ull.es\/portal\/agenda\/wp-json\/wp\/v2\/tribe_events\/43886\/revisions"}],"predecessor-version":[{"id":43889,"href":"https:\/\/www.ull.es\/portal\/agenda\/wp-json\/wp\/v2\/tribe_events\/43886\/revisions\/43889"}],"wp:featuredmedia":[{"embeddable":true,"href":"https:\/\/www.ull.es\/portal\/agenda\/wp-json\/wp\/v2\/media\/43887"}],"wp:attachment":[{"href":"https:\/\/www.ull.es\/portal\/agenda\/wp-json\/wp\/v2\/media?parent=43886"}],"wp:term":[{"taxonomy":"post_tag","embeddable":true,"href":"https:\/\/www.ull.es\/portal\/agenda\/wp-json\/wp\/v2\/tags?post=43886"},{"taxonomy":"tribe_events_cat","embeddable":true,"href":"https:\/\/www.ull.es\/portal\/agenda\/wp-json\/wp\/v2\/tribe_events_cat?post=43886"}],"curies":[{"name":"wp","href":"https:\/\/api.w.org\/{rel}","templated":true}]}}

Impulso Coral Tenerife. Construyendo el coro en el aula: didáctica y dirección

<p>El Aula Cultural de Música Coral Manuel Borguñó y el Cabildo Insular de Tenerife, con la colaboración del Ayuntamiento de La Laguna y el Orfeón La Paz de La Laguna, organizan este curso que se celebrará entre el 10 y el 19 de septiembre de 2025.</p>
<p>Objetivos:</p>
<p>1. Desarrollar habilidades técnicas y expresivas en el canto coral mediante la práctica de repertorio seleccionado, favoreciendo una emisión vocal saludable y adecuada al trabajo grupal.<br />
2. Analizar los elementos teóricos y musicales presentes en las canciones del repertorio (estructura, armonía, ritmo, textura, forma, etc.) para aplicarlos a la interpretación coral y a la enseñanza musical.<br />
3. Fomentar estrategias pedagógicas para la enseñanza del canto coral en contextos escolares, integrando recursos didácticos, metodologías participativas y adaptación del repertorio a distintos niveles educativos.<br />
4. Promover la reflexión crítica sobre el rol del docente como director/a y guía del proceso coral, fortaleciendo la capacidad de liderazgo musical, organización de ensayos y desarrollo de la escucha colectiva.<br />
5. Valorar y descubrir la importancia de la conciencia corporal y el ritmo en la práctica grupal coral.</p>
<p>Dirigido especialmente alumnado de la Facultad de Educación, profesorado especialista de Música de todos los niveles, alumnado de la ULL interesados en la práctica coral, coralistas.</p>
<p>Dirección académica: Pilar B. Gil Frías, Profesora contratada Doctora, Departamento de Didácticas Específicas de la Universidad de La Laguna.</p>
<p><strong>CERTIFICADO DE ASISTENCIA Y APTITUD:</strong> La Universidad de La Laguna, a través del Vicerrectorado de Cultura y Extensión Universitaria, emitirá un certificado de asistencia a todas aquellas personas que asistan a un mínimo del 80% de las horas lectivas, previa inscripción en la actividad. Además, aquellas personas que superen la evaluación, recibirán un certificado de asistencia y aprovechamiento.</p>
<p>Asistencia gratuita previa inscripción. <a href="https://sede.fg.ull.es/es/curso/detalle?code=a25020221&amp;name=impulso-coral-tenerife-construyendo-el-coro-en-el-aula-didactica-y-direccion&amp;query=%3Fcode%3DA25020221" target="_blank" rel="noopener" target="_blank" rel="noopener"><strong><u>Más información e inscripción aquí.</u></strong></a></p>
<p><strong>Contacto: </strong><a href="mailto:extuni@ull.edu.es" target="_blank" rel="noopener" target="_blank" rel="noopener"><strong>extuni@ull.es</strong></a></p>

<p>El Aula Cultural de Música Coral Manuel Borguñó y el Cabildo Insular de Tenerife, con la colaboración del Ayuntamiento de La Laguna y el Orfeón La Paz de La Laguna, organizan este curso que se celebrará entre el 10 y el 19 de septiembre de 2025. Objetivos: 1. Desarrollar habilidades técnicas y expresivas en el&#8230;</p>

<!-- This site is optimized with the Yoast SEO plugin v21.3 - https://yoast.com/wordpress/plugins/seo/ -->
<title>Impulso Coral Tenerife. Construyendo el coro en el aula: didáctica y dirección - ULL - Agenda</title>
<meta name="robots" content="index, follow, max-snippet:-1, max-image-preview:large, max-video-preview:-1" />
<link rel="canonical" href="https://www.ull.es/portal/agenda/evento/impulso-coral-tenerife-construyendo-el-coro-en-el-aula-didactica-y-direccion/" />
<meta property="og:locale" content="es_ES" />
<meta property="og:type" content="article" />
<meta property="og:title" content="Impulso Coral Tenerife. Construyendo el coro en el aula: didáctica y dirección - ULL - Agenda" />
<meta property="og:description" content="El Aula Cultural de Música Coral Manuel Borguñó y el Cabildo Insular de Tenerife, con la colaboración del Ayuntamiento de La Laguna y el Orfeón La Paz de La Laguna, organizan este curso que se celebrará entre el 10 y el 19 de septiembre de 2025. Objetivos: 1. Desarrollar habilidades técnicas y expresivas en el..." />
<meta property="og:url" content="https://www.ull.es/portal/agenda/evento/impulso-coral-tenerife-construyendo-el-coro-en-el-aula-didactica-y-direccion/" />
<meta property="og:site_name" content="ULL - Agenda" />
<meta property="og:image" content="https://www.ull.es/portal/agenda/wp-content/uploads/sites/12/2025/09/BannerCoral.jpg" />
	<meta property="og:image:width" content="750" />
	<meta property="og:image:height" content="370" />
	<meta property="og:image:type" content="image/jpeg" />
<meta name="twitter:card" content="summary_large_image" />
<meta name="twitter:label1" content="Tiempo de lectura" />
	<meta name="twitter:data1" content="2 minutos" />
<script type="application/ld+json" class="yoast-schema-graph">{"@context":"https://schema.org","@graph":[{"@type":"WebPage","@id":"https://www.ull.es/portal/agenda/evento/impulso-coral-tenerife-construyendo-el-coro-en-el-aula-didactica-y-direccion/","url":"https://www.ull.es/portal/agenda/evento/impulso-coral-tenerife-construyendo-el-coro-en-el-aula-didactica-y-direccion/","name":"Impulso Coral Tenerife. Construyendo el coro en el aula: didáctica y dirección - ULL - Agenda","isPartOf":{"@id":"https://www.ull.es/portal/agenda/#website"},"datePublished":"2025-09-09T08:46:04+00:00","dateModified":"2025-09-09T08:46:04+00:00","breadcrumb":{"@id":"https://www.ull.es/portal/agenda/evento/impulso-coral-tenerife-construyendo-el-coro-en-el-aula-didactica-y-direccion/#breadcrumb"},"inLanguage":"es","potentialAction":[{"@type":"ReadAction","target":["https://www.ull.es/portal/agenda/evento/impulso-coral-tenerife-construyendo-el-coro-en-el-aula-didactica-y-direccion/"]}]},{"@type":"BreadcrumbList","@id":"https://www.ull.es/portal/agenda/evento/impulso-coral-tenerife-construyendo-el-coro-en-el-aula-didactica-y-direccion/#breadcrumb","itemListElement":[{"@type":"ListItem","position":1,"name":"Portada","item":"https://www.ull.es/portal/agenda/"},{"@type":"ListItem","position":2,"name":"Impulso Coral Tenerife. Construyendo el coro en el aula: didáctica y dirección"}]},{"@type":"WebSite","@id":"https://www.ull.es/portal/agenda/#website","url":"https://www.ull.es/portal/agenda/","name":"ULL - Agenda","description":"","potentialAction":[{"@type":"SearchAction","target":{"@type":"EntryPoint","urlTemplate":"https://www.ull.es/portal/agenda/?s={search_term_string}"},"query-input":"required name=search_term_string"}],"inLanguage":"es"}]}</script>
<!-- / Yoast SEO plugin. -->

Impulso Coral Tenerife. Construyendo el coro en el aula: didáctica y dirección - ULL - Agenda

El Aula Cultural de Música Coral Manuel Borguñó y el Cabildo Insular de Tenerife, con la colaboración del Ayuntamiento de La Laguna y el Orfeón La Paz de La Laguna, organizan este curso que se celebrará entre el 10 y el 19 de septiembre de 2025. Objetivos: 1. Desarrollar habilidades técnicas y expresivas en el...
