{"id":43970,"date":"2025-09-11T09:44:33","date_gmt":"2025-09-11T09:44:33","guid":{"rendered":"https:\/\/www.ull.es\/portal\/agenda\/?post_type=tribe_events&#038;p=43970"},"modified":"2025-10-03T10:07:28","modified_gmt":"2025-10-03T10:07:28","slug":"xiii-seminario-sobre-propiedad-intelectual-comparada-disruption-or-redesign-how-generative-artificial-intelligence-might-affect-art-and-design","status":"publish","type":"tribe_events","link":"https:\/\/www.ull.es\/portal\/agenda\/evento\/xiii-seminario-sobre-propiedad-intelectual-comparada-disruption-or-redesign-how-generative-artificial-intelligence-might-affect-art-and-design\/","title":{"rendered":"XIII Seminario sobre propiedad intelectual comparada: Disruption or redesign? How generative artificial intelligence might affect art and design?"},"content":{"rendered":"<p>El seminario pretende ilustrar a la audiencia y especialmente al alumnado del Grado en Dise\u00f1o en los aspectos comparativos del Derecho de la Propiedad Intelectual desde un punto de vista digital, especialmente las aplicaciones generativas de contenido y c\u00f3mo \u00e9sta y otras tecnolog\u00edas disruptivas de reciente aparici\u00f3n han afectado a la creaci\u00f3n y gesti\u00f3n de obras y productos dise\u00f1ados. El alumnado recibir\u00e1 materiales relacionados con el sistema regulador en la materia en el \u00e1mbito de la Uni\u00f3n Europea.<\/p>\n<p>Dirigido a cualquier persona interesada en la tem\u00e1tica del seminario y especialmente al alumnado del Grado en Dise\u00f1o.<\/p>\n<p>Imparte: P\u00e9ter Mezei. Profesor asociado de Derecho. Universidad de Szeged.<\/p>\n<p>Direcci\u00f3n acad\u00e9mica: Luis Javier Capote P\u00e9rez, Profesor de Derecho Civil, Departamento de Disciplinas Jur\u00eddicas B\u00e1sicas de la Universidad de La Laguna.<\/p>\n<p>CERTIFICADO DE ASISTENCIA: La Universidad de La Laguna, a trav\u00e9s del Vicerrectorado de Cultura y Extensi\u00f3n Universitaria, emitir\u00e1 un certificado de asistencia a todas aquellas personas que participen en la totalidad de las horas lectivas, previa inscripci\u00f3n en la actividad.<\/p>\n<p>Asistencia gratuita previa inscripci\u00f3n.\u00a0<a href=\"https:\/\/sede.fg.ull.es\/es\/curso\/detalle?code=a25020225&amp;name=xiii-seminario-sobre-propiedad-intelectual-comparada-disruption-or-redesign-how-generative-artificial-intelligence-might-affect-art-and-design&amp;query=%3Fcode%3DA25020225\" target=\"_blank\" rel=\"noopener noreferrer\" target=\"_blank\" rel=\"noopener\"><strong><u>Consulta el programa e inscr\u00edbete aqu\u00ed.<\/u><\/strong><\/a><\/p>\n<p><strong>Contacto:\u00a0<\/strong><a href=\"mailto:extuni@ull.edu.es\" target=\"_blank\" rel=\"noopener\" target=\"_blank\" rel=\"noopener\"><strong>extuni@ull.es<\/strong><\/a><\/p>\n<p>Organizan: C\u00e1tedra Cultural \u00abFrancisco Tom\u00e1s y Valiente\u00bb y Asociaci\u00f3n cultural de estudios internacionales \u00abHacer para el desarrollo\u00bb.<\/p>\n<p>Colabora: Programa Pannonia.<\/p>\n","protected":false},"excerpt":{"rendered":"<p>El seminario pretende ilustrar a la audiencia y especialmente al alumnado del Grado en Dise\u00f1o en los aspectos comparativos del Derecho de la Propiedad Intelectual desde un punto de vista digital, especialmente las aplicaciones generativas de contenido y c\u00f3mo \u00e9sta y otras tecnolog\u00edas disruptivas de reciente aparici\u00f3n han afectado a la creaci\u00f3n y gesti\u00f3n de&#8230;<\/p>\n","protected":false},"author":43,"featured_media":44382,"comment_status":"closed","ping_status":"closed","template":"","tags":[4259,977,3812,3751,4165],"tribe_events_cat":[472,471,4,186],"acf":[],"yoast_head":"<!-- This site is optimized with the Yoast SEO plugin v21.3 - https:\/\/yoast.com\/wordpress\/plugins\/seo\/ -->\n<title>XIII Seminario sobre propiedad intelectual comparada: Disruption or redesign? How generative artificial intelligence might affect art and design? - ULL - Agenda<\/title>\n<meta name=\"robots\" content=\"index, follow, max-snippet:-1, max-image-preview:large, max-video-preview:-1\" \/>\n<link rel=\"canonical\" href=\"https:\/\/www.ull.es\/portal\/agenda\/evento\/xiii-seminario-sobre-propiedad-intelectual-comparada-disruption-or-redesign-how-generative-artificial-intelligence-might-affect-art-and-design\/\" \/>\n<meta property=\"og:locale\" content=\"es_ES\" \/>\n<meta property=\"og:type\" content=\"article\" \/>\n<meta property=\"og:title\" content=\"XIII Seminario sobre propiedad intelectual comparada: Disruption or redesign? How generative artificial intelligence might affect art and design? - ULL - Agenda\" \/>\n<meta property=\"og:description\" content=\"El seminario pretende ilustrar a la audiencia y especialmente al alumnado del Grado en Dise\u00f1o en los aspectos comparativos del Derecho de la Propiedad Intelectual desde un punto de vista digital, especialmente las aplicaciones generativas de contenido y c\u00f3mo \u00e9sta y otras tecnolog\u00edas disruptivas de reciente aparici\u00f3n han afectado a la creaci\u00f3n y gesti\u00f3n de...\" \/>\n<meta property=\"og:url\" content=\"https:\/\/www.ull.es\/portal\/agenda\/evento\/xiii-seminario-sobre-propiedad-intelectual-comparada-disruption-or-redesign-how-generative-artificial-intelligence-might-affect-art-and-design\/\" \/>\n<meta property=\"og:site_name\" content=\"ULL - Agenda\" \/>\n<meta property=\"article:modified_time\" content=\"2025-10-03T10:07:28+00:00\" \/>\n<meta property=\"og:image\" content=\"https:\/\/www.ull.es\/portal\/agenda\/wp-content\/uploads\/sites\/12\/2025\/09\/Comparada1.png\" \/>\n\t<meta property=\"og:image:width\" content=\"750\" \/>\n\t<meta property=\"og:image:height\" content=\"370\" \/>\n\t<meta property=\"og:image:type\" content=\"image\/png\" \/>\n<meta name=\"twitter:card\" content=\"summary_large_image\" \/>\n<meta name=\"twitter:label1\" content=\"Tiempo de lectura\" \/>\n\t<meta name=\"twitter:data1\" content=\"1 minuto\" \/>\n<script type=\"application\/ld+json\" class=\"yoast-schema-graph\">{\"@context\":\"https:\/\/schema.org\",\"@graph\":[{\"@type\":\"WebPage\",\"@id\":\"https:\/\/www.ull.es\/portal\/agenda\/evento\/xiii-seminario-sobre-propiedad-intelectual-comparada-disruption-or-redesign-how-generative-artificial-intelligence-might-affect-art-and-design\/\",\"url\":\"https:\/\/www.ull.es\/portal\/agenda\/evento\/xiii-seminario-sobre-propiedad-intelectual-comparada-disruption-or-redesign-how-generative-artificial-intelligence-might-affect-art-and-design\/\",\"name\":\"XIII Seminario sobre propiedad intelectual comparada: Disruption or redesign? How generative artificial intelligence might affect art and design? - ULL - Agenda\",\"isPartOf\":{\"@id\":\"https:\/\/www.ull.es\/portal\/agenda\/#website\"},\"datePublished\":\"2025-09-11T09:44:33+00:00\",\"dateModified\":\"2025-10-03T10:07:28+00:00\",\"breadcrumb\":{\"@id\":\"https:\/\/www.ull.es\/portal\/agenda\/evento\/xiii-seminario-sobre-propiedad-intelectual-comparada-disruption-or-redesign-how-generative-artificial-intelligence-might-affect-art-and-design\/#breadcrumb\"},\"inLanguage\":\"es\",\"potentialAction\":[{\"@type\":\"ReadAction\",\"target\":[\"https:\/\/www.ull.es\/portal\/agenda\/evento\/xiii-seminario-sobre-propiedad-intelectual-comparada-disruption-or-redesign-how-generative-artificial-intelligence-might-affect-art-and-design\/\"]}]},{\"@type\":\"BreadcrumbList\",\"@id\":\"https:\/\/www.ull.es\/portal\/agenda\/evento\/xiii-seminario-sobre-propiedad-intelectual-comparada-disruption-or-redesign-how-generative-artificial-intelligence-might-affect-art-and-design\/#breadcrumb\",\"itemListElement\":[{\"@type\":\"ListItem\",\"position\":1,\"name\":\"Portada\",\"item\":\"https:\/\/www.ull.es\/portal\/agenda\/\"},{\"@type\":\"ListItem\",\"position\":2,\"name\":\"XIII Seminario sobre propiedad intelectual comparada: Disruption or redesign? How generative artificial intelligence might affect art and design?\"}]},{\"@type\":\"WebSite\",\"@id\":\"https:\/\/www.ull.es\/portal\/agenda\/#website\",\"url\":\"https:\/\/www.ull.es\/portal\/agenda\/\",\"name\":\"ULL - Agenda\",\"description\":\"\",\"potentialAction\":[{\"@type\":\"SearchAction\",\"target\":{\"@type\":\"EntryPoint\",\"urlTemplate\":\"https:\/\/www.ull.es\/portal\/agenda\/?s={search_term_string}\"},\"query-input\":\"required name=search_term_string\"}],\"inLanguage\":\"es\"}]}<\/script>\n<!-- \/ Yoast SEO plugin. -->","yoast_head_json":{"title":"XIII Seminario sobre propiedad intelectual comparada: Disruption or redesign? How generative artificial intelligence might affect art and design? - ULL - Agenda","robots":{"index":"index","follow":"follow","max-snippet":"max-snippet:-1","max-image-preview":"max-image-preview:large","max-video-preview":"max-video-preview:-1"},"canonical":"https:\/\/www.ull.es\/portal\/agenda\/evento\/xiii-seminario-sobre-propiedad-intelectual-comparada-disruption-or-redesign-how-generative-artificial-intelligence-might-affect-art-and-design\/","og_locale":"es_ES","og_type":"article","og_title":"XIII Seminario sobre propiedad intelectual comparada: Disruption or redesign? How generative artificial intelligence might affect art and design? - ULL - Agenda","og_description":"El seminario pretende ilustrar a la audiencia y especialmente al alumnado del Grado en Dise\u00f1o en los aspectos comparativos del Derecho de la Propiedad Intelectual desde un punto de vista digital, especialmente las aplicaciones generativas de contenido y c\u00f3mo \u00e9sta y otras tecnolog\u00edas disruptivas de reciente aparici\u00f3n han afectado a la creaci\u00f3n y gesti\u00f3n de...","og_url":"https:\/\/www.ull.es\/portal\/agenda\/evento\/xiii-seminario-sobre-propiedad-intelectual-comparada-disruption-or-redesign-how-generative-artificial-intelligence-might-affect-art-and-design\/","og_site_name":"ULL - Agenda","article_modified_time":"2025-10-03T10:07:28+00:00","og_image":[{"width":750,"height":370,"url":"https:\/\/www.ull.es\/portal\/agenda\/wp-content\/uploads\/sites\/12\/2025\/09\/Comparada1.png","type":"image\/png"}],"twitter_card":"summary_large_image","twitter_misc":{"Tiempo de lectura":"1 minuto"},"schema":{"@context":"https:\/\/schema.org","@graph":[{"@type":"WebPage","@id":"https:\/\/www.ull.es\/portal\/agenda\/evento\/xiii-seminario-sobre-propiedad-intelectual-comparada-disruption-or-redesign-how-generative-artificial-intelligence-might-affect-art-and-design\/","url":"https:\/\/www.ull.es\/portal\/agenda\/evento\/xiii-seminario-sobre-propiedad-intelectual-comparada-disruption-or-redesign-how-generative-artificial-intelligence-might-affect-art-and-design\/","name":"XIII Seminario sobre propiedad intelectual comparada: Disruption or redesign? How generative artificial intelligence might affect art and design? - ULL - Agenda","isPartOf":{"@id":"https:\/\/www.ull.es\/portal\/agenda\/#website"},"datePublished":"2025-09-11T09:44:33+00:00","dateModified":"2025-10-03T10:07:28+00:00","breadcrumb":{"@id":"https:\/\/www.ull.es\/portal\/agenda\/evento\/xiii-seminario-sobre-propiedad-intelectual-comparada-disruption-or-redesign-how-generative-artificial-intelligence-might-affect-art-and-design\/#breadcrumb"},"inLanguage":"es","potentialAction":[{"@type":"ReadAction","target":["https:\/\/www.ull.es\/portal\/agenda\/evento\/xiii-seminario-sobre-propiedad-intelectual-comparada-disruption-or-redesign-how-generative-artificial-intelligence-might-affect-art-and-design\/"]}]},{"@type":"BreadcrumbList","@id":"https:\/\/www.ull.es\/portal\/agenda\/evento\/xiii-seminario-sobre-propiedad-intelectual-comparada-disruption-or-redesign-how-generative-artificial-intelligence-might-affect-art-and-design\/#breadcrumb","itemListElement":[{"@type":"ListItem","position":1,"name":"Portada","item":"https:\/\/www.ull.es\/portal\/agenda\/"},{"@type":"ListItem","position":2,"name":"XIII Seminario sobre propiedad intelectual comparada: Disruption or redesign? How generative artificial intelligence might affect art and design?"}]},{"@type":"WebSite","@id":"https:\/\/www.ull.es\/portal\/agenda\/#website","url":"https:\/\/www.ull.es\/portal\/agenda\/","name":"ULL - Agenda","description":"","potentialAction":[{"@type":"SearchAction","target":{"@type":"EntryPoint","urlTemplate":"https:\/\/www.ull.es\/portal\/agenda\/?s={search_term_string}"},"query-input":"required name=search_term_string"}],"inLanguage":"es"}]}},"_links":{"self":[{"href":"https:\/\/www.ull.es\/portal\/agenda\/wp-json\/wp\/v2\/tribe_events\/43970"}],"collection":[{"href":"https:\/\/www.ull.es\/portal\/agenda\/wp-json\/wp\/v2\/tribe_events"}],"about":[{"href":"https:\/\/www.ull.es\/portal\/agenda\/wp-json\/wp\/v2\/types\/tribe_events"}],"author":[{"embeddable":true,"href":"https:\/\/www.ull.es\/portal\/agenda\/wp-json\/wp\/v2\/users\/43"}],"replies":[{"embeddable":true,"href":"https:\/\/www.ull.es\/portal\/agenda\/wp-json\/wp\/v2\/comments?post=43970"}],"version-history":[{"count":1,"href":"https:\/\/www.ull.es\/portal\/agenda\/wp-json\/wp\/v2\/tribe_events\/43970\/revisions"}],"predecessor-version":[{"id":43972,"href":"https:\/\/www.ull.es\/portal\/agenda\/wp-json\/wp\/v2\/tribe_events\/43970\/revisions\/43972"}],"wp:featuredmedia":[{"embeddable":true,"href":"https:\/\/www.ull.es\/portal\/agenda\/wp-json\/wp\/v2\/media\/44382"}],"wp:attachment":[{"href":"https:\/\/www.ull.es\/portal\/agenda\/wp-json\/wp\/v2\/media?parent=43970"}],"wp:term":[{"taxonomy":"post_tag","embeddable":true,"href":"https:\/\/www.ull.es\/portal\/agenda\/wp-json\/wp\/v2\/tags?post=43970"},{"taxonomy":"tribe_events_cat","embeddable":true,"href":"https:\/\/www.ull.es\/portal\/agenda\/wp-json\/wp\/v2\/tribe_events_cat?post=43970"}],"curies":[{"name":"wp","href":"https:\/\/api.w.org\/{rel}","templated":true}]}}

<p>El seminario pretende ilustrar a la audiencia y especialmente al alumnado del Grado en Diseño en los aspectos comparativos del Derecho de la Propiedad Intelectual desde un punto de vista digital, especialmente las aplicaciones generativas de contenido y cómo ésta y otras tecnologías disruptivas de reciente aparición han afectado a la creación y gestión de obras y productos diseñados. El alumnado recibirá materiales relacionados con el sistema regulador en la materia en el ámbito de la Unión Europea.</p>
<p>Dirigido a cualquier persona interesada en la temática del seminario y especialmente al alumnado del Grado en Diseño.</p>
<p>Imparte: Péter Mezei. Profesor asociado de Derecho. Universidad de Szeged.</p>
<p>Dirección académica: Luis Javier Capote Pérez, Profesor de Derecho Civil, Departamento de Disciplinas Jurídicas Básicas de la Universidad de La Laguna.</p>
<p>CERTIFICADO DE ASISTENCIA: La Universidad de La Laguna, a través del Vicerrectorado de Cultura y Extensión Universitaria, emitirá un certificado de asistencia a todas aquellas personas que participen en la totalidad de las horas lectivas, previa inscripción en la actividad.</p>
<p>Asistencia gratuita previa inscripción. <a href="https://sede.fg.ull.es/es/curso/detalle?code=a25020225&amp;name=xiii-seminario-sobre-propiedad-intelectual-comparada-disruption-or-redesign-how-generative-artificial-intelligence-might-affect-art-and-design&amp;query=%3Fcode%3DA25020225" target="_blank" rel="noopener noreferrer" target="_blank" rel="noopener"><strong><u>Consulta el programa e inscríbete aquí.</u></strong></a></p>
<p><strong>Contacto: </strong><a href="mailto:extuni@ull.edu.es" target="_blank" rel="noopener" target="_blank" rel="noopener"><strong>extuni@ull.es</strong></a></p>
<p>Organizan: Cátedra Cultural «Francisco Tomás y Valiente» y Asociación cultural de estudios internacionales «Hacer para el desarrollo».</p>
<p>Colabora: Programa Pannonia.</p>

<p>El seminario pretende ilustrar a la audiencia y especialmente al alumnado del Grado en Diseño en los aspectos comparativos del Derecho de la Propiedad Intelectual desde un punto de vista digital, especialmente las aplicaciones generativas de contenido y cómo ésta y otras tecnologías disruptivas de reciente aparición han afectado a la creación y gestión de&#8230;</p>

<!-- This site is optimized with the Yoast SEO plugin v21.3 - https://yoast.com/wordpress/plugins/seo/ -->
<title>XIII Seminario sobre propiedad intelectual comparada: Disruption or redesign? How generative artificial intelligence might affect art and design? - ULL - Agenda</title>
<meta name="robots" content="index, follow, max-snippet:-1, max-image-preview:large, max-video-preview:-1" />
<link rel="canonical" href="https://www.ull.es/portal/agenda/evento/xiii-seminario-sobre-propiedad-intelectual-comparada-disruption-or-redesign-how-generative-artificial-intelligence-might-affect-art-and-design/" />
<meta property="og:locale" content="es_ES" />
<meta property="og:type" content="article" />
<meta property="og:title" content="XIII Seminario sobre propiedad intelectual comparada: Disruption or redesign? How generative artificial intelligence might affect art and design? - ULL - Agenda" />
<meta property="og:description" content="El seminario pretende ilustrar a la audiencia y especialmente al alumnado del Grado en Diseño en los aspectos comparativos del Derecho de la Propiedad Intelectual desde un punto de vista digital, especialmente las aplicaciones generativas de contenido y cómo ésta y otras tecnologías disruptivas de reciente aparición han afectado a la creación y gestión de..." />
<meta property="og:url" content="https://www.ull.es/portal/agenda/evento/xiii-seminario-sobre-propiedad-intelectual-comparada-disruption-or-redesign-how-generative-artificial-intelligence-might-affect-art-and-design/" />
<meta property="og:site_name" content="ULL - Agenda" />
<meta property="article:modified_time" content="2025-10-03T10:07:28+00:00" />
<meta property="og:image" content="https://www.ull.es/portal/agenda/wp-content/uploads/sites/12/2025/09/Comparada1.png" />
	<meta property="og:image:width" content="750" />
	<meta property="og:image:height" content="370" />
	<meta property="og:image:type" content="image/png" />
<meta name="twitter:card" content="summary_large_image" />
<meta name="twitter:label1" content="Tiempo de lectura" />
	<meta name="twitter:data1" content="1 minuto" />
<script type="application/ld+json" class="yoast-schema-graph">{"@context":"https://schema.org","@graph":[{"@type":"WebPage","@id":"https://www.ull.es/portal/agenda/evento/xiii-seminario-sobre-propiedad-intelectual-comparada-disruption-or-redesign-how-generative-artificial-intelligence-might-affect-art-and-design/","url":"https://www.ull.es/portal/agenda/evento/xiii-seminario-sobre-propiedad-intelectual-comparada-disruption-or-redesign-how-generative-artificial-intelligence-might-affect-art-and-design/","name":"XIII Seminario sobre propiedad intelectual comparada: Disruption or redesign? How generative artificial intelligence might affect art and design? - ULL - Agenda","isPartOf":{"@id":"https://www.ull.es/portal/agenda/#website"},"datePublished":"2025-09-11T09:44:33+00:00","dateModified":"2025-10-03T10:07:28+00:00","breadcrumb":{"@id":"https://www.ull.es/portal/agenda/evento/xiii-seminario-sobre-propiedad-intelectual-comparada-disruption-or-redesign-how-generative-artificial-intelligence-might-affect-art-and-design/#breadcrumb"},"inLanguage":"es","potentialAction":[{"@type":"ReadAction","target":["https://www.ull.es/portal/agenda/evento/xiii-seminario-sobre-propiedad-intelectual-comparada-disruption-or-redesign-how-generative-artificial-intelligence-might-affect-art-and-design/"]}]},{"@type":"BreadcrumbList","@id":"https://www.ull.es/portal/agenda/evento/xiii-seminario-sobre-propiedad-intelectual-comparada-disruption-or-redesign-how-generative-artificial-intelligence-might-affect-art-and-design/#breadcrumb","itemListElement":[{"@type":"ListItem","position":1,"name":"Portada","item":"https://www.ull.es/portal/agenda/"},{"@type":"ListItem","position":2,"name":"XIII Seminario sobre propiedad intelectual comparada: Disruption or redesign? How generative artificial intelligence might affect art and design?"}]},{"@type":"WebSite","@id":"https://www.ull.es/portal/agenda/#website","url":"https://www.ull.es/portal/agenda/","name":"ULL - Agenda","description":"","potentialAction":[{"@type":"SearchAction","target":{"@type":"EntryPoint","urlTemplate":"https://www.ull.es/portal/agenda/?s={search_term_string}"},"query-input":"required name=search_term_string"}],"inLanguage":"es"}]}</script>
<!-- / Yoast SEO plugin. -->

El seminario pretende ilustrar a la audiencia y especialmente al alumnado del Grado en Diseño en los aspectos comparativos del Derecho de la Propiedad Intelectual desde un punto de vista digital, especialmente las aplicaciones generativas de contenido y cómo ésta y otras tecnologías disruptivas de reciente aparición han afectado a la creación y gestión de...
