{"id":44261,"date":"2025-09-29T11:16:29","date_gmt":"2025-09-29T11:16:29","guid":{"rendered":"https:\/\/www.ull.es\/portal\/agenda\/?post_type=tribe_events&#038;p=44261"},"modified":"2025-10-01T12:04:17","modified_gmt":"2025-10-01T12:04:17","slug":"homenaje-por-su-jubilacion-al-dr-hipolito-marrero","status":"publish","type":"tribe_events","link":"https:\/\/www.ull.es\/portal\/agenda\/evento\/homenaje-por-su-jubilacion-al-dr-hipolito-marrero\/","title":{"rendered":"Homenaje por su jubilaci\u00f3n al Dr. Hip\u00f3lito Marrero"},"content":{"rendered":"<p>El Instituto Universitario de Neurociencia organiza un homenaje al Dr. Hip\u00f3lito Marrero con motivo de su jubilaci\u00f3n. Ser\u00e1 el d\u00eda 10 de octubre a las 11:00 h en la sala de audiovisuales de la Facultad de Psicolog\u00eda y Logopedia de la Universidad de La Laguna. La apertura del acto correr\u00e1 a cargo del Rector, Francisco J. Garc\u00eda Rodr\u00edguez.<\/p>\n<p>A lo largo de m\u00e1s de cuatro d\u00e9cadas, la trayectoria acad\u00e9mica del profesor Hip\u00f3lito Marrero Hern\u00e1ndez ha dejado una huella profunda en la Universidad de La Laguna y en el panorama nacional de la psicolog\u00eda y la neurociencia cognitiva. Licenciado en Filosof\u00eda y Letras (Psicolog\u00eda) por la Universidad Complutense en 1978 y doctor en Psicolog\u00eda por la ULL en 1983, ha desarrollado toda su carrera universitaria sobre la base de una s\u00f3lida formaci\u00f3n te\u00f3rica y un firme compromiso con la investigaci\u00f3n rigurosa.<\/p>\n<p>Como catedr\u00e1tico del \u00e1rea de Psicolog\u00eda B\u00e1sica en el Departamento de Psicolog\u00eda Cognitiva, Social y Organizacional, ha centrado su labor en el \u00e1mbito de la Motivaci\u00f3n y Emoci\u00f3n. Ha impartido docencia desde los primeros cursos hasta la supervisi\u00f3n de trabajos de fin de grado, contribuyendo a la formaci\u00f3n de generaciones de psic\u00f3logos con un alto nivel cient\u00edfico. Su labor en la formaci\u00f3n de posgradoha sido igualmente relevante, con un buen n\u00famero de trabajos de fin de m\u00e1ster y tesis doctorales dirigidos, y es director del t\u00edtulo de experto en Neurociencia Afectiva y Psicolog\u00eda Cl\u00ednica.<\/p>\n<p>Su actividad investigadora ha abarcado diversas l\u00edneas tem\u00e1ticas interconectadas \u2014la inteligencia, el afecto, el lenguaje, el razonamiento motivado y los sesgos de aproximaci\u00f3n\/evitaci\u00f3n en la cognici\u00f3n social\u2014. Ha sido investigador principal en proyectos de gran relevancia, como LANGUA: Language and Affect. Understanding Approach\/Avoidance Direction in Social Actions o Neuro-cognitive toolbox to assess approach-avoidance and inhibition in mental disorders (NEUCOGTOOL), en los que gestion\u00f3 fondos competitivos y coordin\u00f3 equipos pluridisciplinares. Fruto de esta labor, ha publicado varios libros y m\u00e1s de setenta art\u00edculos cient\u00edficos, adem\u00e1s de mantener fruct\u00edferas colaboraciones con investigadores de Am\u00e9rica Latina y de instituciones internacionales.<\/p>\n<p>M\u00e1s all\u00e1 de su faceta docente e investigadora, destaca su implicaci\u00f3n en la gesti\u00f3n universitaria.Fue director del departamento de Psicolog\u00eda Cognitiva, Social y Organizacional (2003-2006),decano de la Facultad de Psicolog\u00eda (2006-2010), y entre 2011 y 2015 form\u00f3 parte del equipo de gobierno de la Universidad como vicerrector de Calidad Institucional e Innovaci\u00f3n Educativa, impulsando la evaluaci\u00f3n y acreditaci\u00f3n de titulaciones, la pol\u00edtica de calidad y la responsabilidad social universitaria. En 2017 se incorpor\u00f3 al equipo de direcci\u00f3n del Instituto Universitario de Neurociencia (IUNE) como subdirector de Recursos Humanos del que fue posteriormente su director (2020-23), liderando la investigaci\u00f3n institucional en un momento clave de crecimiento.<\/p>\n<p><a href=\"https:\/\/drive.google.com\/file\/d\/17tRelI_u-L6_tc-Or4HfqCiUDZeliRMy\/view\" target=\"_blank\" rel=\"noopener\" target=\"_blank\" rel=\"noopener\">Programa<\/a><\/p>\n<p>&nbsp;<\/p>\n","protected":false},"excerpt":{"rendered":"<p>El Instituto Universitario de Neurociencia organiza un homenaje al Dr. Hip\u00f3lito Marrero con motivo de su jubilaci\u00f3n. Ser\u00e1 el d\u00eda 10 de octubre a las 11:00 h en la sala de audiovisuales de la Facultad de Psicolog\u00eda y Logopedia de la Universidad de La Laguna. La apertura del acto correr\u00e1 a cargo del Rector, Francisco&#8230;<\/p>\n","protected":false},"author":65,"featured_media":44262,"comment_status":"closed","ping_status":"closed","template":"","tags":[],"tribe_events_cat":[4,1831,1835,187,191,570],"acf":[],"yoast_head":"<!-- This site is optimized with the Yoast SEO plugin v21.3 - https:\/\/yoast.com\/wordpress\/plugins\/seo\/ -->\n<title>Homenaje por su jubilaci\u00f3n al Dr. Hip\u00f3lito Marrero - ULL - Agenda<\/title>\n<meta name=\"robots\" content=\"index, follow, max-snippet:-1, max-image-preview:large, max-video-preview:-1\" \/>\n<link rel=\"canonical\" href=\"https:\/\/www.ull.es\/portal\/agenda\/evento\/homenaje-por-su-jubilacion-al-dr-hipolito-marrero\/\" \/>\n<meta property=\"og:locale\" content=\"es_ES\" \/>\n<meta property=\"og:type\" content=\"article\" \/>\n<meta property=\"og:title\" content=\"Homenaje por su jubilaci\u00f3n al Dr. Hip\u00f3lito Marrero - ULL - Agenda\" \/>\n<meta property=\"og:description\" content=\"El Instituto Universitario de Neurociencia organiza un homenaje al Dr. Hip\u00f3lito Marrero con motivo de su jubilaci\u00f3n. Ser\u00e1 el d\u00eda 10 de octubre a las 11:00 h en la sala de audiovisuales de la Facultad de Psicolog\u00eda y Logopedia de la Universidad de La Laguna. La apertura del acto correr\u00e1 a cargo del Rector, Francisco...\" \/>\n<meta property=\"og:url\" content=\"https:\/\/www.ull.es\/portal\/agenda\/evento\/homenaje-por-su-jubilacion-al-dr-hipolito-marrero\/\" \/>\n<meta property=\"og:site_name\" content=\"ULL - Agenda\" \/>\n<meta property=\"article:modified_time\" content=\"2025-10-01T12:04:17+00:00\" \/>\n<meta property=\"og:image\" content=\"https:\/\/www.ull.es\/portal\/agenda\/wp-content\/uploads\/sites\/12\/2025\/09\/Premios.jpg\" \/>\n\t<meta property=\"og:image:width\" content=\"750\" \/>\n\t<meta property=\"og:image:height\" content=\"370\" \/>\n\t<meta property=\"og:image:type\" content=\"image\/jpeg\" \/>\n<meta name=\"twitter:card\" content=\"summary_large_image\" \/>\n<meta name=\"twitter:label1\" content=\"Tiempo de lectura\" \/>\n\t<meta name=\"twitter:data1\" content=\"3 minutos\" \/>\n<script type=\"application\/ld+json\" class=\"yoast-schema-graph\">{\"@context\":\"https:\/\/schema.org\",\"@graph\":[{\"@type\":\"WebPage\",\"@id\":\"https:\/\/www.ull.es\/portal\/agenda\/evento\/homenaje-por-su-jubilacion-al-dr-hipolito-marrero\/\",\"url\":\"https:\/\/www.ull.es\/portal\/agenda\/evento\/homenaje-por-su-jubilacion-al-dr-hipolito-marrero\/\",\"name\":\"Homenaje por su jubilaci\u00f3n al Dr. Hip\u00f3lito Marrero - ULL - Agenda\",\"isPartOf\":{\"@id\":\"https:\/\/www.ull.es\/portal\/agenda\/#website\"},\"datePublished\":\"2025-09-29T11:16:29+00:00\",\"dateModified\":\"2025-10-01T12:04:17+00:00\",\"breadcrumb\":{\"@id\":\"https:\/\/www.ull.es\/portal\/agenda\/evento\/homenaje-por-su-jubilacion-al-dr-hipolito-marrero\/#breadcrumb\"},\"inLanguage\":\"es\",\"potentialAction\":[{\"@type\":\"ReadAction\",\"target\":[\"https:\/\/www.ull.es\/portal\/agenda\/evento\/homenaje-por-su-jubilacion-al-dr-hipolito-marrero\/\"]}]},{\"@type\":\"BreadcrumbList\",\"@id\":\"https:\/\/www.ull.es\/portal\/agenda\/evento\/homenaje-por-su-jubilacion-al-dr-hipolito-marrero\/#breadcrumb\",\"itemListElement\":[{\"@type\":\"ListItem\",\"position\":1,\"name\":\"Portada\",\"item\":\"https:\/\/www.ull.es\/portal\/agenda\/\"},{\"@type\":\"ListItem\",\"position\":2,\"name\":\"Homenaje por su jubilaci\u00f3n al Dr. Hip\u00f3lito Marrero\"}]},{\"@type\":\"WebSite\",\"@id\":\"https:\/\/www.ull.es\/portal\/agenda\/#website\",\"url\":\"https:\/\/www.ull.es\/portal\/agenda\/\",\"name\":\"ULL - Agenda\",\"description\":\"\",\"potentialAction\":[{\"@type\":\"SearchAction\",\"target\":{\"@type\":\"EntryPoint\",\"urlTemplate\":\"https:\/\/www.ull.es\/portal\/agenda\/?s={search_term_string}\"},\"query-input\":\"required name=search_term_string\"}],\"inLanguage\":\"es\"}]}<\/script>\n<!-- \/ Yoast SEO plugin. -->","yoast_head_json":{"title":"Homenaje por su jubilaci\u00f3n al Dr. Hip\u00f3lito Marrero - ULL - Agenda","robots":{"index":"index","follow":"follow","max-snippet":"max-snippet:-1","max-image-preview":"max-image-preview:large","max-video-preview":"max-video-preview:-1"},"canonical":"https:\/\/www.ull.es\/portal\/agenda\/evento\/homenaje-por-su-jubilacion-al-dr-hipolito-marrero\/","og_locale":"es_ES","og_type":"article","og_title":"Homenaje por su jubilaci\u00f3n al Dr. Hip\u00f3lito Marrero - ULL - Agenda","og_description":"El Instituto Universitario de Neurociencia organiza un homenaje al Dr. Hip\u00f3lito Marrero con motivo de su jubilaci\u00f3n. Ser\u00e1 el d\u00eda 10 de octubre a las 11:00 h en la sala de audiovisuales de la Facultad de Psicolog\u00eda y Logopedia de la Universidad de La Laguna. La apertura del acto correr\u00e1 a cargo del Rector, Francisco...","og_url":"https:\/\/www.ull.es\/portal\/agenda\/evento\/homenaje-por-su-jubilacion-al-dr-hipolito-marrero\/","og_site_name":"ULL - Agenda","article_modified_time":"2025-10-01T12:04:17+00:00","og_image":[{"width":750,"height":370,"url":"https:\/\/www.ull.es\/portal\/agenda\/wp-content\/uploads\/sites\/12\/2025\/09\/Premios.jpg","type":"image\/jpeg"}],"twitter_card":"summary_large_image","twitter_misc":{"Tiempo de lectura":"3 minutos"},"schema":{"@context":"https:\/\/schema.org","@graph":[{"@type":"WebPage","@id":"https:\/\/www.ull.es\/portal\/agenda\/evento\/homenaje-por-su-jubilacion-al-dr-hipolito-marrero\/","url":"https:\/\/www.ull.es\/portal\/agenda\/evento\/homenaje-por-su-jubilacion-al-dr-hipolito-marrero\/","name":"Homenaje por su jubilaci\u00f3n al Dr. Hip\u00f3lito Marrero - ULL - Agenda","isPartOf":{"@id":"https:\/\/www.ull.es\/portal\/agenda\/#website"},"datePublished":"2025-09-29T11:16:29+00:00","dateModified":"2025-10-01T12:04:17+00:00","breadcrumb":{"@id":"https:\/\/www.ull.es\/portal\/agenda\/evento\/homenaje-por-su-jubilacion-al-dr-hipolito-marrero\/#breadcrumb"},"inLanguage":"es","potentialAction":[{"@type":"ReadAction","target":["https:\/\/www.ull.es\/portal\/agenda\/evento\/homenaje-por-su-jubilacion-al-dr-hipolito-marrero\/"]}]},{"@type":"BreadcrumbList","@id":"https:\/\/www.ull.es\/portal\/agenda\/evento\/homenaje-por-su-jubilacion-al-dr-hipolito-marrero\/#breadcrumb","itemListElement":[{"@type":"ListItem","position":1,"name":"Portada","item":"https:\/\/www.ull.es\/portal\/agenda\/"},{"@type":"ListItem","position":2,"name":"Homenaje por su jubilaci\u00f3n al Dr. Hip\u00f3lito Marrero"}]},{"@type":"WebSite","@id":"https:\/\/www.ull.es\/portal\/agenda\/#website","url":"https:\/\/www.ull.es\/portal\/agenda\/","name":"ULL - Agenda","description":"","potentialAction":[{"@type":"SearchAction","target":{"@type":"EntryPoint","urlTemplate":"https:\/\/www.ull.es\/portal\/agenda\/?s={search_term_string}"},"query-input":"required name=search_term_string"}],"inLanguage":"es"}]}},"_links":{"self":[{"href":"https:\/\/www.ull.es\/portal\/agenda\/wp-json\/wp\/v2\/tribe_events\/44261"}],"collection":[{"href":"https:\/\/www.ull.es\/portal\/agenda\/wp-json\/wp\/v2\/tribe_events"}],"about":[{"href":"https:\/\/www.ull.es\/portal\/agenda\/wp-json\/wp\/v2\/types\/tribe_events"}],"author":[{"embeddable":true,"href":"https:\/\/www.ull.es\/portal\/agenda\/wp-json\/wp\/v2\/users\/65"}],"replies":[{"embeddable":true,"href":"https:\/\/www.ull.es\/portal\/agenda\/wp-json\/wp\/v2\/comments?post=44261"}],"version-history":[{"count":2,"href":"https:\/\/www.ull.es\/portal\/agenda\/wp-json\/wp\/v2\/tribe_events\/44261\/revisions"}],"predecessor-version":[{"id":44326,"href":"https:\/\/www.ull.es\/portal\/agenda\/wp-json\/wp\/v2\/tribe_events\/44261\/revisions\/44326"}],"wp:featuredmedia":[{"embeddable":true,"href":"https:\/\/www.ull.es\/portal\/agenda\/wp-json\/wp\/v2\/media\/44262"}],"wp:attachment":[{"href":"https:\/\/www.ull.es\/portal\/agenda\/wp-json\/wp\/v2\/media?parent=44261"}],"wp:term":[{"taxonomy":"post_tag","embeddable":true,"href":"https:\/\/www.ull.es\/portal\/agenda\/wp-json\/wp\/v2\/tags?post=44261"},{"taxonomy":"tribe_events_cat","embeddable":true,"href":"https:\/\/www.ull.es\/portal\/agenda\/wp-json\/wp\/v2\/tribe_events_cat?post=44261"}],"curies":[{"name":"wp","href":"https:\/\/api.w.org\/{rel}","templated":true}]}}

Homenaje por su jubilación al Dr. Hipólito Marrero

<p>El Instituto Universitario de Neurociencia organiza un homenaje al Dr. Hipólito Marrero con motivo de su jubilación. Será el día 10 de octubre a las 11:00 h en la sala de audiovisuales de la Facultad de Psicología y Logopedia de la Universidad de La Laguna. La apertura del acto correrá a cargo del Rector, Francisco J. García Rodríguez.</p>
<p>A lo largo de más de cuatro décadas, la trayectoria académica del profesor Hipólito Marrero Hernández ha dejado una huella profunda en la Universidad de La Laguna y en el panorama nacional de la psicología y la neurociencia cognitiva. Licenciado en Filosofía y Letras (Psicología) por la Universidad Complutense en 1978 y doctor en Psicología por la ULL en 1983, ha desarrollado toda su carrera universitaria sobre la base de una sólida formación teórica y un firme compromiso con la investigación rigurosa.</p>
<p>Como catedrático del área de Psicología Básica en el Departamento de Psicología Cognitiva, Social y Organizacional, ha centrado su labor en el ámbito de la Motivación y Emoción. Ha impartido docencia desde los primeros cursos hasta la supervisión de trabajos de fin de grado, contribuyendo a la formación de generaciones de psicólogos con un alto nivel científico. Su labor en la formación de posgradoha sido igualmente relevante, con un buen número de trabajos de fin de máster y tesis doctorales dirigidos, y es director del título de experto en Neurociencia Afectiva y Psicología Clínica.</p>
<p>Su actividad investigadora ha abarcado diversas líneas temáticas interconectadas —la inteligencia, el afecto, el lenguaje, el razonamiento motivado y los sesgos de aproximación/evitación en la cognición social—. Ha sido investigador principal en proyectos de gran relevancia, como LANGUA: Language and Affect. Understanding Approach/Avoidance Direction in Social Actions o Neuro-cognitive toolbox to assess approach-avoidance and inhibition in mental disorders (NEUCOGTOOL), en los que gestionó fondos competitivos y coordinó equipos pluridisciplinares. Fruto de esta labor, ha publicado varios libros y más de setenta artículos científicos, además de mantener fructíferas colaboraciones con investigadores de América Latina y de instituciones internacionales.</p>
<p>Más allá de su faceta docente e investigadora, destaca su implicación en la gestión universitaria.Fue director del departamento de Psicología Cognitiva, Social y Organizacional (2003-2006),decano de la Facultad de Psicología (2006-2010), y entre 2011 y 2015 formó parte del equipo de gobierno de la Universidad como vicerrector de Calidad Institucional e Innovación Educativa, impulsando la evaluación y acreditación de titulaciones, la política de calidad y la responsabilidad social universitaria. En 2017 se incorporó al equipo de dirección del Instituto Universitario de Neurociencia (IUNE) como subdirector de Recursos Humanos del que fue posteriormente su director (2020-23), liderando la investigación institucional en un momento clave de crecimiento.</p>
<p><a href="https://drive.google.com/file/d/17tRelI_u-L6_tc-Or4HfqCiUDZeliRMy/view" target="_blank" rel="noopener" target="_blank" rel="noopener">Programa</a></p>
<p>&nbsp;</p>

<p>El Instituto Universitario de Neurociencia organiza un homenaje al Dr. Hipólito Marrero con motivo de su jubilación. Será el día 10 de octubre a las 11:00 h en la sala de audiovisuales de la Facultad de Psicología y Logopedia de la Universidad de La Laguna. La apertura del acto correrá a cargo del Rector, Francisco&#8230;</p>

<!-- This site is optimized with the Yoast SEO plugin v21.3 - https://yoast.com/wordpress/plugins/seo/ -->
<title>Homenaje por su jubilación al Dr. Hipólito Marrero - ULL - Agenda</title>
<meta name="robots" content="index, follow, max-snippet:-1, max-image-preview:large, max-video-preview:-1" />
<link rel="canonical" href="https://www.ull.es/portal/agenda/evento/homenaje-por-su-jubilacion-al-dr-hipolito-marrero/" />
<meta property="og:locale" content="es_ES" />
<meta property="og:type" content="article" />
<meta property="og:title" content="Homenaje por su jubilación al Dr. Hipólito Marrero - ULL - Agenda" />
<meta property="og:description" content="El Instituto Universitario de Neurociencia organiza un homenaje al Dr. Hipólito Marrero con motivo de su jubilación. Será el día 10 de octubre a las 11:00 h en la sala de audiovisuales de la Facultad de Psicología y Logopedia de la Universidad de La Laguna. La apertura del acto correrá a cargo del Rector, Francisco..." />
<meta property="og:url" content="https://www.ull.es/portal/agenda/evento/homenaje-por-su-jubilacion-al-dr-hipolito-marrero/" />
<meta property="og:site_name" content="ULL - Agenda" />
<meta property="article:modified_time" content="2025-10-01T12:04:17+00:00" />
<meta property="og:image" content="https://www.ull.es/portal/agenda/wp-content/uploads/sites/12/2025/09/Premios.jpg" />
	<meta property="og:image:width" content="750" />
	<meta property="og:image:height" content="370" />
	<meta property="og:image:type" content="image/jpeg" />
<meta name="twitter:card" content="summary_large_image" />
<meta name="twitter:label1" content="Tiempo de lectura" />
	<meta name="twitter:data1" content="3 minutos" />
<script type="application/ld+json" class="yoast-schema-graph">{"@context":"https://schema.org","@graph":[{"@type":"WebPage","@id":"https://www.ull.es/portal/agenda/evento/homenaje-por-su-jubilacion-al-dr-hipolito-marrero/","url":"https://www.ull.es/portal/agenda/evento/homenaje-por-su-jubilacion-al-dr-hipolito-marrero/","name":"Homenaje por su jubilación al Dr. Hipólito Marrero - ULL - Agenda","isPartOf":{"@id":"https://www.ull.es/portal/agenda/#website"},"datePublished":"2025-09-29T11:16:29+00:00","dateModified":"2025-10-01T12:04:17+00:00","breadcrumb":{"@id":"https://www.ull.es/portal/agenda/evento/homenaje-por-su-jubilacion-al-dr-hipolito-marrero/#breadcrumb"},"inLanguage":"es","potentialAction":[{"@type":"ReadAction","target":["https://www.ull.es/portal/agenda/evento/homenaje-por-su-jubilacion-al-dr-hipolito-marrero/"]}]},{"@type":"BreadcrumbList","@id":"https://www.ull.es/portal/agenda/evento/homenaje-por-su-jubilacion-al-dr-hipolito-marrero/#breadcrumb","itemListElement":[{"@type":"ListItem","position":1,"name":"Portada","item":"https://www.ull.es/portal/agenda/"},{"@type":"ListItem","position":2,"name":"Homenaje por su jubilación al Dr. Hipólito Marrero"}]},{"@type":"WebSite","@id":"https://www.ull.es/portal/agenda/#website","url":"https://www.ull.es/portal/agenda/","name":"ULL - Agenda","description":"","potentialAction":[{"@type":"SearchAction","target":{"@type":"EntryPoint","urlTemplate":"https://www.ull.es/portal/agenda/?s={search_term_string}"},"query-input":"required name=search_term_string"}],"inLanguage":"es"}]}</script>
<!-- / Yoast SEO plugin. -->

Homenaje por su jubilación al Dr. Hipólito Marrero - ULL - Agenda

El Instituto Universitario de Neurociencia organiza un homenaje al Dr. Hipólito Marrero con motivo de su jubilación. Será el día 10 de octubre a las 11:00 h en la sala de audiovisuales de la Facultad de Psicología y Logopedia de la Universidad de La Laguna. La apertura del acto correrá a cargo del Rector, Francisco...
