{"id":44264,"date":"2025-09-29T12:29:28","date_gmt":"2025-09-29T12:29:28","guid":{"rendered":"https:\/\/www.ull.es\/portal\/agenda\/?post_type=tribe_events&#038;p=44264"},"modified":"2025-09-29T12:31:55","modified_gmt":"2025-09-29T12:31:55","slug":"seminario-cesco-74-situacion-actual-y-retos-de-la-economia-social-en-nuestro-pais-y-a-nivel-internacional","status":"publish","type":"tribe_events","link":"https:\/\/www.ull.es\/portal\/agenda\/evento\/seminario-cesco-74-situacion-actual-y-retos-de-la-economia-social-en-nuestro-pais-y-a-nivel-internacional\/","title":{"rendered":"Seminario CESCO 74: Situaci\u00f3n actual y retos de la Econom\u00eda Social en nuestro pa\u00eds y a nivel internacional"},"content":{"rendered":"<p>La C\u00e1tedra Cajasiete de Econom\u00eda Social y Cooperativa (CESCO) organiza este seminario que se celebrar\u00e1 en modalidad online el 9 de octubre\u00a0 de 2025, en horario de 16:00 a 17:00 horas.<\/p>\n<p>Esta conferencia abordar\u00e1 los avances que ha vivido la econom\u00eda social y solidaria en Espa\u00f1a y a nivel global en los \u00faltimos a\u00f1os, as\u00ed como los grandes desaf\u00edos que tiene actualmente el sector. Tras presentaci\u00f3n del ponente, se llevar\u00e1 a cabo un intercambio din\u00e1mico y franco con preguntas y respuestas con los participantes.<\/p>\n<p>Ponente: Jaime Iglesias S\u00e1nchez-Cervera. Comisionado Especial para la Econom\u00eda Social del Ministerio de Trabajo y Econom\u00eda Social de Espa\u00f1a.<\/p>\n<p>Direcci\u00f3n acad\u00e9mica: C\u00e1ndido Rom\u00e1n Cervantes, Profesor Titular de Universidad, Departamento de Direcci\u00f3n de Empresas e Historia Econ\u00f3mica. Director de la C\u00e1tedra Cajasiete de Econom\u00eda Social y Colaborativa de la Universidad de La Laguna.<\/p>\n<p>CERTIFICADO DE ASISTENCIA: La Universidad de La Laguna, a trav\u00e9s del Vicerrectorado de Cultura y Extensi\u00f3n Universitaria, emitir\u00e1 un certificado de asistencia a todas aquellas personas que participen, previa inscripci\u00f3n en la actividad.<\/p>\n<p>Asistencia gratuita previa inscripci\u00f3n.\u00a0<a href=\"https:\/\/sede.fg.ull.es\/es\/curso\/detalle?code=a25020253&amp;name=seminario-cesco-74-situacion-actual-y-retos-de-la-economia-social-en-nuestro-pais-y-a-nivel-internacional&amp;query=%3Fcode%3DA25020253\" target=\"_blank\" rel=\"noopener\" target=\"_blank\" rel=\"noopener\"><strong><u>Inscr\u00edbete aqu\u00ed.<\/u><\/strong><\/a><\/p>\n<p><strong>Contacto:\u00a0<\/strong><a href=\"mailto:extuni@ull.edu.es\" target=\"_blank\" rel=\"noopener\" target=\"_blank\" rel=\"noopener\"><strong>extuni@ull.es<\/strong><\/a><\/p>\n","protected":false},"excerpt":{"rendered":"<p>La C\u00e1tedra Cajasiete de Econom\u00eda Social y Cooperativa (CESCO) organiza este seminario que se celebrar\u00e1 en modalidad online el 9 de octubre\u00a0 de 2025, en horario de 16:00 a 17:00 horas. Esta conferencia abordar\u00e1 los avances que ha vivido la econom\u00eda social y solidaria en Espa\u00f1a y a nivel global en los \u00faltimos a\u00f1os, as\u00ed&#8230;<\/p>\n","protected":false},"author":43,"featured_media":44265,"comment_status":"closed","ping_status":"closed","template":"","tags":[4259,977,3439,835,3812,3751],"tribe_events_cat":[472,3165,4,186],"acf":[],"yoast_head":"<!-- This site is optimized with the Yoast SEO plugin v21.3 - https:\/\/yoast.com\/wordpress\/plugins\/seo\/ -->\n<title>Seminario CESCO 74: Situaci\u00f3n actual y retos de la Econom\u00eda Social en nuestro pa\u00eds y a nivel internacional - ULL - Agenda<\/title>\n<meta name=\"robots\" content=\"index, follow, max-snippet:-1, max-image-preview:large, max-video-preview:-1\" \/>\n<link rel=\"canonical\" href=\"https:\/\/www.ull.es\/portal\/agenda\/evento\/seminario-cesco-74-situacion-actual-y-retos-de-la-economia-social-en-nuestro-pais-y-a-nivel-internacional\/\" \/>\n<meta property=\"og:locale\" content=\"es_ES\" \/>\n<meta property=\"og:type\" content=\"article\" \/>\n<meta property=\"og:title\" content=\"Seminario CESCO 74: Situaci\u00f3n actual y retos de la Econom\u00eda Social en nuestro pa\u00eds y a nivel internacional - ULL - Agenda\" \/>\n<meta property=\"og:description\" content=\"La C\u00e1tedra Cajasiete de Econom\u00eda Social y Cooperativa (CESCO) organiza este seminario que se celebrar\u00e1 en modalidad online el 9 de octubre\u00a0 de 2025, en horario de 16:00 a 17:00 horas. Esta conferencia abordar\u00e1 los avances que ha vivido la econom\u00eda social y solidaria en Espa\u00f1a y a nivel global en los \u00faltimos a\u00f1os, as\u00ed...\" \/>\n<meta property=\"og:url\" content=\"https:\/\/www.ull.es\/portal\/agenda\/evento\/seminario-cesco-74-situacion-actual-y-retos-de-la-economia-social-en-nuestro-pais-y-a-nivel-internacional\/\" \/>\n<meta property=\"og:site_name\" content=\"ULL - Agenda\" \/>\n<meta property=\"article:modified_time\" content=\"2025-09-29T12:31:55+00:00\" \/>\n<meta property=\"og:image\" content=\"https:\/\/www.ull.es\/portal\/agenda\/wp-content\/uploads\/sites\/12\/2025\/09\/BannerCESCO74.png\" \/>\n\t<meta property=\"og:image:width\" content=\"750\" \/>\n\t<meta property=\"og:image:height\" content=\"370\" \/>\n\t<meta property=\"og:image:type\" content=\"image\/png\" \/>\n<meta name=\"twitter:card\" content=\"summary_large_image\" \/>\n<meta name=\"twitter:label1\" content=\"Tiempo de lectura\" \/>\n\t<meta name=\"twitter:data1\" content=\"1 minuto\" \/>\n<script type=\"application\/ld+json\" class=\"yoast-schema-graph\">{\"@context\":\"https:\/\/schema.org\",\"@graph\":[{\"@type\":\"WebPage\",\"@id\":\"https:\/\/www.ull.es\/portal\/agenda\/evento\/seminario-cesco-74-situacion-actual-y-retos-de-la-economia-social-en-nuestro-pais-y-a-nivel-internacional\/\",\"url\":\"https:\/\/www.ull.es\/portal\/agenda\/evento\/seminario-cesco-74-situacion-actual-y-retos-de-la-economia-social-en-nuestro-pais-y-a-nivel-internacional\/\",\"name\":\"Seminario CESCO 74: Situaci\u00f3n actual y retos de la Econom\u00eda Social en nuestro pa\u00eds y a nivel internacional - ULL - Agenda\",\"isPartOf\":{\"@id\":\"https:\/\/www.ull.es\/portal\/agenda\/#website\"},\"datePublished\":\"2025-09-29T12:29:28+00:00\",\"dateModified\":\"2025-09-29T12:31:55+00:00\",\"breadcrumb\":{\"@id\":\"https:\/\/www.ull.es\/portal\/agenda\/evento\/seminario-cesco-74-situacion-actual-y-retos-de-la-economia-social-en-nuestro-pais-y-a-nivel-internacional\/#breadcrumb\"},\"inLanguage\":\"es\",\"potentialAction\":[{\"@type\":\"ReadAction\",\"target\":[\"https:\/\/www.ull.es\/portal\/agenda\/evento\/seminario-cesco-74-situacion-actual-y-retos-de-la-economia-social-en-nuestro-pais-y-a-nivel-internacional\/\"]}]},{\"@type\":\"BreadcrumbList\",\"@id\":\"https:\/\/www.ull.es\/portal\/agenda\/evento\/seminario-cesco-74-situacion-actual-y-retos-de-la-economia-social-en-nuestro-pais-y-a-nivel-internacional\/#breadcrumb\",\"itemListElement\":[{\"@type\":\"ListItem\",\"position\":1,\"name\":\"Portada\",\"item\":\"https:\/\/www.ull.es\/portal\/agenda\/\"},{\"@type\":\"ListItem\",\"position\":2,\"name\":\"Seminario CESCO 74: Situaci\u00f3n actual y retos de la Econom\u00eda Social en nuestro pa\u00eds y a nivel internacional\"}]},{\"@type\":\"WebSite\",\"@id\":\"https:\/\/www.ull.es\/portal\/agenda\/#website\",\"url\":\"https:\/\/www.ull.es\/portal\/agenda\/\",\"name\":\"ULL - Agenda\",\"description\":\"\",\"potentialAction\":[{\"@type\":\"SearchAction\",\"target\":{\"@type\":\"EntryPoint\",\"urlTemplate\":\"https:\/\/www.ull.es\/portal\/agenda\/?s={search_term_string}\"},\"query-input\":\"required name=search_term_string\"}],\"inLanguage\":\"es\"}]}<\/script>\n<!-- \/ Yoast SEO plugin. -->","yoast_head_json":{"title":"Seminario CESCO 74: Situaci\u00f3n actual y retos de la Econom\u00eda Social en nuestro pa\u00eds y a nivel internacional - ULL - Agenda","robots":{"index":"index","follow":"follow","max-snippet":"max-snippet:-1","max-image-preview":"max-image-preview:large","max-video-preview":"max-video-preview:-1"},"canonical":"https:\/\/www.ull.es\/portal\/agenda\/evento\/seminario-cesco-74-situacion-actual-y-retos-de-la-economia-social-en-nuestro-pais-y-a-nivel-internacional\/","og_locale":"es_ES","og_type":"article","og_title":"Seminario CESCO 74: Situaci\u00f3n actual y retos de la Econom\u00eda Social en nuestro pa\u00eds y a nivel internacional - ULL - Agenda","og_description":"La C\u00e1tedra Cajasiete de Econom\u00eda Social y Cooperativa (CESCO) organiza este seminario que se celebrar\u00e1 en modalidad online el 9 de octubre\u00a0 de 2025, en horario de 16:00 a 17:00 horas. Esta conferencia abordar\u00e1 los avances que ha vivido la econom\u00eda social y solidaria en Espa\u00f1a y a nivel global en los \u00faltimos a\u00f1os, as\u00ed...","og_url":"https:\/\/www.ull.es\/portal\/agenda\/evento\/seminario-cesco-74-situacion-actual-y-retos-de-la-economia-social-en-nuestro-pais-y-a-nivel-internacional\/","og_site_name":"ULL - Agenda","article_modified_time":"2025-09-29T12:31:55+00:00","og_image":[{"width":750,"height":370,"url":"https:\/\/www.ull.es\/portal\/agenda\/wp-content\/uploads\/sites\/12\/2025\/09\/BannerCESCO74.png","type":"image\/png"}],"twitter_card":"summary_large_image","twitter_misc":{"Tiempo de lectura":"1 minuto"},"schema":{"@context":"https:\/\/schema.org","@graph":[{"@type":"WebPage","@id":"https:\/\/www.ull.es\/portal\/agenda\/evento\/seminario-cesco-74-situacion-actual-y-retos-de-la-economia-social-en-nuestro-pais-y-a-nivel-internacional\/","url":"https:\/\/www.ull.es\/portal\/agenda\/evento\/seminario-cesco-74-situacion-actual-y-retos-de-la-economia-social-en-nuestro-pais-y-a-nivel-internacional\/","name":"Seminario CESCO 74: Situaci\u00f3n actual y retos de la Econom\u00eda Social en nuestro pa\u00eds y a nivel internacional - ULL - Agenda","isPartOf":{"@id":"https:\/\/www.ull.es\/portal\/agenda\/#website"},"datePublished":"2025-09-29T12:29:28+00:00","dateModified":"2025-09-29T12:31:55+00:00","breadcrumb":{"@id":"https:\/\/www.ull.es\/portal\/agenda\/evento\/seminario-cesco-74-situacion-actual-y-retos-de-la-economia-social-en-nuestro-pais-y-a-nivel-internacional\/#breadcrumb"},"inLanguage":"es","potentialAction":[{"@type":"ReadAction","target":["https:\/\/www.ull.es\/portal\/agenda\/evento\/seminario-cesco-74-situacion-actual-y-retos-de-la-economia-social-en-nuestro-pais-y-a-nivel-internacional\/"]}]},{"@type":"BreadcrumbList","@id":"https:\/\/www.ull.es\/portal\/agenda\/evento\/seminario-cesco-74-situacion-actual-y-retos-de-la-economia-social-en-nuestro-pais-y-a-nivel-internacional\/#breadcrumb","itemListElement":[{"@type":"ListItem","position":1,"name":"Portada","item":"https:\/\/www.ull.es\/portal\/agenda\/"},{"@type":"ListItem","position":2,"name":"Seminario CESCO 74: Situaci\u00f3n actual y retos de la Econom\u00eda Social en nuestro pa\u00eds y a nivel internacional"}]},{"@type":"WebSite","@id":"https:\/\/www.ull.es\/portal\/agenda\/#website","url":"https:\/\/www.ull.es\/portal\/agenda\/","name":"ULL - Agenda","description":"","potentialAction":[{"@type":"SearchAction","target":{"@type":"EntryPoint","urlTemplate":"https:\/\/www.ull.es\/portal\/agenda\/?s={search_term_string}"},"query-input":"required name=search_term_string"}],"inLanguage":"es"}]}},"_links":{"self":[{"href":"https:\/\/www.ull.es\/portal\/agenda\/wp-json\/wp\/v2\/tribe_events\/44264"}],"collection":[{"href":"https:\/\/www.ull.es\/portal\/agenda\/wp-json\/wp\/v2\/tribe_events"}],"about":[{"href":"https:\/\/www.ull.es\/portal\/agenda\/wp-json\/wp\/v2\/types\/tribe_events"}],"author":[{"embeddable":true,"href":"https:\/\/www.ull.es\/portal\/agenda\/wp-json\/wp\/v2\/users\/43"}],"replies":[{"embeddable":true,"href":"https:\/\/www.ull.es\/portal\/agenda\/wp-json\/wp\/v2\/comments?post=44264"}],"version-history":[{"count":1,"href":"https:\/\/www.ull.es\/portal\/agenda\/wp-json\/wp\/v2\/tribe_events\/44264\/revisions"}],"predecessor-version":[{"id":44266,"href":"https:\/\/www.ull.es\/portal\/agenda\/wp-json\/wp\/v2\/tribe_events\/44264\/revisions\/44266"}],"wp:featuredmedia":[{"embeddable":true,"href":"https:\/\/www.ull.es\/portal\/agenda\/wp-json\/wp\/v2\/media\/44265"}],"wp:attachment":[{"href":"https:\/\/www.ull.es\/portal\/agenda\/wp-json\/wp\/v2\/media?parent=44264"}],"wp:term":[{"taxonomy":"post_tag","embeddable":true,"href":"https:\/\/www.ull.es\/portal\/agenda\/wp-json\/wp\/v2\/tags?post=44264"},{"taxonomy":"tribe_events_cat","embeddable":true,"href":"https:\/\/www.ull.es\/portal\/agenda\/wp-json\/wp\/v2\/tribe_events_cat?post=44264"}],"curies":[{"name":"wp","href":"https:\/\/api.w.org\/{rel}","templated":true}]}}

Seminario CESCO 74: Situación actual y retos de la Economía Social en nuestro país y a nivel internacional

<p>La Cátedra Cajasiete de Economía Social y Cooperativa (CESCO) organiza este seminario que se celebrará en modalidad online el 9 de octubre  de 2025, en horario de 16:00 a 17:00 horas.</p>
<p>Esta conferencia abordará los avances que ha vivido la economía social y solidaria en España y a nivel global en los últimos años, así como los grandes desafíos que tiene actualmente el sector. Tras presentación del ponente, se llevará a cabo un intercambio dinámico y franco con preguntas y respuestas con los participantes.</p>
<p>Ponente: Jaime Iglesias Sánchez-Cervera. Comisionado Especial para la Economía Social del Ministerio de Trabajo y Economía Social de España.</p>
<p>Dirección académica: Cándido Román Cervantes, Profesor Titular de Universidad, Departamento de Dirección de Empresas e Historia Económica. Director de la Cátedra Cajasiete de Economía Social y Colaborativa de la Universidad de La Laguna.</p>
<p>CERTIFICADO DE ASISTENCIA: La Universidad de La Laguna, a través del Vicerrectorado de Cultura y Extensión Universitaria, emitirá un certificado de asistencia a todas aquellas personas que participen, previa inscripción en la actividad.</p>
<p>Asistencia gratuita previa inscripción. <a href="https://sede.fg.ull.es/es/curso/detalle?code=a25020253&amp;name=seminario-cesco-74-situacion-actual-y-retos-de-la-economia-social-en-nuestro-pais-y-a-nivel-internacional&amp;query=%3Fcode%3DA25020253" target="_blank" rel="noopener" target="_blank" rel="noopener"><strong><u>Inscríbete aquí.</u></strong></a></p>
<p><strong>Contacto: </strong><a href="mailto:extuni@ull.edu.es" target="_blank" rel="noopener" target="_blank" rel="noopener"><strong>extuni@ull.es</strong></a></p>

<p>La Cátedra Cajasiete de Economía Social y Cooperativa (CESCO) organiza este seminario que se celebrará en modalidad online el 9 de octubre  de 2025, en horario de 16:00 a 17:00 horas. Esta conferencia abordará los avances que ha vivido la economía social y solidaria en España y a nivel global en los últimos años, así&#8230;</p>

<!-- This site is optimized with the Yoast SEO plugin v21.3 - https://yoast.com/wordpress/plugins/seo/ -->
<title>Seminario CESCO 74: Situación actual y retos de la Economía Social en nuestro país y a nivel internacional - ULL - Agenda</title>
<meta name="robots" content="index, follow, max-snippet:-1, max-image-preview:large, max-video-preview:-1" />
<link rel="canonical" href="https://www.ull.es/portal/agenda/evento/seminario-cesco-74-situacion-actual-y-retos-de-la-economia-social-en-nuestro-pais-y-a-nivel-internacional/" />
<meta property="og:locale" content="es_ES" />
<meta property="og:type" content="article" />
<meta property="og:title" content="Seminario CESCO 74: Situación actual y retos de la Economía Social en nuestro país y a nivel internacional - ULL - Agenda" />
<meta property="og:description" content="La Cátedra Cajasiete de Economía Social y Cooperativa (CESCO) organiza este seminario que se celebrará en modalidad online el 9 de octubre  de 2025, en horario de 16:00 a 17:00 horas. Esta conferencia abordará los avances que ha vivido la economía social y solidaria en España y a nivel global en los últimos años, así..." />
<meta property="og:url" content="https://www.ull.es/portal/agenda/evento/seminario-cesco-74-situacion-actual-y-retos-de-la-economia-social-en-nuestro-pais-y-a-nivel-internacional/" />
<meta property="og:site_name" content="ULL - Agenda" />
<meta property="article:modified_time" content="2025-09-29T12:31:55+00:00" />
<meta property="og:image" content="https://www.ull.es/portal/agenda/wp-content/uploads/sites/12/2025/09/BannerCESCO74.png" />
	<meta property="og:image:width" content="750" />
	<meta property="og:image:height" content="370" />
	<meta property="og:image:type" content="image/png" />
<meta name="twitter:card" content="summary_large_image" />
<meta name="twitter:label1" content="Tiempo de lectura" />
	<meta name="twitter:data1" content="1 minuto" />
<script type="application/ld+json" class="yoast-schema-graph">{"@context":"https://schema.org","@graph":[{"@type":"WebPage","@id":"https://www.ull.es/portal/agenda/evento/seminario-cesco-74-situacion-actual-y-retos-de-la-economia-social-en-nuestro-pais-y-a-nivel-internacional/","url":"https://www.ull.es/portal/agenda/evento/seminario-cesco-74-situacion-actual-y-retos-de-la-economia-social-en-nuestro-pais-y-a-nivel-internacional/","name":"Seminario CESCO 74: Situación actual y retos de la Economía Social en nuestro país y a nivel internacional - ULL - Agenda","isPartOf":{"@id":"https://www.ull.es/portal/agenda/#website"},"datePublished":"2025-09-29T12:29:28+00:00","dateModified":"2025-09-29T12:31:55+00:00","breadcrumb":{"@id":"https://www.ull.es/portal/agenda/evento/seminario-cesco-74-situacion-actual-y-retos-de-la-economia-social-en-nuestro-pais-y-a-nivel-internacional/#breadcrumb"},"inLanguage":"es","potentialAction":[{"@type":"ReadAction","target":["https://www.ull.es/portal/agenda/evento/seminario-cesco-74-situacion-actual-y-retos-de-la-economia-social-en-nuestro-pais-y-a-nivel-internacional/"]}]},{"@type":"BreadcrumbList","@id":"https://www.ull.es/portal/agenda/evento/seminario-cesco-74-situacion-actual-y-retos-de-la-economia-social-en-nuestro-pais-y-a-nivel-internacional/#breadcrumb","itemListElement":[{"@type":"ListItem","position":1,"name":"Portada","item":"https://www.ull.es/portal/agenda/"},{"@type":"ListItem","position":2,"name":"Seminario CESCO 74: Situación actual y retos de la Economía Social en nuestro país y a nivel internacional"}]},{"@type":"WebSite","@id":"https://www.ull.es/portal/agenda/#website","url":"https://www.ull.es/portal/agenda/","name":"ULL - Agenda","description":"","potentialAction":[{"@type":"SearchAction","target":{"@type":"EntryPoint","urlTemplate":"https://www.ull.es/portal/agenda/?s={search_term_string}"},"query-input":"required name=search_term_string"}],"inLanguage":"es"}]}</script>
<!-- / Yoast SEO plugin. -->

Seminario CESCO 74: Situación actual y retos de la Economía Social en nuestro país y a nivel internacional - ULL - Agenda

La Cátedra Cajasiete de Economía Social y Cooperativa (CESCO) organiza este seminario que se celebrará en modalidad online el 9 de octubre  de 2025, en horario de 16:00 a 17:00 horas. Esta conferencia abordará los avances que ha vivido la economía social y solidaria en España y a nivel global en los últimos años, así...
