{"id":44404,"date":"2025-10-03T11:52:21","date_gmt":"2025-10-03T11:52:21","guid":{"rendered":"https:\/\/www.ull.es\/portal\/agenda\/?post_type=tribe_events&#038;p=44404"},"modified":"2025-11-03T13:06:58","modified_gmt":"2025-11-03T13:06:58","slug":"acto-de-rotulacion-de-la-avenida-pedro-zerolo","status":"publish","type":"tribe_events","link":"https:\/\/www.ull.es\/portal\/agenda\/evento\/acto-de-rotulacion-de-la-avenida-pedro-zerolo\/","title":{"rendered":"Acto de inauguraci\u00f3n del Paseo de Pedro Zerolo"},"content":{"rendered":"<p>El viernes 7 de noviembre a las 12:00 horas tendr\u00e1 lugar el acto de inauguraci\u00f3n del Paseo de Pedro Zerolo en el Campus de Guajara de la Universidad de La Laguna.<\/p>\n<p>Pedro Zerolo, fue un pol\u00edtico y activista LGBTI espa\u00f1ol, miembro de la Ejecutiva Federal del Partido Socialista Obrero Espa\u00f1ol (PSOE) y secretario de Movimientos Sociales y Relaciones con las ONG del mismo partido. Estudi\u00f3 Derecho en la Universidad de La Laguna, en donde pas\u00f3 su infancia y adolescencia. Tras licenciarse se traslad\u00f3 a Madrid, donde ampl\u00eda estudios centrados en el an\u00e1lisis del derecho comparado. Al mismo tiempo colabora con el sacerdote cat\u00f3lico Enrique de Castro en un proyecto de ayuda a personas en situaci\u00f3n de vulnerabilidad del barrio madrile\u00f1o de Entrev\u00edas.<\/p>\n<p>Est\u00e1 considerado como uno de los m\u00e1s destacados activistas LGBTI por su labor como promotor de la ampliaci\u00f3n del derecho al matrimonio y a la adopci\u00f3n de parejas homosexuales en Espa\u00f1a, y un icono de la comunidad LGBTI en su pa\u00eds.<\/p>\n","protected":false},"excerpt":{"rendered":"<p>El viernes 7 de noviembre a las 12:00 horas tendr\u00e1 lugar el acto de inauguraci\u00f3n del Paseo de Pedro Zerolo en el Campus de Guajara de la Universidad de La Laguna. Pedro Zerolo, fue un pol\u00edtico y activista LGBTI espa\u00f1ol, miembro de la Ejecutiva Federal del Partido Socialista Obrero Espa\u00f1ol (PSOE) y secretario de Movimientos&#8230;<\/p>\n","protected":false},"author":65,"featured_media":44886,"comment_status":"closed","ping_status":"closed","template":"","tags":[],"tribe_events_cat":[4,186,191],"acf":[],"yoast_head":"<!-- This site is optimized with the Yoast SEO plugin v21.3 - https:\/\/yoast.com\/wordpress\/plugins\/seo\/ -->\n<title>Acto de inauguraci\u00f3n del Paseo de Pedro Zerolo - ULL - Agenda<\/title>\n<meta name=\"robots\" content=\"index, follow, max-snippet:-1, max-image-preview:large, max-video-preview:-1\" \/>\n<link rel=\"canonical\" href=\"https:\/\/www.ull.es\/portal\/agenda\/evento\/acto-de-rotulacion-de-la-avenida-pedro-zerolo\/\" \/>\n<meta property=\"og:locale\" content=\"es_ES\" \/>\n<meta property=\"og:type\" content=\"article\" \/>\n<meta property=\"og:title\" content=\"Acto de inauguraci\u00f3n del Paseo de Pedro Zerolo - ULL - Agenda\" \/>\n<meta property=\"og:description\" content=\"El viernes 7 de noviembre a las 12:00 horas tendr\u00e1 lugar el acto de inauguraci\u00f3n del Paseo de Pedro Zerolo en el Campus de Guajara de la Universidad de La Laguna. Pedro Zerolo, fue un pol\u00edtico y activista LGBTI espa\u00f1ol, miembro de la Ejecutiva Federal del Partido Socialista Obrero Espa\u00f1ol (PSOE) y secretario de Movimientos...\" \/>\n<meta property=\"og:url\" content=\"https:\/\/www.ull.es\/portal\/agenda\/evento\/acto-de-rotulacion-de-la-avenida-pedro-zerolo\/\" \/>\n<meta property=\"og:site_name\" content=\"ULL - Agenda\" \/>\n<meta property=\"article:modified_time\" content=\"2025-11-03T13:06:58+00:00\" \/>\n<meta property=\"og:image\" content=\"https:\/\/www.ull.es\/portal\/agenda\/wp-content\/uploads\/sites\/12\/2025\/10\/Acto-de-Inauguracion-del-Paseo-de-Pedro-Zerolo_Banner-eventos-1.png\" \/>\n\t<meta property=\"og:image:width\" content=\"750\" \/>\n\t<meta property=\"og:image:height\" content=\"370\" \/>\n\t<meta property=\"og:image:type\" content=\"image\/png\" \/>\n<meta name=\"twitter:card\" content=\"summary_large_image\" \/>\n<meta name=\"twitter:label1\" content=\"Tiempo de lectura\" \/>\n\t<meta name=\"twitter:data1\" content=\"1 minuto\" \/>\n<script type=\"application\/ld+json\" class=\"yoast-schema-graph\">{\"@context\":\"https:\/\/schema.org\",\"@graph\":[{\"@type\":\"WebPage\",\"@id\":\"https:\/\/www.ull.es\/portal\/agenda\/evento\/acto-de-rotulacion-de-la-avenida-pedro-zerolo\/\",\"url\":\"https:\/\/www.ull.es\/portal\/agenda\/evento\/acto-de-rotulacion-de-la-avenida-pedro-zerolo\/\",\"name\":\"Acto de inauguraci\u00f3n del Paseo de Pedro Zerolo - ULL - Agenda\",\"isPartOf\":{\"@id\":\"https:\/\/www.ull.es\/portal\/agenda\/#website\"},\"datePublished\":\"2025-10-03T11:52:21+00:00\",\"dateModified\":\"2025-11-03T13:06:58+00:00\",\"breadcrumb\":{\"@id\":\"https:\/\/www.ull.es\/portal\/agenda\/evento\/acto-de-rotulacion-de-la-avenida-pedro-zerolo\/#breadcrumb\"},\"inLanguage\":\"es\",\"potentialAction\":[{\"@type\":\"ReadAction\",\"target\":[\"https:\/\/www.ull.es\/portal\/agenda\/evento\/acto-de-rotulacion-de-la-avenida-pedro-zerolo\/\"]}]},{\"@type\":\"BreadcrumbList\",\"@id\":\"https:\/\/www.ull.es\/portal\/agenda\/evento\/acto-de-rotulacion-de-la-avenida-pedro-zerolo\/#breadcrumb\",\"itemListElement\":[{\"@type\":\"ListItem\",\"position\":1,\"name\":\"Portada\",\"item\":\"https:\/\/www.ull.es\/portal\/agenda\/\"},{\"@type\":\"ListItem\",\"position\":2,\"name\":\"Acto de inauguraci\u00f3n del Paseo de Pedro Zerolo\"}]},{\"@type\":\"WebSite\",\"@id\":\"https:\/\/www.ull.es\/portal\/agenda\/#website\",\"url\":\"https:\/\/www.ull.es\/portal\/agenda\/\",\"name\":\"ULL - Agenda\",\"description\":\"\",\"potentialAction\":[{\"@type\":\"SearchAction\",\"target\":{\"@type\":\"EntryPoint\",\"urlTemplate\":\"https:\/\/www.ull.es\/portal\/agenda\/?s={search_term_string}\"},\"query-input\":\"required name=search_term_string\"}],\"inLanguage\":\"es\"}]}<\/script>\n<!-- \/ Yoast SEO plugin. -->","yoast_head_json":{"title":"Acto de inauguraci\u00f3n del Paseo de Pedro Zerolo - ULL - Agenda","robots":{"index":"index","follow":"follow","max-snippet":"max-snippet:-1","max-image-preview":"max-image-preview:large","max-video-preview":"max-video-preview:-1"},"canonical":"https:\/\/www.ull.es\/portal\/agenda\/evento\/acto-de-rotulacion-de-la-avenida-pedro-zerolo\/","og_locale":"es_ES","og_type":"article","og_title":"Acto de inauguraci\u00f3n del Paseo de Pedro Zerolo - ULL - Agenda","og_description":"El viernes 7 de noviembre a las 12:00 horas tendr\u00e1 lugar el acto de inauguraci\u00f3n del Paseo de Pedro Zerolo en el Campus de Guajara de la Universidad de La Laguna. Pedro Zerolo, fue un pol\u00edtico y activista LGBTI espa\u00f1ol, miembro de la Ejecutiva Federal del Partido Socialista Obrero Espa\u00f1ol (PSOE) y secretario de Movimientos...","og_url":"https:\/\/www.ull.es\/portal\/agenda\/evento\/acto-de-rotulacion-de-la-avenida-pedro-zerolo\/","og_site_name":"ULL - Agenda","article_modified_time":"2025-11-03T13:06:58+00:00","og_image":[{"width":750,"height":370,"url":"https:\/\/www.ull.es\/portal\/agenda\/wp-content\/uploads\/sites\/12\/2025\/10\/Acto-de-Inauguracion-del-Paseo-de-Pedro-Zerolo_Banner-eventos-1.png","type":"image\/png"}],"twitter_card":"summary_large_image","twitter_misc":{"Tiempo de lectura":"1 minuto"},"schema":{"@context":"https:\/\/schema.org","@graph":[{"@type":"WebPage","@id":"https:\/\/www.ull.es\/portal\/agenda\/evento\/acto-de-rotulacion-de-la-avenida-pedro-zerolo\/","url":"https:\/\/www.ull.es\/portal\/agenda\/evento\/acto-de-rotulacion-de-la-avenida-pedro-zerolo\/","name":"Acto de inauguraci\u00f3n del Paseo de Pedro Zerolo - ULL - Agenda","isPartOf":{"@id":"https:\/\/www.ull.es\/portal\/agenda\/#website"},"datePublished":"2025-10-03T11:52:21+00:00","dateModified":"2025-11-03T13:06:58+00:00","breadcrumb":{"@id":"https:\/\/www.ull.es\/portal\/agenda\/evento\/acto-de-rotulacion-de-la-avenida-pedro-zerolo\/#breadcrumb"},"inLanguage":"es","potentialAction":[{"@type":"ReadAction","target":["https:\/\/www.ull.es\/portal\/agenda\/evento\/acto-de-rotulacion-de-la-avenida-pedro-zerolo\/"]}]},{"@type":"BreadcrumbList","@id":"https:\/\/www.ull.es\/portal\/agenda\/evento\/acto-de-rotulacion-de-la-avenida-pedro-zerolo\/#breadcrumb","itemListElement":[{"@type":"ListItem","position":1,"name":"Portada","item":"https:\/\/www.ull.es\/portal\/agenda\/"},{"@type":"ListItem","position":2,"name":"Acto de inauguraci\u00f3n del Paseo de Pedro Zerolo"}]},{"@type":"WebSite","@id":"https:\/\/www.ull.es\/portal\/agenda\/#website","url":"https:\/\/www.ull.es\/portal\/agenda\/","name":"ULL - Agenda","description":"","potentialAction":[{"@type":"SearchAction","target":{"@type":"EntryPoint","urlTemplate":"https:\/\/www.ull.es\/portal\/agenda\/?s={search_term_string}"},"query-input":"required name=search_term_string"}],"inLanguage":"es"}]}},"_links":{"self":[{"href":"https:\/\/www.ull.es\/portal\/agenda\/wp-json\/wp\/v2\/tribe_events\/44404"}],"collection":[{"href":"https:\/\/www.ull.es\/portal\/agenda\/wp-json\/wp\/v2\/tribe_events"}],"about":[{"href":"https:\/\/www.ull.es\/portal\/agenda\/wp-json\/wp\/v2\/types\/tribe_events"}],"author":[{"embeddable":true,"href":"https:\/\/www.ull.es\/portal\/agenda\/wp-json\/wp\/v2\/users\/65"}],"replies":[{"embeddable":true,"href":"https:\/\/www.ull.es\/portal\/agenda\/wp-json\/wp\/v2\/comments?post=44404"}],"version-history":[{"count":3,"href":"https:\/\/www.ull.es\/portal\/agenda\/wp-json\/wp\/v2\/tribe_events\/44404\/revisions"}],"predecessor-version":[{"id":44888,"href":"https:\/\/www.ull.es\/portal\/agenda\/wp-json\/wp\/v2\/tribe_events\/44404\/revisions\/44888"}],"wp:featuredmedia":[{"embeddable":true,"href":"https:\/\/www.ull.es\/portal\/agenda\/wp-json\/wp\/v2\/media\/44886"}],"wp:attachment":[{"href":"https:\/\/www.ull.es\/portal\/agenda\/wp-json\/wp\/v2\/media?parent=44404"}],"wp:term":[{"taxonomy":"post_tag","embeddable":true,"href":"https:\/\/www.ull.es\/portal\/agenda\/wp-json\/wp\/v2\/tags?post=44404"},{"taxonomy":"tribe_events_cat","embeddable":true,"href":"https:\/\/www.ull.es\/portal\/agenda\/wp-json\/wp\/v2\/tribe_events_cat?post=44404"}],"curies":[{"name":"wp","href":"https:\/\/api.w.org\/{rel}","templated":true}]}}

Acto de inauguración del Paseo de Pedro Zerolo

<p>El viernes 7 de noviembre a las 12:00 horas tendrá lugar el acto de inauguración del Paseo de Pedro Zerolo en el Campus de Guajara de la Universidad de La Laguna.</p>
<p>Pedro Zerolo, fue un político y activista LGBTI español, miembro de la Ejecutiva Federal del Partido Socialista Obrero Español (PSOE) y secretario de Movimientos Sociales y Relaciones con las ONG del mismo partido. Estudió Derecho en la Universidad de La Laguna, en donde pasó su infancia y adolescencia. Tras licenciarse se trasladó a Madrid, donde amplía estudios centrados en el análisis del derecho comparado. Al mismo tiempo colabora con el sacerdote católico Enrique de Castro en un proyecto de ayuda a personas en situación de vulnerabilidad del barrio madrileño de Entrevías.</p>
<p>Está considerado como uno de los más destacados activistas LGBTI por su labor como promotor de la ampliación del derecho al matrimonio y a la adopción de parejas homosexuales en España, y un icono de la comunidad LGBTI en su país.</p>

<p>El viernes 7 de noviembre a las 12:00 horas tendrá lugar el acto de inauguración del Paseo de Pedro Zerolo en el Campus de Guajara de la Universidad de La Laguna. Pedro Zerolo, fue un político y activista LGBTI español, miembro de la Ejecutiva Federal del Partido Socialista Obrero Español (PSOE) y secretario de Movimientos&#8230;</p>

<!-- This site is optimized with the Yoast SEO plugin v21.3 - https://yoast.com/wordpress/plugins/seo/ -->
<title>Acto de inauguración del Paseo de Pedro Zerolo - ULL - Agenda</title>
<meta name="robots" content="index, follow, max-snippet:-1, max-image-preview:large, max-video-preview:-1" />
<link rel="canonical" href="https://www.ull.es/portal/agenda/evento/acto-de-rotulacion-de-la-avenida-pedro-zerolo/" />
<meta property="og:locale" content="es_ES" />
<meta property="og:type" content="article" />
<meta property="og:title" content="Acto de inauguración del Paseo de Pedro Zerolo - ULL - Agenda" />
<meta property="og:description" content="El viernes 7 de noviembre a las 12:00 horas tendrá lugar el acto de inauguración del Paseo de Pedro Zerolo en el Campus de Guajara de la Universidad de La Laguna. Pedro Zerolo, fue un político y activista LGBTI español, miembro de la Ejecutiva Federal del Partido Socialista Obrero Español (PSOE) y secretario de Movimientos..." />
<meta property="og:url" content="https://www.ull.es/portal/agenda/evento/acto-de-rotulacion-de-la-avenida-pedro-zerolo/" />
<meta property="og:site_name" content="ULL - Agenda" />
<meta property="article:modified_time" content="2025-11-03T13:06:58+00:00" />
<meta property="og:image" content="https://www.ull.es/portal/agenda/wp-content/uploads/sites/12/2025/10/Acto-de-Inauguracion-del-Paseo-de-Pedro-Zerolo_Banner-eventos-1.png" />
	<meta property="og:image:width" content="750" />
	<meta property="og:image:height" content="370" />
	<meta property="og:image:type" content="image/png" />
<meta name="twitter:card" content="summary_large_image" />
<meta name="twitter:label1" content="Tiempo de lectura" />
	<meta name="twitter:data1" content="1 minuto" />
<script type="application/ld+json" class="yoast-schema-graph">{"@context":"https://schema.org","@graph":[{"@type":"WebPage","@id":"https://www.ull.es/portal/agenda/evento/acto-de-rotulacion-de-la-avenida-pedro-zerolo/","url":"https://www.ull.es/portal/agenda/evento/acto-de-rotulacion-de-la-avenida-pedro-zerolo/","name":"Acto de inauguración del Paseo de Pedro Zerolo - ULL - Agenda","isPartOf":{"@id":"https://www.ull.es/portal/agenda/#website"},"datePublished":"2025-10-03T11:52:21+00:00","dateModified":"2025-11-03T13:06:58+00:00","breadcrumb":{"@id":"https://www.ull.es/portal/agenda/evento/acto-de-rotulacion-de-la-avenida-pedro-zerolo/#breadcrumb"},"inLanguage":"es","potentialAction":[{"@type":"ReadAction","target":["https://www.ull.es/portal/agenda/evento/acto-de-rotulacion-de-la-avenida-pedro-zerolo/"]}]},{"@type":"BreadcrumbList","@id":"https://www.ull.es/portal/agenda/evento/acto-de-rotulacion-de-la-avenida-pedro-zerolo/#breadcrumb","itemListElement":[{"@type":"ListItem","position":1,"name":"Portada","item":"https://www.ull.es/portal/agenda/"},{"@type":"ListItem","position":2,"name":"Acto de inauguración del Paseo de Pedro Zerolo"}]},{"@type":"WebSite","@id":"https://www.ull.es/portal/agenda/#website","url":"https://www.ull.es/portal/agenda/","name":"ULL - Agenda","description":"","potentialAction":[{"@type":"SearchAction","target":{"@type":"EntryPoint","urlTemplate":"https://www.ull.es/portal/agenda/?s={search_term_string}"},"query-input":"required name=search_term_string"}],"inLanguage":"es"}]}</script>
<!-- / Yoast SEO plugin. -->

Acto de inauguración del Paseo de Pedro Zerolo - ULL - Agenda

El viernes 7 de noviembre a las 12:00 horas tendrá lugar el acto de inauguración del Paseo de Pedro Zerolo en el Campus de Guajara de la Universidad de La Laguna. Pedro Zerolo, fue un político y activista LGBTI español, miembro de la Ejecutiva Federal del Partido Socialista Obrero Español (PSOE) y secretario de Movimientos...
