{"id":44429,"date":"2025-10-06T08:03:32","date_gmt":"2025-10-06T08:03:32","guid":{"rendered":"https:\/\/www.ull.es\/portal\/agenda\/?post_type=tribe_events&#038;p=44429"},"modified":"2025-10-06T12:50:52","modified_gmt":"2025-10-06T12:50:52","slug":"foro-en-innovacion-en-salud-laboral","status":"publish","type":"tribe_events","link":"https:\/\/www.ull.es\/portal\/agenda\/evento\/foro-en-innovacion-en-salud-laboral\/","title":{"rendered":"Foro en Innovaci\u00f3n en Salud Laboral"},"content":{"rendered":"<p>Vivimos deprisa, trabajamos deprisa. La complejidad del mundo y el estr\u00e9s que emana de las estructuras convierte al tejido social en una red que atrapa cada vez m\u00e1s, en lugar de favorecer y salvaguardar el desarrollo y la integridad de la persona. Las organizaciones, constituidas y dinamizadas por personas, son un espejo del mundo que nos hemos dado, y la realidad es que hay urgencias que no pueden continuar desatendidas.<\/p>\n<p>El Foro en Innovaci\u00f3n en Salud Laboral nace con un prop\u00f3sito claro: ofrecer un espacio de reflexi\u00f3n que nos permita radiografiar c\u00f3mo vivimos las personas en las organizaciones, conocer qu\u00e9 estamos haciendo o dejando de hacer para que las estad\u00edsticas arrojen datos dram\u00e1ticos en absentismo, conflictividad y merma de la salud mental en el entorno laboral, saber por qu\u00e9 el estado psicol\u00f3gico de las personas en el contexto de trabajo se nos plantea como un reto ineludible. Pero tambi\u00e9n queremos generar una nueva din\u00e1mica en salud laboral que nos ayude de veras a innovar. Por ello el Foro en Innovaci\u00f3n en Salud Laboral es, adem\u00e1s, un espacio de an\u00e1lisis y, sobre todo, el escenario perfecto para plantear soluciones, para conectar perspectivas desde la experiencia de quienes han llevado su compromiso con el bienestar laboral hasta la implementaci\u00f3n de medidas eficaces.<\/p>\n<p>En un mundo inestable, en el que la persona est\u00e1 expuesta a una sobrecarga de est\u00edmulos y a una incertidumbre que no para de amplificarse, la salud mental ha de ser la tarea primera, y para poder abordarla con honestidad, conciencia, compromiso y efectividad, necesitamos un cambio, nuevos enfoques, incluso nuevas palabras y nuevas herramientas.<\/p>\n<p><a href=\"https:\/\/drive.google.com\/file\/d\/1GkI8IowPl6Ewt4BtvIo1a9FqVJSzBgkb\/view?usp=sharing\" target=\"_blank\" rel=\"noopener\" target=\"_blank\" rel=\"noopener\">Programa<\/a><\/p>\n","protected":false},"excerpt":{"rendered":"<p>Vivimos deprisa, trabajamos deprisa. La complejidad del mundo y el estr\u00e9s que emana de las estructuras convierte al tejido social en una red que atrapa cada vez m\u00e1s, en lugar de favorecer y salvaguardar el desarrollo y la integridad de la persona. Las organizaciones, constituidas y dinamizadas por personas, son un espejo del mundo que&#8230;<\/p>\n","protected":false},"author":65,"featured_media":44477,"comment_status":"closed","ping_status":"closed","template":"","tags":[],"tribe_events_cat":[4,1831,429],"acf":[],"yoast_head":"<!-- This site is optimized with the Yoast SEO plugin v21.3 - https:\/\/yoast.com\/wordpress\/plugins\/seo\/ -->\n<title>Foro en Innovaci\u00f3n en Salud Laboral - ULL - Agenda<\/title>\n<meta name=\"robots\" content=\"index, follow, max-snippet:-1, max-image-preview:large, max-video-preview:-1\" \/>\n<link rel=\"canonical\" href=\"https:\/\/www.ull.es\/portal\/agenda\/evento\/foro-en-innovacion-en-salud-laboral\/\" \/>\n<meta property=\"og:locale\" content=\"es_ES\" \/>\n<meta property=\"og:type\" content=\"article\" \/>\n<meta property=\"og:title\" content=\"Foro en Innovaci\u00f3n en Salud Laboral - ULL - Agenda\" \/>\n<meta property=\"og:description\" content=\"Vivimos deprisa, trabajamos deprisa. La complejidad del mundo y el estr\u00e9s que emana de las estructuras convierte al tejido social en una red que atrapa cada vez m\u00e1s, en lugar de favorecer y salvaguardar el desarrollo y la integridad de la persona. Las organizaciones, constituidas y dinamizadas por personas, son un espejo del mundo que...\" \/>\n<meta property=\"og:url\" content=\"https:\/\/www.ull.es\/portal\/agenda\/evento\/foro-en-innovacion-en-salud-laboral\/\" \/>\n<meta property=\"og:site_name\" content=\"ULL - Agenda\" \/>\n<meta property=\"article:modified_time\" content=\"2025-10-06T12:50:52+00:00\" \/>\n<meta property=\"og:image\" content=\"https:\/\/www.ull.es\/portal\/agenda\/wp-content\/uploads\/sites\/12\/2025\/10\/Foro-de-Innovacion-en-Salud-Laboral-Banner-eventos.png\" \/>\n\t<meta property=\"og:image:width\" content=\"750\" \/>\n\t<meta property=\"og:image:height\" content=\"370\" \/>\n\t<meta property=\"og:image:type\" content=\"image\/png\" \/>\n<meta name=\"twitter:card\" content=\"summary_large_image\" \/>\n<meta name=\"twitter:label1\" content=\"Tiempo de lectura\" \/>\n\t<meta name=\"twitter:data1\" content=\"2 minutos\" \/>\n<script type=\"application\/ld+json\" class=\"yoast-schema-graph\">{\"@context\":\"https:\/\/schema.org\",\"@graph\":[{\"@type\":\"WebPage\",\"@id\":\"https:\/\/www.ull.es\/portal\/agenda\/evento\/foro-en-innovacion-en-salud-laboral\/\",\"url\":\"https:\/\/www.ull.es\/portal\/agenda\/evento\/foro-en-innovacion-en-salud-laboral\/\",\"name\":\"Foro en Innovaci\u00f3n en Salud Laboral - ULL - Agenda\",\"isPartOf\":{\"@id\":\"https:\/\/www.ull.es\/portal\/agenda\/#website\"},\"datePublished\":\"2025-10-06T08:03:32+00:00\",\"dateModified\":\"2025-10-06T12:50:52+00:00\",\"breadcrumb\":{\"@id\":\"https:\/\/www.ull.es\/portal\/agenda\/evento\/foro-en-innovacion-en-salud-laboral\/#breadcrumb\"},\"inLanguage\":\"es\",\"potentialAction\":[{\"@type\":\"ReadAction\",\"target\":[\"https:\/\/www.ull.es\/portal\/agenda\/evento\/foro-en-innovacion-en-salud-laboral\/\"]}]},{\"@type\":\"BreadcrumbList\",\"@id\":\"https:\/\/www.ull.es\/portal\/agenda\/evento\/foro-en-innovacion-en-salud-laboral\/#breadcrumb\",\"itemListElement\":[{\"@type\":\"ListItem\",\"position\":1,\"name\":\"Portada\",\"item\":\"https:\/\/www.ull.es\/portal\/agenda\/\"},{\"@type\":\"ListItem\",\"position\":2,\"name\":\"Foro en Innovaci\u00f3n en Salud Laboral\"}]},{\"@type\":\"WebSite\",\"@id\":\"https:\/\/www.ull.es\/portal\/agenda\/#website\",\"url\":\"https:\/\/www.ull.es\/portal\/agenda\/\",\"name\":\"ULL - Agenda\",\"description\":\"\",\"potentialAction\":[{\"@type\":\"SearchAction\",\"target\":{\"@type\":\"EntryPoint\",\"urlTemplate\":\"https:\/\/www.ull.es\/portal\/agenda\/?s={search_term_string}\"},\"query-input\":\"required name=search_term_string\"}],\"inLanguage\":\"es\"}]}<\/script>\n<!-- \/ Yoast SEO plugin. -->","yoast_head_json":{"title":"Foro en Innovaci\u00f3n en Salud Laboral - ULL - Agenda","robots":{"index":"index","follow":"follow","max-snippet":"max-snippet:-1","max-image-preview":"max-image-preview:large","max-video-preview":"max-video-preview:-1"},"canonical":"https:\/\/www.ull.es\/portal\/agenda\/evento\/foro-en-innovacion-en-salud-laboral\/","og_locale":"es_ES","og_type":"article","og_title":"Foro en Innovaci\u00f3n en Salud Laboral - ULL - Agenda","og_description":"Vivimos deprisa, trabajamos deprisa. La complejidad del mundo y el estr\u00e9s que emana de las estructuras convierte al tejido social en una red que atrapa cada vez m\u00e1s, en lugar de favorecer y salvaguardar el desarrollo y la integridad de la persona. Las organizaciones, constituidas y dinamizadas por personas, son un espejo del mundo que...","og_url":"https:\/\/www.ull.es\/portal\/agenda\/evento\/foro-en-innovacion-en-salud-laboral\/","og_site_name":"ULL - Agenda","article_modified_time":"2025-10-06T12:50:52+00:00","og_image":[{"width":750,"height":370,"url":"https:\/\/www.ull.es\/portal\/agenda\/wp-content\/uploads\/sites\/12\/2025\/10\/Foro-de-Innovacion-en-Salud-Laboral-Banner-eventos.png","type":"image\/png"}],"twitter_card":"summary_large_image","twitter_misc":{"Tiempo de lectura":"2 minutos"},"schema":{"@context":"https:\/\/schema.org","@graph":[{"@type":"WebPage","@id":"https:\/\/www.ull.es\/portal\/agenda\/evento\/foro-en-innovacion-en-salud-laboral\/","url":"https:\/\/www.ull.es\/portal\/agenda\/evento\/foro-en-innovacion-en-salud-laboral\/","name":"Foro en Innovaci\u00f3n en Salud Laboral - ULL - Agenda","isPartOf":{"@id":"https:\/\/www.ull.es\/portal\/agenda\/#website"},"datePublished":"2025-10-06T08:03:32+00:00","dateModified":"2025-10-06T12:50:52+00:00","breadcrumb":{"@id":"https:\/\/www.ull.es\/portal\/agenda\/evento\/foro-en-innovacion-en-salud-laboral\/#breadcrumb"},"inLanguage":"es","potentialAction":[{"@type":"ReadAction","target":["https:\/\/www.ull.es\/portal\/agenda\/evento\/foro-en-innovacion-en-salud-laboral\/"]}]},{"@type":"BreadcrumbList","@id":"https:\/\/www.ull.es\/portal\/agenda\/evento\/foro-en-innovacion-en-salud-laboral\/#breadcrumb","itemListElement":[{"@type":"ListItem","position":1,"name":"Portada","item":"https:\/\/www.ull.es\/portal\/agenda\/"},{"@type":"ListItem","position":2,"name":"Foro en Innovaci\u00f3n en Salud Laboral"}]},{"@type":"WebSite","@id":"https:\/\/www.ull.es\/portal\/agenda\/#website","url":"https:\/\/www.ull.es\/portal\/agenda\/","name":"ULL - Agenda","description":"","potentialAction":[{"@type":"SearchAction","target":{"@type":"EntryPoint","urlTemplate":"https:\/\/www.ull.es\/portal\/agenda\/?s={search_term_string}"},"query-input":"required name=search_term_string"}],"inLanguage":"es"}]}},"_links":{"self":[{"href":"https:\/\/www.ull.es\/portal\/agenda\/wp-json\/wp\/v2\/tribe_events\/44429"}],"collection":[{"href":"https:\/\/www.ull.es\/portal\/agenda\/wp-json\/wp\/v2\/tribe_events"}],"about":[{"href":"https:\/\/www.ull.es\/portal\/agenda\/wp-json\/wp\/v2\/types\/tribe_events"}],"author":[{"embeddable":true,"href":"https:\/\/www.ull.es\/portal\/agenda\/wp-json\/wp\/v2\/users\/65"}],"replies":[{"embeddable":true,"href":"https:\/\/www.ull.es\/portal\/agenda\/wp-json\/wp\/v2\/comments?post=44429"}],"version-history":[{"count":3,"href":"https:\/\/www.ull.es\/portal\/agenda\/wp-json\/wp\/v2\/tribe_events\/44429\/revisions"}],"predecessor-version":[{"id":44433,"href":"https:\/\/www.ull.es\/portal\/agenda\/wp-json\/wp\/v2\/tribe_events\/44429\/revisions\/44433"}],"wp:featuredmedia":[{"embeddable":true,"href":"https:\/\/www.ull.es\/portal\/agenda\/wp-json\/wp\/v2\/media\/44477"}],"wp:attachment":[{"href":"https:\/\/www.ull.es\/portal\/agenda\/wp-json\/wp\/v2\/media?parent=44429"}],"wp:term":[{"taxonomy":"post_tag","embeddable":true,"href":"https:\/\/www.ull.es\/portal\/agenda\/wp-json\/wp\/v2\/tags?post=44429"},{"taxonomy":"tribe_events_cat","embeddable":true,"href":"https:\/\/www.ull.es\/portal\/agenda\/wp-json\/wp\/v2\/tribe_events_cat?post=44429"}],"curies":[{"name":"wp","href":"https:\/\/api.w.org\/{rel}","templated":true}]}}

Foro en Innovación en Salud Laboral

<p>Vivimos deprisa, trabajamos deprisa. La complejidad del mundo y el estrés que emana de las estructuras convierte al tejido social en una red que atrapa cada vez más, en lugar de favorecer y salvaguardar el desarrollo y la integridad de la persona. Las organizaciones, constituidas y dinamizadas por personas, son un espejo del mundo que nos hemos dado, y la realidad es que hay urgencias que no pueden continuar desatendidas.</p>
<p>El Foro en Innovación en Salud Laboral nace con un propósito claro: ofrecer un espacio de reflexión que nos permita radiografiar cómo vivimos las personas en las organizaciones, conocer qué estamos haciendo o dejando de hacer para que las estadísticas arrojen datos dramáticos en absentismo, conflictividad y merma de la salud mental en el entorno laboral, saber por qué el estado psicológico de las personas en el contexto de trabajo se nos plantea como un reto ineludible. Pero también queremos generar una nueva dinámica en salud laboral que nos ayude de veras a innovar. Por ello el Foro en Innovación en Salud Laboral es, además, un espacio de análisis y, sobre todo, el escenario perfecto para plantear soluciones, para conectar perspectivas desde la experiencia de quienes han llevado su compromiso con el bienestar laboral hasta la implementación de medidas eficaces.</p>
<p>En un mundo inestable, en el que la persona está expuesta a una sobrecarga de estímulos y a una incertidumbre que no para de amplificarse, la salud mental ha de ser la tarea primera, y para poder abordarla con honestidad, conciencia, compromiso y efectividad, necesitamos un cambio, nuevos enfoques, incluso nuevas palabras y nuevas herramientas.</p>
<p><a href="https://drive.google.com/file/d/1GkI8IowPl6Ewt4BtvIo1a9FqVJSzBgkb/view?usp=sharing" target="_blank" rel="noopener" target="_blank" rel="noopener">Programa</a></p>

<p>Vivimos deprisa, trabajamos deprisa. La complejidad del mundo y el estrés que emana de las estructuras convierte al tejido social en una red que atrapa cada vez más, en lugar de favorecer y salvaguardar el desarrollo y la integridad de la persona. Las organizaciones, constituidas y dinamizadas por personas, son un espejo del mundo que&#8230;</p>

<!-- This site is optimized with the Yoast SEO plugin v21.3 - https://yoast.com/wordpress/plugins/seo/ -->
<title>Foro en Innovación en Salud Laboral - ULL - Agenda</title>
<meta name="robots" content="index, follow, max-snippet:-1, max-image-preview:large, max-video-preview:-1" />
<link rel="canonical" href="https://www.ull.es/portal/agenda/evento/foro-en-innovacion-en-salud-laboral/" />
<meta property="og:locale" content="es_ES" />
<meta property="og:type" content="article" />
<meta property="og:title" content="Foro en Innovación en Salud Laboral - ULL - Agenda" />
<meta property="og:description" content="Vivimos deprisa, trabajamos deprisa. La complejidad del mundo y el estrés que emana de las estructuras convierte al tejido social en una red que atrapa cada vez más, en lugar de favorecer y salvaguardar el desarrollo y la integridad de la persona. Las organizaciones, constituidas y dinamizadas por personas, son un espejo del mundo que..." />
<meta property="og:url" content="https://www.ull.es/portal/agenda/evento/foro-en-innovacion-en-salud-laboral/" />
<meta property="og:site_name" content="ULL - Agenda" />
<meta property="article:modified_time" content="2025-10-06T12:50:52+00:00" />
<meta property="og:image" content="https://www.ull.es/portal/agenda/wp-content/uploads/sites/12/2025/10/Foro-de-Innovacion-en-Salud-Laboral-Banner-eventos.png" />
	<meta property="og:image:width" content="750" />
	<meta property="og:image:height" content="370" />
	<meta property="og:image:type" content="image/png" />
<meta name="twitter:card" content="summary_large_image" />
<meta name="twitter:label1" content="Tiempo de lectura" />
	<meta name="twitter:data1" content="2 minutos" />
<script type="application/ld+json" class="yoast-schema-graph">{"@context":"https://schema.org","@graph":[{"@type":"WebPage","@id":"https://www.ull.es/portal/agenda/evento/foro-en-innovacion-en-salud-laboral/","url":"https://www.ull.es/portal/agenda/evento/foro-en-innovacion-en-salud-laboral/","name":"Foro en Innovación en Salud Laboral - ULL - Agenda","isPartOf":{"@id":"https://www.ull.es/portal/agenda/#website"},"datePublished":"2025-10-06T08:03:32+00:00","dateModified":"2025-10-06T12:50:52+00:00","breadcrumb":{"@id":"https://www.ull.es/portal/agenda/evento/foro-en-innovacion-en-salud-laboral/#breadcrumb"},"inLanguage":"es","potentialAction":[{"@type":"ReadAction","target":["https://www.ull.es/portal/agenda/evento/foro-en-innovacion-en-salud-laboral/"]}]},{"@type":"BreadcrumbList","@id":"https://www.ull.es/portal/agenda/evento/foro-en-innovacion-en-salud-laboral/#breadcrumb","itemListElement":[{"@type":"ListItem","position":1,"name":"Portada","item":"https://www.ull.es/portal/agenda/"},{"@type":"ListItem","position":2,"name":"Foro en Innovación en Salud Laboral"}]},{"@type":"WebSite","@id":"https://www.ull.es/portal/agenda/#website","url":"https://www.ull.es/portal/agenda/","name":"ULL - Agenda","description":"","potentialAction":[{"@type":"SearchAction","target":{"@type":"EntryPoint","urlTemplate":"https://www.ull.es/portal/agenda/?s={search_term_string}"},"query-input":"required name=search_term_string"}],"inLanguage":"es"}]}</script>
<!-- / Yoast SEO plugin. -->

Foro en Innovación en Salud Laboral - ULL - Agenda

Vivimos deprisa, trabajamos deprisa. La complejidad del mundo y el estrés que emana de las estructuras convierte al tejido social en una red que atrapa cada vez más, en lugar de favorecer y salvaguardar el desarrollo y la integridad de la persona. Las organizaciones, constituidas y dinamizadas por personas, son un espejo del mundo que...
