{"id":44434,"date":"2025-10-06T08:37:22","date_gmt":"2025-10-06T08:37:22","guid":{"rendered":"https:\/\/www.ull.es\/portal\/agenda\/?post_type=tribe_events&#038;p=44434"},"modified":"2025-10-06T08:37:49","modified_gmt":"2025-10-06T08:37:49","slug":"cafe-a-la-brasa-cartografias-del-arte-actual","status":"publish","type":"tribe_events","link":"https:\/\/www.ull.es\/portal\/agenda\/evento\/cafe-a-la-brasa-cartografias-del-arte-actual\/","title":{"rendered":"Caf\u00e9 a la brasa (cartograf\u00edas del arte actual)"},"content":{"rendered":"<p>El Aula Cultural de Pensamiento Art\u00edstico Contempor\u00e1neo, con la colaboraci\u00f3n de la Facultad de Bellas Artes, organiza este seminario que se celebrar\u00e1 en la Facultad de Bellas Artes los mi\u00e9rcoles 15, 22 y 29 de octubre, 5, 12 19 y 26 de noviembre, 3 y 10 de diciembre de 2025 en horario de 15:30 a 18:30 horas.<\/p>\n<p><em>Caf\u00e9 a la bras<\/em>a se plantea \u2013m\u00e1s que impartir un seminario\u2013 crear un h\u00e1bito: el de quedar para hablar, de manera distendida, sobre lo que est\u00e1 pasando en el (o le est\u00e1 pasando al) arte. Basada en la \u201cmetodolog\u00eda\u201d del caf\u00e9 filos\u00f3fico, la idea es simple: una vez a la semana, plantear, a la hora del caf\u00e9, un tema relacionado con el arte actual, en un tono relativamente pol\u00e9mico, con la intenci\u00f3n de provocar un debate focalizado en el an\u00e1lisis de en qu\u00e9 medida y sentido nos interpela el problema. Nos interesa plantear los temas no tanto porque los conozcamos como porque nos gustar\u00eda conocerlos y abordarlos desde diferentes enfoques.<\/p>\n<p>En este cuatrimestre, el caf\u00e9 a la brasa tratar\u00e1 de recorrer y territorializar el paisaje del arte actual, sugiriendo relaciones dial\u00e9cticas entre las posiciones relativas de sus expresiones. Los asuntos inicialmente propuestos son los que se recogen en el temario, pero no nos preocupa que este pueda sufrir cambios conforme avance el seminario y en funci\u00f3n de su propia din\u00e1mica interna.<\/p>\n<p>Dirigido a cualquier persona interesada en el arte y el pensamiento contempor\u00e1neo.<\/p>\n<p>Direcci\u00f3n acad\u00e9mica: Ram\u00f3n Jes\u00fas Salas Lamamie de Clairac. Profesor Titular de Universidad, Departamento de Bellas Artes de la Universidad de La Laguna.<\/p>\n<p><strong>CERTIFICADO DE ASISTENCIA Y APTITUD:\u00a0<\/strong>La Universidad de La Laguna, a trav\u00e9s del Vicerrectorado de Cultura y Extensi\u00f3n Universitaria, emitir\u00e1 un certificado de asistencia a todas aquellas personas que participen, previa inscripci\u00f3n en la actividad. Adem\u00e1s, aquellas personas que superen la evaluaci\u00f3n, recibir\u00e1n un certificado de asistencia y aprovechamiento.<\/p>\n<p>Asistencia gratuita previa inscripci\u00f3n.\u00a0<a href=\"https:\/\/sede.fg.ull.es\/es\/curso\/detalle?code=a25020257&amp;name=cafe-a-la-brasa-cartografias-del-arte-actual&amp;query=%3Fcode%3DA25020257\" target=\"_blank\" rel=\"noopener\" target=\"_blank\" rel=\"noopener\"><strong><u>M\u00e1s informaci\u00f3n e inscripci\u00f3n aqu\u00ed.<\/u><\/strong><\/a><\/p>\n<p><strong>Contacto:\u00a0<\/strong><a href=\"mailto:extuni@ull.edu.es\" target=\"_blank\" rel=\"noopener\" target=\"_blank\" rel=\"noopener\"><strong>extuni@ull.es<\/strong><\/a><\/p>\n","protected":false},"excerpt":{"rendered":"<p>El Aula Cultural de Pensamiento Art\u00edstico Contempor\u00e1neo, con la colaboraci\u00f3n de la Facultad de Bellas Artes, organiza este seminario que se celebrar\u00e1 en la Facultad de Bellas Artes los mi\u00e9rcoles 15, 22 y 29 de octubre, 5, 12 19 y 26 de noviembre, 3 y 10 de diciembre de 2025 en horario de 15:30 a&#8230;<\/p>\n","protected":false},"author":43,"featured_media":44435,"comment_status":"closed","ping_status":"closed","template":"","tags":[4259,4789,977,3812,3751,4165],"tribe_events_cat":[472,471,4,186],"acf":[],"yoast_head":"<!-- This site is optimized with the Yoast SEO plugin v21.3 - https:\/\/yoast.com\/wordpress\/plugins\/seo\/ -->\n<title>Caf\u00e9 a la brasa (cartograf\u00edas del arte actual) - ULL - Agenda<\/title>\n<meta name=\"robots\" content=\"index, follow, max-snippet:-1, max-image-preview:large, max-video-preview:-1\" \/>\n<link rel=\"canonical\" href=\"https:\/\/www.ull.es\/portal\/agenda\/evento\/cafe-a-la-brasa-cartografias-del-arte-actual\/\" \/>\n<meta property=\"og:locale\" content=\"es_ES\" \/>\n<meta property=\"og:type\" content=\"article\" \/>\n<meta property=\"og:title\" content=\"Caf\u00e9 a la brasa (cartograf\u00edas del arte actual) - ULL - Agenda\" \/>\n<meta property=\"og:description\" content=\"El Aula Cultural de Pensamiento Art\u00edstico Contempor\u00e1neo, con la colaboraci\u00f3n de la Facultad de Bellas Artes, organiza este seminario que se celebrar\u00e1 en la Facultad de Bellas Artes los mi\u00e9rcoles 15, 22 y 29 de octubre, 5, 12 19 y 26 de noviembre, 3 y 10 de diciembre de 2025 en horario de 15:30 a...\" \/>\n<meta property=\"og:url\" content=\"https:\/\/www.ull.es\/portal\/agenda\/evento\/cafe-a-la-brasa-cartografias-del-arte-actual\/\" \/>\n<meta property=\"og:site_name\" content=\"ULL - Agenda\" \/>\n<meta property=\"article:modified_time\" content=\"2025-10-06T08:37:49+00:00\" \/>\n<meta property=\"og:image\" content=\"https:\/\/www.ull.es\/portal\/agenda\/wp-content\/uploads\/sites\/12\/2025\/10\/cafe-a-la-brasa-25.jpg\" \/>\n\t<meta property=\"og:image:width\" content=\"1562\" \/>\n\t<meta property=\"og:image:height\" content=\"771\" \/>\n\t<meta property=\"og:image:type\" content=\"image\/jpeg\" \/>\n<meta name=\"twitter:card\" content=\"summary_large_image\" \/>\n<meta name=\"twitter:label1\" content=\"Tiempo de lectura\" \/>\n\t<meta name=\"twitter:data1\" content=\"2 minutos\" \/>\n<script type=\"application\/ld+json\" class=\"yoast-schema-graph\">{\"@context\":\"https:\/\/schema.org\",\"@graph\":[{\"@type\":\"WebPage\",\"@id\":\"https:\/\/www.ull.es\/portal\/agenda\/evento\/cafe-a-la-brasa-cartografias-del-arte-actual\/\",\"url\":\"https:\/\/www.ull.es\/portal\/agenda\/evento\/cafe-a-la-brasa-cartografias-del-arte-actual\/\",\"name\":\"Caf\u00e9 a la brasa (cartograf\u00edas del arte actual) - ULL - Agenda\",\"isPartOf\":{\"@id\":\"https:\/\/www.ull.es\/portal\/agenda\/#website\"},\"datePublished\":\"2025-10-06T08:37:22+00:00\",\"dateModified\":\"2025-10-06T08:37:49+00:00\",\"breadcrumb\":{\"@id\":\"https:\/\/www.ull.es\/portal\/agenda\/evento\/cafe-a-la-brasa-cartografias-del-arte-actual\/#breadcrumb\"},\"inLanguage\":\"es\",\"potentialAction\":[{\"@type\":\"ReadAction\",\"target\":[\"https:\/\/www.ull.es\/portal\/agenda\/evento\/cafe-a-la-brasa-cartografias-del-arte-actual\/\"]}]},{\"@type\":\"BreadcrumbList\",\"@id\":\"https:\/\/www.ull.es\/portal\/agenda\/evento\/cafe-a-la-brasa-cartografias-del-arte-actual\/#breadcrumb\",\"itemListElement\":[{\"@type\":\"ListItem\",\"position\":1,\"name\":\"Portada\",\"item\":\"https:\/\/www.ull.es\/portal\/agenda\/\"},{\"@type\":\"ListItem\",\"position\":2,\"name\":\"Caf\u00e9 a la brasa (cartograf\u00edas del arte actual)\"}]},{\"@type\":\"WebSite\",\"@id\":\"https:\/\/www.ull.es\/portal\/agenda\/#website\",\"url\":\"https:\/\/www.ull.es\/portal\/agenda\/\",\"name\":\"ULL - Agenda\",\"description\":\"\",\"potentialAction\":[{\"@type\":\"SearchAction\",\"target\":{\"@type\":\"EntryPoint\",\"urlTemplate\":\"https:\/\/www.ull.es\/portal\/agenda\/?s={search_term_string}\"},\"query-input\":\"required name=search_term_string\"}],\"inLanguage\":\"es\"}]}<\/script>\n<!-- \/ Yoast SEO plugin. -->","yoast_head_json":{"title":"Caf\u00e9 a la brasa (cartograf\u00edas del arte actual) - ULL - Agenda","robots":{"index":"index","follow":"follow","max-snippet":"max-snippet:-1","max-image-preview":"max-image-preview:large","max-video-preview":"max-video-preview:-1"},"canonical":"https:\/\/www.ull.es\/portal\/agenda\/evento\/cafe-a-la-brasa-cartografias-del-arte-actual\/","og_locale":"es_ES","og_type":"article","og_title":"Caf\u00e9 a la brasa (cartograf\u00edas del arte actual) - ULL - Agenda","og_description":"El Aula Cultural de Pensamiento Art\u00edstico Contempor\u00e1neo, con la colaboraci\u00f3n de la Facultad de Bellas Artes, organiza este seminario que se celebrar\u00e1 en la Facultad de Bellas Artes los mi\u00e9rcoles 15, 22 y 29 de octubre, 5, 12 19 y 26 de noviembre, 3 y 10 de diciembre de 2025 en horario de 15:30 a...","og_url":"https:\/\/www.ull.es\/portal\/agenda\/evento\/cafe-a-la-brasa-cartografias-del-arte-actual\/","og_site_name":"ULL - Agenda","article_modified_time":"2025-10-06T08:37:49+00:00","og_image":[{"width":1562,"height":771,"url":"https:\/\/www.ull.es\/portal\/agenda\/wp-content\/uploads\/sites\/12\/2025\/10\/cafe-a-la-brasa-25.jpg","type":"image\/jpeg"}],"twitter_card":"summary_large_image","twitter_misc":{"Tiempo de lectura":"2 minutos"},"schema":{"@context":"https:\/\/schema.org","@graph":[{"@type":"WebPage","@id":"https:\/\/www.ull.es\/portal\/agenda\/evento\/cafe-a-la-brasa-cartografias-del-arte-actual\/","url":"https:\/\/www.ull.es\/portal\/agenda\/evento\/cafe-a-la-brasa-cartografias-del-arte-actual\/","name":"Caf\u00e9 a la brasa (cartograf\u00edas del arte actual) - ULL - Agenda","isPartOf":{"@id":"https:\/\/www.ull.es\/portal\/agenda\/#website"},"datePublished":"2025-10-06T08:37:22+00:00","dateModified":"2025-10-06T08:37:49+00:00","breadcrumb":{"@id":"https:\/\/www.ull.es\/portal\/agenda\/evento\/cafe-a-la-brasa-cartografias-del-arte-actual\/#breadcrumb"},"inLanguage":"es","potentialAction":[{"@type":"ReadAction","target":["https:\/\/www.ull.es\/portal\/agenda\/evento\/cafe-a-la-brasa-cartografias-del-arte-actual\/"]}]},{"@type":"BreadcrumbList","@id":"https:\/\/www.ull.es\/portal\/agenda\/evento\/cafe-a-la-brasa-cartografias-del-arte-actual\/#breadcrumb","itemListElement":[{"@type":"ListItem","position":1,"name":"Portada","item":"https:\/\/www.ull.es\/portal\/agenda\/"},{"@type":"ListItem","position":2,"name":"Caf\u00e9 a la brasa (cartograf\u00edas del arte actual)"}]},{"@type":"WebSite","@id":"https:\/\/www.ull.es\/portal\/agenda\/#website","url":"https:\/\/www.ull.es\/portal\/agenda\/","name":"ULL - Agenda","description":"","potentialAction":[{"@type":"SearchAction","target":{"@type":"EntryPoint","urlTemplate":"https:\/\/www.ull.es\/portal\/agenda\/?s={search_term_string}"},"query-input":"required name=search_term_string"}],"inLanguage":"es"}]}},"_links":{"self":[{"href":"https:\/\/www.ull.es\/portal\/agenda\/wp-json\/wp\/v2\/tribe_events\/44434"}],"collection":[{"href":"https:\/\/www.ull.es\/portal\/agenda\/wp-json\/wp\/v2\/tribe_events"}],"about":[{"href":"https:\/\/www.ull.es\/portal\/agenda\/wp-json\/wp\/v2\/types\/tribe_events"}],"author":[{"embeddable":true,"href":"https:\/\/www.ull.es\/portal\/agenda\/wp-json\/wp\/v2\/users\/43"}],"replies":[{"embeddable":true,"href":"https:\/\/www.ull.es\/portal\/agenda\/wp-json\/wp\/v2\/comments?post=44434"}],"version-history":[{"count":1,"href":"https:\/\/www.ull.es\/portal\/agenda\/wp-json\/wp\/v2\/tribe_events\/44434\/revisions"}],"predecessor-version":[{"id":44436,"href":"https:\/\/www.ull.es\/portal\/agenda\/wp-json\/wp\/v2\/tribe_events\/44434\/revisions\/44436"}],"wp:featuredmedia":[{"embeddable":true,"href":"https:\/\/www.ull.es\/portal\/agenda\/wp-json\/wp\/v2\/media\/44435"}],"wp:attachment":[{"href":"https:\/\/www.ull.es\/portal\/agenda\/wp-json\/wp\/v2\/media?parent=44434"}],"wp:term":[{"taxonomy":"post_tag","embeddable":true,"href":"https:\/\/www.ull.es\/portal\/agenda\/wp-json\/wp\/v2\/tags?post=44434"},{"taxonomy":"tribe_events_cat","embeddable":true,"href":"https:\/\/www.ull.es\/portal\/agenda\/wp-json\/wp\/v2\/tribe_events_cat?post=44434"}],"curies":[{"name":"wp","href":"https:\/\/api.w.org\/{rel}","templated":true}]}}

Café a la brasa (cartografías del arte actual)

<p>El Aula Cultural de Pensamiento Artístico Contemporáneo, con la colaboración de la Facultad de Bellas Artes, organiza este seminario que se celebrará en la Facultad de Bellas Artes los miércoles 15, 22 y 29 de octubre, 5, 12 19 y 26 de noviembre, 3 y 10 de diciembre de 2025 en horario de 15:30 a 18:30 horas.</p>
<p><em>Café a la bras</em>a se plantea –más que impartir un seminario– crear un hábito: el de quedar para hablar, de manera distendida, sobre lo que está pasando en el (o le está pasando al) arte. Basada en la “metodología” del café filosófico, la idea es simple: una vez a la semana, plantear, a la hora del café, un tema relacionado con el arte actual, en un tono relativamente polémico, con la intención de provocar un debate focalizado en el análisis de en qué medida y sentido nos interpela el problema. Nos interesa plantear los temas no tanto porque los conozcamos como porque nos gustaría conocerlos y abordarlos desde diferentes enfoques.</p>
<p>En este cuatrimestre, el café a la brasa tratará de recorrer y territorializar el paisaje del arte actual, sugiriendo relaciones dialécticas entre las posiciones relativas de sus expresiones. Los asuntos inicialmente propuestos son los que se recogen en el temario, pero no nos preocupa que este pueda sufrir cambios conforme avance el seminario y en función de su propia dinámica interna.</p>
<p>Dirigido a cualquier persona interesada en el arte y el pensamiento contemporáneo.</p>
<p>Dirección académica: Ramón Jesús Salas Lamamie de Clairac. Profesor Titular de Universidad, Departamento de Bellas Artes de la Universidad de La Laguna.</p>
<p><strong>CERTIFICADO DE ASISTENCIA Y APTITUD: </strong>La Universidad de La Laguna, a través del Vicerrectorado de Cultura y Extensión Universitaria, emitirá un certificado de asistencia a todas aquellas personas que participen, previa inscripción en la actividad. Además, aquellas personas que superen la evaluación, recibirán un certificado de asistencia y aprovechamiento.</p>
<p>Asistencia gratuita previa inscripción. <a href="https://sede.fg.ull.es/es/curso/detalle?code=a25020257&amp;name=cafe-a-la-brasa-cartografias-del-arte-actual&amp;query=%3Fcode%3DA25020257" target="_blank" rel="noopener" target="_blank" rel="noopener"><strong><u>Más información e inscripción aquí.</u></strong></a></p>
<p><strong>Contacto: </strong><a href="mailto:extuni@ull.edu.es" target="_blank" rel="noopener" target="_blank" rel="noopener"><strong>extuni@ull.es</strong></a></p>

<p>El Aula Cultural de Pensamiento Artístico Contemporáneo, con la colaboración de la Facultad de Bellas Artes, organiza este seminario que se celebrará en la Facultad de Bellas Artes los miércoles 15, 22 y 29 de octubre, 5, 12 19 y 26 de noviembre, 3 y 10 de diciembre de 2025 en horario de 15:30 a&#8230;</p>

<!-- This site is optimized with the Yoast SEO plugin v21.3 - https://yoast.com/wordpress/plugins/seo/ -->
<title>Café a la brasa (cartografías del arte actual) - ULL - Agenda</title>
<meta name="robots" content="index, follow, max-snippet:-1, max-image-preview:large, max-video-preview:-1" />
<link rel="canonical" href="https://www.ull.es/portal/agenda/evento/cafe-a-la-brasa-cartografias-del-arte-actual/" />
<meta property="og:locale" content="es_ES" />
<meta property="og:type" content="article" />
<meta property="og:title" content="Café a la brasa (cartografías del arte actual) - ULL - Agenda" />
<meta property="og:description" content="El Aula Cultural de Pensamiento Artístico Contemporáneo, con la colaboración de la Facultad de Bellas Artes, organiza este seminario que se celebrará en la Facultad de Bellas Artes los miércoles 15, 22 y 29 de octubre, 5, 12 19 y 26 de noviembre, 3 y 10 de diciembre de 2025 en horario de 15:30 a..." />
<meta property="og:url" content="https://www.ull.es/portal/agenda/evento/cafe-a-la-brasa-cartografias-del-arte-actual/" />
<meta property="og:site_name" content="ULL - Agenda" />
<meta property="article:modified_time" content="2025-10-06T08:37:49+00:00" />
<meta property="og:image" content="https://www.ull.es/portal/agenda/wp-content/uploads/sites/12/2025/10/cafe-a-la-brasa-25.jpg" />
	<meta property="og:image:width" content="1562" />
	<meta property="og:image:height" content="771" />
	<meta property="og:image:type" content="image/jpeg" />
<meta name="twitter:card" content="summary_large_image" />
<meta name="twitter:label1" content="Tiempo de lectura" />
	<meta name="twitter:data1" content="2 minutos" />
<script type="application/ld+json" class="yoast-schema-graph">{"@context":"https://schema.org","@graph":[{"@type":"WebPage","@id":"https://www.ull.es/portal/agenda/evento/cafe-a-la-brasa-cartografias-del-arte-actual/","url":"https://www.ull.es/portal/agenda/evento/cafe-a-la-brasa-cartografias-del-arte-actual/","name":"Café a la brasa (cartografías del arte actual) - ULL - Agenda","isPartOf":{"@id":"https://www.ull.es/portal/agenda/#website"},"datePublished":"2025-10-06T08:37:22+00:00","dateModified":"2025-10-06T08:37:49+00:00","breadcrumb":{"@id":"https://www.ull.es/portal/agenda/evento/cafe-a-la-brasa-cartografias-del-arte-actual/#breadcrumb"},"inLanguage":"es","potentialAction":[{"@type":"ReadAction","target":["https://www.ull.es/portal/agenda/evento/cafe-a-la-brasa-cartografias-del-arte-actual/"]}]},{"@type":"BreadcrumbList","@id":"https://www.ull.es/portal/agenda/evento/cafe-a-la-brasa-cartografias-del-arte-actual/#breadcrumb","itemListElement":[{"@type":"ListItem","position":1,"name":"Portada","item":"https://www.ull.es/portal/agenda/"},{"@type":"ListItem","position":2,"name":"Café a la brasa (cartografías del arte actual)"}]},{"@type":"WebSite","@id":"https://www.ull.es/portal/agenda/#website","url":"https://www.ull.es/portal/agenda/","name":"ULL - Agenda","description":"","potentialAction":[{"@type":"SearchAction","target":{"@type":"EntryPoint","urlTemplate":"https://www.ull.es/portal/agenda/?s={search_term_string}"},"query-input":"required name=search_term_string"}],"inLanguage":"es"}]}</script>
<!-- / Yoast SEO plugin. -->

Café a la brasa (cartografías del arte actual) - ULL - Agenda

El Aula Cultural de Pensamiento Artístico Contemporáneo, con la colaboración de la Facultad de Bellas Artes, organiza este seminario que se celebrará en la Facultad de Bellas Artes los miércoles 15, 22 y 29 de octubre, 5, 12 19 y 26 de noviembre, 3 y 10 de diciembre de 2025 en horario de 15:30 a...
