{"id":44515,"date":"2025-10-08T08:05:15","date_gmt":"2025-10-08T08:05:15","guid":{"rendered":"https:\/\/www.ull.es\/portal\/agenda\/?post_type=tribe_events&#038;p=44515"},"modified":"2025-10-13T12:43:48","modified_gmt":"2025-10-13T12:43:48","slug":"seminario-internacional-puerto-rico-excepcionalidad-en-el-caribe-reciente","status":"publish","type":"tribe_events","link":"https:\/\/www.ull.es\/portal\/agenda\/evento\/seminario-internacional-puerto-rico-excepcionalidad-en-el-caribe-reciente\/","title":{"rendered":"Seminario Internacional Puerto Rico: excepcionalidad en el Caribe reciente"},"content":{"rendered":"<p>Puerto Rico hoy se encuentra en una extraordinaria paradoja. Sus expresiones culturales, a lomos de los grandes nombres del g\u00e9nero latino y urbano, han experimentado una expansi\u00f3n sin parang\u00f3n en las \u00faltimas d\u00e9cadas y son conocidas y admiradas en todo el globo. Al mismo tiempo, su realidad pol\u00edtica contempor\u00e1nea, marcada por fen\u00f3menos y desaf\u00edos como el coloniaje, las dificultades asociadas a los desastres naturales o el ascenso de la derecha nativista, plantean un contexto de fuerte dificultad en la isla. Esas paradojas son las que se quieren abordar en este seminario que acerca a prestigiosos especialistas de y en Puerto Rico al p\u00fablico canario. Este seminario se engloba dentro del Ciclo sobre historia reciente de Am\u00e9rica Latina organizado por el \u00c1rea de Historia de Am\u00e9rica de la Universidad de La Laguna.<\/p>\n<p>Este es un foro de debate que se viene organizando de manera h\u00edbrida (una parte presencial en Tenerife, y otra online) en esta universidad, como forma de acercamiento entre las dos orillas de este Oc\u00e9ano Atl\u00e1ntico que nos ba\u00f1a. Esta es la tercera edici\u00f3n del ciclo y tras dedicar las primeras ediciones a Argentina y Ecuador, se ha seleccionado Puerto Rico como el pa\u00eds en el que centrar la edici\u00f3n de este mes de octubre. El objetivo es analizar y reflexionar sobre los desaf\u00edos que tiene este pa\u00eds caribe\u00f1o. Desaf\u00edos que se centran no solo en la pol\u00edtica cl\u00e1sica o en la asignaci\u00f3n de recursos, sino que trascienden dicho \u00e1mbito y llegan tambi\u00e9n a una cultura que, en pleno proceso de expansi\u00f3n debe repensarse para no perder originalidad y caer en lo vacuo.<\/p>\n<p>Para seguir el evento de forma virtual, pulse este <a href=\"https:\/\/meet.google.com\/ows-ifcg-zpj\" target=\"_blank\" rel=\"noopener\" target=\"_blank\" rel=\"noopener\">enlace<\/a>.<\/p>\n<p>Para m\u00e1s informaci\u00f3n, pulse este <a href=\"https:\/\/eventos.ull.es\/141671\/detail\/seminario-internacional-puerto-rico-excepcionalidad-en-el-caribe-reciente.html\" target=\"_blank\" rel=\"noopener\" target=\"_blank\" rel=\"noopener\">enlace<\/a>.<\/p>\n","protected":false},"excerpt":{"rendered":"<p>Puerto Rico hoy se encuentra en una extraordinaria paradoja. Sus expresiones culturales, a lomos de los grandes nombres del g\u00e9nero latino y urbano, han experimentado una expansi\u00f3n sin parang\u00f3n en las \u00faltimas d\u00e9cadas y son conocidas y admiradas en todo el globo. Al mismo tiempo, su realidad pol\u00edtica contempor\u00e1nea, marcada por fen\u00f3menos y desaf\u00edos como&#8230;<\/p>\n","protected":false},"author":65,"featured_media":44647,"comment_status":"closed","ping_status":"closed","template":"","tags":[],"tribe_events_cat":[4,985,509,186,191],"acf":[],"yoast_head":"<!-- This site is optimized with the Yoast SEO plugin v21.3 - https:\/\/yoast.com\/wordpress\/plugins\/seo\/ -->\n<title>Seminario Internacional Puerto Rico: excepcionalidad en el Caribe reciente - ULL - Agenda<\/title>\n<meta name=\"robots\" content=\"index, follow, max-snippet:-1, max-image-preview:large, max-video-preview:-1\" \/>\n<link rel=\"canonical\" href=\"https:\/\/www.ull.es\/portal\/agenda\/evento\/seminario-internacional-puerto-rico-excepcionalidad-en-el-caribe-reciente\/\" \/>\n<meta property=\"og:locale\" content=\"es_ES\" \/>\n<meta property=\"og:type\" content=\"article\" \/>\n<meta property=\"og:title\" content=\"Seminario Internacional Puerto Rico: excepcionalidad en el Caribe reciente - ULL - Agenda\" \/>\n<meta property=\"og:description\" content=\"Puerto Rico hoy se encuentra en una extraordinaria paradoja. Sus expresiones culturales, a lomos de los grandes nombres del g\u00e9nero latino y urbano, han experimentado una expansi\u00f3n sin parang\u00f3n en las \u00faltimas d\u00e9cadas y son conocidas y admiradas en todo el globo. Al mismo tiempo, su realidad pol\u00edtica contempor\u00e1nea, marcada por fen\u00f3menos y desaf\u00edos como...\" \/>\n<meta property=\"og:url\" content=\"https:\/\/www.ull.es\/portal\/agenda\/evento\/seminario-internacional-puerto-rico-excepcionalidad-en-el-caribe-reciente\/\" \/>\n<meta property=\"og:site_name\" content=\"ULL - Agenda\" \/>\n<meta property=\"article:modified_time\" content=\"2025-10-13T12:43:48+00:00\" \/>\n<meta property=\"og:image\" content=\"https:\/\/www.ull.es\/portal\/agenda\/wp-content\/uploads\/sites\/12\/2025\/10\/Seminario-Internacional-Puerto-Rico-excepcionalidad-en-el-Caribe-reciente_Banner-eventos.png\" \/>\n\t<meta property=\"og:image:width\" content=\"750\" \/>\n\t<meta property=\"og:image:height\" content=\"370\" \/>\n\t<meta property=\"og:image:type\" content=\"image\/png\" \/>\n<meta name=\"twitter:card\" content=\"summary_large_image\" \/>\n<meta name=\"twitter:label1\" content=\"Tiempo de lectura\" \/>\n\t<meta name=\"twitter:data1\" content=\"2 minutos\" \/>\n<script type=\"application\/ld+json\" class=\"yoast-schema-graph\">{\"@context\":\"https:\/\/schema.org\",\"@graph\":[{\"@type\":\"WebPage\",\"@id\":\"https:\/\/www.ull.es\/portal\/agenda\/evento\/seminario-internacional-puerto-rico-excepcionalidad-en-el-caribe-reciente\/\",\"url\":\"https:\/\/www.ull.es\/portal\/agenda\/evento\/seminario-internacional-puerto-rico-excepcionalidad-en-el-caribe-reciente\/\",\"name\":\"Seminario Internacional Puerto Rico: excepcionalidad en el Caribe reciente - ULL - Agenda\",\"isPartOf\":{\"@id\":\"https:\/\/www.ull.es\/portal\/agenda\/#website\"},\"datePublished\":\"2025-10-08T08:05:15+00:00\",\"dateModified\":\"2025-10-13T12:43:48+00:00\",\"breadcrumb\":{\"@id\":\"https:\/\/www.ull.es\/portal\/agenda\/evento\/seminario-internacional-puerto-rico-excepcionalidad-en-el-caribe-reciente\/#breadcrumb\"},\"inLanguage\":\"es\",\"potentialAction\":[{\"@type\":\"ReadAction\",\"target\":[\"https:\/\/www.ull.es\/portal\/agenda\/evento\/seminario-internacional-puerto-rico-excepcionalidad-en-el-caribe-reciente\/\"]}]},{\"@type\":\"BreadcrumbList\",\"@id\":\"https:\/\/www.ull.es\/portal\/agenda\/evento\/seminario-internacional-puerto-rico-excepcionalidad-en-el-caribe-reciente\/#breadcrumb\",\"itemListElement\":[{\"@type\":\"ListItem\",\"position\":1,\"name\":\"Portada\",\"item\":\"https:\/\/www.ull.es\/portal\/agenda\/\"},{\"@type\":\"ListItem\",\"position\":2,\"name\":\"Seminario Internacional Puerto Rico: excepcionalidad en el Caribe reciente\"}]},{\"@type\":\"WebSite\",\"@id\":\"https:\/\/www.ull.es\/portal\/agenda\/#website\",\"url\":\"https:\/\/www.ull.es\/portal\/agenda\/\",\"name\":\"ULL - Agenda\",\"description\":\"\",\"potentialAction\":[{\"@type\":\"SearchAction\",\"target\":{\"@type\":\"EntryPoint\",\"urlTemplate\":\"https:\/\/www.ull.es\/portal\/agenda\/?s={search_term_string}\"},\"query-input\":\"required name=search_term_string\"}],\"inLanguage\":\"es\"}]}<\/script>\n<!-- \/ Yoast SEO plugin. -->","yoast_head_json":{"title":"Seminario Internacional Puerto Rico: excepcionalidad en el Caribe reciente - ULL - Agenda","robots":{"index":"index","follow":"follow","max-snippet":"max-snippet:-1","max-image-preview":"max-image-preview:large","max-video-preview":"max-video-preview:-1"},"canonical":"https:\/\/www.ull.es\/portal\/agenda\/evento\/seminario-internacional-puerto-rico-excepcionalidad-en-el-caribe-reciente\/","og_locale":"es_ES","og_type":"article","og_title":"Seminario Internacional Puerto Rico: excepcionalidad en el Caribe reciente - ULL - Agenda","og_description":"Puerto Rico hoy se encuentra en una extraordinaria paradoja. Sus expresiones culturales, a lomos de los grandes nombres del g\u00e9nero latino y urbano, han experimentado una expansi\u00f3n sin parang\u00f3n en las \u00faltimas d\u00e9cadas y son conocidas y admiradas en todo el globo. Al mismo tiempo, su realidad pol\u00edtica contempor\u00e1nea, marcada por fen\u00f3menos y desaf\u00edos como...","og_url":"https:\/\/www.ull.es\/portal\/agenda\/evento\/seminario-internacional-puerto-rico-excepcionalidad-en-el-caribe-reciente\/","og_site_name":"ULL - Agenda","article_modified_time":"2025-10-13T12:43:48+00:00","og_image":[{"width":750,"height":370,"url":"https:\/\/www.ull.es\/portal\/agenda\/wp-content\/uploads\/sites\/12\/2025\/10\/Seminario-Internacional-Puerto-Rico-excepcionalidad-en-el-Caribe-reciente_Banner-eventos.png","type":"image\/png"}],"twitter_card":"summary_large_image","twitter_misc":{"Tiempo de lectura":"2 minutos"},"schema":{"@context":"https:\/\/schema.org","@graph":[{"@type":"WebPage","@id":"https:\/\/www.ull.es\/portal\/agenda\/evento\/seminario-internacional-puerto-rico-excepcionalidad-en-el-caribe-reciente\/","url":"https:\/\/www.ull.es\/portal\/agenda\/evento\/seminario-internacional-puerto-rico-excepcionalidad-en-el-caribe-reciente\/","name":"Seminario Internacional Puerto Rico: excepcionalidad en el Caribe reciente - ULL - Agenda","isPartOf":{"@id":"https:\/\/www.ull.es\/portal\/agenda\/#website"},"datePublished":"2025-10-08T08:05:15+00:00","dateModified":"2025-10-13T12:43:48+00:00","breadcrumb":{"@id":"https:\/\/www.ull.es\/portal\/agenda\/evento\/seminario-internacional-puerto-rico-excepcionalidad-en-el-caribe-reciente\/#breadcrumb"},"inLanguage":"es","potentialAction":[{"@type":"ReadAction","target":["https:\/\/www.ull.es\/portal\/agenda\/evento\/seminario-internacional-puerto-rico-excepcionalidad-en-el-caribe-reciente\/"]}]},{"@type":"BreadcrumbList","@id":"https:\/\/www.ull.es\/portal\/agenda\/evento\/seminario-internacional-puerto-rico-excepcionalidad-en-el-caribe-reciente\/#breadcrumb","itemListElement":[{"@type":"ListItem","position":1,"name":"Portada","item":"https:\/\/www.ull.es\/portal\/agenda\/"},{"@type":"ListItem","position":2,"name":"Seminario Internacional Puerto Rico: excepcionalidad en el Caribe reciente"}]},{"@type":"WebSite","@id":"https:\/\/www.ull.es\/portal\/agenda\/#website","url":"https:\/\/www.ull.es\/portal\/agenda\/","name":"ULL - Agenda","description":"","potentialAction":[{"@type":"SearchAction","target":{"@type":"EntryPoint","urlTemplate":"https:\/\/www.ull.es\/portal\/agenda\/?s={search_term_string}"},"query-input":"required name=search_term_string"}],"inLanguage":"es"}]}},"_links":{"self":[{"href":"https:\/\/www.ull.es\/portal\/agenda\/wp-json\/wp\/v2\/tribe_events\/44515"}],"collection":[{"href":"https:\/\/www.ull.es\/portal\/agenda\/wp-json\/wp\/v2\/tribe_events"}],"about":[{"href":"https:\/\/www.ull.es\/portal\/agenda\/wp-json\/wp\/v2\/types\/tribe_events"}],"author":[{"embeddable":true,"href":"https:\/\/www.ull.es\/portal\/agenda\/wp-json\/wp\/v2\/users\/65"}],"replies":[{"embeddable":true,"href":"https:\/\/www.ull.es\/portal\/agenda\/wp-json\/wp\/v2\/comments?post=44515"}],"version-history":[{"count":3,"href":"https:\/\/www.ull.es\/portal\/agenda\/wp-json\/wp\/v2\/tribe_events\/44515\/revisions"}],"predecessor-version":[{"id":44526,"href":"https:\/\/www.ull.es\/portal\/agenda\/wp-json\/wp\/v2\/tribe_events\/44515\/revisions\/44526"}],"wp:featuredmedia":[{"embeddable":true,"href":"https:\/\/www.ull.es\/portal\/agenda\/wp-json\/wp\/v2\/media\/44647"}],"wp:attachment":[{"href":"https:\/\/www.ull.es\/portal\/agenda\/wp-json\/wp\/v2\/media?parent=44515"}],"wp:term":[{"taxonomy":"post_tag","embeddable":true,"href":"https:\/\/www.ull.es\/portal\/agenda\/wp-json\/wp\/v2\/tags?post=44515"},{"taxonomy":"tribe_events_cat","embeddable":true,"href":"https:\/\/www.ull.es\/portal\/agenda\/wp-json\/wp\/v2\/tribe_events_cat?post=44515"}],"curies":[{"name":"wp","href":"https:\/\/api.w.org\/{rel}","templated":true}]}}

<p>Puerto Rico hoy se encuentra en una extraordinaria paradoja. Sus expresiones culturales, a lomos de los grandes nombres del género latino y urbano, han experimentado una expansión sin parangón en las últimas décadas y son conocidas y admiradas en todo el globo. Al mismo tiempo, su realidad política contemporánea, marcada por fenómenos y desafíos como el coloniaje, las dificultades asociadas a los desastres naturales o el ascenso de la derecha nativista, plantean un contexto de fuerte dificultad en la isla. Esas paradojas son las que se quieren abordar en este seminario que acerca a prestigiosos especialistas de y en Puerto Rico al público canario. Este seminario se engloba dentro del Ciclo sobre historia reciente de América Latina organizado por el Área de Historia de América de la Universidad de La Laguna.</p>
<p>Este es un foro de debate que se viene organizando de manera híbrida (una parte presencial en Tenerife, y otra online) en esta universidad, como forma de acercamiento entre las dos orillas de este Océano Atlántico que nos baña. Esta es la tercera edición del ciclo y tras dedicar las primeras ediciones a Argentina y Ecuador, se ha seleccionado Puerto Rico como el país en el que centrar la edición de este mes de octubre. El objetivo es analizar y reflexionar sobre los desafíos que tiene este país caribeño. Desafíos que se centran no solo en la política clásica o en la asignación de recursos, sino que trascienden dicho ámbito y llegan también a una cultura que, en pleno proceso de expansión debe repensarse para no perder originalidad y caer en lo vacuo.</p>
<p>Para seguir el evento de forma virtual, pulse este <a href="https://meet.google.com/ows-ifcg-zpj" target="_blank" rel="noopener" target="_blank" rel="noopener">enlace</a>.</p>
<p>Para más información, pulse este <a href="https://eventos.ull.es/141671/detail/seminario-internacional-puerto-rico-excepcionalidad-en-el-caribe-reciente.html" target="_blank" rel="noopener" target="_blank" rel="noopener">enlace</a>.</p>

<p>Puerto Rico hoy se encuentra en una extraordinaria paradoja. Sus expresiones culturales, a lomos de los grandes nombres del género latino y urbano, han experimentado una expansión sin parangón en las últimas décadas y son conocidas y admiradas en todo el globo. Al mismo tiempo, su realidad política contemporánea, marcada por fenómenos y desafíos como&#8230;</p>

<!-- This site is optimized with the Yoast SEO plugin v21.3 - https://yoast.com/wordpress/plugins/seo/ -->
<title>Seminario Internacional Puerto Rico: excepcionalidad en el Caribe reciente - ULL - Agenda</title>
<meta name="robots" content="index, follow, max-snippet:-1, max-image-preview:large, max-video-preview:-1" />
<link rel="canonical" href="https://www.ull.es/portal/agenda/evento/seminario-internacional-puerto-rico-excepcionalidad-en-el-caribe-reciente/" />
<meta property="og:locale" content="es_ES" />
<meta property="og:type" content="article" />
<meta property="og:title" content="Seminario Internacional Puerto Rico: excepcionalidad en el Caribe reciente - ULL - Agenda" />
<meta property="og:description" content="Puerto Rico hoy se encuentra en una extraordinaria paradoja. Sus expresiones culturales, a lomos de los grandes nombres del género latino y urbano, han experimentado una expansión sin parangón en las últimas décadas y son conocidas y admiradas en todo el globo. Al mismo tiempo, su realidad política contemporánea, marcada por fenómenos y desafíos como..." />
<meta property="og:url" content="https://www.ull.es/portal/agenda/evento/seminario-internacional-puerto-rico-excepcionalidad-en-el-caribe-reciente/" />
<meta property="og:site_name" content="ULL - Agenda" />
<meta property="article:modified_time" content="2025-10-13T12:43:48+00:00" />
<meta property="og:image" content="https://www.ull.es/portal/agenda/wp-content/uploads/sites/12/2025/10/Seminario-Internacional-Puerto-Rico-excepcionalidad-en-el-Caribe-reciente_Banner-eventos.png" />
	<meta property="og:image:width" content="750" />
	<meta property="og:image:height" content="370" />
	<meta property="og:image:type" content="image/png" />
<meta name="twitter:card" content="summary_large_image" />
<meta name="twitter:label1" content="Tiempo de lectura" />
	<meta name="twitter:data1" content="2 minutos" />
<script type="application/ld+json" class="yoast-schema-graph">{"@context":"https://schema.org","@graph":[{"@type":"WebPage","@id":"https://www.ull.es/portal/agenda/evento/seminario-internacional-puerto-rico-excepcionalidad-en-el-caribe-reciente/","url":"https://www.ull.es/portal/agenda/evento/seminario-internacional-puerto-rico-excepcionalidad-en-el-caribe-reciente/","name":"Seminario Internacional Puerto Rico: excepcionalidad en el Caribe reciente - ULL - Agenda","isPartOf":{"@id":"https://www.ull.es/portal/agenda/#website"},"datePublished":"2025-10-08T08:05:15+00:00","dateModified":"2025-10-13T12:43:48+00:00","breadcrumb":{"@id":"https://www.ull.es/portal/agenda/evento/seminario-internacional-puerto-rico-excepcionalidad-en-el-caribe-reciente/#breadcrumb"},"inLanguage":"es","potentialAction":[{"@type":"ReadAction","target":["https://www.ull.es/portal/agenda/evento/seminario-internacional-puerto-rico-excepcionalidad-en-el-caribe-reciente/"]}]},{"@type":"BreadcrumbList","@id":"https://www.ull.es/portal/agenda/evento/seminario-internacional-puerto-rico-excepcionalidad-en-el-caribe-reciente/#breadcrumb","itemListElement":[{"@type":"ListItem","position":1,"name":"Portada","item":"https://www.ull.es/portal/agenda/"},{"@type":"ListItem","position":2,"name":"Seminario Internacional Puerto Rico: excepcionalidad en el Caribe reciente"}]},{"@type":"WebSite","@id":"https://www.ull.es/portal/agenda/#website","url":"https://www.ull.es/portal/agenda/","name":"ULL - Agenda","description":"","potentialAction":[{"@type":"SearchAction","target":{"@type":"EntryPoint","urlTemplate":"https://www.ull.es/portal/agenda/?s={search_term_string}"},"query-input":"required name=search_term_string"}],"inLanguage":"es"}]}</script>
<!-- / Yoast SEO plugin. -->

Puerto Rico hoy se encuentra en una extraordinaria paradoja. Sus expresiones culturales, a lomos de los grandes nombres del género latino y urbano, han experimentado una expansión sin parangón en las últimas décadas y son conocidas y admiradas en todo el globo. Al mismo tiempo, su realidad política contemporánea, marcada por fenómenos y desafíos como...
