{"id":44519,"date":"2025-10-08T09:23:24","date_gmt":"2025-10-08T09:23:24","guid":{"rendered":"https:\/\/www.ull.es\/portal\/agenda\/?post_type=tribe_events&#038;p=44519"},"modified":"2025-10-09T12:26:20","modified_gmt":"2025-10-09T12:26:20","slug":"xv-jornadas-de-calidad-y-seguridad-alimentaria-2025","status":"publish","type":"tribe_events","link":"https:\/\/www.ull.es\/portal\/agenda\/evento\/xv-jornadas-de-calidad-y-seguridad-alimentaria-2025\/","title":{"rendered":"XV Jornadas de Calidad y Seguridad Alimentaria 2025"},"content":{"rendered":"<p>Las Jornadas de Calidad y Seguridad Alimentaria\u00a0del Grupo Analiza Calidad, que este a\u00f1o alcanzan su XV edici\u00f3n,\u00a0buscan la divulgaci\u00f3n y discusi\u00f3n de los conocimientos,\u00a0nuevas v\u00edas de investigaci\u00f3n y trabajo, actuando v\u00ednculo\u00a0en todo el sector alimentario para contribuir a una mejora\u00a0de los est\u00e1ndares de Calidad y Seguridad Alimentaria\u00a0demandados, cada vez m\u00e1s, por los consumidores.\u00a0El eslogan de este a\u00f1o, \u201cSomos lo que comemos: farm to fork\u201d,\u00a0servir\u00e1 de gu\u00eda en las 5 ciudades elegidas como sedes,\u00a0integrando Industrias Alimentarias, Cadenas de Distribuci\u00f3n,\u00a0<wbr \/>Administraciones, Centros de Investigaci\u00f3n, empresas\u00a0de Consultor\u00eda, Laboratorios, empresas de Certificaci\u00f3n,\u00a0Productos de Higiene, etc., que trabajan cada d\u00eda para mejorar\u00a0los sistemas de Calidad y Seguridad Alimentaria.<\/p>\n<p><strong>Programa<\/strong><\/p>\n<ul>\n<li>9:00 a 9:15 h Recogida de acreditaciones y entrega de documentaci\u00f3n<\/li>\n<li>9:15 a 9:30 h Presentaci\u00f3n Jornadas del Grupo Analiza Calidad<br \/>\nLuis M\u00aa Gallego Brogeras, director general. Grupo Analiza Calidad<\/li>\n<li>9:30 a 10:00 h Luis M\u00aa Gallego Brogeras, director general. Grupo Analiza Calidad<br \/>\nMicotoxinas legisladas conjugadas emergentes.<\/li>\n<li>10:00 a 10:30 h Nayra P\u00e9rez, facultativa especialista. Unidad de Gen\u00e9tica del Servicio de An\u00e1lisis Cl\u00ednico del Hospital Universitario Ntra. Sra. de Candelaria.<br \/>\nEnfermedades hereditarias: el diagn\u00f3stico gen\u00e9tico como clave en la alimentaci\u00f3n.<\/li>\n<li>10:30 a 11:00 h Javier del Barrio Izquierdo, director t\u00e9cnico JUALEX LACTEAS<br \/>\nControl de procesos en la fabricaci\u00f3n de una bebida l\u00e1ctea con grasa vegetal UHT .<\/li>\n<li>11:00 a 11:30 h Julio Lluch Bisbal, ingeniero de ventas y especialista en Separation Science. LECO Instrumentos S.L<br \/>\nOne Analyzer, Multiple Solutions: From MOSH\/MOAH to Pesticides, and Beyond.<\/li>\n<li>11:30 a 12:15 h Coffee Break<\/li>\n<li>12:15 a 12:45 h Alejandro Silvera, director del Laboratorio Agroalimentario de Canarias (Instituto Canario de Calidad Agroalimentaria).<br \/>\nNorma UNE:EN ISO\/IEC 17025: 2017<\/li>\n<li>12:45 a 13:15 h Arturo Hardisson de la Torre, catedr\u00e1tico de Toxicolog\u00eda. Universidad de La Laguna.<br \/>\nEl an\u00e1lisis del riesgo en seguridad alimentaria.<\/li>\n<li>13:15 a 13:45 h Manuel Hern\u00e1ndez Padr\u00f3n, licenciado en Qu\u00edmica, \u00c1rea de Qu\u00edmica Anal\u00edtica. M\u00e1ster en Desarrollo de Entornos 3D Interactivos con Realidad Virtual e Inteligencia Artificial.<br \/>\nNutrici\u00f3n en la era digital.<\/li>\n<li>\u00a013:45 a 14:15 h Ariel Callero Viera. F.E.A. Presidente de la Sociedad Canaria de Alergolog\u00eda.<br \/>\nContaminaci\u00f3n alimentaria: al\u00e9rgenos ocultos.<\/li>\n<li>13:45 a 14:15 h Debate.<\/li>\n<li>Clausura y entrega de diplomas.<\/li>\n<\/ul>\n<p><a href=\"https:\/\/docs.google.com\/forms\/d\/e\/1FAIpQLSecyDJ_Augmmq0MrYuRhGJb-ksvTjmaBC5cEQAY45PjHletfQ\/viewform\" target=\"_blank\" rel=\"noopener\" target=\"_blank\" rel=\"noopener\">Inscripci\u00f3n<\/a><\/p>\n<p>Para m\u00e1s informaci\u00f3n, pulse este <a href=\"https:\/\/drive.google.com\/file\/d\/1E1NDRufNYy4ys_eD6QonXY5TdEgoeeZ-\/view?usp=sharing\" target=\"_blank\" rel=\"noopener\" target=\"_blank\" rel=\"noopener\">enlace.\u00a0<\/a><\/p>\n","protected":false},"excerpt":{"rendered":"<p>Las Jornadas de Calidad y Seguridad Alimentaria\u00a0del Grupo Analiza Calidad, que este a\u00f1o alcanzan su XV edici\u00f3n,\u00a0buscan la divulgaci\u00f3n y discusi\u00f3n de los conocimientos,\u00a0nuevas v\u00edas de investigaci\u00f3n y trabajo, actuando v\u00ednculo\u00a0en todo el sector alimentario para contribuir a una mejora\u00a0de los est\u00e1ndares de Calidad y Seguridad Alimentaria\u00a0demandados, cada vez m\u00e1s, por los consumidores.\u00a0El eslogan de&#8230;<\/p>\n","protected":false},"author":65,"featured_media":44562,"comment_status":"closed","ping_status":"closed","template":"","tags":[],"tribe_events_cat":[4,2580,186,191],"acf":[],"yoast_head":"<!-- This site is optimized with the Yoast SEO plugin v21.3 - https:\/\/yoast.com\/wordpress\/plugins\/seo\/ -->\n<title>XV Jornadas de Calidad y Seguridad Alimentaria 2025 - ULL - Agenda<\/title>\n<meta name=\"robots\" content=\"index, follow, max-snippet:-1, max-image-preview:large, max-video-preview:-1\" \/>\n<link rel=\"canonical\" href=\"https:\/\/www.ull.es\/portal\/agenda\/evento\/xv-jornadas-de-calidad-y-seguridad-alimentaria-2025\/\" \/>\n<meta property=\"og:locale\" content=\"es_ES\" \/>\n<meta property=\"og:type\" content=\"article\" \/>\n<meta property=\"og:title\" content=\"XV Jornadas de Calidad y Seguridad Alimentaria 2025 - ULL - Agenda\" \/>\n<meta property=\"og:description\" content=\"Las Jornadas de Calidad y Seguridad Alimentaria\u00a0del Grupo Analiza Calidad, que este a\u00f1o alcanzan su XV edici\u00f3n,\u00a0buscan la divulgaci\u00f3n y discusi\u00f3n de los conocimientos,\u00a0nuevas v\u00edas de investigaci\u00f3n y trabajo, actuando v\u00ednculo\u00a0en todo el sector alimentario para contribuir a una mejora\u00a0de los est\u00e1ndares de Calidad y Seguridad Alimentaria\u00a0demandados, cada vez m\u00e1s, por los consumidores.\u00a0El eslogan de...\" \/>\n<meta property=\"og:url\" content=\"https:\/\/www.ull.es\/portal\/agenda\/evento\/xv-jornadas-de-calidad-y-seguridad-alimentaria-2025\/\" \/>\n<meta property=\"og:site_name\" content=\"ULL - Agenda\" \/>\n<meta property=\"article:modified_time\" content=\"2025-10-09T12:26:20+00:00\" \/>\n<meta property=\"og:image\" content=\"https:\/\/www.ull.es\/portal\/agenda\/wp-content\/uploads\/sites\/12\/2025\/10\/XV-Jornadas-de-Calidad-y-Seguridad-Alimentaria-2025_Banner-eventos.jpg\" \/>\n\t<meta property=\"og:image:width\" content=\"750\" \/>\n\t<meta property=\"og:image:height\" content=\"370\" \/>\n\t<meta property=\"og:image:type\" content=\"image\/jpeg\" \/>\n<meta name=\"twitter:card\" content=\"summary_large_image\" \/>\n<meta name=\"twitter:label1\" content=\"Tiempo de lectura\" \/>\n\t<meta name=\"twitter:data1\" content=\"2 minutos\" \/>\n<script type=\"application\/ld+json\" class=\"yoast-schema-graph\">{\"@context\":\"https:\/\/schema.org\",\"@graph\":[{\"@type\":\"WebPage\",\"@id\":\"https:\/\/www.ull.es\/portal\/agenda\/evento\/xv-jornadas-de-calidad-y-seguridad-alimentaria-2025\/\",\"url\":\"https:\/\/www.ull.es\/portal\/agenda\/evento\/xv-jornadas-de-calidad-y-seguridad-alimentaria-2025\/\",\"name\":\"XV Jornadas de Calidad y Seguridad Alimentaria 2025 - ULL - Agenda\",\"isPartOf\":{\"@id\":\"https:\/\/www.ull.es\/portal\/agenda\/#website\"},\"datePublished\":\"2025-10-08T09:23:24+00:00\",\"dateModified\":\"2025-10-09T12:26:20+00:00\",\"breadcrumb\":{\"@id\":\"https:\/\/www.ull.es\/portal\/agenda\/evento\/xv-jornadas-de-calidad-y-seguridad-alimentaria-2025\/#breadcrumb\"},\"inLanguage\":\"es\",\"potentialAction\":[{\"@type\":\"ReadAction\",\"target\":[\"https:\/\/www.ull.es\/portal\/agenda\/evento\/xv-jornadas-de-calidad-y-seguridad-alimentaria-2025\/\"]}]},{\"@type\":\"BreadcrumbList\",\"@id\":\"https:\/\/www.ull.es\/portal\/agenda\/evento\/xv-jornadas-de-calidad-y-seguridad-alimentaria-2025\/#breadcrumb\",\"itemListElement\":[{\"@type\":\"ListItem\",\"position\":1,\"name\":\"Portada\",\"item\":\"https:\/\/www.ull.es\/portal\/agenda\/\"},{\"@type\":\"ListItem\",\"position\":2,\"name\":\"XV Jornadas de Calidad y Seguridad Alimentaria 2025\"}]},{\"@type\":\"WebSite\",\"@id\":\"https:\/\/www.ull.es\/portal\/agenda\/#website\",\"url\":\"https:\/\/www.ull.es\/portal\/agenda\/\",\"name\":\"ULL - Agenda\",\"description\":\"\",\"potentialAction\":[{\"@type\":\"SearchAction\",\"target\":{\"@type\":\"EntryPoint\",\"urlTemplate\":\"https:\/\/www.ull.es\/portal\/agenda\/?s={search_term_string}\"},\"query-input\":\"required name=search_term_string\"}],\"inLanguage\":\"es\"}]}<\/script>\n<!-- \/ Yoast SEO plugin. -->","yoast_head_json":{"title":"XV Jornadas de Calidad y Seguridad Alimentaria 2025 - ULL - Agenda","robots":{"index":"index","follow":"follow","max-snippet":"max-snippet:-1","max-image-preview":"max-image-preview:large","max-video-preview":"max-video-preview:-1"},"canonical":"https:\/\/www.ull.es\/portal\/agenda\/evento\/xv-jornadas-de-calidad-y-seguridad-alimentaria-2025\/","og_locale":"es_ES","og_type":"article","og_title":"XV Jornadas de Calidad y Seguridad Alimentaria 2025 - ULL - Agenda","og_description":"Las Jornadas de Calidad y Seguridad Alimentaria\u00a0del Grupo Analiza Calidad, que este a\u00f1o alcanzan su XV edici\u00f3n,\u00a0buscan la divulgaci\u00f3n y discusi\u00f3n de los conocimientos,\u00a0nuevas v\u00edas de investigaci\u00f3n y trabajo, actuando v\u00ednculo\u00a0en todo el sector alimentario para contribuir a una mejora\u00a0de los est\u00e1ndares de Calidad y Seguridad Alimentaria\u00a0demandados, cada vez m\u00e1s, por los consumidores.\u00a0El eslogan de...","og_url":"https:\/\/www.ull.es\/portal\/agenda\/evento\/xv-jornadas-de-calidad-y-seguridad-alimentaria-2025\/","og_site_name":"ULL - Agenda","article_modified_time":"2025-10-09T12:26:20+00:00","og_image":[{"width":750,"height":370,"url":"https:\/\/www.ull.es\/portal\/agenda\/wp-content\/uploads\/sites\/12\/2025\/10\/XV-Jornadas-de-Calidad-y-Seguridad-Alimentaria-2025_Banner-eventos.jpg","type":"image\/jpeg"}],"twitter_card":"summary_large_image","twitter_misc":{"Tiempo de lectura":"2 minutos"},"schema":{"@context":"https:\/\/schema.org","@graph":[{"@type":"WebPage","@id":"https:\/\/www.ull.es\/portal\/agenda\/evento\/xv-jornadas-de-calidad-y-seguridad-alimentaria-2025\/","url":"https:\/\/www.ull.es\/portal\/agenda\/evento\/xv-jornadas-de-calidad-y-seguridad-alimentaria-2025\/","name":"XV Jornadas de Calidad y Seguridad Alimentaria 2025 - ULL - Agenda","isPartOf":{"@id":"https:\/\/www.ull.es\/portal\/agenda\/#website"},"datePublished":"2025-10-08T09:23:24+00:00","dateModified":"2025-10-09T12:26:20+00:00","breadcrumb":{"@id":"https:\/\/www.ull.es\/portal\/agenda\/evento\/xv-jornadas-de-calidad-y-seguridad-alimentaria-2025\/#breadcrumb"},"inLanguage":"es","potentialAction":[{"@type":"ReadAction","target":["https:\/\/www.ull.es\/portal\/agenda\/evento\/xv-jornadas-de-calidad-y-seguridad-alimentaria-2025\/"]}]},{"@type":"BreadcrumbList","@id":"https:\/\/www.ull.es\/portal\/agenda\/evento\/xv-jornadas-de-calidad-y-seguridad-alimentaria-2025\/#breadcrumb","itemListElement":[{"@type":"ListItem","position":1,"name":"Portada","item":"https:\/\/www.ull.es\/portal\/agenda\/"},{"@type":"ListItem","position":2,"name":"XV Jornadas de Calidad y Seguridad Alimentaria 2025"}]},{"@type":"WebSite","@id":"https:\/\/www.ull.es\/portal\/agenda\/#website","url":"https:\/\/www.ull.es\/portal\/agenda\/","name":"ULL - Agenda","description":"","potentialAction":[{"@type":"SearchAction","target":{"@type":"EntryPoint","urlTemplate":"https:\/\/www.ull.es\/portal\/agenda\/?s={search_term_string}"},"query-input":"required name=search_term_string"}],"inLanguage":"es"}]}},"_links":{"self":[{"href":"https:\/\/www.ull.es\/portal\/agenda\/wp-json\/wp\/v2\/tribe_events\/44519"}],"collection":[{"href":"https:\/\/www.ull.es\/portal\/agenda\/wp-json\/wp\/v2\/tribe_events"}],"about":[{"href":"https:\/\/www.ull.es\/portal\/agenda\/wp-json\/wp\/v2\/types\/tribe_events"}],"author":[{"embeddable":true,"href":"https:\/\/www.ull.es\/portal\/agenda\/wp-json\/wp\/v2\/users\/65"}],"replies":[{"embeddable":true,"href":"https:\/\/www.ull.es\/portal\/agenda\/wp-json\/wp\/v2\/comments?post=44519"}],"version-history":[{"count":4,"href":"https:\/\/www.ull.es\/portal\/agenda\/wp-json\/wp\/v2\/tribe_events\/44519\/revisions"}],"predecessor-version":[{"id":44548,"href":"https:\/\/www.ull.es\/portal\/agenda\/wp-json\/wp\/v2\/tribe_events\/44519\/revisions\/44548"}],"wp:featuredmedia":[{"embeddable":true,"href":"https:\/\/www.ull.es\/portal\/agenda\/wp-json\/wp\/v2\/media\/44562"}],"wp:attachment":[{"href":"https:\/\/www.ull.es\/portal\/agenda\/wp-json\/wp\/v2\/media?parent=44519"}],"wp:term":[{"taxonomy":"post_tag","embeddable":true,"href":"https:\/\/www.ull.es\/portal\/agenda\/wp-json\/wp\/v2\/tags?post=44519"},{"taxonomy":"tribe_events_cat","embeddable":true,"href":"https:\/\/www.ull.es\/portal\/agenda\/wp-json\/wp\/v2\/tribe_events_cat?post=44519"}],"curies":[{"name":"wp","href":"https:\/\/api.w.org\/{rel}","templated":true}]}}

<p>Las Jornadas de Calidad y Seguridad Alimentaria del Grupo Analiza Calidad, que este año alcanzan su XV edición, buscan la divulgación y discusión de los conocimientos, nuevas vías de investigación y trabajo, actuando vínculo en todo el sector alimentario para contribuir a una mejora de los estándares de Calidad y Seguridad Alimentaria demandados, cada vez más, por los consumidores. El eslogan de este año, “Somos lo que comemos: farm to fork”, servirá de guía en las 5 ciudades elegidas como sedes, integrando Industrias Alimentarias, Cadenas de Distribución, <wbr />Administraciones, Centros de Investigación, empresas de Consultoría, Laboratorios, empresas de Certificación, Productos de Higiene, etc., que trabajan cada día para mejorar los sistemas de Calidad y Seguridad Alimentaria.</p>
<p><strong>Programa</strong></p>
<ul>
<li>9:00 a 9:15 h Recogida de acreditaciones y entrega de documentación</li>
<li>9:15 a 9:30 h Presentación Jornadas del Grupo Analiza Calidad<br />
Luis Mª Gallego Brogeras, director general. Grupo Analiza Calidad</li>
<li>9:30 a 10:00 h Luis Mª Gallego Brogeras, director general. Grupo Analiza Calidad<br />
Micotoxinas legisladas conjugadas emergentes.</li>
<li>10:00 a 10:30 h Nayra Pérez, facultativa especialista. Unidad de Genética del Servicio de Análisis Clínico del Hospital Universitario Ntra. Sra. de Candelaria.<br />
Enfermedades hereditarias: el diagnóstico genético como clave en la alimentación.</li>
<li>10:30 a 11:00 h Javier del Barrio Izquierdo, director técnico JUALEX LACTEAS<br />
Control de procesos en la fabricación de una bebida láctea con grasa vegetal UHT .</li>
<li>11:00 a 11:30 h Julio Lluch Bisbal, ingeniero de ventas y especialista en Separation Science. LECO Instrumentos S.L<br />
One Analyzer, Multiple Solutions: From MOSH/MOAH to Pesticides, and Beyond.</li>
<li>11:30 a 12:15 h Coffee Break</li>
<li>12:15 a 12:45 h Alejandro Silvera, director del Laboratorio Agroalimentario de Canarias (Instituto Canario de Calidad Agroalimentaria).<br />
Norma UNE:EN ISO/IEC 17025: 2017</li>
<li>12:45 a 13:15 h Arturo Hardisson de la Torre, catedrático de Toxicología. Universidad de La Laguna.<br />
El análisis del riesgo en seguridad alimentaria.</li>
<li>13:15 a 13:45 h Manuel Hernández Padrón, licenciado en Química, Área de Química Analítica. Máster en Desarrollo de Entornos 3D Interactivos con Realidad Virtual e Inteligencia Artificial.<br />
Nutrición en la era digital.</li>
<li> 13:45 a 14:15 h Ariel Callero Viera. F.E.A. Presidente de la Sociedad Canaria de Alergología.<br />
Contaminación alimentaria: alérgenos ocultos.</li>
<li>13:45 a 14:15 h Debate.</li>
<li>Clausura y entrega de diplomas.</li>
</ul>
<p><a href="https://docs.google.com/forms/d/e/1FAIpQLSecyDJ_Augmmq0MrYuRhGJb-ksvTjmaBC5cEQAY45PjHletfQ/viewform" target="_blank" rel="noopener" target="_blank" rel="noopener">Inscripción</a></p>
<p>Para más información, pulse este <a href="https://drive.google.com/file/d/1E1NDRufNYy4ys_eD6QonXY5TdEgoeeZ-/view?usp=sharing" target="_blank" rel="noopener" target="_blank" rel="noopener">enlace. </a></p>

<p>Las Jornadas de Calidad y Seguridad Alimentaria del Grupo Analiza Calidad, que este año alcanzan su XV edición, buscan la divulgación y discusión de los conocimientos, nuevas vías de investigación y trabajo, actuando vínculo en todo el sector alimentario para contribuir a una mejora de los estándares de Calidad y Seguridad Alimentaria demandados, cada vez más, por los consumidores. El eslogan de&#8230;</p>

<!-- This site is optimized with the Yoast SEO plugin v21.3 - https://yoast.com/wordpress/plugins/seo/ -->
<title>XV Jornadas de Calidad y Seguridad Alimentaria 2025 - ULL - Agenda</title>
<meta name="robots" content="index, follow, max-snippet:-1, max-image-preview:large, max-video-preview:-1" />
<link rel="canonical" href="https://www.ull.es/portal/agenda/evento/xv-jornadas-de-calidad-y-seguridad-alimentaria-2025/" />
<meta property="og:locale" content="es_ES" />
<meta property="og:type" content="article" />
<meta property="og:title" content="XV Jornadas de Calidad y Seguridad Alimentaria 2025 - ULL - Agenda" />
<meta property="og:description" content="Las Jornadas de Calidad y Seguridad Alimentaria del Grupo Analiza Calidad, que este año alcanzan su XV edición, buscan la divulgación y discusión de los conocimientos, nuevas vías de investigación y trabajo, actuando vínculo en todo el sector alimentario para contribuir a una mejora de los estándares de Calidad y Seguridad Alimentaria demandados, cada vez más, por los consumidores. El eslogan de..." />
<meta property="og:url" content="https://www.ull.es/portal/agenda/evento/xv-jornadas-de-calidad-y-seguridad-alimentaria-2025/" />
<meta property="og:site_name" content="ULL - Agenda" />
<meta property="article:modified_time" content="2025-10-09T12:26:20+00:00" />
<meta property="og:image" content="https://www.ull.es/portal/agenda/wp-content/uploads/sites/12/2025/10/XV-Jornadas-de-Calidad-y-Seguridad-Alimentaria-2025_Banner-eventos.jpg" />
	<meta property="og:image:width" content="750" />
	<meta property="og:image:height" content="370" />
	<meta property="og:image:type" content="image/jpeg" />
<meta name="twitter:card" content="summary_large_image" />
<meta name="twitter:label1" content="Tiempo de lectura" />
	<meta name="twitter:data1" content="2 minutos" />
<script type="application/ld+json" class="yoast-schema-graph">{"@context":"https://schema.org","@graph":[{"@type":"WebPage","@id":"https://www.ull.es/portal/agenda/evento/xv-jornadas-de-calidad-y-seguridad-alimentaria-2025/","url":"https://www.ull.es/portal/agenda/evento/xv-jornadas-de-calidad-y-seguridad-alimentaria-2025/","name":"XV Jornadas de Calidad y Seguridad Alimentaria 2025 - ULL - Agenda","isPartOf":{"@id":"https://www.ull.es/portal/agenda/#website"},"datePublished":"2025-10-08T09:23:24+00:00","dateModified":"2025-10-09T12:26:20+00:00","breadcrumb":{"@id":"https://www.ull.es/portal/agenda/evento/xv-jornadas-de-calidad-y-seguridad-alimentaria-2025/#breadcrumb"},"inLanguage":"es","potentialAction":[{"@type":"ReadAction","target":["https://www.ull.es/portal/agenda/evento/xv-jornadas-de-calidad-y-seguridad-alimentaria-2025/"]}]},{"@type":"BreadcrumbList","@id":"https://www.ull.es/portal/agenda/evento/xv-jornadas-de-calidad-y-seguridad-alimentaria-2025/#breadcrumb","itemListElement":[{"@type":"ListItem","position":1,"name":"Portada","item":"https://www.ull.es/portal/agenda/"},{"@type":"ListItem","position":2,"name":"XV Jornadas de Calidad y Seguridad Alimentaria 2025"}]},{"@type":"WebSite","@id":"https://www.ull.es/portal/agenda/#website","url":"https://www.ull.es/portal/agenda/","name":"ULL - Agenda","description":"","potentialAction":[{"@type":"SearchAction","target":{"@type":"EntryPoint","urlTemplate":"https://www.ull.es/portal/agenda/?s={search_term_string}"},"query-input":"required name=search_term_string"}],"inLanguage":"es"}]}</script>
<!-- / Yoast SEO plugin. -->

Las Jornadas de Calidad y Seguridad Alimentaria del Grupo Analiza Calidad, que este año alcanzan su XV edición, buscan la divulgación y discusión de los conocimientos, nuevas vías de investigación y trabajo, actuando vínculo en todo el sector alimentario para contribuir a una mejora de los estándares de Calidad y Seguridad Alimentaria demandados, cada vez más, por los consumidores. El eslogan de...
