{"id":44650,"date":"2025-10-13T13:01:54","date_gmt":"2025-10-13T13:01:54","guid":{"rendered":"https:\/\/www.ull.es\/portal\/agenda\/?post_type=tribe_events&#038;p=44650"},"modified":"2025-10-13T13:27:16","modified_gmt":"2025-10-13T13:27:16","slug":"festival-de-fado-de-canarias-2025-universidad-de-la-laguna","status":"publish","type":"tribe_events","link":"https:\/\/www.ull.es\/portal\/agenda\/evento\/festival-de-fado-de-canarias-2025-universidad-de-la-laguna\/","title":{"rendered":"Festival de Fado de Canarias 2025 Universidad de La Laguna. Concierto de Sofia Ramos"},"content":{"rendered":"<p>El Festival de Fado de Canarias une las Islas Canarias y Portugal a trav\u00e9s del Fado, la canci\u00f3n de Lisboa, esa m\u00fasica declarada Patrimonio Cultural Inmaterial por la UNESCO. Es de destacar la enorme herencia portuguesa que existe en Canarias, fruto del paso hist\u00f3rico de este pueblo por las Islas, que no solamente se refleja en el ingente vocabulario heredado, sino en una cultura tremendamente af\u00edn en muchos otros \u00f3rdenes. El Festival celebra en esta 9\u00aa edici\u00f3n varias actuaciones en varias islas, como son Tenerife, La Palma, El Hierro, Gran Canaria y Lanzarote.<\/p>\n<p><strong>Concierto de Sofia Ramos<\/strong><\/p>\n<p style=\"font-weight: 400;\">A los seis a\u00f1os, Sofia Ramos recibi\u00f3 un disco de Am\u00e1lia Rodrigues como regalo, a petici\u00f3n propia, sin saber que el fado se convertir\u00eda en su vida. En 2014, se uni\u00f3 al elenco de Povo Lisboa, donde dio sus primeros pasos en el mundo del fado. En 2017, gan\u00f3 el concurso \u00abO meu Fado\u00bb de R\u00e1dio Sim. Ha cantado en las casas de fado m\u00e1s famosas de Lisboa y forma parte del elenco del Clube de Fado y Fado ao Carmo.<\/p>\n<p style=\"font-weight: 400;\">En el Festival de Fado de Canarias 2025 presentar\u00e1 \u00abTudo o que n\u00e3o sei\u00bb, su \u00e1lbum debut como solista, publicado por el Museo del Fado. La acompa\u00f1ar\u00e1n Bernardo Couto a la guitarra portuguesa, Pedro Salt\u00e3o a la viola de fado y Francisco Brito al contrabajo.<\/p>\n<p><a href=\"https:\/\/www.ecoentradas.com\/elegirsesion\/2874\" target=\"_blank\" rel=\"noopener\" target=\"_blank\" rel=\"noopener\">Entradas<\/a>: 10\u20ac general<\/p>\n<p>Para todos los p\u00fablicos<\/p>\n","protected":false},"excerpt":{"rendered":"<p>El Festival de Fado de Canarias une las Islas Canarias y Portugal a trav\u00e9s del Fado, la canci\u00f3n de Lisboa, esa m\u00fasica declarada Patrimonio Cultural Inmaterial por la UNESCO. Es de destacar la enorme herencia portuguesa que existe en Canarias, fruto del paso hist\u00f3rico de este pueblo por las Islas, que no solamente se refleja&#8230;<\/p>\n","protected":false},"author":65,"featured_media":44651,"comment_status":"closed","ping_status":"closed","template":"","tags":[],"tribe_events_cat":[3987,4,343,186,191],"acf":[],"yoast_head":"<!-- This site is optimized with the Yoast SEO plugin v21.3 - https:\/\/yoast.com\/wordpress\/plugins\/seo\/ -->\n<title>Festival de Fado de Canarias 2025 Universidad de La Laguna. Concierto de Sofia Ramos - ULL - Agenda<\/title>\n<meta name=\"robots\" content=\"index, follow, max-snippet:-1, max-image-preview:large, max-video-preview:-1\" \/>\n<link rel=\"canonical\" href=\"https:\/\/www.ull.es\/portal\/agenda\/evento\/festival-de-fado-de-canarias-2025-universidad-de-la-laguna\/\" \/>\n<meta property=\"og:locale\" content=\"es_ES\" \/>\n<meta property=\"og:type\" content=\"article\" \/>\n<meta property=\"og:title\" content=\"Festival de Fado de Canarias 2025 Universidad de La Laguna. Concierto de Sofia Ramos - ULL - Agenda\" \/>\n<meta property=\"og:description\" content=\"El Festival de Fado de Canarias une las Islas Canarias y Portugal a trav\u00e9s del Fado, la canci\u00f3n de Lisboa, esa m\u00fasica declarada Patrimonio Cultural Inmaterial por la UNESCO. Es de destacar la enorme herencia portuguesa que existe en Canarias, fruto del paso hist\u00f3rico de este pueblo por las Islas, que no solamente se refleja...\" \/>\n<meta property=\"og:url\" content=\"https:\/\/www.ull.es\/portal\/agenda\/evento\/festival-de-fado-de-canarias-2025-universidad-de-la-laguna\/\" \/>\n<meta property=\"og:site_name\" content=\"ULL - Agenda\" \/>\n<meta property=\"article:modified_time\" content=\"2025-10-13T13:27:16+00:00\" \/>\n<meta property=\"og:image\" content=\"https:\/\/www.ull.es\/portal\/agenda\/wp-content\/uploads\/sites\/12\/2025\/10\/Festival-FADO_Sofia-Ramos_Banner-eventos.png\" \/>\n\t<meta property=\"og:image:width\" content=\"750\" \/>\n\t<meta property=\"og:image:height\" content=\"370\" \/>\n\t<meta property=\"og:image:type\" content=\"image\/png\" \/>\n<meta name=\"twitter:card\" content=\"summary_large_image\" \/>\n<meta name=\"twitter:label1\" content=\"Tiempo de lectura\" \/>\n\t<meta name=\"twitter:data1\" content=\"2 minutos\" \/>\n<script type=\"application\/ld+json\" class=\"yoast-schema-graph\">{\"@context\":\"https:\/\/schema.org\",\"@graph\":[{\"@type\":\"WebPage\",\"@id\":\"https:\/\/www.ull.es\/portal\/agenda\/evento\/festival-de-fado-de-canarias-2025-universidad-de-la-laguna\/\",\"url\":\"https:\/\/www.ull.es\/portal\/agenda\/evento\/festival-de-fado-de-canarias-2025-universidad-de-la-laguna\/\",\"name\":\"Festival de Fado de Canarias 2025 Universidad de La Laguna. Concierto de Sofia Ramos - ULL - Agenda\",\"isPartOf\":{\"@id\":\"https:\/\/www.ull.es\/portal\/agenda\/#website\"},\"datePublished\":\"2025-10-13T13:01:54+00:00\",\"dateModified\":\"2025-10-13T13:27:16+00:00\",\"breadcrumb\":{\"@id\":\"https:\/\/www.ull.es\/portal\/agenda\/evento\/festival-de-fado-de-canarias-2025-universidad-de-la-laguna\/#breadcrumb\"},\"inLanguage\":\"es\",\"potentialAction\":[{\"@type\":\"ReadAction\",\"target\":[\"https:\/\/www.ull.es\/portal\/agenda\/evento\/festival-de-fado-de-canarias-2025-universidad-de-la-laguna\/\"]}]},{\"@type\":\"BreadcrumbList\",\"@id\":\"https:\/\/www.ull.es\/portal\/agenda\/evento\/festival-de-fado-de-canarias-2025-universidad-de-la-laguna\/#breadcrumb\",\"itemListElement\":[{\"@type\":\"ListItem\",\"position\":1,\"name\":\"Portada\",\"item\":\"https:\/\/www.ull.es\/portal\/agenda\/\"},{\"@type\":\"ListItem\",\"position\":2,\"name\":\"Festival de Fado de Canarias 2025 Universidad de La Laguna. Concierto de Sofia Ramos\"}]},{\"@type\":\"WebSite\",\"@id\":\"https:\/\/www.ull.es\/portal\/agenda\/#website\",\"url\":\"https:\/\/www.ull.es\/portal\/agenda\/\",\"name\":\"ULL - Agenda\",\"description\":\"\",\"potentialAction\":[{\"@type\":\"SearchAction\",\"target\":{\"@type\":\"EntryPoint\",\"urlTemplate\":\"https:\/\/www.ull.es\/portal\/agenda\/?s={search_term_string}\"},\"query-input\":\"required name=search_term_string\"}],\"inLanguage\":\"es\"}]}<\/script>\n<!-- \/ Yoast SEO plugin. -->","yoast_head_json":{"title":"Festival de Fado de Canarias 2025 Universidad de La Laguna. Concierto de Sofia Ramos - ULL - Agenda","robots":{"index":"index","follow":"follow","max-snippet":"max-snippet:-1","max-image-preview":"max-image-preview:large","max-video-preview":"max-video-preview:-1"},"canonical":"https:\/\/www.ull.es\/portal\/agenda\/evento\/festival-de-fado-de-canarias-2025-universidad-de-la-laguna\/","og_locale":"es_ES","og_type":"article","og_title":"Festival de Fado de Canarias 2025 Universidad de La Laguna. Concierto de Sofia Ramos - ULL - Agenda","og_description":"El Festival de Fado de Canarias une las Islas Canarias y Portugal a trav\u00e9s del Fado, la canci\u00f3n de Lisboa, esa m\u00fasica declarada Patrimonio Cultural Inmaterial por la UNESCO. Es de destacar la enorme herencia portuguesa que existe en Canarias, fruto del paso hist\u00f3rico de este pueblo por las Islas, que no solamente se refleja...","og_url":"https:\/\/www.ull.es\/portal\/agenda\/evento\/festival-de-fado-de-canarias-2025-universidad-de-la-laguna\/","og_site_name":"ULL - Agenda","article_modified_time":"2025-10-13T13:27:16+00:00","og_image":[{"width":750,"height":370,"url":"https:\/\/www.ull.es\/portal\/agenda\/wp-content\/uploads\/sites\/12\/2025\/10\/Festival-FADO_Sofia-Ramos_Banner-eventos.png","type":"image\/png"}],"twitter_card":"summary_large_image","twitter_misc":{"Tiempo de lectura":"2 minutos"},"schema":{"@context":"https:\/\/schema.org","@graph":[{"@type":"WebPage","@id":"https:\/\/www.ull.es\/portal\/agenda\/evento\/festival-de-fado-de-canarias-2025-universidad-de-la-laguna\/","url":"https:\/\/www.ull.es\/portal\/agenda\/evento\/festival-de-fado-de-canarias-2025-universidad-de-la-laguna\/","name":"Festival de Fado de Canarias 2025 Universidad de La Laguna. Concierto de Sofia Ramos - ULL - Agenda","isPartOf":{"@id":"https:\/\/www.ull.es\/portal\/agenda\/#website"},"datePublished":"2025-10-13T13:01:54+00:00","dateModified":"2025-10-13T13:27:16+00:00","breadcrumb":{"@id":"https:\/\/www.ull.es\/portal\/agenda\/evento\/festival-de-fado-de-canarias-2025-universidad-de-la-laguna\/#breadcrumb"},"inLanguage":"es","potentialAction":[{"@type":"ReadAction","target":["https:\/\/www.ull.es\/portal\/agenda\/evento\/festival-de-fado-de-canarias-2025-universidad-de-la-laguna\/"]}]},{"@type":"BreadcrumbList","@id":"https:\/\/www.ull.es\/portal\/agenda\/evento\/festival-de-fado-de-canarias-2025-universidad-de-la-laguna\/#breadcrumb","itemListElement":[{"@type":"ListItem","position":1,"name":"Portada","item":"https:\/\/www.ull.es\/portal\/agenda\/"},{"@type":"ListItem","position":2,"name":"Festival de Fado de Canarias 2025 Universidad de La Laguna. Concierto de Sofia Ramos"}]},{"@type":"WebSite","@id":"https:\/\/www.ull.es\/portal\/agenda\/#website","url":"https:\/\/www.ull.es\/portal\/agenda\/","name":"ULL - Agenda","description":"","potentialAction":[{"@type":"SearchAction","target":{"@type":"EntryPoint","urlTemplate":"https:\/\/www.ull.es\/portal\/agenda\/?s={search_term_string}"},"query-input":"required name=search_term_string"}],"inLanguage":"es"}]}},"_links":{"self":[{"href":"https:\/\/www.ull.es\/portal\/agenda\/wp-json\/wp\/v2\/tribe_events\/44650"}],"collection":[{"href":"https:\/\/www.ull.es\/portal\/agenda\/wp-json\/wp\/v2\/tribe_events"}],"about":[{"href":"https:\/\/www.ull.es\/portal\/agenda\/wp-json\/wp\/v2\/types\/tribe_events"}],"author":[{"embeddable":true,"href":"https:\/\/www.ull.es\/portal\/agenda\/wp-json\/wp\/v2\/users\/65"}],"replies":[{"embeddable":true,"href":"https:\/\/www.ull.es\/portal\/agenda\/wp-json\/wp\/v2\/comments?post=44650"}],"version-history":[{"count":3,"href":"https:\/\/www.ull.es\/portal\/agenda\/wp-json\/wp\/v2\/tribe_events\/44650\/revisions"}],"predecessor-version":[{"id":44662,"href":"https:\/\/www.ull.es\/portal\/agenda\/wp-json\/wp\/v2\/tribe_events\/44650\/revisions\/44662"}],"wp:featuredmedia":[{"embeddable":true,"href":"https:\/\/www.ull.es\/portal\/agenda\/wp-json\/wp\/v2\/media\/44651"}],"wp:attachment":[{"href":"https:\/\/www.ull.es\/portal\/agenda\/wp-json\/wp\/v2\/media?parent=44650"}],"wp:term":[{"taxonomy":"post_tag","embeddable":true,"href":"https:\/\/www.ull.es\/portal\/agenda\/wp-json\/wp\/v2\/tags?post=44650"},{"taxonomy":"tribe_events_cat","embeddable":true,"href":"https:\/\/www.ull.es\/portal\/agenda\/wp-json\/wp\/v2\/tribe_events_cat?post=44650"}],"curies":[{"name":"wp","href":"https:\/\/api.w.org\/{rel}","templated":true}]}}

<p>El Festival de Fado de Canarias une las Islas Canarias y Portugal a través del Fado, la canción de Lisboa, esa música declarada Patrimonio Cultural Inmaterial por la UNESCO. Es de destacar la enorme herencia portuguesa que existe en Canarias, fruto del paso histórico de este pueblo por las Islas, que no solamente se refleja en el ingente vocabulario heredado, sino en una cultura tremendamente afín en muchos otros órdenes. El Festival celebra en esta 9ª edición varias actuaciones en varias islas, como son Tenerife, La Palma, El Hierro, Gran Canaria y Lanzarote.</p>
<p><strong>Concierto de Sofia Ramos</strong></p>
<p style="font-weight: 400;">A los seis años, Sofia Ramos recibió un disco de Amália Rodrigues como regalo, a petición propia, sin saber que el fado se convertiría en su vida. En 2014, se unió al elenco de Povo Lisboa, donde dio sus primeros pasos en el mundo del fado. En 2017, ganó el concurso «O meu Fado» de Rádio Sim. Ha cantado en las casas de fado más famosas de Lisboa y forma parte del elenco del Clube de Fado y Fado ao Carmo.</p>
<p style="font-weight: 400;">En el Festival de Fado de Canarias 2025 presentará «Tudo o que não sei», su álbum debut como solista, publicado por el Museo del Fado. La acompañarán Bernardo Couto a la guitarra portuguesa, Pedro Saltão a la viola de fado y Francisco Brito al contrabajo.</p>
<p><a href="https://www.ecoentradas.com/elegirsesion/2874" target="_blank" rel="noopener" target="_blank" rel="noopener">Entradas</a>: 10€ general</p>
<p>Para todos los públicos</p>

<p>El Festival de Fado de Canarias une las Islas Canarias y Portugal a través del Fado, la canción de Lisboa, esa música declarada Patrimonio Cultural Inmaterial por la UNESCO. Es de destacar la enorme herencia portuguesa que existe en Canarias, fruto del paso histórico de este pueblo por las Islas, que no solamente se refleja&#8230;</p>

<!-- This site is optimized with the Yoast SEO plugin v21.3 - https://yoast.com/wordpress/plugins/seo/ -->
<title>Festival de Fado de Canarias 2025 Universidad de La Laguna. Concierto de Sofia Ramos - ULL - Agenda</title>
<meta name="robots" content="index, follow, max-snippet:-1, max-image-preview:large, max-video-preview:-1" />
<link rel="canonical" href="https://www.ull.es/portal/agenda/evento/festival-de-fado-de-canarias-2025-universidad-de-la-laguna/" />
<meta property="og:locale" content="es_ES" />
<meta property="og:type" content="article" />
<meta property="og:title" content="Festival de Fado de Canarias 2025 Universidad de La Laguna. Concierto de Sofia Ramos - ULL - Agenda" />
<meta property="og:description" content="El Festival de Fado de Canarias une las Islas Canarias y Portugal a través del Fado, la canción de Lisboa, esa música declarada Patrimonio Cultural Inmaterial por la UNESCO. Es de destacar la enorme herencia portuguesa que existe en Canarias, fruto del paso histórico de este pueblo por las Islas, que no solamente se refleja..." />
<meta property="og:url" content="https://www.ull.es/portal/agenda/evento/festival-de-fado-de-canarias-2025-universidad-de-la-laguna/" />
<meta property="og:site_name" content="ULL - Agenda" />
<meta property="article:modified_time" content="2025-10-13T13:27:16+00:00" />
<meta property="og:image" content="https://www.ull.es/portal/agenda/wp-content/uploads/sites/12/2025/10/Festival-FADO_Sofia-Ramos_Banner-eventos.png" />
	<meta property="og:image:width" content="750" />
	<meta property="og:image:height" content="370" />
	<meta property="og:image:type" content="image/png" />
<meta name="twitter:card" content="summary_large_image" />
<meta name="twitter:label1" content="Tiempo de lectura" />
	<meta name="twitter:data1" content="2 minutos" />
<script type="application/ld+json" class="yoast-schema-graph">{"@context":"https://schema.org","@graph":[{"@type":"WebPage","@id":"https://www.ull.es/portal/agenda/evento/festival-de-fado-de-canarias-2025-universidad-de-la-laguna/","url":"https://www.ull.es/portal/agenda/evento/festival-de-fado-de-canarias-2025-universidad-de-la-laguna/","name":"Festival de Fado de Canarias 2025 Universidad de La Laguna. Concierto de Sofia Ramos - ULL - Agenda","isPartOf":{"@id":"https://www.ull.es/portal/agenda/#website"},"datePublished":"2025-10-13T13:01:54+00:00","dateModified":"2025-10-13T13:27:16+00:00","breadcrumb":{"@id":"https://www.ull.es/portal/agenda/evento/festival-de-fado-de-canarias-2025-universidad-de-la-laguna/#breadcrumb"},"inLanguage":"es","potentialAction":[{"@type":"ReadAction","target":["https://www.ull.es/portal/agenda/evento/festival-de-fado-de-canarias-2025-universidad-de-la-laguna/"]}]},{"@type":"BreadcrumbList","@id":"https://www.ull.es/portal/agenda/evento/festival-de-fado-de-canarias-2025-universidad-de-la-laguna/#breadcrumb","itemListElement":[{"@type":"ListItem","position":1,"name":"Portada","item":"https://www.ull.es/portal/agenda/"},{"@type":"ListItem","position":2,"name":"Festival de Fado de Canarias 2025 Universidad de La Laguna. Concierto de Sofia Ramos"}]},{"@type":"WebSite","@id":"https://www.ull.es/portal/agenda/#website","url":"https://www.ull.es/portal/agenda/","name":"ULL - Agenda","description":"","potentialAction":[{"@type":"SearchAction","target":{"@type":"EntryPoint","urlTemplate":"https://www.ull.es/portal/agenda/?s={search_term_string}"},"query-input":"required name=search_term_string"}],"inLanguage":"es"}]}</script>
<!-- / Yoast SEO plugin. -->

El Festival de Fado de Canarias une las Islas Canarias y Portugal a través del Fado, la canción de Lisboa, esa música declarada Patrimonio Cultural Inmaterial por la UNESCO. Es de destacar la enorme herencia portuguesa que existe en Canarias, fruto del paso histórico de este pueblo por las Islas, que no solamente se refleja...
