{"id":44684,"date":"2025-10-14T08:49:57","date_gmt":"2025-10-14T08:49:57","guid":{"rendered":"https:\/\/www.ull.es\/portal\/agenda\/?post_type=tribe_events&#038;p=44684"},"modified":"2025-10-20T10:04:32","modified_gmt":"2025-10-20T10:04:32","slug":"festival-de-fado-de-canarias-2025-universidad-de-la-laguna-3","status":"publish","type":"tribe_events","link":"https:\/\/www.ull.es\/portal\/agenda\/evento\/festival-de-fado-de-canarias-2025-universidad-de-la-laguna-3\/","title":{"rendered":"Festival de Fado de Canarias 2025 Universidad de La Laguna. Documental \u00abFado\u00bb, de Aurelio Vasques y Sofia Portugal"},"content":{"rendered":"<p>El Festival de Fado de Canarias une las Islas Canarias y Portugal a trav\u00e9s del Fado, la canci\u00f3n de Lisboa, esa m\u00fasica declarada Patrimonio Cultural Inmaterial por la UNESCO. Es de destacar la enorme herencia portuguesa que existe en Canarias, fruto del paso hist\u00f3rico de este pueblo por las Islas, que no solamente se refleja en el ingente vocabulario heredado, sino en una cultura tremendamente af\u00edn en muchos otros \u00f3rdenes. El Festival celebra en esta 9\u00aa edici\u00f3n varias actuaciones en varias islas, como son Tenerife, La Palma, El Hierro, Gran Canaria y Lanzarote.<\/p>\n<p><strong>Documental \u00abFado\u00bb, de Aurelio Vasques y Sofia Portugal<\/strong><\/p>\n<p>La pel\u00edcula documental \u00abFADO\u00bb est\u00e1 dirigida por Aurelio Vasques y Sofia Portugal y es una coproducci\u00f3n del Museu do Fado y Zul Filmes. \u201cFado\u201d es un documental donde se intenta explicar qu\u00e9 es el fado, para quien lo conoce y para quien no, desde el punto de vista interior del \u00abhacedor\u00bb de fados, del compositor al guitarrista, pasando obligatoriamente por quien lo canta, pero tambi\u00e9n por quien lo estudia. Y as\u00ed, a trav\u00e9s de testimonios en primera persona, podemos explicar lo invisible, el lado interior del Fado. El pase del documental ser\u00e1 en versi\u00f3n original subtitulado en espa\u00f1ol.<\/p>\n<p>Entrada libre hasta completar aforo.<\/p>\n<p>&nbsp;<\/p>\n","protected":false},"excerpt":{"rendered":"<p>El Festival de Fado de Canarias une las Islas Canarias y Portugal a trav\u00e9s del Fado, la canci\u00f3n de Lisboa, esa m\u00fasica declarada Patrimonio Cultural Inmaterial por la UNESCO. Es de destacar la enorme herencia portuguesa que existe en Canarias, fruto del paso hist\u00f3rico de este pueblo por las Islas, que no solamente se refleja&#8230;<\/p>\n","protected":false},"author":65,"featured_media":44691,"comment_status":"closed","ping_status":"closed","template":"","tags":[],"tribe_events_cat":[3987,4,343],"acf":[],"yoast_head":"<!-- This site is optimized with the Yoast SEO plugin v21.3 - https:\/\/yoast.com\/wordpress\/plugins\/seo\/ -->\n<title>Festival de Fado de Canarias 2025 Universidad de La Laguna. Documental &quot;Fado&quot;, de Aurelio Vasques y Sofia Portugal - ULL - Agenda<\/title>\n<meta name=\"robots\" content=\"index, follow, max-snippet:-1, max-image-preview:large, max-video-preview:-1\" \/>\n<link rel=\"canonical\" href=\"https:\/\/www.ull.es\/portal\/agenda\/evento\/festival-de-fado-de-canarias-2025-universidad-de-la-laguna-3\/\" \/>\n<meta property=\"og:locale\" content=\"es_ES\" \/>\n<meta property=\"og:type\" content=\"article\" \/>\n<meta property=\"og:title\" content=\"Festival de Fado de Canarias 2025 Universidad de La Laguna. Documental &quot;Fado&quot;, de Aurelio Vasques y Sofia Portugal - ULL - Agenda\" \/>\n<meta property=\"og:description\" content=\"El Festival de Fado de Canarias une las Islas Canarias y Portugal a trav\u00e9s del Fado, la canci\u00f3n de Lisboa, esa m\u00fasica declarada Patrimonio Cultural Inmaterial por la UNESCO. Es de destacar la enorme herencia portuguesa que existe en Canarias, fruto del paso hist\u00f3rico de este pueblo por las Islas, que no solamente se refleja...\" \/>\n<meta property=\"og:url\" content=\"https:\/\/www.ull.es\/portal\/agenda\/evento\/festival-de-fado-de-canarias-2025-universidad-de-la-laguna-3\/\" \/>\n<meta property=\"og:site_name\" content=\"ULL - Agenda\" \/>\n<meta property=\"article:modified_time\" content=\"2025-10-20T10:04:32+00:00\" \/>\n<meta property=\"og:image\" content=\"https:\/\/www.ull.es\/portal\/agenda\/wp-content\/uploads\/sites\/12\/2025\/10\/Festival-FADO_DOCUMENTAL_Banner-eventos-1.png\" \/>\n\t<meta property=\"og:image:width\" content=\"750\" \/>\n\t<meta property=\"og:image:height\" content=\"370\" \/>\n\t<meta property=\"og:image:type\" content=\"image\/png\" \/>\n<meta name=\"twitter:card\" content=\"summary_large_image\" \/>\n<meta name=\"twitter:label1\" content=\"Tiempo de lectura\" \/>\n\t<meta name=\"twitter:data1\" content=\"1 minuto\" \/>\n<script type=\"application\/ld+json\" class=\"yoast-schema-graph\">{\"@context\":\"https:\/\/schema.org\",\"@graph\":[{\"@type\":\"WebPage\",\"@id\":\"https:\/\/www.ull.es\/portal\/agenda\/evento\/festival-de-fado-de-canarias-2025-universidad-de-la-laguna-3\/\",\"url\":\"https:\/\/www.ull.es\/portal\/agenda\/evento\/festival-de-fado-de-canarias-2025-universidad-de-la-laguna-3\/\",\"name\":\"Festival de Fado de Canarias 2025 Universidad de La Laguna. Documental \\\"Fado\\\", de Aurelio Vasques y Sofia Portugal - ULL - Agenda\",\"isPartOf\":{\"@id\":\"https:\/\/www.ull.es\/portal\/agenda\/#website\"},\"datePublished\":\"2025-10-14T08:49:57+00:00\",\"dateModified\":\"2025-10-20T10:04:32+00:00\",\"breadcrumb\":{\"@id\":\"https:\/\/www.ull.es\/portal\/agenda\/evento\/festival-de-fado-de-canarias-2025-universidad-de-la-laguna-3\/#breadcrumb\"},\"inLanguage\":\"es\",\"potentialAction\":[{\"@type\":\"ReadAction\",\"target\":[\"https:\/\/www.ull.es\/portal\/agenda\/evento\/festival-de-fado-de-canarias-2025-universidad-de-la-laguna-3\/\"]}]},{\"@type\":\"BreadcrumbList\",\"@id\":\"https:\/\/www.ull.es\/portal\/agenda\/evento\/festival-de-fado-de-canarias-2025-universidad-de-la-laguna-3\/#breadcrumb\",\"itemListElement\":[{\"@type\":\"ListItem\",\"position\":1,\"name\":\"Portada\",\"item\":\"https:\/\/www.ull.es\/portal\/agenda\/\"},{\"@type\":\"ListItem\",\"position\":2,\"name\":\"Festival de Fado de Canarias 2025 Universidad de La Laguna. Documental \u00abFado\u00bb, de Aurelio Vasques y Sofia Portugal\"}]},{\"@type\":\"WebSite\",\"@id\":\"https:\/\/www.ull.es\/portal\/agenda\/#website\",\"url\":\"https:\/\/www.ull.es\/portal\/agenda\/\",\"name\":\"ULL - Agenda\",\"description\":\"\",\"potentialAction\":[{\"@type\":\"SearchAction\",\"target\":{\"@type\":\"EntryPoint\",\"urlTemplate\":\"https:\/\/www.ull.es\/portal\/agenda\/?s={search_term_string}\"},\"query-input\":\"required name=search_term_string\"}],\"inLanguage\":\"es\"}]}<\/script>\n<!-- \/ Yoast SEO plugin. -->","yoast_head_json":{"title":"Festival de Fado de Canarias 2025 Universidad de La Laguna. Documental \"Fado\", de Aurelio Vasques y Sofia Portugal - ULL - Agenda","robots":{"index":"index","follow":"follow","max-snippet":"max-snippet:-1","max-image-preview":"max-image-preview:large","max-video-preview":"max-video-preview:-1"},"canonical":"https:\/\/www.ull.es\/portal\/agenda\/evento\/festival-de-fado-de-canarias-2025-universidad-de-la-laguna-3\/","og_locale":"es_ES","og_type":"article","og_title":"Festival de Fado de Canarias 2025 Universidad de La Laguna. Documental \"Fado\", de Aurelio Vasques y Sofia Portugal - ULL - Agenda","og_description":"El Festival de Fado de Canarias une las Islas Canarias y Portugal a trav\u00e9s del Fado, la canci\u00f3n de Lisboa, esa m\u00fasica declarada Patrimonio Cultural Inmaterial por la UNESCO. Es de destacar la enorme herencia portuguesa que existe en Canarias, fruto del paso hist\u00f3rico de este pueblo por las Islas, que no solamente se refleja...","og_url":"https:\/\/www.ull.es\/portal\/agenda\/evento\/festival-de-fado-de-canarias-2025-universidad-de-la-laguna-3\/","og_site_name":"ULL - Agenda","article_modified_time":"2025-10-20T10:04:32+00:00","og_image":[{"width":750,"height":370,"url":"https:\/\/www.ull.es\/portal\/agenda\/wp-content\/uploads\/sites\/12\/2025\/10\/Festival-FADO_DOCUMENTAL_Banner-eventos-1.png","type":"image\/png"}],"twitter_card":"summary_large_image","twitter_misc":{"Tiempo de lectura":"1 minuto"},"schema":{"@context":"https:\/\/schema.org","@graph":[{"@type":"WebPage","@id":"https:\/\/www.ull.es\/portal\/agenda\/evento\/festival-de-fado-de-canarias-2025-universidad-de-la-laguna-3\/","url":"https:\/\/www.ull.es\/portal\/agenda\/evento\/festival-de-fado-de-canarias-2025-universidad-de-la-laguna-3\/","name":"Festival de Fado de Canarias 2025 Universidad de La Laguna. Documental \"Fado\", de Aurelio Vasques y Sofia Portugal - ULL - Agenda","isPartOf":{"@id":"https:\/\/www.ull.es\/portal\/agenda\/#website"},"datePublished":"2025-10-14T08:49:57+00:00","dateModified":"2025-10-20T10:04:32+00:00","breadcrumb":{"@id":"https:\/\/www.ull.es\/portal\/agenda\/evento\/festival-de-fado-de-canarias-2025-universidad-de-la-laguna-3\/#breadcrumb"},"inLanguage":"es","potentialAction":[{"@type":"ReadAction","target":["https:\/\/www.ull.es\/portal\/agenda\/evento\/festival-de-fado-de-canarias-2025-universidad-de-la-laguna-3\/"]}]},{"@type":"BreadcrumbList","@id":"https:\/\/www.ull.es\/portal\/agenda\/evento\/festival-de-fado-de-canarias-2025-universidad-de-la-laguna-3\/#breadcrumb","itemListElement":[{"@type":"ListItem","position":1,"name":"Portada","item":"https:\/\/www.ull.es\/portal\/agenda\/"},{"@type":"ListItem","position":2,"name":"Festival de Fado de Canarias 2025 Universidad de La Laguna. Documental \u00abFado\u00bb, de Aurelio Vasques y Sofia Portugal"}]},{"@type":"WebSite","@id":"https:\/\/www.ull.es\/portal\/agenda\/#website","url":"https:\/\/www.ull.es\/portal\/agenda\/","name":"ULL - Agenda","description":"","potentialAction":[{"@type":"SearchAction","target":{"@type":"EntryPoint","urlTemplate":"https:\/\/www.ull.es\/portal\/agenda\/?s={search_term_string}"},"query-input":"required name=search_term_string"}],"inLanguage":"es"}]}},"_links":{"self":[{"href":"https:\/\/www.ull.es\/portal\/agenda\/wp-json\/wp\/v2\/tribe_events\/44684"}],"collection":[{"href":"https:\/\/www.ull.es\/portal\/agenda\/wp-json\/wp\/v2\/tribe_events"}],"about":[{"href":"https:\/\/www.ull.es\/portal\/agenda\/wp-json\/wp\/v2\/types\/tribe_events"}],"author":[{"embeddable":true,"href":"https:\/\/www.ull.es\/portal\/agenda\/wp-json\/wp\/v2\/users\/65"}],"replies":[{"embeddable":true,"href":"https:\/\/www.ull.es\/portal\/agenda\/wp-json\/wp\/v2\/comments?post=44684"}],"version-history":[{"count":3,"href":"https:\/\/www.ull.es\/portal\/agenda\/wp-json\/wp\/v2\/tribe_events\/44684\/revisions"}],"predecessor-version":[{"id":44735,"href":"https:\/\/www.ull.es\/portal\/agenda\/wp-json\/wp\/v2\/tribe_events\/44684\/revisions\/44735"}],"wp:featuredmedia":[{"embeddable":true,"href":"https:\/\/www.ull.es\/portal\/agenda\/wp-json\/wp\/v2\/media\/44691"}],"wp:attachment":[{"href":"https:\/\/www.ull.es\/portal\/agenda\/wp-json\/wp\/v2\/media?parent=44684"}],"wp:term":[{"taxonomy":"post_tag","embeddable":true,"href":"https:\/\/www.ull.es\/portal\/agenda\/wp-json\/wp\/v2\/tags?post=44684"},{"taxonomy":"tribe_events_cat","embeddable":true,"href":"https:\/\/www.ull.es\/portal\/agenda\/wp-json\/wp\/v2\/tribe_events_cat?post=44684"}],"curies":[{"name":"wp","href":"https:\/\/api.w.org\/{rel}","templated":true}]}}

<p>El Festival de Fado de Canarias une las Islas Canarias y Portugal a través del Fado, la canción de Lisboa, esa música declarada Patrimonio Cultural Inmaterial por la UNESCO. Es de destacar la enorme herencia portuguesa que existe en Canarias, fruto del paso histórico de este pueblo por las Islas, que no solamente se refleja en el ingente vocabulario heredado, sino en una cultura tremendamente afín en muchos otros órdenes. El Festival celebra en esta 9ª edición varias actuaciones en varias islas, como son Tenerife, La Palma, El Hierro, Gran Canaria y Lanzarote.</p>
<p><strong>Documental «Fado», de Aurelio Vasques y Sofia Portugal</strong></p>
<p>La película documental «FADO» está dirigida por Aurelio Vasques y Sofia Portugal y es una coproducción del Museu do Fado y Zul Filmes. “Fado” es un documental donde se intenta explicar qué es el fado, para quien lo conoce y para quien no, desde el punto de vista interior del «hacedor» de fados, del compositor al guitarrista, pasando obligatoriamente por quien lo canta, pero también por quien lo estudia. Y así, a través de testimonios en primera persona, podemos explicar lo invisible, el lado interior del Fado. El pase del documental será en versión original subtitulado en español.</p>
<p>Entrada libre hasta completar aforo.</p>
<p>&nbsp;</p>

<p>El Festival de Fado de Canarias une las Islas Canarias y Portugal a través del Fado, la canción de Lisboa, esa música declarada Patrimonio Cultural Inmaterial por la UNESCO. Es de destacar la enorme herencia portuguesa que existe en Canarias, fruto del paso histórico de este pueblo por las Islas, que no solamente se refleja&#8230;</p>

<!-- This site is optimized with the Yoast SEO plugin v21.3 - https://yoast.com/wordpress/plugins/seo/ -->
<title>Festival de Fado de Canarias 2025 Universidad de La Laguna. Documental &quot;Fado&quot;, de Aurelio Vasques y Sofia Portugal - ULL - Agenda</title>
<meta name="robots" content="index, follow, max-snippet:-1, max-image-preview:large, max-video-preview:-1" />
<link rel="canonical" href="https://www.ull.es/portal/agenda/evento/festival-de-fado-de-canarias-2025-universidad-de-la-laguna-3/" />
<meta property="og:locale" content="es_ES" />
<meta property="og:type" content="article" />
<meta property="og:title" content="Festival de Fado de Canarias 2025 Universidad de La Laguna. Documental &quot;Fado&quot;, de Aurelio Vasques y Sofia Portugal - ULL - Agenda" />
<meta property="og:description" content="El Festival de Fado de Canarias une las Islas Canarias y Portugal a través del Fado, la canción de Lisboa, esa música declarada Patrimonio Cultural Inmaterial por la UNESCO. Es de destacar la enorme herencia portuguesa que existe en Canarias, fruto del paso histórico de este pueblo por las Islas, que no solamente se refleja..." />
<meta property="og:url" content="https://www.ull.es/portal/agenda/evento/festival-de-fado-de-canarias-2025-universidad-de-la-laguna-3/" />
<meta property="og:site_name" content="ULL - Agenda" />
<meta property="article:modified_time" content="2025-10-20T10:04:32+00:00" />
<meta property="og:image" content="https://www.ull.es/portal/agenda/wp-content/uploads/sites/12/2025/10/Festival-FADO_DOCUMENTAL_Banner-eventos-1.png" />
	<meta property="og:image:width" content="750" />
	<meta property="og:image:height" content="370" />
	<meta property="og:image:type" content="image/png" />
<meta name="twitter:card" content="summary_large_image" />
<meta name="twitter:label1" content="Tiempo de lectura" />
	<meta name="twitter:data1" content="1 minuto" />
<script type="application/ld+json" class="yoast-schema-graph">{"@context":"https://schema.org","@graph":[{"@type":"WebPage","@id":"https://www.ull.es/portal/agenda/evento/festival-de-fado-de-canarias-2025-universidad-de-la-laguna-3/","url":"https://www.ull.es/portal/agenda/evento/festival-de-fado-de-canarias-2025-universidad-de-la-laguna-3/","name":"Festival de Fado de Canarias 2025 Universidad de La Laguna. Documental \"Fado\", de Aurelio Vasques y Sofia Portugal - ULL - Agenda","isPartOf":{"@id":"https://www.ull.es/portal/agenda/#website"},"datePublished":"2025-10-14T08:49:57+00:00","dateModified":"2025-10-20T10:04:32+00:00","breadcrumb":{"@id":"https://www.ull.es/portal/agenda/evento/festival-de-fado-de-canarias-2025-universidad-de-la-laguna-3/#breadcrumb"},"inLanguage":"es","potentialAction":[{"@type":"ReadAction","target":["https://www.ull.es/portal/agenda/evento/festival-de-fado-de-canarias-2025-universidad-de-la-laguna-3/"]}]},{"@type":"BreadcrumbList","@id":"https://www.ull.es/portal/agenda/evento/festival-de-fado-de-canarias-2025-universidad-de-la-laguna-3/#breadcrumb","itemListElement":[{"@type":"ListItem","position":1,"name":"Portada","item":"https://www.ull.es/portal/agenda/"},{"@type":"ListItem","position":2,"name":"Festival de Fado de Canarias 2025 Universidad de La Laguna. Documental «Fado», de Aurelio Vasques y Sofia Portugal"}]},{"@type":"WebSite","@id":"https://www.ull.es/portal/agenda/#website","url":"https://www.ull.es/portal/agenda/","name":"ULL - Agenda","description":"","potentialAction":[{"@type":"SearchAction","target":{"@type":"EntryPoint","urlTemplate":"https://www.ull.es/portal/agenda/?s={search_term_string}"},"query-input":"required name=search_term_string"}],"inLanguage":"es"}]}</script>
<!-- / Yoast SEO plugin. -->

El Festival de Fado de Canarias une las Islas Canarias y Portugal a través del Fado, la canción de Lisboa, esa música declarada Patrimonio Cultural Inmaterial por la UNESCO. Es de destacar la enorme herencia portuguesa que existe en Canarias, fruto del paso histórico de este pueblo por las Islas, que no solamente se refleja...
