{"id":44702,"date":"2025-10-14T10:42:11","date_gmt":"2025-10-14T10:42:11","guid":{"rendered":"https:\/\/www.ull.es\/portal\/agenda\/?post_type=tribe_events&#038;p=44702"},"modified":"2026-01-15T10:55:14","modified_gmt":"2026-01-15T10:55:14","slug":"ii-concurso-escolar-mi-cientific-canari-favorit-en-granadilla-de-abona","status":"publish","type":"tribe_events","link":"https:\/\/www.ull.es\/portal\/agenda\/evento\/ii-concurso-escolar-mi-cientific-canari-favorit-en-granadilla-de-abona\/","title":{"rendered":"II Concurso Escolar \u201cMi Cient\u00edfic@ Canari@ Favorit@\u201d en Granadilla de Abona"},"content":{"rendered":"<p><span style=\"font-weight: 400;\">La Universidad de La Laguna, a trav\u00e9s de su Unidad de Cultura Cient\u00edfica y de la Innovaci\u00f3n (Cienci@ULL), y el Ayuntamiento de Granadilla de Abona presentan el \u201cII Concurso Escolar \u201cMi Cient\u00edfic@ Canari@ Favorit@\u201d en Granadilla de Abona\u201d. Forma parte del \u201cPrograma Granadilla Explora\u201d.<\/span><\/p>\n<p><span style=\"font-weight: 400;\">El II Concurso Escolar \u201cMi Cient\u00edfic@ Canari@ Favorit@\u201d se presenta como una actividad educativa y de divulgaci\u00f3n dirigida al alumnado de 3\u00ba, 4\u00ba, 5\u00ba y 6\u00ba de Educaci\u00f3n Primaria de los centros escolares del municipio de Granadilla de Abona. Su objetivo principal es dar a conocer la figura de diferentes cient\u00edficos y cient\u00edficas canarias, destacando sus aportaciones al conocimiento y a la sociedad, con el fin de despertar en los ni\u00f1os y ni\u00f1as la admiraci\u00f3n, la curiosidad y el inter\u00e9s por la investigaci\u00f3n.<\/span><\/p>\n<p><span style=\"font-weight: 400;\">El alumnado participante elaborar\u00e1 un mural en tama\u00f1o A2 que refleje la vida de un cient\u00edfico\/a o investigador\/a de Canarias, as\u00ed como su contribuci\u00f3n a la Ciencia. Para su realizaci\u00f3n podr\u00e1n utilizar los materiales que sean necesarios, valorando positivamente que sean sostenibles.\u00a0<\/span><\/p>\n<p><span style=\"font-weight: 400;\">Adem\u00e1s, el alumnado participante deber\u00e1 hacer una exposici\u00f3n de su mural a trav\u00e9s de la realizaci\u00f3n de un v\u00eddeo, cuya duraci\u00f3n m\u00e1xima sea de aproximadamente de 5 minutos.\u00a0<\/span><\/p>\n<p><span style=\"font-weight: 400;\">Se establecen dos categor\u00edas de premios (primer y segundo premio) cuya dotaci\u00f3n econ\u00f3mica estar\u00e1 destinada a la compra de material escolar para el centro educativo. Dicha dotaci\u00f3n ser\u00e1 de 500\u20ac para el primer premio y 250\u20ac para el segundo premio.<\/span><\/p>\n<p><span style=\"font-weight: 400;\">Cada grupo presentar\u00e1 su proyecto en el acto celebrado el d\u00eda 15 de mayo de 2026.<\/span><\/p>\n<p>La inscripci\u00f3n estar\u00e1 abierta desde el 1 de noviembre hasta el 30 de abril de 2026<\/p>\n<p><span style=\"font-weight: 400;\">Para m\u00e1s informaci\u00f3n puede consultar la <\/span><a href=\"https:\/\/www.ull.es\/portal\/cienciaull\/actividad-1-2-concurso-escolar-mi-cientific-canari-favorit\/\" target=\"_blank\" rel=\"noopener\"><span style=\"font-weight: 400;\">p\u00e1gina web<\/span><\/a><span style=\"font-weight: 400;\"> y las <\/span><a href=\"https:\/\/drive.google.com\/file\/d\/1yNKNEgaVWUsrtf2hS6V8XwIEXAeKyvyv\/view\" target=\"_blank\" rel=\"noopener\"><span style=\"font-weight: 400;\">bases de participaci\u00f3n<\/span><\/a><span style=\"font-weight: 400;\">.<\/span><\/p>\n","protected":false},"excerpt":{"rendered":"<p>La Universidad de La Laguna, a trav\u00e9s de su Unidad de Cultura Cient\u00edfica y de la Innovaci\u00f3n (Cienci@ULL), y el Ayuntamiento de Granadilla de Abona presentan el \u201cII Concurso Escolar \u201cMi Cient\u00edfic@ Canari@ Favorit@\u201d en Granadilla de Abona\u201d. Forma parte del \u201cPrograma Granadilla Explora\u201d. El II Concurso Escolar \u201cMi Cient\u00edfic@ Canari@ Favorit@\u201d se presenta como&#8230;<\/p>\n","protected":false},"author":65,"featured_media":44703,"comment_status":"closed","ping_status":"closed","template":"","tags":[],"tribe_events_cat":[856],"acf":[],"yoast_head":"<!-- This site is optimized with the Yoast SEO plugin v21.3 - https:\/\/yoast.com\/wordpress\/plugins\/seo\/ -->\n<title>II Concurso Escolar \u201cMi Cient\u00edfic@ Canari@ Favorit@\u201d en Granadilla de Abona - ULL - Agenda<\/title>\n<meta name=\"robots\" content=\"index, follow, max-snippet:-1, max-image-preview:large, max-video-preview:-1\" \/>\n<link rel=\"canonical\" href=\"https:\/\/www.ull.es\/portal\/agenda\/evento\/ii-concurso-escolar-mi-cientific-canari-favorit-en-granadilla-de-abona\/\" \/>\n<meta property=\"og:locale\" content=\"es_ES\" \/>\n<meta property=\"og:type\" content=\"article\" \/>\n<meta property=\"og:title\" content=\"II Concurso Escolar \u201cMi Cient\u00edfic@ Canari@ Favorit@\u201d en Granadilla de Abona - ULL - Agenda\" \/>\n<meta property=\"og:description\" content=\"La Universidad de La Laguna, a trav\u00e9s de su Unidad de Cultura Cient\u00edfica y de la Innovaci\u00f3n (Cienci@ULL), y el Ayuntamiento de Granadilla de Abona presentan el \u201cII Concurso Escolar \u201cMi Cient\u00edfic@ Canari@ Favorit@\u201d en Granadilla de Abona\u201d. Forma parte del \u201cPrograma Granadilla Explora\u201d. El II Concurso Escolar \u201cMi Cient\u00edfic@ Canari@ Favorit@\u201d se presenta como...\" \/>\n<meta property=\"og:url\" content=\"https:\/\/www.ull.es\/portal\/agenda\/evento\/ii-concurso-escolar-mi-cientific-canari-favorit-en-granadilla-de-abona\/\" \/>\n<meta property=\"og:site_name\" content=\"ULL - Agenda\" \/>\n<meta property=\"article:modified_time\" content=\"2026-01-15T10:55:14+00:00\" \/>\n<meta property=\"og:image\" content=\"https:\/\/www.ull.es\/portal\/agenda\/wp-content\/uploads\/sites\/12\/2025\/10\/concurso_escolar_700x350-1.jpg\" \/>\n\t<meta property=\"og:image:width\" content=\"1458\" \/>\n\t<meta property=\"og:image:height\" content=\"729\" \/>\n\t<meta property=\"og:image:type\" content=\"image\/jpeg\" \/>\n<meta name=\"twitter:card\" content=\"summary_large_image\" \/>\n<meta name=\"twitter:label1\" content=\"Tiempo de lectura\" \/>\n\t<meta name=\"twitter:data1\" content=\"2 minutos\" \/>\n<script type=\"application\/ld+json\" class=\"yoast-schema-graph\">{\"@context\":\"https:\/\/schema.org\",\"@graph\":[{\"@type\":\"WebPage\",\"@id\":\"https:\/\/www.ull.es\/portal\/agenda\/evento\/ii-concurso-escolar-mi-cientific-canari-favorit-en-granadilla-de-abona\/\",\"url\":\"https:\/\/www.ull.es\/portal\/agenda\/evento\/ii-concurso-escolar-mi-cientific-canari-favorit-en-granadilla-de-abona\/\",\"name\":\"II Concurso Escolar \u201cMi Cient\u00edfic@ Canari@ Favorit@\u201d en Granadilla de Abona - ULL - Agenda\",\"isPartOf\":{\"@id\":\"https:\/\/www.ull.es\/portal\/agenda\/#website\"},\"datePublished\":\"2025-10-14T10:42:11+00:00\",\"dateModified\":\"2026-01-15T10:55:14+00:00\",\"breadcrumb\":{\"@id\":\"https:\/\/www.ull.es\/portal\/agenda\/evento\/ii-concurso-escolar-mi-cientific-canari-favorit-en-granadilla-de-abona\/#breadcrumb\"},\"inLanguage\":\"es\",\"potentialAction\":[{\"@type\":\"ReadAction\",\"target\":[\"https:\/\/www.ull.es\/portal\/agenda\/evento\/ii-concurso-escolar-mi-cientific-canari-favorit-en-granadilla-de-abona\/\"]}]},{\"@type\":\"BreadcrumbList\",\"@id\":\"https:\/\/www.ull.es\/portal\/agenda\/evento\/ii-concurso-escolar-mi-cientific-canari-favorit-en-granadilla-de-abona\/#breadcrumb\",\"itemListElement\":[{\"@type\":\"ListItem\",\"position\":1,\"name\":\"Portada\",\"item\":\"https:\/\/www.ull.es\/portal\/agenda\/\"},{\"@type\":\"ListItem\",\"position\":2,\"name\":\"II Concurso Escolar \u201cMi Cient\u00edfic@ Canari@ Favorit@\u201d en Granadilla de Abona\"}]},{\"@type\":\"WebSite\",\"@id\":\"https:\/\/www.ull.es\/portal\/agenda\/#website\",\"url\":\"https:\/\/www.ull.es\/portal\/agenda\/\",\"name\":\"ULL - Agenda\",\"description\":\"\",\"potentialAction\":[{\"@type\":\"SearchAction\",\"target\":{\"@type\":\"EntryPoint\",\"urlTemplate\":\"https:\/\/www.ull.es\/portal\/agenda\/?s={search_term_string}\"},\"query-input\":\"required name=search_term_string\"}],\"inLanguage\":\"es\"}]}<\/script>\n<!-- \/ Yoast SEO plugin. -->","yoast_head_json":{"title":"II Concurso Escolar \u201cMi Cient\u00edfic@ Canari@ Favorit@\u201d en Granadilla de Abona - ULL - Agenda","robots":{"index":"index","follow":"follow","max-snippet":"max-snippet:-1","max-image-preview":"max-image-preview:large","max-video-preview":"max-video-preview:-1"},"canonical":"https:\/\/www.ull.es\/portal\/agenda\/evento\/ii-concurso-escolar-mi-cientific-canari-favorit-en-granadilla-de-abona\/","og_locale":"es_ES","og_type":"article","og_title":"II Concurso Escolar \u201cMi Cient\u00edfic@ Canari@ Favorit@\u201d en Granadilla de Abona - ULL - Agenda","og_description":"La Universidad de La Laguna, a trav\u00e9s de su Unidad de Cultura Cient\u00edfica y de la Innovaci\u00f3n (Cienci@ULL), y el Ayuntamiento de Granadilla de Abona presentan el \u201cII Concurso Escolar \u201cMi Cient\u00edfic@ Canari@ Favorit@\u201d en Granadilla de Abona\u201d. Forma parte del \u201cPrograma Granadilla Explora\u201d. El II Concurso Escolar \u201cMi Cient\u00edfic@ Canari@ Favorit@\u201d se presenta como...","og_url":"https:\/\/www.ull.es\/portal\/agenda\/evento\/ii-concurso-escolar-mi-cientific-canari-favorit-en-granadilla-de-abona\/","og_site_name":"ULL - Agenda","article_modified_time":"2026-01-15T10:55:14+00:00","og_image":[{"width":1458,"height":729,"url":"https:\/\/www.ull.es\/portal\/agenda\/wp-content\/uploads\/sites\/12\/2025\/10\/concurso_escolar_700x350-1.jpg","type":"image\/jpeg"}],"twitter_card":"summary_large_image","twitter_misc":{"Tiempo de lectura":"2 minutos"},"schema":{"@context":"https:\/\/schema.org","@graph":[{"@type":"WebPage","@id":"https:\/\/www.ull.es\/portal\/agenda\/evento\/ii-concurso-escolar-mi-cientific-canari-favorit-en-granadilla-de-abona\/","url":"https:\/\/www.ull.es\/portal\/agenda\/evento\/ii-concurso-escolar-mi-cientific-canari-favorit-en-granadilla-de-abona\/","name":"II Concurso Escolar \u201cMi Cient\u00edfic@ Canari@ Favorit@\u201d en Granadilla de Abona - ULL - Agenda","isPartOf":{"@id":"https:\/\/www.ull.es\/portal\/agenda\/#website"},"datePublished":"2025-10-14T10:42:11+00:00","dateModified":"2026-01-15T10:55:14+00:00","breadcrumb":{"@id":"https:\/\/www.ull.es\/portal\/agenda\/evento\/ii-concurso-escolar-mi-cientific-canari-favorit-en-granadilla-de-abona\/#breadcrumb"},"inLanguage":"es","potentialAction":[{"@type":"ReadAction","target":["https:\/\/www.ull.es\/portal\/agenda\/evento\/ii-concurso-escolar-mi-cientific-canari-favorit-en-granadilla-de-abona\/"]}]},{"@type":"BreadcrumbList","@id":"https:\/\/www.ull.es\/portal\/agenda\/evento\/ii-concurso-escolar-mi-cientific-canari-favorit-en-granadilla-de-abona\/#breadcrumb","itemListElement":[{"@type":"ListItem","position":1,"name":"Portada","item":"https:\/\/www.ull.es\/portal\/agenda\/"},{"@type":"ListItem","position":2,"name":"II Concurso Escolar \u201cMi Cient\u00edfic@ Canari@ Favorit@\u201d en Granadilla de Abona"}]},{"@type":"WebSite","@id":"https:\/\/www.ull.es\/portal\/agenda\/#website","url":"https:\/\/www.ull.es\/portal\/agenda\/","name":"ULL - Agenda","description":"","potentialAction":[{"@type":"SearchAction","target":{"@type":"EntryPoint","urlTemplate":"https:\/\/www.ull.es\/portal\/agenda\/?s={search_term_string}"},"query-input":"required name=search_term_string"}],"inLanguage":"es"}]}},"_links":{"self":[{"href":"https:\/\/www.ull.es\/portal\/agenda\/wp-json\/wp\/v2\/tribe_events\/44702"}],"collection":[{"href":"https:\/\/www.ull.es\/portal\/agenda\/wp-json\/wp\/v2\/tribe_events"}],"about":[{"href":"https:\/\/www.ull.es\/portal\/agenda\/wp-json\/wp\/v2\/types\/tribe_events"}],"author":[{"embeddable":true,"href":"https:\/\/www.ull.es\/portal\/agenda\/wp-json\/wp\/v2\/users\/65"}],"replies":[{"embeddable":true,"href":"https:\/\/www.ull.es\/portal\/agenda\/wp-json\/wp\/v2\/comments?post=44702"}],"version-history":[{"count":2,"href":"https:\/\/www.ull.es\/portal\/agenda\/wp-json\/wp\/v2\/tribe_events\/44702\/revisions"}],"predecessor-version":[{"id":45985,"href":"https:\/\/www.ull.es\/portal\/agenda\/wp-json\/wp\/v2\/tribe_events\/44702\/revisions\/45985"}],"wp:featuredmedia":[{"embeddable":true,"href":"https:\/\/www.ull.es\/portal\/agenda\/wp-json\/wp\/v2\/media\/44703"}],"wp:attachment":[{"href":"https:\/\/www.ull.es\/portal\/agenda\/wp-json\/wp\/v2\/media?parent=44702"}],"wp:term":[{"taxonomy":"post_tag","embeddable":true,"href":"https:\/\/www.ull.es\/portal\/agenda\/wp-json\/wp\/v2\/tags?post=44702"},{"taxonomy":"tribe_events_cat","embeddable":true,"href":"https:\/\/www.ull.es\/portal\/agenda\/wp-json\/wp\/v2\/tribe_events_cat?post=44702"}],"curies":[{"name":"wp","href":"https:\/\/api.w.org\/{rel}","templated":true}]}}

II Concurso Escolar “Mi Científic@ Canari@ Favorit@” en Granadilla de Abona

<p><span style="font-weight: 400;">La Universidad de La Laguna, a través de su Unidad de Cultura Científica y de la Innovación (Cienci@ULL), y el Ayuntamiento de Granadilla de Abona presentan el “II Concurso Escolar “Mi Científic@ Canari@ Favorit@” en Granadilla de Abona”. Forma parte del “Programa Granadilla Explora”.</span></p>
<p><span style="font-weight: 400;">El II Concurso Escolar “Mi Científic@ Canari@ Favorit@” se presenta como una actividad educativa y de divulgación dirigida al alumnado de 3º, 4º, 5º y 6º de Educación Primaria de los centros escolares del municipio de Granadilla de Abona. Su objetivo principal es dar a conocer la figura de diferentes científicos y científicas canarias, destacando sus aportaciones al conocimiento y a la sociedad, con el fin de despertar en los niños y niñas la admiración, la curiosidad y el interés por la investigación.</span></p>
<p><span style="font-weight: 400;">El alumnado participante elaborará un mural en tamaño A2 que refleje la vida de un científico/a o investigador/a de Canarias, así como su contribución a la Ciencia. Para su realización podrán utilizar los materiales que sean necesarios, valorando positivamente que sean sostenibles. </span></p>
<p><span style="font-weight: 400;">Además, el alumnado participante deberá hacer una exposición de su mural a través de la realización de un vídeo, cuya duración máxima sea de aproximadamente de 5 minutos. </span></p>
<p><span style="font-weight: 400;">Se establecen dos categorías de premios (primer y segundo premio) cuya dotación económica estará destinada a la compra de material escolar para el centro educativo. Dicha dotación será de 500€ para el primer premio y 250€ para el segundo premio.</span></p>
<p><span style="font-weight: 400;">Cada grupo presentará su proyecto en el acto celebrado el día 15 de mayo de 2026.</span></p>
<p>La inscripción estará abierta desde el 1 de noviembre hasta el 30 de abril de 2026</p>
<p><span style="font-weight: 400;">Para más información puede consultar la </span><a href="https://www.ull.es/portal/cienciaull/actividad-1-2-concurso-escolar-mi-cientific-canari-favorit/" target="_blank" rel="noopener"><span style="font-weight: 400;">página web</span></a><span style="font-weight: 400;"> y las </span><a href="https://drive.google.com/file/d/1yNKNEgaVWUsrtf2hS6V8XwIEXAeKyvyv/view" target="_blank" rel="noopener"><span style="font-weight: 400;">bases de participación</span></a><span style="font-weight: 400;">.</span></p>

<p>La Universidad de La Laguna, a través de su Unidad de Cultura Científica y de la Innovación (Cienci@ULL), y el Ayuntamiento de Granadilla de Abona presentan el “II Concurso Escolar “Mi Científic@ Canari@ Favorit@” en Granadilla de Abona”. Forma parte del “Programa Granadilla Explora”. El II Concurso Escolar “Mi Científic@ Canari@ Favorit@” se presenta como&#8230;</p>

<!-- This site is optimized with the Yoast SEO plugin v21.3 - https://yoast.com/wordpress/plugins/seo/ -->
<title>II Concurso Escolar “Mi Científic@ Canari@ Favorit@” en Granadilla de Abona - ULL - Agenda</title>
<meta name="robots" content="index, follow, max-snippet:-1, max-image-preview:large, max-video-preview:-1" />
<link rel="canonical" href="https://www.ull.es/portal/agenda/evento/ii-concurso-escolar-mi-cientific-canari-favorit-en-granadilla-de-abona/" />
<meta property="og:locale" content="es_ES" />
<meta property="og:type" content="article" />
<meta property="og:title" content="II Concurso Escolar “Mi Científic@ Canari@ Favorit@” en Granadilla de Abona - ULL - Agenda" />
<meta property="og:description" content="La Universidad de La Laguna, a través de su Unidad de Cultura Científica y de la Innovación (Cienci@ULL), y el Ayuntamiento de Granadilla de Abona presentan el “II Concurso Escolar “Mi Científic@ Canari@ Favorit@” en Granadilla de Abona”. Forma parte del “Programa Granadilla Explora”. El II Concurso Escolar “Mi Científic@ Canari@ Favorit@” se presenta como..." />
<meta property="og:url" content="https://www.ull.es/portal/agenda/evento/ii-concurso-escolar-mi-cientific-canari-favorit-en-granadilla-de-abona/" />
<meta property="og:site_name" content="ULL - Agenda" />
<meta property="article:modified_time" content="2026-01-15T10:55:14+00:00" />
<meta property="og:image" content="https://www.ull.es/portal/agenda/wp-content/uploads/sites/12/2025/10/concurso_escolar_700x350-1.jpg" />
	<meta property="og:image:width" content="1458" />
	<meta property="og:image:height" content="729" />
	<meta property="og:image:type" content="image/jpeg" />
<meta name="twitter:card" content="summary_large_image" />
<meta name="twitter:label1" content="Tiempo de lectura" />
	<meta name="twitter:data1" content="2 minutos" />
<script type="application/ld+json" class="yoast-schema-graph">{"@context":"https://schema.org","@graph":[{"@type":"WebPage","@id":"https://www.ull.es/portal/agenda/evento/ii-concurso-escolar-mi-cientific-canari-favorit-en-granadilla-de-abona/","url":"https://www.ull.es/portal/agenda/evento/ii-concurso-escolar-mi-cientific-canari-favorit-en-granadilla-de-abona/","name":"II Concurso Escolar “Mi Científic@ Canari@ Favorit@” en Granadilla de Abona - ULL - Agenda","isPartOf":{"@id":"https://www.ull.es/portal/agenda/#website"},"datePublished":"2025-10-14T10:42:11+00:00","dateModified":"2026-01-15T10:55:14+00:00","breadcrumb":{"@id":"https://www.ull.es/portal/agenda/evento/ii-concurso-escolar-mi-cientific-canari-favorit-en-granadilla-de-abona/#breadcrumb"},"inLanguage":"es","potentialAction":[{"@type":"ReadAction","target":["https://www.ull.es/portal/agenda/evento/ii-concurso-escolar-mi-cientific-canari-favorit-en-granadilla-de-abona/"]}]},{"@type":"BreadcrumbList","@id":"https://www.ull.es/portal/agenda/evento/ii-concurso-escolar-mi-cientific-canari-favorit-en-granadilla-de-abona/#breadcrumb","itemListElement":[{"@type":"ListItem","position":1,"name":"Portada","item":"https://www.ull.es/portal/agenda/"},{"@type":"ListItem","position":2,"name":"II Concurso Escolar “Mi Científic@ Canari@ Favorit@” en Granadilla de Abona"}]},{"@type":"WebSite","@id":"https://www.ull.es/portal/agenda/#website","url":"https://www.ull.es/portal/agenda/","name":"ULL - Agenda","description":"","potentialAction":[{"@type":"SearchAction","target":{"@type":"EntryPoint","urlTemplate":"https://www.ull.es/portal/agenda/?s={search_term_string}"},"query-input":"required name=search_term_string"}],"inLanguage":"es"}]}</script>
<!-- / Yoast SEO plugin. -->

II Concurso Escolar “Mi Científic@ Canari@ Favorit@” en Granadilla de Abona - ULL - Agenda

La Universidad de La Laguna, a través de su Unidad de Cultura Científica y de la Innovación (Cienci@ULL), y el Ayuntamiento de Granadilla de Abona presentan el “II Concurso Escolar “Mi Científic@ Canari@ Favorit@” en Granadilla de Abona”. Forma parte del “Programa Granadilla Explora”. El II Concurso Escolar “Mi Científic@ Canari@ Favorit@” se presenta como...
