{"id":44861,"date":"2025-10-23T11:45:53","date_gmt":"2025-10-23T11:45:53","guid":{"rendered":"https:\/\/www.ull.es\/portal\/agenda\/?post_type=tribe_events&#038;p=44861"},"modified":"2025-10-30T12:21:29","modified_gmt":"2025-10-30T12:21:29","slug":"ix-jornadas-juan-carlos-ruiz-morales","status":"publish","type":"tribe_events","link":"https:\/\/www.ull.es\/portal\/agenda\/evento\/ix-jornadas-juan-carlos-ruiz-morales\/","title":{"rendered":"IX Jornadas Juan Carlos Ruiz Morales"},"content":{"rendered":"<p>El Instituto de Materiales y Nanotecnolog\u00eda de la Universidad de La Laguna celebrar\u00e1 el pr\u00f3ximo 4 de noviembre las IX Jornadas Juan Carlos Ruiz Morales, en memoria de quien fuera alumno, docente e investigador de este centro. En esta edici\u00f3n, las jornadas se desarrollar\u00e1n en formato mixto, presencial y online, con el prop\u00f3sito de fortalecer su continuidad y abrir la participaci\u00f3n a una comunidad cient\u00edfica m\u00e1s amplia.<\/p>\n<p>El programa contar\u00e1 con la presencia de Emilio P\u00e9rez \u00c1lvarez, investigador del Instituto IMDEA Nanociencia, experto en qu\u00edmica supramolecular y funcionalizaci\u00f3n de materiales, y de Patricia Haro, profesora de la Universidad Aut\u00f3noma de Madrid, especializada en el desarrollo de materiales y \u00f3ptica aplicada. Adem\u00e1s, las jornadas volver\u00e1n a destacar el papel de los j\u00f3venes investigadores vinculados al Instituto, quienes compartir\u00e1n los avances de sus proyectos de m\u00e1ster y doctorado, manteniendo vivo el esp\u00edritu de curiosidad, colaboraci\u00f3n y pasi\u00f3n por la ciencia.<\/p>\n<p><a href=\"https:\/\/forms.gle\/xVipQnRY7Jr6pvur7\" target=\"_blank\" rel=\"noopener\" target=\"_blank\" rel=\"noopener\">Inscripci\u00f3n<\/a><\/p>\n<p><a href=\"https:\/\/drive.google.com\/file\/d\/1QFqj6z2KHi6EcUk5wwfhTLt_5Yl2HAIl\/view?usp=sharing\" target=\"_blank\" rel=\"noopener\" target=\"_blank\" rel=\"noopener\">Programa<\/a><\/p>\n<p><a href=\"https:\/\/drive.google.com\/file\/d\/1qt6qOUsFWFqziz2VDaDaK0mBt9ZcLMPD\/view?usp=sharing\" target=\"_blank\" rel=\"noopener\" target=\"_blank\" rel=\"noopener\">Libro de res\u00famenes<\/a><\/p>\n","protected":false},"excerpt":{"rendered":"<p>El Instituto de Materiales y Nanotecnolog\u00eda de la Universidad de La Laguna celebrar\u00e1 el pr\u00f3ximo 4 de noviembre las IX Jornadas Juan Carlos Ruiz Morales, en memoria de quien fuera alumno, docente e investigador de este centro. En esta edici\u00f3n, las jornadas se desarrollar\u00e1n en formato mixto, presencial y online, con el prop\u00f3sito de fortalecer&#8230;<\/p>\n","protected":false},"author":65,"featured_media":44901,"comment_status":"closed","ping_status":"closed","template":"","tags":[],"tribe_events_cat":[4,972,3680,186,191],"acf":[],"yoast_head":"<!-- This site is optimized with the Yoast SEO plugin v21.3 - https:\/\/yoast.com\/wordpress\/plugins\/seo\/ -->\n<title>IX Jornadas Juan Carlos Ruiz Morales - ULL - Agenda<\/title>\n<meta name=\"robots\" content=\"index, follow, max-snippet:-1, max-image-preview:large, max-video-preview:-1\" \/>\n<link rel=\"canonical\" href=\"https:\/\/www.ull.es\/portal\/agenda\/evento\/ix-jornadas-juan-carlos-ruiz-morales\/\" \/>\n<meta property=\"og:locale\" content=\"es_ES\" \/>\n<meta property=\"og:type\" content=\"article\" \/>\n<meta property=\"og:title\" content=\"IX Jornadas Juan Carlos Ruiz Morales - ULL - Agenda\" \/>\n<meta property=\"og:description\" content=\"El Instituto de Materiales y Nanotecnolog\u00eda de la Universidad de La Laguna celebrar\u00e1 el pr\u00f3ximo 4 de noviembre las IX Jornadas Juan Carlos Ruiz Morales, en memoria de quien fuera alumno, docente e investigador de este centro. En esta edici\u00f3n, las jornadas se desarrollar\u00e1n en formato mixto, presencial y online, con el prop\u00f3sito de fortalecer...\" \/>\n<meta property=\"og:url\" content=\"https:\/\/www.ull.es\/portal\/agenda\/evento\/ix-jornadas-juan-carlos-ruiz-morales\/\" \/>\n<meta property=\"og:site_name\" content=\"ULL - Agenda\" \/>\n<meta property=\"article:modified_time\" content=\"2025-10-30T12:21:29+00:00\" \/>\n<meta property=\"og:image\" content=\"https:\/\/www.ull.es\/portal\/agenda\/wp-content\/uploads\/sites\/12\/2025\/10\/IX-Jornadas-Juan-Carlos-Ruiz-Morales_Banner-eventos.png\" \/>\n\t<meta property=\"og:image:width\" content=\"750\" \/>\n\t<meta property=\"og:image:height\" content=\"370\" \/>\n\t<meta property=\"og:image:type\" content=\"image\/png\" \/>\n<meta name=\"twitter:card\" content=\"summary_large_image\" \/>\n<meta name=\"twitter:label1\" content=\"Tiempo de lectura\" \/>\n\t<meta name=\"twitter:data1\" content=\"1 minuto\" \/>\n<script type=\"application\/ld+json\" class=\"yoast-schema-graph\">{\"@context\":\"https:\/\/schema.org\",\"@graph\":[{\"@type\":\"WebPage\",\"@id\":\"https:\/\/www.ull.es\/portal\/agenda\/evento\/ix-jornadas-juan-carlos-ruiz-morales\/\",\"url\":\"https:\/\/www.ull.es\/portal\/agenda\/evento\/ix-jornadas-juan-carlos-ruiz-morales\/\",\"name\":\"IX Jornadas Juan Carlos Ruiz Morales - ULL - Agenda\",\"isPartOf\":{\"@id\":\"https:\/\/www.ull.es\/portal\/agenda\/#website\"},\"datePublished\":\"2025-10-23T11:45:53+00:00\",\"dateModified\":\"2025-10-30T12:21:29+00:00\",\"breadcrumb\":{\"@id\":\"https:\/\/www.ull.es\/portal\/agenda\/evento\/ix-jornadas-juan-carlos-ruiz-morales\/#breadcrumb\"},\"inLanguage\":\"es\",\"potentialAction\":[{\"@type\":\"ReadAction\",\"target\":[\"https:\/\/www.ull.es\/portal\/agenda\/evento\/ix-jornadas-juan-carlos-ruiz-morales\/\"]}]},{\"@type\":\"BreadcrumbList\",\"@id\":\"https:\/\/www.ull.es\/portal\/agenda\/evento\/ix-jornadas-juan-carlos-ruiz-morales\/#breadcrumb\",\"itemListElement\":[{\"@type\":\"ListItem\",\"position\":1,\"name\":\"Portada\",\"item\":\"https:\/\/www.ull.es\/portal\/agenda\/\"},{\"@type\":\"ListItem\",\"position\":2,\"name\":\"IX Jornadas Juan Carlos Ruiz Morales\"}]},{\"@type\":\"WebSite\",\"@id\":\"https:\/\/www.ull.es\/portal\/agenda\/#website\",\"url\":\"https:\/\/www.ull.es\/portal\/agenda\/\",\"name\":\"ULL - Agenda\",\"description\":\"\",\"potentialAction\":[{\"@type\":\"SearchAction\",\"target\":{\"@type\":\"EntryPoint\",\"urlTemplate\":\"https:\/\/www.ull.es\/portal\/agenda\/?s={search_term_string}\"},\"query-input\":\"required name=search_term_string\"}],\"inLanguage\":\"es\"}]}<\/script>\n<!-- \/ Yoast SEO plugin. -->","yoast_head_json":{"title":"IX Jornadas Juan Carlos Ruiz Morales - ULL - Agenda","robots":{"index":"index","follow":"follow","max-snippet":"max-snippet:-1","max-image-preview":"max-image-preview:large","max-video-preview":"max-video-preview:-1"},"canonical":"https:\/\/www.ull.es\/portal\/agenda\/evento\/ix-jornadas-juan-carlos-ruiz-morales\/","og_locale":"es_ES","og_type":"article","og_title":"IX Jornadas Juan Carlos Ruiz Morales - ULL - Agenda","og_description":"El Instituto de Materiales y Nanotecnolog\u00eda de la Universidad de La Laguna celebrar\u00e1 el pr\u00f3ximo 4 de noviembre las IX Jornadas Juan Carlos Ruiz Morales, en memoria de quien fuera alumno, docente e investigador de este centro. En esta edici\u00f3n, las jornadas se desarrollar\u00e1n en formato mixto, presencial y online, con el prop\u00f3sito de fortalecer...","og_url":"https:\/\/www.ull.es\/portal\/agenda\/evento\/ix-jornadas-juan-carlos-ruiz-morales\/","og_site_name":"ULL - Agenda","article_modified_time":"2025-10-30T12:21:29+00:00","og_image":[{"width":750,"height":370,"url":"https:\/\/www.ull.es\/portal\/agenda\/wp-content\/uploads\/sites\/12\/2025\/10\/IX-Jornadas-Juan-Carlos-Ruiz-Morales_Banner-eventos.png","type":"image\/png"}],"twitter_card":"summary_large_image","twitter_misc":{"Tiempo de lectura":"1 minuto"},"schema":{"@context":"https:\/\/schema.org","@graph":[{"@type":"WebPage","@id":"https:\/\/www.ull.es\/portal\/agenda\/evento\/ix-jornadas-juan-carlos-ruiz-morales\/","url":"https:\/\/www.ull.es\/portal\/agenda\/evento\/ix-jornadas-juan-carlos-ruiz-morales\/","name":"IX Jornadas Juan Carlos Ruiz Morales - ULL - Agenda","isPartOf":{"@id":"https:\/\/www.ull.es\/portal\/agenda\/#website"},"datePublished":"2025-10-23T11:45:53+00:00","dateModified":"2025-10-30T12:21:29+00:00","breadcrumb":{"@id":"https:\/\/www.ull.es\/portal\/agenda\/evento\/ix-jornadas-juan-carlos-ruiz-morales\/#breadcrumb"},"inLanguage":"es","potentialAction":[{"@type":"ReadAction","target":["https:\/\/www.ull.es\/portal\/agenda\/evento\/ix-jornadas-juan-carlos-ruiz-morales\/"]}]},{"@type":"BreadcrumbList","@id":"https:\/\/www.ull.es\/portal\/agenda\/evento\/ix-jornadas-juan-carlos-ruiz-morales\/#breadcrumb","itemListElement":[{"@type":"ListItem","position":1,"name":"Portada","item":"https:\/\/www.ull.es\/portal\/agenda\/"},{"@type":"ListItem","position":2,"name":"IX Jornadas Juan Carlos Ruiz Morales"}]},{"@type":"WebSite","@id":"https:\/\/www.ull.es\/portal\/agenda\/#website","url":"https:\/\/www.ull.es\/portal\/agenda\/","name":"ULL - Agenda","description":"","potentialAction":[{"@type":"SearchAction","target":{"@type":"EntryPoint","urlTemplate":"https:\/\/www.ull.es\/portal\/agenda\/?s={search_term_string}"},"query-input":"required name=search_term_string"}],"inLanguage":"es"}]}},"_links":{"self":[{"href":"https:\/\/www.ull.es\/portal\/agenda\/wp-json\/wp\/v2\/tribe_events\/44861"}],"collection":[{"href":"https:\/\/www.ull.es\/portal\/agenda\/wp-json\/wp\/v2\/tribe_events"}],"about":[{"href":"https:\/\/www.ull.es\/portal\/agenda\/wp-json\/wp\/v2\/types\/tribe_events"}],"author":[{"embeddable":true,"href":"https:\/\/www.ull.es\/portal\/agenda\/wp-json\/wp\/v2\/users\/65"}],"replies":[{"embeddable":true,"href":"https:\/\/www.ull.es\/portal\/agenda\/wp-json\/wp\/v2\/comments?post=44861"}],"version-history":[{"count":3,"href":"https:\/\/www.ull.es\/portal\/agenda\/wp-json\/wp\/v2\/tribe_events\/44861\/revisions"}],"predecessor-version":[{"id":45073,"href":"https:\/\/www.ull.es\/portal\/agenda\/wp-json\/wp\/v2\/tribe_events\/44861\/revisions\/45073"}],"wp:featuredmedia":[{"embeddable":true,"href":"https:\/\/www.ull.es\/portal\/agenda\/wp-json\/wp\/v2\/media\/44901"}],"wp:attachment":[{"href":"https:\/\/www.ull.es\/portal\/agenda\/wp-json\/wp\/v2\/media?parent=44861"}],"wp:term":[{"taxonomy":"post_tag","embeddable":true,"href":"https:\/\/www.ull.es\/portal\/agenda\/wp-json\/wp\/v2\/tags?post=44861"},{"taxonomy":"tribe_events_cat","embeddable":true,"href":"https:\/\/www.ull.es\/portal\/agenda\/wp-json\/wp\/v2\/tribe_events_cat?post=44861"}],"curies":[{"name":"wp","href":"https:\/\/api.w.org\/{rel}","templated":true}]}}

<p>El Instituto de Materiales y Nanotecnología de la Universidad de La Laguna celebrará el próximo 4 de noviembre las IX Jornadas Juan Carlos Ruiz Morales, en memoria de quien fuera alumno, docente e investigador de este centro. En esta edición, las jornadas se desarrollarán en formato mixto, presencial y online, con el propósito de fortalecer su continuidad y abrir la participación a una comunidad científica más amplia.</p>
<p>El programa contará con la presencia de Emilio Pérez Álvarez, investigador del Instituto IMDEA Nanociencia, experto en química supramolecular y funcionalización de materiales, y de Patricia Haro, profesora de la Universidad Autónoma de Madrid, especializada en el desarrollo de materiales y óptica aplicada. Además, las jornadas volverán a destacar el papel de los jóvenes investigadores vinculados al Instituto, quienes compartirán los avances de sus proyectos de máster y doctorado, manteniendo vivo el espíritu de curiosidad, colaboración y pasión por la ciencia.</p>
<p><a href="https://forms.gle/xVipQnRY7Jr6pvur7" target="_blank" rel="noopener" target="_blank" rel="noopener">Inscripción</a></p>
<p><a href="https://drive.google.com/file/d/1QFqj6z2KHi6EcUk5wwfhTLt_5Yl2HAIl/view?usp=sharing" target="_blank" rel="noopener" target="_blank" rel="noopener">Programa</a></p>
<p><a href="https://drive.google.com/file/d/1qt6qOUsFWFqziz2VDaDaK0mBt9ZcLMPD/view?usp=sharing" target="_blank" rel="noopener" target="_blank" rel="noopener">Libro de resúmenes</a></p>

<p>El Instituto de Materiales y Nanotecnología de la Universidad de La Laguna celebrará el próximo 4 de noviembre las IX Jornadas Juan Carlos Ruiz Morales, en memoria de quien fuera alumno, docente e investigador de este centro. En esta edición, las jornadas se desarrollarán en formato mixto, presencial y online, con el propósito de fortalecer&#8230;</p>

<!-- This site is optimized with the Yoast SEO plugin v21.3 - https://yoast.com/wordpress/plugins/seo/ -->
<title>IX Jornadas Juan Carlos Ruiz Morales - ULL - Agenda</title>
<meta name="robots" content="index, follow, max-snippet:-1, max-image-preview:large, max-video-preview:-1" />
<link rel="canonical" href="https://www.ull.es/portal/agenda/evento/ix-jornadas-juan-carlos-ruiz-morales/" />
<meta property="og:locale" content="es_ES" />
<meta property="og:type" content="article" />
<meta property="og:title" content="IX Jornadas Juan Carlos Ruiz Morales - ULL - Agenda" />
<meta property="og:description" content="El Instituto de Materiales y Nanotecnología de la Universidad de La Laguna celebrará el próximo 4 de noviembre las IX Jornadas Juan Carlos Ruiz Morales, en memoria de quien fuera alumno, docente e investigador de este centro. En esta edición, las jornadas se desarrollarán en formato mixto, presencial y online, con el propósito de fortalecer..." />
<meta property="og:url" content="https://www.ull.es/portal/agenda/evento/ix-jornadas-juan-carlos-ruiz-morales/" />
<meta property="og:site_name" content="ULL - Agenda" />
<meta property="article:modified_time" content="2025-10-30T12:21:29+00:00" />
<meta property="og:image" content="https://www.ull.es/portal/agenda/wp-content/uploads/sites/12/2025/10/IX-Jornadas-Juan-Carlos-Ruiz-Morales_Banner-eventos.png" />
	<meta property="og:image:width" content="750" />
	<meta property="og:image:height" content="370" />
	<meta property="og:image:type" content="image/png" />
<meta name="twitter:card" content="summary_large_image" />
<meta name="twitter:label1" content="Tiempo de lectura" />
	<meta name="twitter:data1" content="1 minuto" />
<script type="application/ld+json" class="yoast-schema-graph">{"@context":"https://schema.org","@graph":[{"@type":"WebPage","@id":"https://www.ull.es/portal/agenda/evento/ix-jornadas-juan-carlos-ruiz-morales/","url":"https://www.ull.es/portal/agenda/evento/ix-jornadas-juan-carlos-ruiz-morales/","name":"IX Jornadas Juan Carlos Ruiz Morales - ULL - Agenda","isPartOf":{"@id":"https://www.ull.es/portal/agenda/#website"},"datePublished":"2025-10-23T11:45:53+00:00","dateModified":"2025-10-30T12:21:29+00:00","breadcrumb":{"@id":"https://www.ull.es/portal/agenda/evento/ix-jornadas-juan-carlos-ruiz-morales/#breadcrumb"},"inLanguage":"es","potentialAction":[{"@type":"ReadAction","target":["https://www.ull.es/portal/agenda/evento/ix-jornadas-juan-carlos-ruiz-morales/"]}]},{"@type":"BreadcrumbList","@id":"https://www.ull.es/portal/agenda/evento/ix-jornadas-juan-carlos-ruiz-morales/#breadcrumb","itemListElement":[{"@type":"ListItem","position":1,"name":"Portada","item":"https://www.ull.es/portal/agenda/"},{"@type":"ListItem","position":2,"name":"IX Jornadas Juan Carlos Ruiz Morales"}]},{"@type":"WebSite","@id":"https://www.ull.es/portal/agenda/#website","url":"https://www.ull.es/portal/agenda/","name":"ULL - Agenda","description":"","potentialAction":[{"@type":"SearchAction","target":{"@type":"EntryPoint","urlTemplate":"https://www.ull.es/portal/agenda/?s={search_term_string}"},"query-input":"required name=search_term_string"}],"inLanguage":"es"}]}</script>
<!-- / Yoast SEO plugin. -->

El Instituto de Materiales y Nanotecnología de la Universidad de La Laguna celebrará el próximo 4 de noviembre las IX Jornadas Juan Carlos Ruiz Morales, en memoria de quien fuera alumno, docente e investigador de este centro. En esta edición, las jornadas se desarrollarán en formato mixto, presencial y online, con el propósito de fortalecer...
