{"id":44865,"date":"2025-10-23T11:50:06","date_gmt":"2025-10-23T11:50:06","guid":{"rendered":"https:\/\/www.ull.es\/portal\/agenda\/?post_type=tribe_events&#038;p=44865"},"modified":"2025-10-24T12:03:12","modified_gmt":"2025-10-24T12:03:12","slug":"ii-jornadas-de-cine-y-cultura-el-cine-de-hollywood-antes-de-la-censura","status":"publish","type":"tribe_events","link":"https:\/\/www.ull.es\/portal\/agenda\/evento\/ii-jornadas-de-cine-y-cultura-el-cine-de-hollywood-antes-de-la-censura\/","title":{"rendered":"II Jornadas de Cine y Cultura: El cine de Hollywood antes de la censura"},"content":{"rendered":"<p>La Universidad de La Laguna celebra las II Jornadas de Cine y Cultura, abiertas al p\u00fablico y dedicadas, en esta ocasi\u00f3n, al fascinante cine pre-code estadounidense: las pel\u00edculas rodadas antes de la censura del C\u00f3digo Hays, una \u00e9poca audaz, libre y transgresora en la historia del cine.<br \/>\nA lo largo de las sesiones se abordar\u00e1n diversos aspectos como el lenguaje, la censura y la vigencia de tem\u00e1ticas tan actuales como la cr\u00edtica al poder, la libertad sexual, el feminismo temprano o la rebeld\u00eda social en plena Gran Depresi\u00f3n, mostrando el sorprendente paralelismo de aquellas pel\u00edculas con la sociedad actual, lo que las hacen mucho m\u00e1s actuales que las de d\u00e9cadas posteriores.<\/p>\n<p>El ciclo incluir\u00e1 proyecciones, an\u00e1lisis visuales y un recorrido por la influencia del pre-code en la moda y la est\u00e9tica. del vestir. Estar\u00e1 guiado por el escritor e investigador de cine Guillermo Balmori; reconocido especialista y autor de los vol\u00famenes Las pel\u00edculas pre-code, ha colaborado en programas como Cine en blanco y negro y Classics de Jos\u00e9 Luis Garci, y forma parte del equipo del espacio cinematogr\u00e1fico Secuencias en 24H, emitido por el Canal 24 Horas de RTVE. Una oportunidad \u00fanica para redescubrir un cine tan transgresor como vigente.<\/p>\n<p>Para m\u00e1s informaci\u00f3n, pulse este <a href=\"https:\/\/eventos.ull.es\/142718\/detail\/ii-jornadas-de-cine-y-cultura-el-cine-de-hollywood-antes-de-la-censura.html\" target=\"_blank\" rel=\"noopener\" target=\"_blank\" rel=\"noopener\">enlace.\u00a0<\/a><\/p>\n<p>&nbsp;<\/p>\n","protected":false},"excerpt":{"rendered":"<p>La Universidad de La Laguna celebra las II Jornadas de Cine y Cultura, abiertas al p\u00fablico y dedicadas, en esta ocasi\u00f3n, al fascinante cine pre-code estadounidense: las pel\u00edculas rodadas antes de la censura del C\u00f3digo Hays, una \u00e9poca audaz, libre y transgresora en la historia del cine. A lo largo de las sesiones se abordar\u00e1n&#8230;<\/p>\n","protected":false},"author":65,"featured_media":44907,"comment_status":"closed","ping_status":"closed","template":"","tags":[],"tribe_events_cat":[3987,4,985,455,473,474,186,191],"acf":[],"yoast_head":"<!-- This site is optimized with the Yoast SEO plugin v21.3 - https:\/\/yoast.com\/wordpress\/plugins\/seo\/ -->\n<title>II Jornadas de Cine y Cultura: El cine de Hollywood antes de la censura - ULL - Agenda<\/title>\n<meta name=\"robots\" content=\"index, follow, max-snippet:-1, max-image-preview:large, max-video-preview:-1\" \/>\n<link rel=\"canonical\" href=\"https:\/\/www.ull.es\/portal\/agenda\/evento\/ii-jornadas-de-cine-y-cultura-el-cine-de-hollywood-antes-de-la-censura\/\" \/>\n<meta property=\"og:locale\" content=\"es_ES\" \/>\n<meta property=\"og:type\" content=\"article\" \/>\n<meta property=\"og:title\" content=\"II Jornadas de Cine y Cultura: El cine de Hollywood antes de la censura - ULL - Agenda\" \/>\n<meta property=\"og:description\" content=\"La Universidad de La Laguna celebra las II Jornadas de Cine y Cultura, abiertas al p\u00fablico y dedicadas, en esta ocasi\u00f3n, al fascinante cine pre-code estadounidense: las pel\u00edculas rodadas antes de la censura del C\u00f3digo Hays, una \u00e9poca audaz, libre y transgresora en la historia del cine. A lo largo de las sesiones se abordar\u00e1n...\" \/>\n<meta property=\"og:url\" content=\"https:\/\/www.ull.es\/portal\/agenda\/evento\/ii-jornadas-de-cine-y-cultura-el-cine-de-hollywood-antes-de-la-censura\/\" \/>\n<meta property=\"og:site_name\" content=\"ULL - Agenda\" \/>\n<meta property=\"article:modified_time\" content=\"2025-10-24T12:03:12+00:00\" \/>\n<meta property=\"og:image\" content=\"https:\/\/www.ull.es\/portal\/agenda\/wp-content\/uploads\/sites\/12\/2025\/10\/II-JORNADAS-DE-CINE-Y-CULTURA-EL-CINE-DE-HOLLYWOOD-ANTES-DE-LA-CENSURA_Banner-eventos.png\" \/>\n\t<meta property=\"og:image:width\" content=\"750\" \/>\n\t<meta property=\"og:image:height\" content=\"370\" \/>\n\t<meta property=\"og:image:type\" content=\"image\/png\" \/>\n<meta name=\"twitter:card\" content=\"summary_large_image\" \/>\n<meta name=\"twitter:label1\" content=\"Tiempo de lectura\" \/>\n\t<meta name=\"twitter:data1\" content=\"1 minuto\" \/>\n<script type=\"application\/ld+json\" class=\"yoast-schema-graph\">{\"@context\":\"https:\/\/schema.org\",\"@graph\":[{\"@type\":\"WebPage\",\"@id\":\"https:\/\/www.ull.es\/portal\/agenda\/evento\/ii-jornadas-de-cine-y-cultura-el-cine-de-hollywood-antes-de-la-censura\/\",\"url\":\"https:\/\/www.ull.es\/portal\/agenda\/evento\/ii-jornadas-de-cine-y-cultura-el-cine-de-hollywood-antes-de-la-censura\/\",\"name\":\"II Jornadas de Cine y Cultura: El cine de Hollywood antes de la censura - ULL - Agenda\",\"isPartOf\":{\"@id\":\"https:\/\/www.ull.es\/portal\/agenda\/#website\"},\"datePublished\":\"2025-10-23T11:50:06+00:00\",\"dateModified\":\"2025-10-24T12:03:12+00:00\",\"breadcrumb\":{\"@id\":\"https:\/\/www.ull.es\/portal\/agenda\/evento\/ii-jornadas-de-cine-y-cultura-el-cine-de-hollywood-antes-de-la-censura\/#breadcrumb\"},\"inLanguage\":\"es\",\"potentialAction\":[{\"@type\":\"ReadAction\",\"target\":[\"https:\/\/www.ull.es\/portal\/agenda\/evento\/ii-jornadas-de-cine-y-cultura-el-cine-de-hollywood-antes-de-la-censura\/\"]}]},{\"@type\":\"BreadcrumbList\",\"@id\":\"https:\/\/www.ull.es\/portal\/agenda\/evento\/ii-jornadas-de-cine-y-cultura-el-cine-de-hollywood-antes-de-la-censura\/#breadcrumb\",\"itemListElement\":[{\"@type\":\"ListItem\",\"position\":1,\"name\":\"Portada\",\"item\":\"https:\/\/www.ull.es\/portal\/agenda\/\"},{\"@type\":\"ListItem\",\"position\":2,\"name\":\"II Jornadas de Cine y Cultura: El cine de Hollywood antes de la censura\"}]},{\"@type\":\"WebSite\",\"@id\":\"https:\/\/www.ull.es\/portal\/agenda\/#website\",\"url\":\"https:\/\/www.ull.es\/portal\/agenda\/\",\"name\":\"ULL - Agenda\",\"description\":\"\",\"potentialAction\":[{\"@type\":\"SearchAction\",\"target\":{\"@type\":\"EntryPoint\",\"urlTemplate\":\"https:\/\/www.ull.es\/portal\/agenda\/?s={search_term_string}\"},\"query-input\":\"required name=search_term_string\"}],\"inLanguage\":\"es\"}]}<\/script>\n<!-- \/ Yoast SEO plugin. -->","yoast_head_json":{"title":"II Jornadas de Cine y Cultura: El cine de Hollywood antes de la censura - ULL - Agenda","robots":{"index":"index","follow":"follow","max-snippet":"max-snippet:-1","max-image-preview":"max-image-preview:large","max-video-preview":"max-video-preview:-1"},"canonical":"https:\/\/www.ull.es\/portal\/agenda\/evento\/ii-jornadas-de-cine-y-cultura-el-cine-de-hollywood-antes-de-la-censura\/","og_locale":"es_ES","og_type":"article","og_title":"II Jornadas de Cine y Cultura: El cine de Hollywood antes de la censura - ULL - Agenda","og_description":"La Universidad de La Laguna celebra las II Jornadas de Cine y Cultura, abiertas al p\u00fablico y dedicadas, en esta ocasi\u00f3n, al fascinante cine pre-code estadounidense: las pel\u00edculas rodadas antes de la censura del C\u00f3digo Hays, una \u00e9poca audaz, libre y transgresora en la historia del cine. A lo largo de las sesiones se abordar\u00e1n...","og_url":"https:\/\/www.ull.es\/portal\/agenda\/evento\/ii-jornadas-de-cine-y-cultura-el-cine-de-hollywood-antes-de-la-censura\/","og_site_name":"ULL - Agenda","article_modified_time":"2025-10-24T12:03:12+00:00","og_image":[{"width":750,"height":370,"url":"https:\/\/www.ull.es\/portal\/agenda\/wp-content\/uploads\/sites\/12\/2025\/10\/II-JORNADAS-DE-CINE-Y-CULTURA-EL-CINE-DE-HOLLYWOOD-ANTES-DE-LA-CENSURA_Banner-eventos.png","type":"image\/png"}],"twitter_card":"summary_large_image","twitter_misc":{"Tiempo de lectura":"1 minuto"},"schema":{"@context":"https:\/\/schema.org","@graph":[{"@type":"WebPage","@id":"https:\/\/www.ull.es\/portal\/agenda\/evento\/ii-jornadas-de-cine-y-cultura-el-cine-de-hollywood-antes-de-la-censura\/","url":"https:\/\/www.ull.es\/portal\/agenda\/evento\/ii-jornadas-de-cine-y-cultura-el-cine-de-hollywood-antes-de-la-censura\/","name":"II Jornadas de Cine y Cultura: El cine de Hollywood antes de la censura - ULL - Agenda","isPartOf":{"@id":"https:\/\/www.ull.es\/portal\/agenda\/#website"},"datePublished":"2025-10-23T11:50:06+00:00","dateModified":"2025-10-24T12:03:12+00:00","breadcrumb":{"@id":"https:\/\/www.ull.es\/portal\/agenda\/evento\/ii-jornadas-de-cine-y-cultura-el-cine-de-hollywood-antes-de-la-censura\/#breadcrumb"},"inLanguage":"es","potentialAction":[{"@type":"ReadAction","target":["https:\/\/www.ull.es\/portal\/agenda\/evento\/ii-jornadas-de-cine-y-cultura-el-cine-de-hollywood-antes-de-la-censura\/"]}]},{"@type":"BreadcrumbList","@id":"https:\/\/www.ull.es\/portal\/agenda\/evento\/ii-jornadas-de-cine-y-cultura-el-cine-de-hollywood-antes-de-la-censura\/#breadcrumb","itemListElement":[{"@type":"ListItem","position":1,"name":"Portada","item":"https:\/\/www.ull.es\/portal\/agenda\/"},{"@type":"ListItem","position":2,"name":"II Jornadas de Cine y Cultura: El cine de Hollywood antes de la censura"}]},{"@type":"WebSite","@id":"https:\/\/www.ull.es\/portal\/agenda\/#website","url":"https:\/\/www.ull.es\/portal\/agenda\/","name":"ULL - Agenda","description":"","potentialAction":[{"@type":"SearchAction","target":{"@type":"EntryPoint","urlTemplate":"https:\/\/www.ull.es\/portal\/agenda\/?s={search_term_string}"},"query-input":"required name=search_term_string"}],"inLanguage":"es"}]}},"_links":{"self":[{"href":"https:\/\/www.ull.es\/portal\/agenda\/wp-json\/wp\/v2\/tribe_events\/44865"}],"collection":[{"href":"https:\/\/www.ull.es\/portal\/agenda\/wp-json\/wp\/v2\/tribe_events"}],"about":[{"href":"https:\/\/www.ull.es\/portal\/agenda\/wp-json\/wp\/v2\/types\/tribe_events"}],"author":[{"embeddable":true,"href":"https:\/\/www.ull.es\/portal\/agenda\/wp-json\/wp\/v2\/users\/65"}],"replies":[{"embeddable":true,"href":"https:\/\/www.ull.es\/portal\/agenda\/wp-json\/wp\/v2\/comments?post=44865"}],"version-history":[{"count":3,"href":"https:\/\/www.ull.es\/portal\/agenda\/wp-json\/wp\/v2\/tribe_events\/44865\/revisions"}],"predecessor-version":[{"id":44909,"href":"https:\/\/www.ull.es\/portal\/agenda\/wp-json\/wp\/v2\/tribe_events\/44865\/revisions\/44909"}],"wp:featuredmedia":[{"embeddable":true,"href":"https:\/\/www.ull.es\/portal\/agenda\/wp-json\/wp\/v2\/media\/44907"}],"wp:attachment":[{"href":"https:\/\/www.ull.es\/portal\/agenda\/wp-json\/wp\/v2\/media?parent=44865"}],"wp:term":[{"taxonomy":"post_tag","embeddable":true,"href":"https:\/\/www.ull.es\/portal\/agenda\/wp-json\/wp\/v2\/tags?post=44865"},{"taxonomy":"tribe_events_cat","embeddable":true,"href":"https:\/\/www.ull.es\/portal\/agenda\/wp-json\/wp\/v2\/tribe_events_cat?post=44865"}],"curies":[{"name":"wp","href":"https:\/\/api.w.org\/{rel}","templated":true}]}}

<p>La Universidad de La Laguna celebra las II Jornadas de Cine y Cultura, abiertas al público y dedicadas, en esta ocasión, al fascinante cine pre-code estadounidense: las películas rodadas antes de la censura del Código Hays, una época audaz, libre y transgresora en la historia del cine.<br />
A lo largo de las sesiones se abordarán diversos aspectos como el lenguaje, la censura y la vigencia de temáticas tan actuales como la crítica al poder, la libertad sexual, el feminismo temprano o la rebeldía social en plena Gran Depresión, mostrando el sorprendente paralelismo de aquellas películas con la sociedad actual, lo que las hacen mucho más actuales que las de décadas posteriores.</p>
<p>El ciclo incluirá proyecciones, análisis visuales y un recorrido por la influencia del pre-code en la moda y la estética. del vestir. Estará guiado por el escritor e investigador de cine Guillermo Balmori; reconocido especialista y autor de los volúmenes Las películas pre-code, ha colaborado en programas como Cine en blanco y negro y Classics de José Luis Garci, y forma parte del equipo del espacio cinematográfico Secuencias en 24H, emitido por el Canal 24 Horas de RTVE. Una oportunidad única para redescubrir un cine tan transgresor como vigente.</p>
<p>Para más información, pulse este <a href="https://eventos.ull.es/142718/detail/ii-jornadas-de-cine-y-cultura-el-cine-de-hollywood-antes-de-la-censura.html" target="_blank" rel="noopener" target="_blank" rel="noopener">enlace. </a></p>
<p>&nbsp;</p>

<p>La Universidad de La Laguna celebra las II Jornadas de Cine y Cultura, abiertas al público y dedicadas, en esta ocasión, al fascinante cine pre-code estadounidense: las películas rodadas antes de la censura del Código Hays, una época audaz, libre y transgresora en la historia del cine. A lo largo de las sesiones se abordarán&#8230;</p>

<!-- This site is optimized with the Yoast SEO plugin v21.3 - https://yoast.com/wordpress/plugins/seo/ -->
<title>II Jornadas de Cine y Cultura: El cine de Hollywood antes de la censura - ULL - Agenda</title>
<meta name="robots" content="index, follow, max-snippet:-1, max-image-preview:large, max-video-preview:-1" />
<link rel="canonical" href="https://www.ull.es/portal/agenda/evento/ii-jornadas-de-cine-y-cultura-el-cine-de-hollywood-antes-de-la-censura/" />
<meta property="og:locale" content="es_ES" />
<meta property="og:type" content="article" />
<meta property="og:title" content="II Jornadas de Cine y Cultura: El cine de Hollywood antes de la censura - ULL - Agenda" />
<meta property="og:description" content="La Universidad de La Laguna celebra las II Jornadas de Cine y Cultura, abiertas al público y dedicadas, en esta ocasión, al fascinante cine pre-code estadounidense: las películas rodadas antes de la censura del Código Hays, una época audaz, libre y transgresora en la historia del cine. A lo largo de las sesiones se abordarán..." />
<meta property="og:url" content="https://www.ull.es/portal/agenda/evento/ii-jornadas-de-cine-y-cultura-el-cine-de-hollywood-antes-de-la-censura/" />
<meta property="og:site_name" content="ULL - Agenda" />
<meta property="article:modified_time" content="2025-10-24T12:03:12+00:00" />
<meta property="og:image" content="https://www.ull.es/portal/agenda/wp-content/uploads/sites/12/2025/10/II-JORNADAS-DE-CINE-Y-CULTURA-EL-CINE-DE-HOLLYWOOD-ANTES-DE-LA-CENSURA_Banner-eventos.png" />
	<meta property="og:image:width" content="750" />
	<meta property="og:image:height" content="370" />
	<meta property="og:image:type" content="image/png" />
<meta name="twitter:card" content="summary_large_image" />
<meta name="twitter:label1" content="Tiempo de lectura" />
	<meta name="twitter:data1" content="1 minuto" />
<script type="application/ld+json" class="yoast-schema-graph">{"@context":"https://schema.org","@graph":[{"@type":"WebPage","@id":"https://www.ull.es/portal/agenda/evento/ii-jornadas-de-cine-y-cultura-el-cine-de-hollywood-antes-de-la-censura/","url":"https://www.ull.es/portal/agenda/evento/ii-jornadas-de-cine-y-cultura-el-cine-de-hollywood-antes-de-la-censura/","name":"II Jornadas de Cine y Cultura: El cine de Hollywood antes de la censura - ULL - Agenda","isPartOf":{"@id":"https://www.ull.es/portal/agenda/#website"},"datePublished":"2025-10-23T11:50:06+00:00","dateModified":"2025-10-24T12:03:12+00:00","breadcrumb":{"@id":"https://www.ull.es/portal/agenda/evento/ii-jornadas-de-cine-y-cultura-el-cine-de-hollywood-antes-de-la-censura/#breadcrumb"},"inLanguage":"es","potentialAction":[{"@type":"ReadAction","target":["https://www.ull.es/portal/agenda/evento/ii-jornadas-de-cine-y-cultura-el-cine-de-hollywood-antes-de-la-censura/"]}]},{"@type":"BreadcrumbList","@id":"https://www.ull.es/portal/agenda/evento/ii-jornadas-de-cine-y-cultura-el-cine-de-hollywood-antes-de-la-censura/#breadcrumb","itemListElement":[{"@type":"ListItem","position":1,"name":"Portada","item":"https://www.ull.es/portal/agenda/"},{"@type":"ListItem","position":2,"name":"II Jornadas de Cine y Cultura: El cine de Hollywood antes de la censura"}]},{"@type":"WebSite","@id":"https://www.ull.es/portal/agenda/#website","url":"https://www.ull.es/portal/agenda/","name":"ULL - Agenda","description":"","potentialAction":[{"@type":"SearchAction","target":{"@type":"EntryPoint","urlTemplate":"https://www.ull.es/portal/agenda/?s={search_term_string}"},"query-input":"required name=search_term_string"}],"inLanguage":"es"}]}</script>
<!-- / Yoast SEO plugin. -->

La Universidad de La Laguna celebra las II Jornadas de Cine y Cultura, abiertas al público y dedicadas, en esta ocasión, al fascinante cine pre-code estadounidense: las películas rodadas antes de la censura del Código Hays, una época audaz, libre y transgresora en la historia del cine. A lo largo de las sesiones se abordarán...
