{"id":44874,"date":"2025-10-23T13:34:20","date_gmt":"2025-10-23T13:34:20","guid":{"rendered":"https:\/\/www.ull.es\/portal\/agenda\/?post_type=tribe_events&#038;p=44874"},"modified":"2025-10-24T13:03:40","modified_gmt":"2025-10-24T13:03:40","slug":"charla-las-manifestaciones-anticipadas-de-voluntad","status":"publish","type":"tribe_events","link":"https:\/\/www.ull.es\/portal\/agenda\/evento\/charla-las-manifestaciones-anticipadas-de-voluntad\/","title":{"rendered":"Charla: \u201cLas Manifestaciones Anticipadas de Voluntad\u201d"},"content":{"rendered":"<p>La Asociaci\u00f3n de Mayores de la Universidad de La Laguna ha organizado una charla para el 30 de octubre, de 18:45 a 20:30 horas, en el Aula Magna de la Facultad de Econom\u00eda, Empresa y Turismo que tratar\u00e1 de un tema de gran inter\u00e9s social y jur\u00eddico: \u201cLas Manifestaciones Anticipadas de Voluntad\u201d, un instrumento clave para la autonom\u00eda personal en el \u00e1mbito sanitario, conocido popularmente como \u201cTestamento vital\u201d.<\/p>\n<p>Se trata de las instrucciones previas sanitarias, a trav\u00e9s de las que podemos transmitir nuestros deseos en la fase final de nuestra vida, como, entre otras:<\/p>\n<ul>\n<li>Aceptar o evitar los tratamientos sanitarios a recibir.<\/li>\n<li>Disponer la donaci\u00f3n de \u00f3rganos y tejidos.<\/li>\n<li>Liberar a los familiares de la toma de decisiones sobre nuestra enfermedad.<\/li>\n<\/ul>\n<p>Estar\u00e1 impartida por Carolina Perera Garc\u00eda, jefa de Servicio de Estudios y Normativa de la Secretar\u00eda T\u00e9cnica de la Consejer\u00eda de Sanidad, y responsable de las Manifestaciones Anticipadas de Voluntad y con la participaci\u00f3n de Jos\u00e9 Laureano Vargas Cruz, abogado en ejercicio.<\/p>\n","protected":false},"excerpt":{"rendered":"<p>La Asociaci\u00f3n de Mayores de la Universidad de La Laguna ha organizado una charla para el 30 de octubre, de 18:45 a 20:30 horas, en el Aula Magna de la Facultad de Econom\u00eda, Empresa y Turismo que tratar\u00e1 de un tema de gran inter\u00e9s social y jur\u00eddico: \u201cLas Manifestaciones Anticipadas de Voluntad\u201d, un instrumento clave&#8230;<\/p>\n","protected":false},"author":65,"featured_media":44921,"comment_status":"closed","ping_status":"closed","template":"","tags":[],"tribe_events_cat":[4863,3987,4,4894,191,4904],"acf":[],"yoast_head":"<!-- This site is optimized with the Yoast SEO plugin v21.3 - https:\/\/yoast.com\/wordpress\/plugins\/seo\/ -->\n<title>Charla: \u201cLas Manifestaciones Anticipadas de Voluntad\u201d - ULL - Agenda<\/title>\n<meta name=\"robots\" content=\"index, follow, max-snippet:-1, max-image-preview:large, max-video-preview:-1\" \/>\n<link rel=\"canonical\" href=\"https:\/\/www.ull.es\/portal\/agenda\/evento\/charla-las-manifestaciones-anticipadas-de-voluntad\/\" \/>\n<meta property=\"og:locale\" content=\"es_ES\" \/>\n<meta property=\"og:type\" content=\"article\" \/>\n<meta property=\"og:title\" content=\"Charla: \u201cLas Manifestaciones Anticipadas de Voluntad\u201d - ULL - Agenda\" \/>\n<meta property=\"og:description\" content=\"La Asociaci\u00f3n de Mayores de la Universidad de La Laguna ha organizado una charla para el 30 de octubre, de 18:45 a 20:30 horas, en el Aula Magna de la Facultad de Econom\u00eda, Empresa y Turismo que tratar\u00e1 de un tema de gran inter\u00e9s social y jur\u00eddico: \u201cLas Manifestaciones Anticipadas de Voluntad\u201d, un instrumento clave...\" \/>\n<meta property=\"og:url\" content=\"https:\/\/www.ull.es\/portal\/agenda\/evento\/charla-las-manifestaciones-anticipadas-de-voluntad\/\" \/>\n<meta property=\"og:site_name\" content=\"ULL - Agenda\" \/>\n<meta property=\"article:modified_time\" content=\"2025-10-24T13:03:40+00:00\" \/>\n<meta property=\"og:image\" content=\"https:\/\/www.ull.es\/portal\/agenda\/wp-content\/uploads\/sites\/12\/2025\/10\/Las-Manifestaciones-Anticipadas-de-Voluntad_Banner-eventos.jpg\" \/>\n\t<meta property=\"og:image:width\" content=\"750\" \/>\n\t<meta property=\"og:image:height\" content=\"370\" \/>\n\t<meta property=\"og:image:type\" content=\"image\/jpeg\" \/>\n<meta name=\"twitter:card\" content=\"summary_large_image\" \/>\n<meta name=\"twitter:label1\" content=\"Tiempo de lectura\" \/>\n\t<meta name=\"twitter:data1\" content=\"1 minuto\" \/>\n<script type=\"application\/ld+json\" class=\"yoast-schema-graph\">{\"@context\":\"https:\/\/schema.org\",\"@graph\":[{\"@type\":\"WebPage\",\"@id\":\"https:\/\/www.ull.es\/portal\/agenda\/evento\/charla-las-manifestaciones-anticipadas-de-voluntad\/\",\"url\":\"https:\/\/www.ull.es\/portal\/agenda\/evento\/charla-las-manifestaciones-anticipadas-de-voluntad\/\",\"name\":\"Charla: \u201cLas Manifestaciones Anticipadas de Voluntad\u201d - ULL - Agenda\",\"isPartOf\":{\"@id\":\"https:\/\/www.ull.es\/portal\/agenda\/#website\"},\"datePublished\":\"2025-10-23T13:34:20+00:00\",\"dateModified\":\"2025-10-24T13:03:40+00:00\",\"breadcrumb\":{\"@id\":\"https:\/\/www.ull.es\/portal\/agenda\/evento\/charla-las-manifestaciones-anticipadas-de-voluntad\/#breadcrumb\"},\"inLanguage\":\"es\",\"potentialAction\":[{\"@type\":\"ReadAction\",\"target\":[\"https:\/\/www.ull.es\/portal\/agenda\/evento\/charla-las-manifestaciones-anticipadas-de-voluntad\/\"]}]},{\"@type\":\"BreadcrumbList\",\"@id\":\"https:\/\/www.ull.es\/portal\/agenda\/evento\/charla-las-manifestaciones-anticipadas-de-voluntad\/#breadcrumb\",\"itemListElement\":[{\"@type\":\"ListItem\",\"position\":1,\"name\":\"Portada\",\"item\":\"https:\/\/www.ull.es\/portal\/agenda\/\"},{\"@type\":\"ListItem\",\"position\":2,\"name\":\"Charla: \u201cLas Manifestaciones Anticipadas de Voluntad\u201d\"}]},{\"@type\":\"WebSite\",\"@id\":\"https:\/\/www.ull.es\/portal\/agenda\/#website\",\"url\":\"https:\/\/www.ull.es\/portal\/agenda\/\",\"name\":\"ULL - Agenda\",\"description\":\"\",\"potentialAction\":[{\"@type\":\"SearchAction\",\"target\":{\"@type\":\"EntryPoint\",\"urlTemplate\":\"https:\/\/www.ull.es\/portal\/agenda\/?s={search_term_string}\"},\"query-input\":\"required name=search_term_string\"}],\"inLanguage\":\"es\"}]}<\/script>\n<!-- \/ Yoast SEO plugin. -->","yoast_head_json":{"title":"Charla: \u201cLas Manifestaciones Anticipadas de Voluntad\u201d - ULL - Agenda","robots":{"index":"index","follow":"follow","max-snippet":"max-snippet:-1","max-image-preview":"max-image-preview:large","max-video-preview":"max-video-preview:-1"},"canonical":"https:\/\/www.ull.es\/portal\/agenda\/evento\/charla-las-manifestaciones-anticipadas-de-voluntad\/","og_locale":"es_ES","og_type":"article","og_title":"Charla: \u201cLas Manifestaciones Anticipadas de Voluntad\u201d - ULL - Agenda","og_description":"La Asociaci\u00f3n de Mayores de la Universidad de La Laguna ha organizado una charla para el 30 de octubre, de 18:45 a 20:30 horas, en el Aula Magna de la Facultad de Econom\u00eda, Empresa y Turismo que tratar\u00e1 de un tema de gran inter\u00e9s social y jur\u00eddico: \u201cLas Manifestaciones Anticipadas de Voluntad\u201d, un instrumento clave...","og_url":"https:\/\/www.ull.es\/portal\/agenda\/evento\/charla-las-manifestaciones-anticipadas-de-voluntad\/","og_site_name":"ULL - Agenda","article_modified_time":"2025-10-24T13:03:40+00:00","og_image":[{"width":750,"height":370,"url":"https:\/\/www.ull.es\/portal\/agenda\/wp-content\/uploads\/sites\/12\/2025\/10\/Las-Manifestaciones-Anticipadas-de-Voluntad_Banner-eventos.jpg","type":"image\/jpeg"}],"twitter_card":"summary_large_image","twitter_misc":{"Tiempo de lectura":"1 minuto"},"schema":{"@context":"https:\/\/schema.org","@graph":[{"@type":"WebPage","@id":"https:\/\/www.ull.es\/portal\/agenda\/evento\/charla-las-manifestaciones-anticipadas-de-voluntad\/","url":"https:\/\/www.ull.es\/portal\/agenda\/evento\/charla-las-manifestaciones-anticipadas-de-voluntad\/","name":"Charla: \u201cLas Manifestaciones Anticipadas de Voluntad\u201d - ULL - Agenda","isPartOf":{"@id":"https:\/\/www.ull.es\/portal\/agenda\/#website"},"datePublished":"2025-10-23T13:34:20+00:00","dateModified":"2025-10-24T13:03:40+00:00","breadcrumb":{"@id":"https:\/\/www.ull.es\/portal\/agenda\/evento\/charla-las-manifestaciones-anticipadas-de-voluntad\/#breadcrumb"},"inLanguage":"es","potentialAction":[{"@type":"ReadAction","target":["https:\/\/www.ull.es\/portal\/agenda\/evento\/charla-las-manifestaciones-anticipadas-de-voluntad\/"]}]},{"@type":"BreadcrumbList","@id":"https:\/\/www.ull.es\/portal\/agenda\/evento\/charla-las-manifestaciones-anticipadas-de-voluntad\/#breadcrumb","itemListElement":[{"@type":"ListItem","position":1,"name":"Portada","item":"https:\/\/www.ull.es\/portal\/agenda\/"},{"@type":"ListItem","position":2,"name":"Charla: \u201cLas Manifestaciones Anticipadas de Voluntad\u201d"}]},{"@type":"WebSite","@id":"https:\/\/www.ull.es\/portal\/agenda\/#website","url":"https:\/\/www.ull.es\/portal\/agenda\/","name":"ULL - Agenda","description":"","potentialAction":[{"@type":"SearchAction","target":{"@type":"EntryPoint","urlTemplate":"https:\/\/www.ull.es\/portal\/agenda\/?s={search_term_string}"},"query-input":"required name=search_term_string"}],"inLanguage":"es"}]}},"_links":{"self":[{"href":"https:\/\/www.ull.es\/portal\/agenda\/wp-json\/wp\/v2\/tribe_events\/44874"}],"collection":[{"href":"https:\/\/www.ull.es\/portal\/agenda\/wp-json\/wp\/v2\/tribe_events"}],"about":[{"href":"https:\/\/www.ull.es\/portal\/agenda\/wp-json\/wp\/v2\/types\/tribe_events"}],"author":[{"embeddable":true,"href":"https:\/\/www.ull.es\/portal\/agenda\/wp-json\/wp\/v2\/users\/65"}],"replies":[{"embeddable":true,"href":"https:\/\/www.ull.es\/portal\/agenda\/wp-json\/wp\/v2\/comments?post=44874"}],"version-history":[{"count":3,"href":"https:\/\/www.ull.es\/portal\/agenda\/wp-json\/wp\/v2\/tribe_events\/44874\/revisions"}],"predecessor-version":[{"id":44878,"href":"https:\/\/www.ull.es\/portal\/agenda\/wp-json\/wp\/v2\/tribe_events\/44874\/revisions\/44878"}],"wp:featuredmedia":[{"embeddable":true,"href":"https:\/\/www.ull.es\/portal\/agenda\/wp-json\/wp\/v2\/media\/44921"}],"wp:attachment":[{"href":"https:\/\/www.ull.es\/portal\/agenda\/wp-json\/wp\/v2\/media?parent=44874"}],"wp:term":[{"taxonomy":"post_tag","embeddable":true,"href":"https:\/\/www.ull.es\/portal\/agenda\/wp-json\/wp\/v2\/tags?post=44874"},{"taxonomy":"tribe_events_cat","embeddable":true,"href":"https:\/\/www.ull.es\/portal\/agenda\/wp-json\/wp\/v2\/tribe_events_cat?post=44874"}],"curies":[{"name":"wp","href":"https:\/\/api.w.org\/{rel}","templated":true}]}}

<p>La Asociación de Mayores de la Universidad de La Laguna ha organizado una charla para el 30 de octubre, de 18:45 a 20:30 horas, en el Aula Magna de la Facultad de Economía, Empresa y Turismo que tratará de un tema de gran interés social y jurídico: “Las Manifestaciones Anticipadas de Voluntad”, un instrumento clave para la autonomía personal en el ámbito sanitario, conocido popularmente como “Testamento vital”.</p>
<p>Se trata de las instrucciones previas sanitarias, a través de las que podemos transmitir nuestros deseos en la fase final de nuestra vida, como, entre otras:</p>
<ul>
<li>Aceptar o evitar los tratamientos sanitarios a recibir.</li>
<li>Disponer la donación de órganos y tejidos.</li>
<li>Liberar a los familiares de la toma de decisiones sobre nuestra enfermedad.</li>
</ul>
<p>Estará impartida por Carolina Perera García, jefa de Servicio de Estudios y Normativa de la Secretaría Técnica de la Consejería de Sanidad, y responsable de las Manifestaciones Anticipadas de Voluntad y con la participación de José Laureano Vargas Cruz, abogado en ejercicio.</p>

<p>La Asociación de Mayores de la Universidad de La Laguna ha organizado una charla para el 30 de octubre, de 18:45 a 20:30 horas, en el Aula Magna de la Facultad de Economía, Empresa y Turismo que tratará de un tema de gran interés social y jurídico: “Las Manifestaciones Anticipadas de Voluntad”, un instrumento clave&#8230;</p>

<!-- This site is optimized with the Yoast SEO plugin v21.3 - https://yoast.com/wordpress/plugins/seo/ -->
<title>Charla: “Las Manifestaciones Anticipadas de Voluntad” - ULL - Agenda</title>
<meta name="robots" content="index, follow, max-snippet:-1, max-image-preview:large, max-video-preview:-1" />
<link rel="canonical" href="https://www.ull.es/portal/agenda/evento/charla-las-manifestaciones-anticipadas-de-voluntad/" />
<meta property="og:locale" content="es_ES" />
<meta property="og:type" content="article" />
<meta property="og:title" content="Charla: “Las Manifestaciones Anticipadas de Voluntad” - ULL - Agenda" />
<meta property="og:description" content="La Asociación de Mayores de la Universidad de La Laguna ha organizado una charla para el 30 de octubre, de 18:45 a 20:30 horas, en el Aula Magna de la Facultad de Economía, Empresa y Turismo que tratará de un tema de gran interés social y jurídico: “Las Manifestaciones Anticipadas de Voluntad”, un instrumento clave..." />
<meta property="og:url" content="https://www.ull.es/portal/agenda/evento/charla-las-manifestaciones-anticipadas-de-voluntad/" />
<meta property="og:site_name" content="ULL - Agenda" />
<meta property="article:modified_time" content="2025-10-24T13:03:40+00:00" />
<meta property="og:image" content="https://www.ull.es/portal/agenda/wp-content/uploads/sites/12/2025/10/Las-Manifestaciones-Anticipadas-de-Voluntad_Banner-eventos.jpg" />
	<meta property="og:image:width" content="750" />
	<meta property="og:image:height" content="370" />
	<meta property="og:image:type" content="image/jpeg" />
<meta name="twitter:card" content="summary_large_image" />
<meta name="twitter:label1" content="Tiempo de lectura" />
	<meta name="twitter:data1" content="1 minuto" />
<script type="application/ld+json" class="yoast-schema-graph">{"@context":"https://schema.org","@graph":[{"@type":"WebPage","@id":"https://www.ull.es/portal/agenda/evento/charla-las-manifestaciones-anticipadas-de-voluntad/","url":"https://www.ull.es/portal/agenda/evento/charla-las-manifestaciones-anticipadas-de-voluntad/","name":"Charla: “Las Manifestaciones Anticipadas de Voluntad” - ULL - Agenda","isPartOf":{"@id":"https://www.ull.es/portal/agenda/#website"},"datePublished":"2025-10-23T13:34:20+00:00","dateModified":"2025-10-24T13:03:40+00:00","breadcrumb":{"@id":"https://www.ull.es/portal/agenda/evento/charla-las-manifestaciones-anticipadas-de-voluntad/#breadcrumb"},"inLanguage":"es","potentialAction":[{"@type":"ReadAction","target":["https://www.ull.es/portal/agenda/evento/charla-las-manifestaciones-anticipadas-de-voluntad/"]}]},{"@type":"BreadcrumbList","@id":"https://www.ull.es/portal/agenda/evento/charla-las-manifestaciones-anticipadas-de-voluntad/#breadcrumb","itemListElement":[{"@type":"ListItem","position":1,"name":"Portada","item":"https://www.ull.es/portal/agenda/"},{"@type":"ListItem","position":2,"name":"Charla: “Las Manifestaciones Anticipadas de Voluntad”"}]},{"@type":"WebSite","@id":"https://www.ull.es/portal/agenda/#website","url":"https://www.ull.es/portal/agenda/","name":"ULL - Agenda","description":"","potentialAction":[{"@type":"SearchAction","target":{"@type":"EntryPoint","urlTemplate":"https://www.ull.es/portal/agenda/?s={search_term_string}"},"query-input":"required name=search_term_string"}],"inLanguage":"es"}]}</script>
<!-- / Yoast SEO plugin. -->

La Asociación de Mayores de la Universidad de La Laguna ha organizado una charla para el 30 de octubre, de 18:45 a 20:30 horas, en el Aula Magna de la Facultad de Economía, Empresa y Turismo que tratará de un tema de gran interés social y jurídico: “Las Manifestaciones Anticipadas de Voluntad”, un instrumento clave...
