{"id":45053,"date":"2025-10-30T10:48:30","date_gmt":"2025-10-30T10:48:30","guid":{"rendered":"https:\/\/www.ull.es\/portal\/agenda\/?post_type=tribe_events&#038;p=45053"},"modified":"2025-10-30T12:23:21","modified_gmt":"2025-10-30T12:23:21","slug":"xv-jornadas-de-educacion-de-felgtbi-donde-hay-escuela-florece-la-diversidad-la-educacion-lgtbi-arraiga-mas-alla-de-las-grandes-ciudades","status":"publish","type":"tribe_events","link":"https:\/\/www.ull.es\/portal\/agenda\/evento\/xv-jornadas-de-educacion-de-felgtbi-donde-hay-escuela-florece-la-diversidad-la-educacion-lgtbi-arraiga-mas-alla-de-las-grandes-ciudades\/","title":{"rendered":"XV Jornadas de Educaci\u00f3n de FELGTBI+. \u00abDonde hay escuela, florece la diversidad: la educaci\u00f3n LGTBI+ arraiga m\u00e1s all\u00e1 de las grandes ciudades\u00bb"},"content":{"rendered":"<p>El Aula Cultural de Diversidad LGBTIQ+ de la Universidad de La Laguna y la Asociaci\u00f3n LGBTIQA* Diversas acogen por primera vez en Canarias la XV edici\u00f3n de las Jornadas Estatales de Educaci\u00f3n de la Federaci\u00f3n Estatal LGTBI+, un espacio formativo referente en el abordaje de las pol\u00edticas educativas de la diversidad sexual y de g\u00e9nero desde una perspectiva cr\u00edtica e interdisciplinar, que se celebrar\u00e1 durante el fin de semana del 7 al 9 de noviembre en el Aulario General del Campus de Guajara de la ULL.<\/p>\n<p>Las XV Jornadas de Educaci\u00f3n ser\u00e1n un punto de encuentro para compartir experiencias, estrategias pedag\u00f3gicas y herramientas pr\u00e1cticas orientadas a fomentar la diversidad, la inclusi\u00f3n y la igualdad en todos los entornos educativos, especialmente en contextos rurales o alejados de los grandes n\u00facleos urbanos. El lema de esta edici\u00f3n es \u00abDonde hay escuela, florece la diversidad: la educaci\u00f3n LGTBI+ arraiga m\u00e1s all\u00e1 de las grandes ciudades\u00bb y habr\u00e1n mesas redondas, ponencias y talleres sobre temas como serofobia, redes sociales, educaci\u00f3n sin machismo, misoginia digital e inteligencia artificial desde una perspectiva inclusiva y de derechos humanos.<\/p>\n<p>Estas jornadas cuentan con la colaboraci\u00f3n del Vicerrectorado de Cultura y Extensi\u00f3n Universitaria de la ULL, de la Direcci\u00f3n Insular de Igualdad y Diversidad del Cabildo de Tenerife y del Ayuntamiento de San Crist\u00f3bal de La Laguna.<\/p>\n<p><a href=\"https:\/\/forms.gle\/w2oWLbgMFsyQ7vr68\" target=\"_blank\" rel=\"noopener\" target=\"_blank\" rel=\"noopener\">Inscripci\u00f3n<\/a><\/p>\n<p><a href=\"https:\/\/drive.google.com\/file\/d\/18JTxjzURmEcZl3VxEzVelpAZtdkLOzpg\/view?usp=sharing\" target=\"_blank\" rel=\"noopener\" target=\"_blank\" rel=\"noopener\">Programa<\/a><\/p>\n","protected":false},"excerpt":{"rendered":"<p>El Aula Cultural de Diversidad LGBTIQ+ de la Universidad de La Laguna y la Asociaci\u00f3n LGBTIQA* Diversas acogen por primera vez en Canarias la XV edici\u00f3n de las Jornadas Estatales de Educaci\u00f3n de la Federaci\u00f3n Estatal LGTBI+, un espacio formativo referente en el abordaje de las pol\u00edticas educativas de la diversidad sexual y de g\u00e9nero&#8230;<\/p>\n","protected":false},"author":65,"featured_media":45075,"comment_status":"closed","ping_status":"closed","template":"","tags":[],"tribe_events_cat":[344,3987,4,186,191],"acf":[],"yoast_head":"<!-- This site is optimized with the Yoast SEO plugin v21.3 - https:\/\/yoast.com\/wordpress\/plugins\/seo\/ -->\n<title>XV Jornadas de Educaci\u00f3n de FELGTBI+. &quot;Donde hay escuela, florece la diversidad: la educaci\u00f3n LGTBI+ arraiga m\u00e1s all\u00e1 de las grandes ciudades&quot; - ULL - Agenda<\/title>\n<meta name=\"robots\" content=\"index, follow, max-snippet:-1, max-image-preview:large, max-video-preview:-1\" \/>\n<link rel=\"canonical\" href=\"https:\/\/www.ull.es\/portal\/agenda\/evento\/xv-jornadas-de-educacion-de-felgtbi-donde-hay-escuela-florece-la-diversidad-la-educacion-lgtbi-arraiga-mas-alla-de-las-grandes-ciudades\/\" \/>\n<meta property=\"og:locale\" content=\"es_ES\" \/>\n<meta property=\"og:type\" content=\"article\" \/>\n<meta property=\"og:title\" content=\"XV Jornadas de Educaci\u00f3n de FELGTBI+. &quot;Donde hay escuela, florece la diversidad: la educaci\u00f3n LGTBI+ arraiga m\u00e1s all\u00e1 de las grandes ciudades&quot; - ULL - Agenda\" \/>\n<meta property=\"og:description\" content=\"El Aula Cultural de Diversidad LGBTIQ+ de la Universidad de La Laguna y la Asociaci\u00f3n LGBTIQA* Diversas acogen por primera vez en Canarias la XV edici\u00f3n de las Jornadas Estatales de Educaci\u00f3n de la Federaci\u00f3n Estatal LGTBI+, un espacio formativo referente en el abordaje de las pol\u00edticas educativas de la diversidad sexual y de g\u00e9nero...\" \/>\n<meta property=\"og:url\" content=\"https:\/\/www.ull.es\/portal\/agenda\/evento\/xv-jornadas-de-educacion-de-felgtbi-donde-hay-escuela-florece-la-diversidad-la-educacion-lgtbi-arraiga-mas-alla-de-las-grandes-ciudades\/\" \/>\n<meta property=\"og:site_name\" content=\"ULL - Agenda\" \/>\n<meta property=\"article:modified_time\" content=\"2025-10-30T12:23:21+00:00\" \/>\n<meta property=\"og:image\" content=\"https:\/\/www.ull.es\/portal\/agenda\/wp-content\/uploads\/sites\/12\/2025\/10\/Pantalla2_edited.jpg\" \/>\n\t<meta property=\"og:image:width\" content=\"1920\" \/>\n\t<meta property=\"og:image:height\" content=\"947\" \/>\n\t<meta property=\"og:image:type\" content=\"image\/jpeg\" \/>\n<meta name=\"twitter:card\" content=\"summary_large_image\" \/>\n<meta name=\"twitter:label1\" content=\"Tiempo de lectura\" \/>\n\t<meta name=\"twitter:data1\" content=\"2 minutos\" \/>\n<script type=\"application\/ld+json\" class=\"yoast-schema-graph\">{\"@context\":\"https:\/\/schema.org\",\"@graph\":[{\"@type\":\"WebPage\",\"@id\":\"https:\/\/www.ull.es\/portal\/agenda\/evento\/xv-jornadas-de-educacion-de-felgtbi-donde-hay-escuela-florece-la-diversidad-la-educacion-lgtbi-arraiga-mas-alla-de-las-grandes-ciudades\/\",\"url\":\"https:\/\/www.ull.es\/portal\/agenda\/evento\/xv-jornadas-de-educacion-de-felgtbi-donde-hay-escuela-florece-la-diversidad-la-educacion-lgtbi-arraiga-mas-alla-de-las-grandes-ciudades\/\",\"name\":\"XV Jornadas de Educaci\u00f3n de FELGTBI+. \\\"Donde hay escuela, florece la diversidad: la educaci\u00f3n LGTBI+ arraiga m\u00e1s all\u00e1 de las grandes ciudades\\\" - ULL - Agenda\",\"isPartOf\":{\"@id\":\"https:\/\/www.ull.es\/portal\/agenda\/#website\"},\"datePublished\":\"2025-10-30T10:48:30+00:00\",\"dateModified\":\"2025-10-30T12:23:21+00:00\",\"breadcrumb\":{\"@id\":\"https:\/\/www.ull.es\/portal\/agenda\/evento\/xv-jornadas-de-educacion-de-felgtbi-donde-hay-escuela-florece-la-diversidad-la-educacion-lgtbi-arraiga-mas-alla-de-las-grandes-ciudades\/#breadcrumb\"},\"inLanguage\":\"es\",\"potentialAction\":[{\"@type\":\"ReadAction\",\"target\":[\"https:\/\/www.ull.es\/portal\/agenda\/evento\/xv-jornadas-de-educacion-de-felgtbi-donde-hay-escuela-florece-la-diversidad-la-educacion-lgtbi-arraiga-mas-alla-de-las-grandes-ciudades\/\"]}]},{\"@type\":\"BreadcrumbList\",\"@id\":\"https:\/\/www.ull.es\/portal\/agenda\/evento\/xv-jornadas-de-educacion-de-felgtbi-donde-hay-escuela-florece-la-diversidad-la-educacion-lgtbi-arraiga-mas-alla-de-las-grandes-ciudades\/#breadcrumb\",\"itemListElement\":[{\"@type\":\"ListItem\",\"position\":1,\"name\":\"Portada\",\"item\":\"https:\/\/www.ull.es\/portal\/agenda\/\"},{\"@type\":\"ListItem\",\"position\":2,\"name\":\"XV Jornadas de Educaci\u00f3n de FELGTBI+. \u00abDonde hay escuela, florece la diversidad: la educaci\u00f3n LGTBI+ arraiga m\u00e1s all\u00e1 de las grandes ciudades\u00bb\"}]},{\"@type\":\"WebSite\",\"@id\":\"https:\/\/www.ull.es\/portal\/agenda\/#website\",\"url\":\"https:\/\/www.ull.es\/portal\/agenda\/\",\"name\":\"ULL - Agenda\",\"description\":\"\",\"potentialAction\":[{\"@type\":\"SearchAction\",\"target\":{\"@type\":\"EntryPoint\",\"urlTemplate\":\"https:\/\/www.ull.es\/portal\/agenda\/?s={search_term_string}\"},\"query-input\":\"required name=search_term_string\"}],\"inLanguage\":\"es\"}]}<\/script>\n<!-- \/ Yoast SEO plugin. -->","yoast_head_json":{"title":"XV Jornadas de Educaci\u00f3n de FELGTBI+. \"Donde hay escuela, florece la diversidad: la educaci\u00f3n LGTBI+ arraiga m\u00e1s all\u00e1 de las grandes ciudades\" - ULL - Agenda","robots":{"index":"index","follow":"follow","max-snippet":"max-snippet:-1","max-image-preview":"max-image-preview:large","max-video-preview":"max-video-preview:-1"},"canonical":"https:\/\/www.ull.es\/portal\/agenda\/evento\/xv-jornadas-de-educacion-de-felgtbi-donde-hay-escuela-florece-la-diversidad-la-educacion-lgtbi-arraiga-mas-alla-de-las-grandes-ciudades\/","og_locale":"es_ES","og_type":"article","og_title":"XV Jornadas de Educaci\u00f3n de FELGTBI+. \"Donde hay escuela, florece la diversidad: la educaci\u00f3n LGTBI+ arraiga m\u00e1s all\u00e1 de las grandes ciudades\" - ULL - Agenda","og_description":"El Aula Cultural de Diversidad LGBTIQ+ de la Universidad de La Laguna y la Asociaci\u00f3n LGBTIQA* Diversas acogen por primera vez en Canarias la XV edici\u00f3n de las Jornadas Estatales de Educaci\u00f3n de la Federaci\u00f3n Estatal LGTBI+, un espacio formativo referente en el abordaje de las pol\u00edticas educativas de la diversidad sexual y de g\u00e9nero...","og_url":"https:\/\/www.ull.es\/portal\/agenda\/evento\/xv-jornadas-de-educacion-de-felgtbi-donde-hay-escuela-florece-la-diversidad-la-educacion-lgtbi-arraiga-mas-alla-de-las-grandes-ciudades\/","og_site_name":"ULL - Agenda","article_modified_time":"2025-10-30T12:23:21+00:00","og_image":[{"width":1920,"height":947,"url":"https:\/\/www.ull.es\/portal\/agenda\/wp-content\/uploads\/sites\/12\/2025\/10\/Pantalla2_edited.jpg","type":"image\/jpeg"}],"twitter_card":"summary_large_image","twitter_misc":{"Tiempo de lectura":"2 minutos"},"schema":{"@context":"https:\/\/schema.org","@graph":[{"@type":"WebPage","@id":"https:\/\/www.ull.es\/portal\/agenda\/evento\/xv-jornadas-de-educacion-de-felgtbi-donde-hay-escuela-florece-la-diversidad-la-educacion-lgtbi-arraiga-mas-alla-de-las-grandes-ciudades\/","url":"https:\/\/www.ull.es\/portal\/agenda\/evento\/xv-jornadas-de-educacion-de-felgtbi-donde-hay-escuela-florece-la-diversidad-la-educacion-lgtbi-arraiga-mas-alla-de-las-grandes-ciudades\/","name":"XV Jornadas de Educaci\u00f3n de FELGTBI+. \"Donde hay escuela, florece la diversidad: la educaci\u00f3n LGTBI+ arraiga m\u00e1s all\u00e1 de las grandes ciudades\" - ULL - Agenda","isPartOf":{"@id":"https:\/\/www.ull.es\/portal\/agenda\/#website"},"datePublished":"2025-10-30T10:48:30+00:00","dateModified":"2025-10-30T12:23:21+00:00","breadcrumb":{"@id":"https:\/\/www.ull.es\/portal\/agenda\/evento\/xv-jornadas-de-educacion-de-felgtbi-donde-hay-escuela-florece-la-diversidad-la-educacion-lgtbi-arraiga-mas-alla-de-las-grandes-ciudades\/#breadcrumb"},"inLanguage":"es","potentialAction":[{"@type":"ReadAction","target":["https:\/\/www.ull.es\/portal\/agenda\/evento\/xv-jornadas-de-educacion-de-felgtbi-donde-hay-escuela-florece-la-diversidad-la-educacion-lgtbi-arraiga-mas-alla-de-las-grandes-ciudades\/"]}]},{"@type":"BreadcrumbList","@id":"https:\/\/www.ull.es\/portal\/agenda\/evento\/xv-jornadas-de-educacion-de-felgtbi-donde-hay-escuela-florece-la-diversidad-la-educacion-lgtbi-arraiga-mas-alla-de-las-grandes-ciudades\/#breadcrumb","itemListElement":[{"@type":"ListItem","position":1,"name":"Portada","item":"https:\/\/www.ull.es\/portal\/agenda\/"},{"@type":"ListItem","position":2,"name":"XV Jornadas de Educaci\u00f3n de FELGTBI+. \u00abDonde hay escuela, florece la diversidad: la educaci\u00f3n LGTBI+ arraiga m\u00e1s all\u00e1 de las grandes ciudades\u00bb"}]},{"@type":"WebSite","@id":"https:\/\/www.ull.es\/portal\/agenda\/#website","url":"https:\/\/www.ull.es\/portal\/agenda\/","name":"ULL - Agenda","description":"","potentialAction":[{"@type":"SearchAction","target":{"@type":"EntryPoint","urlTemplate":"https:\/\/www.ull.es\/portal\/agenda\/?s={search_term_string}"},"query-input":"required name=search_term_string"}],"inLanguage":"es"}]}},"_links":{"self":[{"href":"https:\/\/www.ull.es\/portal\/agenda\/wp-json\/wp\/v2\/tribe_events\/45053"}],"collection":[{"href":"https:\/\/www.ull.es\/portal\/agenda\/wp-json\/wp\/v2\/tribe_events"}],"about":[{"href":"https:\/\/www.ull.es\/portal\/agenda\/wp-json\/wp\/v2\/types\/tribe_events"}],"author":[{"embeddable":true,"href":"https:\/\/www.ull.es\/portal\/agenda\/wp-json\/wp\/v2\/users\/65"}],"replies":[{"embeddable":true,"href":"https:\/\/www.ull.es\/portal\/agenda\/wp-json\/wp\/v2\/comments?post=45053"}],"version-history":[{"count":1,"href":"https:\/\/www.ull.es\/portal\/agenda\/wp-json\/wp\/v2\/tribe_events\/45053\/revisions"}],"predecessor-version":[{"id":45054,"href":"https:\/\/www.ull.es\/portal\/agenda\/wp-json\/wp\/v2\/tribe_events\/45053\/revisions\/45054"}],"wp:featuredmedia":[{"embeddable":true,"href":"https:\/\/www.ull.es\/portal\/agenda\/wp-json\/wp\/v2\/media\/45075"}],"wp:attachment":[{"href":"https:\/\/www.ull.es\/portal\/agenda\/wp-json\/wp\/v2\/media?parent=45053"}],"wp:term":[{"taxonomy":"post_tag","embeddable":true,"href":"https:\/\/www.ull.es\/portal\/agenda\/wp-json\/wp\/v2\/tags?post=45053"},{"taxonomy":"tribe_events_cat","embeddable":true,"href":"https:\/\/www.ull.es\/portal\/agenda\/wp-json\/wp\/v2\/tribe_events_cat?post=45053"}],"curies":[{"name":"wp","href":"https:\/\/api.w.org\/{rel}","templated":true}]}}

XV Jornadas de Educación de FELGTBI+. «Donde hay escuela, florece la diversidad: la educación LGTBI+ arraiga más allá de las grandes ciudades»

<p>El Aula Cultural de Diversidad LGBTIQ+ de la Universidad de La Laguna y la Asociación LGBTIQA* Diversas acogen por primera vez en Canarias la XV edición de las Jornadas Estatales de Educación de la Federación Estatal LGTBI+, un espacio formativo referente en el abordaje de las políticas educativas de la diversidad sexual y de género desde una perspectiva crítica e interdisciplinar, que se celebrará durante el fin de semana del 7 al 9 de noviembre en el Aulario General del Campus de Guajara de la ULL.</p>
<p>Las XV Jornadas de Educación serán un punto de encuentro para compartir experiencias, estrategias pedagógicas y herramientas prácticas orientadas a fomentar la diversidad, la inclusión y la igualdad en todos los entornos educativos, especialmente en contextos rurales o alejados de los grandes núcleos urbanos. El lema de esta edición es «Donde hay escuela, florece la diversidad: la educación LGTBI+ arraiga más allá de las grandes ciudades» y habrán mesas redondas, ponencias y talleres sobre temas como serofobia, redes sociales, educación sin machismo, misoginia digital e inteligencia artificial desde una perspectiva inclusiva y de derechos humanos.</p>
<p>Estas jornadas cuentan con la colaboración del Vicerrectorado de Cultura y Extensión Universitaria de la ULL, de la Dirección Insular de Igualdad y Diversidad del Cabildo de Tenerife y del Ayuntamiento de San Cristóbal de La Laguna.</p>
<p><a href="https://forms.gle/w2oWLbgMFsyQ7vr68" target="_blank" rel="noopener" target="_blank" rel="noopener">Inscripción</a></p>
<p><a href="https://drive.google.com/file/d/18JTxjzURmEcZl3VxEzVelpAZtdkLOzpg/view?usp=sharing" target="_blank" rel="noopener" target="_blank" rel="noopener">Programa</a></p>

<p>El Aula Cultural de Diversidad LGBTIQ+ de la Universidad de La Laguna y la Asociación LGBTIQA* Diversas acogen por primera vez en Canarias la XV edición de las Jornadas Estatales de Educación de la Federación Estatal LGTBI+, un espacio formativo referente en el abordaje de las políticas educativas de la diversidad sexual y de género&#8230;</p>

<!-- This site is optimized with the Yoast SEO plugin v21.3 - https://yoast.com/wordpress/plugins/seo/ -->
<title>XV Jornadas de Educación de FELGTBI+. &quot;Donde hay escuela, florece la diversidad: la educación LGTBI+ arraiga más allá de las grandes ciudades&quot; - ULL - Agenda</title>
<meta name="robots" content="index, follow, max-snippet:-1, max-image-preview:large, max-video-preview:-1" />
<link rel="canonical" href="https://www.ull.es/portal/agenda/evento/xv-jornadas-de-educacion-de-felgtbi-donde-hay-escuela-florece-la-diversidad-la-educacion-lgtbi-arraiga-mas-alla-de-las-grandes-ciudades/" />
<meta property="og:locale" content="es_ES" />
<meta property="og:type" content="article" />
<meta property="og:title" content="XV Jornadas de Educación de FELGTBI+. &quot;Donde hay escuela, florece la diversidad: la educación LGTBI+ arraiga más allá de las grandes ciudades&quot; - ULL - Agenda" />
<meta property="og:description" content="El Aula Cultural de Diversidad LGBTIQ+ de la Universidad de La Laguna y la Asociación LGBTIQA* Diversas acogen por primera vez en Canarias la XV edición de las Jornadas Estatales de Educación de la Federación Estatal LGTBI+, un espacio formativo referente en el abordaje de las políticas educativas de la diversidad sexual y de género..." />
<meta property="og:url" content="https://www.ull.es/portal/agenda/evento/xv-jornadas-de-educacion-de-felgtbi-donde-hay-escuela-florece-la-diversidad-la-educacion-lgtbi-arraiga-mas-alla-de-las-grandes-ciudades/" />
<meta property="og:site_name" content="ULL - Agenda" />
<meta property="article:modified_time" content="2025-10-30T12:23:21+00:00" />
<meta property="og:image" content="https://www.ull.es/portal/agenda/wp-content/uploads/sites/12/2025/10/Pantalla2_edited.jpg" />
	<meta property="og:image:width" content="1920" />
	<meta property="og:image:height" content="947" />
	<meta property="og:image:type" content="image/jpeg" />
<meta name="twitter:card" content="summary_large_image" />
<meta name="twitter:label1" content="Tiempo de lectura" />
	<meta name="twitter:data1" content="2 minutos" />
<script type="application/ld+json" class="yoast-schema-graph">{"@context":"https://schema.org","@graph":[{"@type":"WebPage","@id":"https://www.ull.es/portal/agenda/evento/xv-jornadas-de-educacion-de-felgtbi-donde-hay-escuela-florece-la-diversidad-la-educacion-lgtbi-arraiga-mas-alla-de-las-grandes-ciudades/","url":"https://www.ull.es/portal/agenda/evento/xv-jornadas-de-educacion-de-felgtbi-donde-hay-escuela-florece-la-diversidad-la-educacion-lgtbi-arraiga-mas-alla-de-las-grandes-ciudades/","name":"XV Jornadas de Educación de FELGTBI+. \"Donde hay escuela, florece la diversidad: la educación LGTBI+ arraiga más allá de las grandes ciudades\" - ULL - Agenda","isPartOf":{"@id":"https://www.ull.es/portal/agenda/#website"},"datePublished":"2025-10-30T10:48:30+00:00","dateModified":"2025-10-30T12:23:21+00:00","breadcrumb":{"@id":"https://www.ull.es/portal/agenda/evento/xv-jornadas-de-educacion-de-felgtbi-donde-hay-escuela-florece-la-diversidad-la-educacion-lgtbi-arraiga-mas-alla-de-las-grandes-ciudades/#breadcrumb"},"inLanguage":"es","potentialAction":[{"@type":"ReadAction","target":["https://www.ull.es/portal/agenda/evento/xv-jornadas-de-educacion-de-felgtbi-donde-hay-escuela-florece-la-diversidad-la-educacion-lgtbi-arraiga-mas-alla-de-las-grandes-ciudades/"]}]},{"@type":"BreadcrumbList","@id":"https://www.ull.es/portal/agenda/evento/xv-jornadas-de-educacion-de-felgtbi-donde-hay-escuela-florece-la-diversidad-la-educacion-lgtbi-arraiga-mas-alla-de-las-grandes-ciudades/#breadcrumb","itemListElement":[{"@type":"ListItem","position":1,"name":"Portada","item":"https://www.ull.es/portal/agenda/"},{"@type":"ListItem","position":2,"name":"XV Jornadas de Educación de FELGTBI+. «Donde hay escuela, florece la diversidad: la educación LGTBI+ arraiga más allá de las grandes ciudades»"}]},{"@type":"WebSite","@id":"https://www.ull.es/portal/agenda/#website","url":"https://www.ull.es/portal/agenda/","name":"ULL - Agenda","description":"","potentialAction":[{"@type":"SearchAction","target":{"@type":"EntryPoint","urlTemplate":"https://www.ull.es/portal/agenda/?s={search_term_string}"},"query-input":"required name=search_term_string"}],"inLanguage":"es"}]}</script>
<!-- / Yoast SEO plugin. -->

XV Jornadas de Educación de FELGTBI+. "Donde hay escuela, florece la diversidad: la educación LGTBI+ arraiga más allá de las grandes ciudades" - ULL - Agenda

El Aula Cultural de Diversidad LGBTIQ+ de la Universidad de La Laguna y la Asociación LGBTIQA* Diversas acogen por primera vez en Canarias la XV edición de las Jornadas Estatales de Educación de la Federación Estatal LGTBI+, un espacio formativo referente en el abordaje de las políticas educativas de la diversidad sexual y de género...
