{"id":45221,"date":"2025-11-05T12:05:05","date_gmt":"2025-11-05T12:05:05","guid":{"rendered":"https:\/\/www.ull.es\/portal\/agenda\/?post_type=tribe_events&#038;p=45221"},"modified":"2025-11-05T12:05:05","modified_gmt":"2025-11-05T12:05:05","slug":"sector-agricola-canario-hacia-la-profesionalidad-y-relevo-generacional","status":"publish","type":"tribe_events","link":"https:\/\/www.ull.es\/portal\/agenda\/evento\/sector-agricola-canario-hacia-la-profesionalidad-y-relevo-generacional\/","title":{"rendered":"Sector agr\u00edcola canario: Hacia la profesionalidad y relevo generacional"},"content":{"rendered":"<p>La Facultad de Econom\u00eda, Empresa y Turismo, en el marco de\u00a0<em>CONECTA CAMPUS GUAJARA,<\/em> organiza este evento que se celebrar\u00e1 en el Aula F0.1 de esta\u00a0 Facultad el viernes 14 de noviembre de 2025, en horario de 11:30 a 13:30 horas.<\/p>\n<p>Objetivos:<\/p>\n<p>1. Promover en el alumnado la necesidad de una profesionalidad del sector platanero, es decir, con conocimientos de agricultura y tambi\u00e9n de gesti\u00f3n empresarial.<br \/>\n2. Hacer un repaso de todas las pautas que hay que cumplir para la actividad agr\u00edcola en base a la normativa vigente, para romper la imagen de que cualquiera puede ser agricultor, darle valor a todos los conocimientos agr\u00edcolas que hay que tener y legislaci\u00f3n que hay que cumplir. Uno de los principales problemas que hay es que la mayor\u00eda de los agricultores es su avanzada edad, por lo que presentan graves dificultades para adaptarse a las nuevas tecnolog\u00edas que incorporan la digitalizaci\u00f3n del sector agr\u00edcola, as\u00ed como dificultad para ponerse al d\u00eda con la normativa actual.<br \/>\n3. Presentaci\u00f3n de datos actuales del envejecimiento del sector agr\u00edcola platanero en Canarias, a partir de los resultados de un TFG realizado por dos estudiantes del Grado en ADE en el curso 2024-2025.<br \/>\n4. Mencionar las diferentes Directrices Europeas en materia de medidas a adoptar para incentivar una mayor incorporaci\u00f3n de los j\u00f3venes al sector agr\u00edcola y con ello, promover el relevo generacional.<\/p>\n<p>Dirigido al alumnado, profesorado y personas interesadas en la tem\u00e1tica.<\/p>\n<p>Ponente: Javier L\u00f3pez-Cepero Jim\u00e9nez. Doctor Ingeniero Agr\u00f3nomo. Coordinador del Departamento T\u00e9cnico de COPLACA.<\/p>\n<p>CERTIFICADO DE ASISTENCIA: La Universidad de La Laguna, a trav\u00e9s del Vicerrectorado de Cultura y Extensi\u00f3n Universitaria, emitir\u00e1 un certificado de asistencia a todas aquellas personas que participen, previa inscripci\u00f3n en la actividad.<\/p>\n<p>Asistencia gratuita previa inscripci\u00f3n.\u00a0<a href=\"https:\/\/sede.fg.ull.es\/es\/curso\/detalle?code=a25020290&amp;name=sector-agricola-canario-hacia-la-profesionalidad-y-relevo-generacional&amp;query=%3Fcode%3DA25020290\" target=\"_blank\" rel=\"noopener\" target=\"_blank\" rel=\"noopener\"><strong><u>Inscr\u00edbete aqu\u00ed.<\/u><\/strong><\/a><\/p>\n<p><strong>Contacto:\u00a0<\/strong><a href=\"mailto:extuni@ull.edu.es\" target=\"_blank\" rel=\"noopener\" target=\"_blank\" rel=\"noopener\"><strong>extuni@ull.es<\/strong><\/a><\/p>\n","protected":false},"excerpt":{"rendered":"<p>La Facultad de Econom\u00eda, Empresa y Turismo, en el marco de\u00a0CONECTA CAMPUS GUAJARA, organiza este evento que se celebrar\u00e1 en el Aula F0.1 de esta\u00a0 Facultad el viernes 14 de noviembre de 2025, en horario de 11:30 a 13:30 horas. Objetivos: 1. Promover en el alumnado la necesidad de una profesionalidad del sector platanero, es&#8230;<\/p>\n","protected":false},"author":43,"featured_media":45222,"comment_status":"closed","ping_status":"closed","template":"","tags":[4259,4977,977,3812,3751,4165],"tribe_events_cat":[472,4,937,186],"acf":[],"yoast_head":"<!-- This site is optimized with the Yoast SEO plugin v21.3 - https:\/\/yoast.com\/wordpress\/plugins\/seo\/ -->\n<title>Sector agr\u00edcola canario: Hacia la profesionalidad y relevo generacional - ULL - Agenda<\/title>\n<meta name=\"robots\" content=\"index, follow, max-snippet:-1, max-image-preview:large, max-video-preview:-1\" \/>\n<link rel=\"canonical\" href=\"https:\/\/www.ull.es\/portal\/agenda\/evento\/sector-agricola-canario-hacia-la-profesionalidad-y-relevo-generacional\/\" \/>\n<meta property=\"og:locale\" content=\"es_ES\" \/>\n<meta property=\"og:type\" content=\"article\" \/>\n<meta property=\"og:title\" content=\"Sector agr\u00edcola canario: Hacia la profesionalidad y relevo generacional - ULL - Agenda\" \/>\n<meta property=\"og:description\" content=\"La Facultad de Econom\u00eda, Empresa y Turismo, en el marco de\u00a0CONECTA CAMPUS GUAJARA, organiza este evento que se celebrar\u00e1 en el Aula F0.1 de esta\u00a0 Facultad el viernes 14 de noviembre de 2025, en horario de 11:30 a 13:30 horas. Objetivos: 1. Promover en el alumnado la necesidad de una profesionalidad del sector platanero, es...\" \/>\n<meta property=\"og:url\" content=\"https:\/\/www.ull.es\/portal\/agenda\/evento\/sector-agricola-canario-hacia-la-profesionalidad-y-relevo-generacional\/\" \/>\n<meta property=\"og:site_name\" content=\"ULL - Agenda\" \/>\n<meta property=\"og:image\" content=\"https:\/\/www.ull.es\/portal\/agenda\/wp-content\/uploads\/sites\/12\/2025\/11\/BannerSectorAgricolaCONECTA.png\" \/>\n\t<meta property=\"og:image:width\" content=\"750\" \/>\n\t<meta property=\"og:image:height\" content=\"370\" \/>\n\t<meta property=\"og:image:type\" content=\"image\/png\" \/>\n<meta name=\"twitter:card\" content=\"summary_large_image\" \/>\n<meta name=\"twitter:label1\" content=\"Tiempo de lectura\" \/>\n\t<meta name=\"twitter:data1\" content=\"2 minutos\" \/>\n<script type=\"application\/ld+json\" class=\"yoast-schema-graph\">{\"@context\":\"https:\/\/schema.org\",\"@graph\":[{\"@type\":\"WebPage\",\"@id\":\"https:\/\/www.ull.es\/portal\/agenda\/evento\/sector-agricola-canario-hacia-la-profesionalidad-y-relevo-generacional\/\",\"url\":\"https:\/\/www.ull.es\/portal\/agenda\/evento\/sector-agricola-canario-hacia-la-profesionalidad-y-relevo-generacional\/\",\"name\":\"Sector agr\u00edcola canario: Hacia la profesionalidad y relevo generacional - ULL - Agenda\",\"isPartOf\":{\"@id\":\"https:\/\/www.ull.es\/portal\/agenda\/#website\"},\"datePublished\":\"2025-11-05T12:05:05+00:00\",\"dateModified\":\"2025-11-05T12:05:05+00:00\",\"breadcrumb\":{\"@id\":\"https:\/\/www.ull.es\/portal\/agenda\/evento\/sector-agricola-canario-hacia-la-profesionalidad-y-relevo-generacional\/#breadcrumb\"},\"inLanguage\":\"es\",\"potentialAction\":[{\"@type\":\"ReadAction\",\"target\":[\"https:\/\/www.ull.es\/portal\/agenda\/evento\/sector-agricola-canario-hacia-la-profesionalidad-y-relevo-generacional\/\"]}]},{\"@type\":\"BreadcrumbList\",\"@id\":\"https:\/\/www.ull.es\/portal\/agenda\/evento\/sector-agricola-canario-hacia-la-profesionalidad-y-relevo-generacional\/#breadcrumb\",\"itemListElement\":[{\"@type\":\"ListItem\",\"position\":1,\"name\":\"Portada\",\"item\":\"https:\/\/www.ull.es\/portal\/agenda\/\"},{\"@type\":\"ListItem\",\"position\":2,\"name\":\"Sector agr\u00edcola canario: Hacia la profesionalidad y relevo generacional\"}]},{\"@type\":\"WebSite\",\"@id\":\"https:\/\/www.ull.es\/portal\/agenda\/#website\",\"url\":\"https:\/\/www.ull.es\/portal\/agenda\/\",\"name\":\"ULL - Agenda\",\"description\":\"\",\"potentialAction\":[{\"@type\":\"SearchAction\",\"target\":{\"@type\":\"EntryPoint\",\"urlTemplate\":\"https:\/\/www.ull.es\/portal\/agenda\/?s={search_term_string}\"},\"query-input\":\"required name=search_term_string\"}],\"inLanguage\":\"es\"}]}<\/script>\n<!-- \/ Yoast SEO plugin. -->","yoast_head_json":{"title":"Sector agr\u00edcola canario: Hacia la profesionalidad y relevo generacional - ULL - Agenda","robots":{"index":"index","follow":"follow","max-snippet":"max-snippet:-1","max-image-preview":"max-image-preview:large","max-video-preview":"max-video-preview:-1"},"canonical":"https:\/\/www.ull.es\/portal\/agenda\/evento\/sector-agricola-canario-hacia-la-profesionalidad-y-relevo-generacional\/","og_locale":"es_ES","og_type":"article","og_title":"Sector agr\u00edcola canario: Hacia la profesionalidad y relevo generacional - ULL - Agenda","og_description":"La Facultad de Econom\u00eda, Empresa y Turismo, en el marco de\u00a0CONECTA CAMPUS GUAJARA, organiza este evento que se celebrar\u00e1 en el Aula F0.1 de esta\u00a0 Facultad el viernes 14 de noviembre de 2025, en horario de 11:30 a 13:30 horas. Objetivos: 1. Promover en el alumnado la necesidad de una profesionalidad del sector platanero, es...","og_url":"https:\/\/www.ull.es\/portal\/agenda\/evento\/sector-agricola-canario-hacia-la-profesionalidad-y-relevo-generacional\/","og_site_name":"ULL - Agenda","og_image":[{"width":750,"height":370,"url":"https:\/\/www.ull.es\/portal\/agenda\/wp-content\/uploads\/sites\/12\/2025\/11\/BannerSectorAgricolaCONECTA.png","type":"image\/png"}],"twitter_card":"summary_large_image","twitter_misc":{"Tiempo de lectura":"2 minutos"},"schema":{"@context":"https:\/\/schema.org","@graph":[{"@type":"WebPage","@id":"https:\/\/www.ull.es\/portal\/agenda\/evento\/sector-agricola-canario-hacia-la-profesionalidad-y-relevo-generacional\/","url":"https:\/\/www.ull.es\/portal\/agenda\/evento\/sector-agricola-canario-hacia-la-profesionalidad-y-relevo-generacional\/","name":"Sector agr\u00edcola canario: Hacia la profesionalidad y relevo generacional - ULL - Agenda","isPartOf":{"@id":"https:\/\/www.ull.es\/portal\/agenda\/#website"},"datePublished":"2025-11-05T12:05:05+00:00","dateModified":"2025-11-05T12:05:05+00:00","breadcrumb":{"@id":"https:\/\/www.ull.es\/portal\/agenda\/evento\/sector-agricola-canario-hacia-la-profesionalidad-y-relevo-generacional\/#breadcrumb"},"inLanguage":"es","potentialAction":[{"@type":"ReadAction","target":["https:\/\/www.ull.es\/portal\/agenda\/evento\/sector-agricola-canario-hacia-la-profesionalidad-y-relevo-generacional\/"]}]},{"@type":"BreadcrumbList","@id":"https:\/\/www.ull.es\/portal\/agenda\/evento\/sector-agricola-canario-hacia-la-profesionalidad-y-relevo-generacional\/#breadcrumb","itemListElement":[{"@type":"ListItem","position":1,"name":"Portada","item":"https:\/\/www.ull.es\/portal\/agenda\/"},{"@type":"ListItem","position":2,"name":"Sector agr\u00edcola canario: Hacia la profesionalidad y relevo generacional"}]},{"@type":"WebSite","@id":"https:\/\/www.ull.es\/portal\/agenda\/#website","url":"https:\/\/www.ull.es\/portal\/agenda\/","name":"ULL - Agenda","description":"","potentialAction":[{"@type":"SearchAction","target":{"@type":"EntryPoint","urlTemplate":"https:\/\/www.ull.es\/portal\/agenda\/?s={search_term_string}"},"query-input":"required name=search_term_string"}],"inLanguage":"es"}]}},"_links":{"self":[{"href":"https:\/\/www.ull.es\/portal\/agenda\/wp-json\/wp\/v2\/tribe_events\/45221"}],"collection":[{"href":"https:\/\/www.ull.es\/portal\/agenda\/wp-json\/wp\/v2\/tribe_events"}],"about":[{"href":"https:\/\/www.ull.es\/portal\/agenda\/wp-json\/wp\/v2\/types\/tribe_events"}],"author":[{"embeddable":true,"href":"https:\/\/www.ull.es\/portal\/agenda\/wp-json\/wp\/v2\/users\/43"}],"replies":[{"embeddable":true,"href":"https:\/\/www.ull.es\/portal\/agenda\/wp-json\/wp\/v2\/comments?post=45221"}],"version-history":[{"count":1,"href":"https:\/\/www.ull.es\/portal\/agenda\/wp-json\/wp\/v2\/tribe_events\/45221\/revisions"}],"predecessor-version":[{"id":45223,"href":"https:\/\/www.ull.es\/portal\/agenda\/wp-json\/wp\/v2\/tribe_events\/45221\/revisions\/45223"}],"wp:featuredmedia":[{"embeddable":true,"href":"https:\/\/www.ull.es\/portal\/agenda\/wp-json\/wp\/v2\/media\/45222"}],"wp:attachment":[{"href":"https:\/\/www.ull.es\/portal\/agenda\/wp-json\/wp\/v2\/media?parent=45221"}],"wp:term":[{"taxonomy":"post_tag","embeddable":true,"href":"https:\/\/www.ull.es\/portal\/agenda\/wp-json\/wp\/v2\/tags?post=45221"},{"taxonomy":"tribe_events_cat","embeddable":true,"href":"https:\/\/www.ull.es\/portal\/agenda\/wp-json\/wp\/v2\/tribe_events_cat?post=45221"}],"curies":[{"name":"wp","href":"https:\/\/api.w.org\/{rel}","templated":true}]}}

Sector agrícola canario: Hacia la profesionalidad y relevo generacional

<p>La Facultad de Economía, Empresa y Turismo, en el marco de <em>CONECTA CAMPUS GUAJARA,</em> organiza este evento que se celebrará en el Aula F0.1 de esta  Facultad el viernes 14 de noviembre de 2025, en horario de 11:30 a 13:30 horas.</p>
<p>Objetivos:</p>
<p>1. Promover en el alumnado la necesidad de una profesionalidad del sector platanero, es decir, con conocimientos de agricultura y también de gestión empresarial.<br />
2. Hacer un repaso de todas las pautas que hay que cumplir para la actividad agrícola en base a la normativa vigente, para romper la imagen de que cualquiera puede ser agricultor, darle valor a todos los conocimientos agrícolas que hay que tener y legislación que hay que cumplir. Uno de los principales problemas que hay es que la mayoría de los agricultores es su avanzada edad, por lo que presentan graves dificultades para adaptarse a las nuevas tecnologías que incorporan la digitalización del sector agrícola, así como dificultad para ponerse al día con la normativa actual.<br />
3. Presentación de datos actuales del envejecimiento del sector agrícola platanero en Canarias, a partir de los resultados de un TFG realizado por dos estudiantes del Grado en ADE en el curso 2024-2025.<br />
4. Mencionar las diferentes Directrices Europeas en materia de medidas a adoptar para incentivar una mayor incorporación de los jóvenes al sector agrícola y con ello, promover el relevo generacional.</p>
<p>Dirigido al alumnado, profesorado y personas interesadas en la temática.</p>
<p>Ponente: Javier López-Cepero Jiménez. Doctor Ingeniero Agrónomo. Coordinador del Departamento Técnico de COPLACA.</p>
<p>CERTIFICADO DE ASISTENCIA: La Universidad de La Laguna, a través del Vicerrectorado de Cultura y Extensión Universitaria, emitirá un certificado de asistencia a todas aquellas personas que participen, previa inscripción en la actividad.</p>
<p>Asistencia gratuita previa inscripción. <a href="https://sede.fg.ull.es/es/curso/detalle?code=a25020290&amp;name=sector-agricola-canario-hacia-la-profesionalidad-y-relevo-generacional&amp;query=%3Fcode%3DA25020290" target="_blank" rel="noopener" target="_blank" rel="noopener"><strong><u>Inscríbete aquí.</u></strong></a></p>
<p><strong>Contacto: </strong><a href="mailto:extuni@ull.edu.es" target="_blank" rel="noopener" target="_blank" rel="noopener"><strong>extuni@ull.es</strong></a></p>

<p>La Facultad de Economía, Empresa y Turismo, en el marco de CONECTA CAMPUS GUAJARA, organiza este evento que se celebrará en el Aula F0.1 de esta  Facultad el viernes 14 de noviembre de 2025, en horario de 11:30 a 13:30 horas. Objetivos: 1. Promover en el alumnado la necesidad de una profesionalidad del sector platanero, es&#8230;</p>

<!-- This site is optimized with the Yoast SEO plugin v21.3 - https://yoast.com/wordpress/plugins/seo/ -->
<title>Sector agrícola canario: Hacia la profesionalidad y relevo generacional - ULL - Agenda</title>
<meta name="robots" content="index, follow, max-snippet:-1, max-image-preview:large, max-video-preview:-1" />
<link rel="canonical" href="https://www.ull.es/portal/agenda/evento/sector-agricola-canario-hacia-la-profesionalidad-y-relevo-generacional/" />
<meta property="og:locale" content="es_ES" />
<meta property="og:type" content="article" />
<meta property="og:title" content="Sector agrícola canario: Hacia la profesionalidad y relevo generacional - ULL - Agenda" />
<meta property="og:description" content="La Facultad de Economía, Empresa y Turismo, en el marco de CONECTA CAMPUS GUAJARA, organiza este evento que se celebrará en el Aula F0.1 de esta  Facultad el viernes 14 de noviembre de 2025, en horario de 11:30 a 13:30 horas. Objetivos: 1. Promover en el alumnado la necesidad de una profesionalidad del sector platanero, es..." />
<meta property="og:url" content="https://www.ull.es/portal/agenda/evento/sector-agricola-canario-hacia-la-profesionalidad-y-relevo-generacional/" />
<meta property="og:site_name" content="ULL - Agenda" />
<meta property="og:image" content="https://www.ull.es/portal/agenda/wp-content/uploads/sites/12/2025/11/BannerSectorAgricolaCONECTA.png" />
	<meta property="og:image:width" content="750" />
	<meta property="og:image:height" content="370" />
	<meta property="og:image:type" content="image/png" />
<meta name="twitter:card" content="summary_large_image" />
<meta name="twitter:label1" content="Tiempo de lectura" />
	<meta name="twitter:data1" content="2 minutos" />
<script type="application/ld+json" class="yoast-schema-graph">{"@context":"https://schema.org","@graph":[{"@type":"WebPage","@id":"https://www.ull.es/portal/agenda/evento/sector-agricola-canario-hacia-la-profesionalidad-y-relevo-generacional/","url":"https://www.ull.es/portal/agenda/evento/sector-agricola-canario-hacia-la-profesionalidad-y-relevo-generacional/","name":"Sector agrícola canario: Hacia la profesionalidad y relevo generacional - ULL - Agenda","isPartOf":{"@id":"https://www.ull.es/portal/agenda/#website"},"datePublished":"2025-11-05T12:05:05+00:00","dateModified":"2025-11-05T12:05:05+00:00","breadcrumb":{"@id":"https://www.ull.es/portal/agenda/evento/sector-agricola-canario-hacia-la-profesionalidad-y-relevo-generacional/#breadcrumb"},"inLanguage":"es","potentialAction":[{"@type":"ReadAction","target":["https://www.ull.es/portal/agenda/evento/sector-agricola-canario-hacia-la-profesionalidad-y-relevo-generacional/"]}]},{"@type":"BreadcrumbList","@id":"https://www.ull.es/portal/agenda/evento/sector-agricola-canario-hacia-la-profesionalidad-y-relevo-generacional/#breadcrumb","itemListElement":[{"@type":"ListItem","position":1,"name":"Portada","item":"https://www.ull.es/portal/agenda/"},{"@type":"ListItem","position":2,"name":"Sector agrícola canario: Hacia la profesionalidad y relevo generacional"}]},{"@type":"WebSite","@id":"https://www.ull.es/portal/agenda/#website","url":"https://www.ull.es/portal/agenda/","name":"ULL - Agenda","description":"","potentialAction":[{"@type":"SearchAction","target":{"@type":"EntryPoint","urlTemplate":"https://www.ull.es/portal/agenda/?s={search_term_string}"},"query-input":"required name=search_term_string"}],"inLanguage":"es"}]}</script>
<!-- / Yoast SEO plugin. -->

Sector agrícola canario: Hacia la profesionalidad y relevo generacional - ULL - Agenda

La Facultad de Economía, Empresa y Turismo, en el marco de CONECTA CAMPUS GUAJARA, organiza este evento que se celebrará en el Aula F0.1 de esta  Facultad el viernes 14 de noviembre de 2025, en horario de 11:30 a 13:30 horas. Objetivos: 1. Promover en el alumnado la necesidad de una profesionalidad del sector platanero, es...
