{"id":45276,"date":"2025-11-10T10:35:18","date_gmt":"2025-11-10T10:35:18","guid":{"rendered":"https:\/\/www.ull.es\/portal\/agenda\/?post_type=tribe_events&#038;p=45276"},"modified":"2025-12-09T08:54:57","modified_gmt":"2025-12-09T08:54:57","slug":"exposicion-semana-del-comic-el-gremio","status":"publish","type":"tribe_events","link":"https:\/\/www.ull.es\/portal\/agenda\/evento\/exposicion-semana-del-comic-el-gremio\/","title":{"rendered":"Exposici\u00f3n Semana del C\u00f3mic. &#8216;El Gremio&#8217;"},"content":{"rendered":"<p style=\"font-weight: 400;\">El Gremio es una cita peri\u00f3dica que re\u00fane a profesionales, creadores, artistas y t\u00e9cnicos del mundo audiovisual en Tenerife y en todo el archipi\u00e9lago canario. Nace de la convicci\u00f3n de que el sector audiovisual (la animaci\u00f3n, el cine, los efectos, la ilustraci\u00f3n, el sonido, la m\u00fasica) necesita espacios de conexi\u00f3n, colaboraci\u00f3n y visibilidad y que favorezcan la conversaci\u00f3n, el intercambio de ideas y la creaci\u00f3n de v\u00ednculos entre quienes \u201cviven\u201d y construyen la industria audiovisual en Canarias.<\/p>\n<p style=\"font-weight: 400;\">Las piezas gr\u00e1ficas que configuran esta exposici\u00f3n aportan una mirada creativa propia, sint\u00e9tica y potente sobre el universo que mueve El Gremio, han sido elaboradas colaborativamente por artistas del \u00e1mbito audiovisual en Canarias: ilustradores, dise\u00f1adores, animadores, 3D artists\u2026, confirmando que Canarias no es s\u00f3lo escenario, sino tambi\u00e9n creadora activa de producci\u00f3n audiovisual puntera.<\/p>\n<p style=\"font-weight: 400;\">Acto de apertura: viernes, 5 diciembre a las 18:00 h.<\/p>\n<p style=\"font-weight: 400;\">Abierta: lunes a viernes de 09:00 a 14:00 h.<\/p>\n","protected":false},"excerpt":{"rendered":"<p>El Gremio es una cita peri\u00f3dica que re\u00fane a profesionales, creadores, artistas y t\u00e9cnicos del mundo audiovisual en Tenerife y en todo el archipi\u00e9lago canario. Nace de la convicci\u00f3n de que el sector audiovisual (la animaci\u00f3n, el cine, los efectos, la ilustraci\u00f3n, el sonido, la m\u00fasica) necesita espacios de conexi\u00f3n, colaboraci\u00f3n y visibilidad y que&#8230;<\/p>\n","protected":false},"author":65,"featured_media":45277,"comment_status":"closed","ping_status":"closed","template":"","tags":[],"tribe_events_cat":[3987,4,19],"acf":[],"yoast_head":"<!-- This site is optimized with the Yoast SEO plugin v21.3 - https:\/\/yoast.com\/wordpress\/plugins\/seo\/ -->\n<title>Exposici\u00f3n Semana del C\u00f3mic. &#039;El Gremio&#039; - ULL - Agenda<\/title>\n<meta name=\"robots\" content=\"index, follow, max-snippet:-1, max-image-preview:large, max-video-preview:-1\" \/>\n<link rel=\"canonical\" href=\"https:\/\/www.ull.es\/portal\/agenda\/evento\/exposicion-semana-del-comic-el-gremio\/\" \/>\n<meta property=\"og:locale\" content=\"es_ES\" \/>\n<meta property=\"og:type\" content=\"article\" \/>\n<meta property=\"og:title\" content=\"Exposici\u00f3n Semana del C\u00f3mic. &#039;El Gremio&#039; - ULL - Agenda\" \/>\n<meta property=\"og:description\" content=\"El Gremio es una cita peri\u00f3dica que re\u00fane a profesionales, creadores, artistas y t\u00e9cnicos del mundo audiovisual en Tenerife y en todo el archipi\u00e9lago canario. Nace de la convicci\u00f3n de que el sector audiovisual (la animaci\u00f3n, el cine, los efectos, la ilustraci\u00f3n, el sonido, la m\u00fasica) necesita espacios de conexi\u00f3n, colaboraci\u00f3n y visibilidad y que...\" \/>\n<meta property=\"og:url\" content=\"https:\/\/www.ull.es\/portal\/agenda\/evento\/exposicion-semana-del-comic-el-gremio\/\" \/>\n<meta property=\"og:site_name\" content=\"ULL - Agenda\" \/>\n<meta property=\"article:modified_time\" content=\"2025-12-09T08:54:57+00:00\" \/>\n<meta property=\"og:image\" content=\"https:\/\/www.ull.es\/portal\/agenda\/wp-content\/uploads\/sites\/12\/2025\/11\/proporcional-a-750-\u00d7-370_edited.jpg\" \/>\n\t<meta property=\"og:image:width\" content=\"800\" \/>\n\t<meta property=\"og:image:height\" content=\"396\" \/>\n\t<meta property=\"og:image:type\" content=\"image\/jpeg\" \/>\n<meta name=\"twitter:card\" content=\"summary_large_image\" \/>\n<meta name=\"twitter:label1\" content=\"Tiempo de lectura\" \/>\n\t<meta name=\"twitter:data1\" content=\"1 minuto\" \/>\n<script type=\"application\/ld+json\" class=\"yoast-schema-graph\">{\"@context\":\"https:\/\/schema.org\",\"@graph\":[{\"@type\":\"WebPage\",\"@id\":\"https:\/\/www.ull.es\/portal\/agenda\/evento\/exposicion-semana-del-comic-el-gremio\/\",\"url\":\"https:\/\/www.ull.es\/portal\/agenda\/evento\/exposicion-semana-del-comic-el-gremio\/\",\"name\":\"Exposici\u00f3n Semana del C\u00f3mic. 'El Gremio' - ULL - Agenda\",\"isPartOf\":{\"@id\":\"https:\/\/www.ull.es\/portal\/agenda\/#website\"},\"datePublished\":\"2025-11-10T10:35:18+00:00\",\"dateModified\":\"2025-12-09T08:54:57+00:00\",\"breadcrumb\":{\"@id\":\"https:\/\/www.ull.es\/portal\/agenda\/evento\/exposicion-semana-del-comic-el-gremio\/#breadcrumb\"},\"inLanguage\":\"es\",\"potentialAction\":[{\"@type\":\"ReadAction\",\"target\":[\"https:\/\/www.ull.es\/portal\/agenda\/evento\/exposicion-semana-del-comic-el-gremio\/\"]}]},{\"@type\":\"BreadcrumbList\",\"@id\":\"https:\/\/www.ull.es\/portal\/agenda\/evento\/exposicion-semana-del-comic-el-gremio\/#breadcrumb\",\"itemListElement\":[{\"@type\":\"ListItem\",\"position\":1,\"name\":\"Portada\",\"item\":\"https:\/\/www.ull.es\/portal\/agenda\/\"},{\"@type\":\"ListItem\",\"position\":2,\"name\":\"Exposici\u00f3n Semana del C\u00f3mic. &#8216;El Gremio&#8217;\"}]},{\"@type\":\"WebSite\",\"@id\":\"https:\/\/www.ull.es\/portal\/agenda\/#website\",\"url\":\"https:\/\/www.ull.es\/portal\/agenda\/\",\"name\":\"ULL - Agenda\",\"description\":\"\",\"potentialAction\":[{\"@type\":\"SearchAction\",\"target\":{\"@type\":\"EntryPoint\",\"urlTemplate\":\"https:\/\/www.ull.es\/portal\/agenda\/?s={search_term_string}\"},\"query-input\":\"required name=search_term_string\"}],\"inLanguage\":\"es\"}]}<\/script>\n<!-- \/ Yoast SEO plugin. -->","yoast_head_json":{"title":"Exposici\u00f3n Semana del C\u00f3mic. 'El Gremio' - ULL - Agenda","robots":{"index":"index","follow":"follow","max-snippet":"max-snippet:-1","max-image-preview":"max-image-preview:large","max-video-preview":"max-video-preview:-1"},"canonical":"https:\/\/www.ull.es\/portal\/agenda\/evento\/exposicion-semana-del-comic-el-gremio\/","og_locale":"es_ES","og_type":"article","og_title":"Exposici\u00f3n Semana del C\u00f3mic. 'El Gremio' - ULL - Agenda","og_description":"El Gremio es una cita peri\u00f3dica que re\u00fane a profesionales, creadores, artistas y t\u00e9cnicos del mundo audiovisual en Tenerife y en todo el archipi\u00e9lago canario. Nace de la convicci\u00f3n de que el sector audiovisual (la animaci\u00f3n, el cine, los efectos, la ilustraci\u00f3n, el sonido, la m\u00fasica) necesita espacios de conexi\u00f3n, colaboraci\u00f3n y visibilidad y que...","og_url":"https:\/\/www.ull.es\/portal\/agenda\/evento\/exposicion-semana-del-comic-el-gremio\/","og_site_name":"ULL - Agenda","article_modified_time":"2025-12-09T08:54:57+00:00","og_image":[{"width":800,"height":396,"url":"https:\/\/www.ull.es\/portal\/agenda\/wp-content\/uploads\/sites\/12\/2025\/11\/proporcional-a-750-\u00d7-370_edited.jpg","type":"image\/jpeg"}],"twitter_card":"summary_large_image","twitter_misc":{"Tiempo de lectura":"1 minuto"},"schema":{"@context":"https:\/\/schema.org","@graph":[{"@type":"WebPage","@id":"https:\/\/www.ull.es\/portal\/agenda\/evento\/exposicion-semana-del-comic-el-gremio\/","url":"https:\/\/www.ull.es\/portal\/agenda\/evento\/exposicion-semana-del-comic-el-gremio\/","name":"Exposici\u00f3n Semana del C\u00f3mic. 'El Gremio' - ULL - Agenda","isPartOf":{"@id":"https:\/\/www.ull.es\/portal\/agenda\/#website"},"datePublished":"2025-11-10T10:35:18+00:00","dateModified":"2025-12-09T08:54:57+00:00","breadcrumb":{"@id":"https:\/\/www.ull.es\/portal\/agenda\/evento\/exposicion-semana-del-comic-el-gremio\/#breadcrumb"},"inLanguage":"es","potentialAction":[{"@type":"ReadAction","target":["https:\/\/www.ull.es\/portal\/agenda\/evento\/exposicion-semana-del-comic-el-gremio\/"]}]},{"@type":"BreadcrumbList","@id":"https:\/\/www.ull.es\/portal\/agenda\/evento\/exposicion-semana-del-comic-el-gremio\/#breadcrumb","itemListElement":[{"@type":"ListItem","position":1,"name":"Portada","item":"https:\/\/www.ull.es\/portal\/agenda\/"},{"@type":"ListItem","position":2,"name":"Exposici\u00f3n Semana del C\u00f3mic. &#8216;El Gremio&#8217;"}]},{"@type":"WebSite","@id":"https:\/\/www.ull.es\/portal\/agenda\/#website","url":"https:\/\/www.ull.es\/portal\/agenda\/","name":"ULL - Agenda","description":"","potentialAction":[{"@type":"SearchAction","target":{"@type":"EntryPoint","urlTemplate":"https:\/\/www.ull.es\/portal\/agenda\/?s={search_term_string}"},"query-input":"required name=search_term_string"}],"inLanguage":"es"}]}},"_links":{"self":[{"href":"https:\/\/www.ull.es\/portal\/agenda\/wp-json\/wp\/v2\/tribe_events\/45276"}],"collection":[{"href":"https:\/\/www.ull.es\/portal\/agenda\/wp-json\/wp\/v2\/tribe_events"}],"about":[{"href":"https:\/\/www.ull.es\/portal\/agenda\/wp-json\/wp\/v2\/types\/tribe_events"}],"author":[{"embeddable":true,"href":"https:\/\/www.ull.es\/portal\/agenda\/wp-json\/wp\/v2\/users\/65"}],"replies":[{"embeddable":true,"href":"https:\/\/www.ull.es\/portal\/agenda\/wp-json\/wp\/v2\/comments?post=45276"}],"version-history":[{"count":2,"href":"https:\/\/www.ull.es\/portal\/agenda\/wp-json\/wp\/v2\/tribe_events\/45276\/revisions"}],"predecessor-version":[{"id":45279,"href":"https:\/\/www.ull.es\/portal\/agenda\/wp-json\/wp\/v2\/tribe_events\/45276\/revisions\/45279"}],"wp:featuredmedia":[{"embeddable":true,"href":"https:\/\/www.ull.es\/portal\/agenda\/wp-json\/wp\/v2\/media\/45277"}],"wp:attachment":[{"href":"https:\/\/www.ull.es\/portal\/agenda\/wp-json\/wp\/v2\/media?parent=45276"}],"wp:term":[{"taxonomy":"post_tag","embeddable":true,"href":"https:\/\/www.ull.es\/portal\/agenda\/wp-json\/wp\/v2\/tags?post=45276"},{"taxonomy":"tribe_events_cat","embeddable":true,"href":"https:\/\/www.ull.es\/portal\/agenda\/wp-json\/wp\/v2\/tribe_events_cat?post=45276"}],"curies":[{"name":"wp","href":"https:\/\/api.w.org\/{rel}","templated":true}]}}

Exposición Semana del Cómic. &#8216;El Gremio&#8217;

<p style="font-weight: 400;">El Gremio es una cita periódica que reúne a profesionales, creadores, artistas y técnicos del mundo audiovisual en Tenerife y en todo el archipiélago canario. Nace de la convicción de que el sector audiovisual (la animación, el cine, los efectos, la ilustración, el sonido, la música) necesita espacios de conexión, colaboración y visibilidad y que favorezcan la conversación, el intercambio de ideas y la creación de vínculos entre quienes “viven” y construyen la industria audiovisual en Canarias.</p>
<p style="font-weight: 400;">Las piezas gráficas que configuran esta exposición aportan una mirada creativa propia, sintética y potente sobre el universo que mueve El Gremio, han sido elaboradas colaborativamente por artistas del ámbito audiovisual en Canarias: ilustradores, diseñadores, animadores, 3D artists…, confirmando que Canarias no es sólo escenario, sino también creadora activa de producción audiovisual puntera.</p>
<p style="font-weight: 400;">Acto de apertura: viernes, 5 diciembre a las 18:00 h.</p>
<p style="font-weight: 400;">Abierta: lunes a viernes de 09:00 a 14:00 h.</p>

<p>El Gremio es una cita periódica que reúne a profesionales, creadores, artistas y técnicos del mundo audiovisual en Tenerife y en todo el archipiélago canario. Nace de la convicción de que el sector audiovisual (la animación, el cine, los efectos, la ilustración, el sonido, la música) necesita espacios de conexión, colaboración y visibilidad y que&#8230;</p>

<!-- This site is optimized with the Yoast SEO plugin v21.3 - https://yoast.com/wordpress/plugins/seo/ -->
<title>Exposición Semana del Cómic. &#039;El Gremio&#039; - ULL - Agenda</title>
<meta name="robots" content="index, follow, max-snippet:-1, max-image-preview:large, max-video-preview:-1" />
<link rel="canonical" href="https://www.ull.es/portal/agenda/evento/exposicion-semana-del-comic-el-gremio/" />
<meta property="og:locale" content="es_ES" />
<meta property="og:type" content="article" />
<meta property="og:title" content="Exposición Semana del Cómic. &#039;El Gremio&#039; - ULL - Agenda" />
<meta property="og:description" content="El Gremio es una cita periódica que reúne a profesionales, creadores, artistas y técnicos del mundo audiovisual en Tenerife y en todo el archipiélago canario. Nace de la convicción de que el sector audiovisual (la animación, el cine, los efectos, la ilustración, el sonido, la música) necesita espacios de conexión, colaboración y visibilidad y que..." />
<meta property="og:url" content="https://www.ull.es/portal/agenda/evento/exposicion-semana-del-comic-el-gremio/" />
<meta property="og:site_name" content="ULL - Agenda" />
<meta property="article:modified_time" content="2025-12-09T08:54:57+00:00" />
<meta property="og:image" content="https://www.ull.es/portal/agenda/wp-content/uploads/sites/12/2025/11/proporcional-a-750-×-370_edited.jpg" />
	<meta property="og:image:width" content="800" />
	<meta property="og:image:height" content="396" />
	<meta property="og:image:type" content="image/jpeg" />
<meta name="twitter:card" content="summary_large_image" />
<meta name="twitter:label1" content="Tiempo de lectura" />
	<meta name="twitter:data1" content="1 minuto" />
<script type="application/ld+json" class="yoast-schema-graph">{"@context":"https://schema.org","@graph":[{"@type":"WebPage","@id":"https://www.ull.es/portal/agenda/evento/exposicion-semana-del-comic-el-gremio/","url":"https://www.ull.es/portal/agenda/evento/exposicion-semana-del-comic-el-gremio/","name":"Exposición Semana del Cómic. 'El Gremio' - ULL - Agenda","isPartOf":{"@id":"https://www.ull.es/portal/agenda/#website"},"datePublished":"2025-11-10T10:35:18+00:00","dateModified":"2025-12-09T08:54:57+00:00","breadcrumb":{"@id":"https://www.ull.es/portal/agenda/evento/exposicion-semana-del-comic-el-gremio/#breadcrumb"},"inLanguage":"es","potentialAction":[{"@type":"ReadAction","target":["https://www.ull.es/portal/agenda/evento/exposicion-semana-del-comic-el-gremio/"]}]},{"@type":"BreadcrumbList","@id":"https://www.ull.es/portal/agenda/evento/exposicion-semana-del-comic-el-gremio/#breadcrumb","itemListElement":[{"@type":"ListItem","position":1,"name":"Portada","item":"https://www.ull.es/portal/agenda/"},{"@type":"ListItem","position":2,"name":"Exposición Semana del Cómic. &#8216;El Gremio&#8217;"}]},{"@type":"WebSite","@id":"https://www.ull.es/portal/agenda/#website","url":"https://www.ull.es/portal/agenda/","name":"ULL - Agenda","description":"","potentialAction":[{"@type":"SearchAction","target":{"@type":"EntryPoint","urlTemplate":"https://www.ull.es/portal/agenda/?s={search_term_string}"},"query-input":"required name=search_term_string"}],"inLanguage":"es"}]}</script>
<!-- / Yoast SEO plugin. -->

Exposición Semana del Cómic. 'El Gremio' - ULL - Agenda

El Gremio es una cita periódica que reúne a profesionales, creadores, artistas y técnicos del mundo audiovisual en Tenerife y en todo el archipiélago canario. Nace de la convicción de que el sector audiovisual (la animación, el cine, los efectos, la ilustración, el sonido, la música) necesita espacios de conexión, colaboración y visibilidad y que...
