{"id":45392,"date":"2025-11-17T08:47:41","date_gmt":"2025-11-17T08:47:41","guid":{"rendered":"https:\/\/www.ull.es\/portal\/agenda\/?post_type=tribe_events&#038;p=45392"},"modified":"2025-11-17T08:47:41","modified_gmt":"2025-11-17T08:47:41","slug":"firma-de-actas-donantes-al-archivo-de-la-transicion-democratica-en-canarias-y-presentacion-del-libro-del-profesor-domingo-gari","status":"publish","type":"tribe_events","link":"https:\/\/www.ull.es\/portal\/agenda\/evento\/firma-de-actas-donantes-al-archivo-de-la-transicion-democratica-en-canarias-y-presentacion-del-libro-del-profesor-domingo-gari\/","title":{"rendered":"Firma de actas donantes al Archivo de la Transici\u00f3n Democr\u00e1tica en Canarias y presentaci\u00f3n del libro del profesor Domingo Gari"},"content":{"rendered":"<div class=\"gmail_default\">\n<p id=\"m_191159967296620411gmail-docs-internal-guid-c3e9b9e2-7fff-445d-2b0b-3cae8394e0c2\" dir=\"ltr\">Este jueves, 20 de Noviembre de 2025 a las 11.00 h., con la presencia del Rector, se firmar\u00e1n todas las actas-contratos de donaci\u00f3n al Archivo de la Transici\u00f3n Democr\u00e1tica en Canarias (ATDC) de 2025 en la Biblioteca General y de Humanidades.<\/p>\n<p dir=\"ltr\">Se trata de catorce nuevas donaciones, entre estas destacan especialmente el archivo de Herm\u00f3genes Afonso de la Cruz (Hupalupa),\u00a0investigador autodidacta del pasado precolonial, a quien debemos el estudio de los nombres abor\u00edgenes. Destaca tambi\u00e9n el archivo de \u00c1lvaro Morera Felipe, exponente destacado de una generaci\u00f3n que coprotagoniza la llamada primavera guanche en la d\u00e9cada de los 80, as\u00ed como el Archivo de la Asociaci\u00f3n Juvenil Tauro de La Orotava, que realiz\u00f3 su actividad en La Orotava entre los a\u00f1os 1973 y 1978.<\/p>\n<p dir=\"ltr\">Cabe destacar tambi\u00e9n la colecci\u00f3n de fotograf\u00edas de Cirilo Leal M\u00fajica o los materiales sonoros donados por Zenaido Hern\u00e1ndez Cabrera, as\u00ed como donaciones con materiales diversos (textuales, gr\u00e1ficos e, incluso, sonoros) como los de Clara Cacho Pe\u00f1a -hija del sindicalista Santiago Cacho- o de mujeres feministas como Ana Hardisson Rumeu, M\u00aa Eugenia Monz\u00f3n Perdomo o Adela Estupi\u00f1\u00e1n Hern\u00e1ndez. Por otra parte, un conjunto importante de carteles y pegatinas nos han llegado a trav\u00e9s de Mar\u00eda Fernanda Donate Gonz\u00e1lez, Jos\u00e9 Antonio Luis Vald\u00e9s o Ignacio Moreno Alberto. Por \u00faltimo, el joven estudiante Jes\u00fas Igor Jim\u00e9nez Ramos ha donado varias colecciones de peri\u00f3dicos del Sindicato Espa\u00f1ol Universitario (SEU) de la d\u00e9cada de los 50 y Manuel G\u00e1lvez Juli\u00e1n nos ha hecho llegar desde la Pen\u00ednsula ejemplares de algunas publicaciones peri\u00f3dicas canarias de principios de los 80.<\/p>\n<p dir=\"ltr\">Asimismo, en el acto se har\u00e1 un breve repaso de los avances producidos en los trabajos del Archivo en este \u00faltimo a\u00f1o a trav\u00e9s del <a href=\"https:\/\/www.ull.es\/eventos\/fondo-transicion-democratica\/\" target=\"_blank\" rel=\"noopener\" data-saferedirecturl=\"https:\/\/www.google.com\/url?q=https:\/\/www.ull.es\/eventos\/fondo-transicion-democratica\/&amp;source=gmail&amp;ust=1763455032567000&amp;usg=AOvVaw2EYlHfh0DKTI67K_CmWoCh\" target=\"_blank\" rel=\"noopener\">Portal web del ATDC<\/a>, que se ha actualizado con las fichas de descripci\u00f3n e inventarios provisionales de los nuevos donantes,as\u00ed como en <a href=\"https:\/\/hermes.bbtk.ull.es\/advanced.vm?view=atdc&amp;lang=es\" target=\"_blank\" rel=\"noopener\" data-saferedirecturl=\"https:\/\/www.google.com\/url?q=https:\/\/hermes.bbtk.ull.es\/advanced.vm?view%3Datdc%26lang%3Des&amp;source=gmail&amp;ust=1763455032567000&amp;usg=AOvVaw3CO6waB8S4f1pftQ2DjQKw\" target=\"_blank\" rel=\"noopener\">Mares\u00eda ULL<\/a>, donde se est\u00e1n subiendo todos los materiales digitalizados del ATDC.<\/p>\n<p>A partir de las 12:00 h. se realizar\u00e1 la presentaci\u00f3n del libro \u00abHistorias de un mitin de 1977. El dilema eurocomunista\u00bb, publicado por el investigador principal del proyecto, Domingo Gar\u00ed Montllor Hayek, elaborado partiendo de materiales fotogr\u00e1ficos contenidos en el ATDC y mediante entrevistas a sus protagonistas.<\/p><\/div>\n<div class=\"gmail_default\"><\/div>\n<div class=\"gmail_default\">Presenta: Marta Jim\u00e9nez Ja\u00e9n, profesora jubilada de Sociolog\u00eda. Entrada libre.<\/div>\n","protected":false},"excerpt":{"rendered":"<p>Este jueves, 20 de Noviembre de 2025 a las 11.00 h., con la presencia del Rector, se firmar\u00e1n todas las actas-contratos de donaci\u00f3n al Archivo de la Transici\u00f3n Democr\u00e1tica en Canarias (ATDC) de 2025 en la Biblioteca General y de Humanidades. Se trata de catorce nuevas donaciones, entre estas destacan especialmente el archivo de Herm\u00f3genes&#8230;<\/p>\n","protected":false},"author":65,"featured_media":45393,"comment_status":"closed","ping_status":"closed","template":"","tags":[],"tribe_events_cat":[1669,4,186,191],"acf":[],"yoast_head":"<!-- This site is optimized with the Yoast SEO plugin v21.3 - https:\/\/yoast.com\/wordpress\/plugins\/seo\/ -->\n<title>Firma de actas donantes al Archivo de la Transici\u00f3n Democr\u00e1tica en Canarias y presentaci\u00f3n del libro del profesor Domingo Gari - ULL - Agenda<\/title>\n<meta name=\"robots\" content=\"index, follow, max-snippet:-1, max-image-preview:large, max-video-preview:-1\" \/>\n<link rel=\"canonical\" href=\"https:\/\/www.ull.es\/portal\/agenda\/evento\/firma-de-actas-donantes-al-archivo-de-la-transicion-democratica-en-canarias-y-presentacion-del-libro-del-profesor-domingo-gari\/\" \/>\n<meta property=\"og:locale\" content=\"es_ES\" \/>\n<meta property=\"og:type\" content=\"article\" \/>\n<meta property=\"og:title\" content=\"Firma de actas donantes al Archivo de la Transici\u00f3n Democr\u00e1tica en Canarias y presentaci\u00f3n del libro del profesor Domingo Gari - ULL - Agenda\" \/>\n<meta property=\"og:description\" content=\"Este jueves, 20 de Noviembre de 2025 a las 11.00 h., con la presencia del Rector, se firmar\u00e1n todas las actas-contratos de donaci\u00f3n al Archivo de la Transici\u00f3n Democr\u00e1tica en Canarias (ATDC) de 2025 en la Biblioteca General y de Humanidades. Se trata de catorce nuevas donaciones, entre estas destacan especialmente el archivo de Herm\u00f3genes...\" \/>\n<meta property=\"og:url\" content=\"https:\/\/www.ull.es\/portal\/agenda\/evento\/firma-de-actas-donantes-al-archivo-de-la-transicion-democratica-en-canarias-y-presentacion-del-libro-del-profesor-domingo-gari\/\" \/>\n<meta property=\"og:site_name\" content=\"ULL - Agenda\" \/>\n<meta property=\"og:image\" content=\"https:\/\/www.ull.es\/portal\/agenda\/wp-content\/uploads\/sites\/12\/2025\/11\/Copia-cartel-20-N-2025.jpg\" \/>\n\t<meta property=\"og:image:width\" content=\"921\" \/>\n\t<meta property=\"og:image:height\" content=\"632\" \/>\n\t<meta property=\"og:image:type\" content=\"image\/jpeg\" \/>\n<meta name=\"twitter:card\" content=\"summary_large_image\" \/>\n<meta name=\"twitter:label1\" content=\"Tiempo de lectura\" \/>\n\t<meta name=\"twitter:data1\" content=\"2 minutos\" \/>\n<script type=\"application\/ld+json\" class=\"yoast-schema-graph\">{\"@context\":\"https:\/\/schema.org\",\"@graph\":[{\"@type\":\"WebPage\",\"@id\":\"https:\/\/www.ull.es\/portal\/agenda\/evento\/firma-de-actas-donantes-al-archivo-de-la-transicion-democratica-en-canarias-y-presentacion-del-libro-del-profesor-domingo-gari\/\",\"url\":\"https:\/\/www.ull.es\/portal\/agenda\/evento\/firma-de-actas-donantes-al-archivo-de-la-transicion-democratica-en-canarias-y-presentacion-del-libro-del-profesor-domingo-gari\/\",\"name\":\"Firma de actas donantes al Archivo de la Transici\u00f3n Democr\u00e1tica en Canarias y presentaci\u00f3n del libro del profesor Domingo Gari - ULL - Agenda\",\"isPartOf\":{\"@id\":\"https:\/\/www.ull.es\/portal\/agenda\/#website\"},\"datePublished\":\"2025-11-17T08:47:41+00:00\",\"dateModified\":\"2025-11-17T08:47:41+00:00\",\"breadcrumb\":{\"@id\":\"https:\/\/www.ull.es\/portal\/agenda\/evento\/firma-de-actas-donantes-al-archivo-de-la-transicion-democratica-en-canarias-y-presentacion-del-libro-del-profesor-domingo-gari\/#breadcrumb\"},\"inLanguage\":\"es\",\"potentialAction\":[{\"@type\":\"ReadAction\",\"target\":[\"https:\/\/www.ull.es\/portal\/agenda\/evento\/firma-de-actas-donantes-al-archivo-de-la-transicion-democratica-en-canarias-y-presentacion-del-libro-del-profesor-domingo-gari\/\"]}]},{\"@type\":\"BreadcrumbList\",\"@id\":\"https:\/\/www.ull.es\/portal\/agenda\/evento\/firma-de-actas-donantes-al-archivo-de-la-transicion-democratica-en-canarias-y-presentacion-del-libro-del-profesor-domingo-gari\/#breadcrumb\",\"itemListElement\":[{\"@type\":\"ListItem\",\"position\":1,\"name\":\"Portada\",\"item\":\"https:\/\/www.ull.es\/portal\/agenda\/\"},{\"@type\":\"ListItem\",\"position\":2,\"name\":\"Firma de actas donantes al Archivo de la Transici\u00f3n Democr\u00e1tica en Canarias y presentaci\u00f3n del libro del profesor Domingo Gari\"}]},{\"@type\":\"WebSite\",\"@id\":\"https:\/\/www.ull.es\/portal\/agenda\/#website\",\"url\":\"https:\/\/www.ull.es\/portal\/agenda\/\",\"name\":\"ULL - Agenda\",\"description\":\"\",\"potentialAction\":[{\"@type\":\"SearchAction\",\"target\":{\"@type\":\"EntryPoint\",\"urlTemplate\":\"https:\/\/www.ull.es\/portal\/agenda\/?s={search_term_string}\"},\"query-input\":\"required name=search_term_string\"}],\"inLanguage\":\"es\"}]}<\/script>\n<!-- \/ Yoast SEO plugin. -->","yoast_head_json":{"title":"Firma de actas donantes al Archivo de la Transici\u00f3n Democr\u00e1tica en Canarias y presentaci\u00f3n del libro del profesor Domingo Gari - ULL - Agenda","robots":{"index":"index","follow":"follow","max-snippet":"max-snippet:-1","max-image-preview":"max-image-preview:large","max-video-preview":"max-video-preview:-1"},"canonical":"https:\/\/www.ull.es\/portal\/agenda\/evento\/firma-de-actas-donantes-al-archivo-de-la-transicion-democratica-en-canarias-y-presentacion-del-libro-del-profesor-domingo-gari\/","og_locale":"es_ES","og_type":"article","og_title":"Firma de actas donantes al Archivo de la Transici\u00f3n Democr\u00e1tica en Canarias y presentaci\u00f3n del libro del profesor Domingo Gari - ULL - Agenda","og_description":"Este jueves, 20 de Noviembre de 2025 a las 11.00 h., con la presencia del Rector, se firmar\u00e1n todas las actas-contratos de donaci\u00f3n al Archivo de la Transici\u00f3n Democr\u00e1tica en Canarias (ATDC) de 2025 en la Biblioteca General y de Humanidades. Se trata de catorce nuevas donaciones, entre estas destacan especialmente el archivo de Herm\u00f3genes...","og_url":"https:\/\/www.ull.es\/portal\/agenda\/evento\/firma-de-actas-donantes-al-archivo-de-la-transicion-democratica-en-canarias-y-presentacion-del-libro-del-profesor-domingo-gari\/","og_site_name":"ULL - Agenda","og_image":[{"width":921,"height":632,"url":"https:\/\/www.ull.es\/portal\/agenda\/wp-content\/uploads\/sites\/12\/2025\/11\/Copia-cartel-20-N-2025.jpg","type":"image\/jpeg"}],"twitter_card":"summary_large_image","twitter_misc":{"Tiempo de lectura":"2 minutos"},"schema":{"@context":"https:\/\/schema.org","@graph":[{"@type":"WebPage","@id":"https:\/\/www.ull.es\/portal\/agenda\/evento\/firma-de-actas-donantes-al-archivo-de-la-transicion-democratica-en-canarias-y-presentacion-del-libro-del-profesor-domingo-gari\/","url":"https:\/\/www.ull.es\/portal\/agenda\/evento\/firma-de-actas-donantes-al-archivo-de-la-transicion-democratica-en-canarias-y-presentacion-del-libro-del-profesor-domingo-gari\/","name":"Firma de actas donantes al Archivo de la Transici\u00f3n Democr\u00e1tica en Canarias y presentaci\u00f3n del libro del profesor Domingo Gari - ULL - Agenda","isPartOf":{"@id":"https:\/\/www.ull.es\/portal\/agenda\/#website"},"datePublished":"2025-11-17T08:47:41+00:00","dateModified":"2025-11-17T08:47:41+00:00","breadcrumb":{"@id":"https:\/\/www.ull.es\/portal\/agenda\/evento\/firma-de-actas-donantes-al-archivo-de-la-transicion-democratica-en-canarias-y-presentacion-del-libro-del-profesor-domingo-gari\/#breadcrumb"},"inLanguage":"es","potentialAction":[{"@type":"ReadAction","target":["https:\/\/www.ull.es\/portal\/agenda\/evento\/firma-de-actas-donantes-al-archivo-de-la-transicion-democratica-en-canarias-y-presentacion-del-libro-del-profesor-domingo-gari\/"]}]},{"@type":"BreadcrumbList","@id":"https:\/\/www.ull.es\/portal\/agenda\/evento\/firma-de-actas-donantes-al-archivo-de-la-transicion-democratica-en-canarias-y-presentacion-del-libro-del-profesor-domingo-gari\/#breadcrumb","itemListElement":[{"@type":"ListItem","position":1,"name":"Portada","item":"https:\/\/www.ull.es\/portal\/agenda\/"},{"@type":"ListItem","position":2,"name":"Firma de actas donantes al Archivo de la Transici\u00f3n Democr\u00e1tica en Canarias y presentaci\u00f3n del libro del profesor Domingo Gari"}]},{"@type":"WebSite","@id":"https:\/\/www.ull.es\/portal\/agenda\/#website","url":"https:\/\/www.ull.es\/portal\/agenda\/","name":"ULL - Agenda","description":"","potentialAction":[{"@type":"SearchAction","target":{"@type":"EntryPoint","urlTemplate":"https:\/\/www.ull.es\/portal\/agenda\/?s={search_term_string}"},"query-input":"required name=search_term_string"}],"inLanguage":"es"}]}},"_links":{"self":[{"href":"https:\/\/www.ull.es\/portal\/agenda\/wp-json\/wp\/v2\/tribe_events\/45392"}],"collection":[{"href":"https:\/\/www.ull.es\/portal\/agenda\/wp-json\/wp\/v2\/tribe_events"}],"about":[{"href":"https:\/\/www.ull.es\/portal\/agenda\/wp-json\/wp\/v2\/types\/tribe_events"}],"author":[{"embeddable":true,"href":"https:\/\/www.ull.es\/portal\/agenda\/wp-json\/wp\/v2\/users\/65"}],"replies":[{"embeddable":true,"href":"https:\/\/www.ull.es\/portal\/agenda\/wp-json\/wp\/v2\/comments?post=45392"}],"version-history":[{"count":1,"href":"https:\/\/www.ull.es\/portal\/agenda\/wp-json\/wp\/v2\/tribe_events\/45392\/revisions"}],"predecessor-version":[{"id":45394,"href":"https:\/\/www.ull.es\/portal\/agenda\/wp-json\/wp\/v2\/tribe_events\/45392\/revisions\/45394"}],"wp:featuredmedia":[{"embeddable":true,"href":"https:\/\/www.ull.es\/portal\/agenda\/wp-json\/wp\/v2\/media\/45393"}],"wp:attachment":[{"href":"https:\/\/www.ull.es\/portal\/agenda\/wp-json\/wp\/v2\/media?parent=45392"}],"wp:term":[{"taxonomy":"post_tag","embeddable":true,"href":"https:\/\/www.ull.es\/portal\/agenda\/wp-json\/wp\/v2\/tags?post=45392"},{"taxonomy":"tribe_events_cat","embeddable":true,"href":"https:\/\/www.ull.es\/portal\/agenda\/wp-json\/wp\/v2\/tribe_events_cat?post=45392"}],"curies":[{"name":"wp","href":"https:\/\/api.w.org\/{rel}","templated":true}]}}

Firma de actas donantes al Archivo de la Transición Democrática en Canarias y presentación del libro del profesor Domingo Gari

<div class="gmail_default">
<p id="m_191159967296620411gmail-docs-internal-guid-c3e9b9e2-7fff-445d-2b0b-3cae8394e0c2" dir="ltr">Este jueves, 20 de Noviembre de 2025 a las 11.00 h., con la presencia del Rector, se firmarán todas las actas-contratos de donación al Archivo de la Transición Democrática en Canarias (ATDC) de 2025 en la Biblioteca General y de Humanidades.</p>
<p dir="ltr">Se trata de catorce nuevas donaciones, entre estas destacan especialmente el archivo de Hermógenes Afonso de la Cruz (Hupalupa), investigador autodidacta del pasado precolonial, a quien debemos el estudio de los nombres aborígenes. Destaca también el archivo de Álvaro Morera Felipe, exponente destacado de una generación que coprotagoniza la llamada primavera guanche en la década de los 80, así como el Archivo de la Asociación Juvenil Tauro de La Orotava, que realizó su actividad en La Orotava entre los años 1973 y 1978.</p>
<p dir="ltr">Cabe destacar también la colección de fotografías de Cirilo Leal Mújica o los materiales sonoros donados por Zenaido Hernández Cabrera, así como donaciones con materiales diversos (textuales, gráficos e, incluso, sonoros) como los de Clara Cacho Peña -hija del sindicalista Santiago Cacho- o de mujeres feministas como Ana Hardisson Rumeu, Mª Eugenia Monzón Perdomo o Adela Estupiñán Hernández. Por otra parte, un conjunto importante de carteles y pegatinas nos han llegado a través de María Fernanda Donate González, José Antonio Luis Valdés o Ignacio Moreno Alberto. Por último, el joven estudiante Jesús Igor Jiménez Ramos ha donado varias colecciones de periódicos del Sindicato Español Universitario (SEU) de la década de los 50 y Manuel Gálvez Julián nos ha hecho llegar desde la Península ejemplares de algunas publicaciones periódicas canarias de principios de los 80.</p>
<p dir="ltr">Asimismo, en el acto se hará un breve repaso de los avances producidos en los trabajos del Archivo en este último año a través del <a href="https://www.ull.es/eventos/fondo-transicion-democratica/" target="_blank" rel="noopener" data-saferedirecturl="https://www.google.com/url?q=https://www.ull.es/eventos/fondo-transicion-democratica/&amp;source=gmail&amp;ust=1763455032567000&amp;usg=AOvVaw2EYlHfh0DKTI67K_CmWoCh" target="_blank" rel="noopener">Portal web del ATDC</a>, que se ha actualizado con las fichas de descripción e inventarios provisionales de los nuevos donantes,así como en <a href="https://hermes.bbtk.ull.es/advanced.vm?view=atdc&amp;lang=es" target="_blank" rel="noopener" data-saferedirecturl="https://www.google.com/url?q=https://hermes.bbtk.ull.es/advanced.vm?view%3Datdc%26lang%3Des&amp;source=gmail&amp;ust=1763455032567000&amp;usg=AOvVaw3CO6waB8S4f1pftQ2DjQKw" target="_blank" rel="noopener">Maresía ULL</a>, donde se están subiendo todos los materiales digitalizados del ATDC.</p>
<p>A partir de las 12:00 h. se realizará la presentación del libro «Historias de un mitin de 1977. El dilema eurocomunista», publicado por el investigador principal del proyecto, Domingo Garí Montllor Hayek, elaborado partiendo de materiales fotográficos contenidos en el ATDC y mediante entrevistas a sus protagonistas.</p></div>
<div class="gmail_default"></div>
<div class="gmail_default">Presenta: Marta Jiménez Jaén, profesora jubilada de Sociología. Entrada libre.</div>

<p>Este jueves, 20 de Noviembre de 2025 a las 11.00 h., con la presencia del Rector, se firmarán todas las actas-contratos de donación al Archivo de la Transición Democrática en Canarias (ATDC) de 2025 en la Biblioteca General y de Humanidades. Se trata de catorce nuevas donaciones, entre estas destacan especialmente el archivo de Hermógenes&#8230;</p>

<!-- This site is optimized with the Yoast SEO plugin v21.3 - https://yoast.com/wordpress/plugins/seo/ -->
<title>Firma de actas donantes al Archivo de la Transición Democrática en Canarias y presentación del libro del profesor Domingo Gari - ULL - Agenda</title>
<meta name="robots" content="index, follow, max-snippet:-1, max-image-preview:large, max-video-preview:-1" />
<link rel="canonical" href="https://www.ull.es/portal/agenda/evento/firma-de-actas-donantes-al-archivo-de-la-transicion-democratica-en-canarias-y-presentacion-del-libro-del-profesor-domingo-gari/" />
<meta property="og:locale" content="es_ES" />
<meta property="og:type" content="article" />
<meta property="og:title" content="Firma de actas donantes al Archivo de la Transición Democrática en Canarias y presentación del libro del profesor Domingo Gari - ULL - Agenda" />
<meta property="og:description" content="Este jueves, 20 de Noviembre de 2025 a las 11.00 h., con la presencia del Rector, se firmarán todas las actas-contratos de donación al Archivo de la Transición Democrática en Canarias (ATDC) de 2025 en la Biblioteca General y de Humanidades. Se trata de catorce nuevas donaciones, entre estas destacan especialmente el archivo de Hermógenes..." />
<meta property="og:url" content="https://www.ull.es/portal/agenda/evento/firma-de-actas-donantes-al-archivo-de-la-transicion-democratica-en-canarias-y-presentacion-del-libro-del-profesor-domingo-gari/" />
<meta property="og:site_name" content="ULL - Agenda" />
<meta property="og:image" content="https://www.ull.es/portal/agenda/wp-content/uploads/sites/12/2025/11/Copia-cartel-20-N-2025.jpg" />
	<meta property="og:image:width" content="921" />
	<meta property="og:image:height" content="632" />
	<meta property="og:image:type" content="image/jpeg" />
<meta name="twitter:card" content="summary_large_image" />
<meta name="twitter:label1" content="Tiempo de lectura" />
	<meta name="twitter:data1" content="2 minutos" />
<script type="application/ld+json" class="yoast-schema-graph">{"@context":"https://schema.org","@graph":[{"@type":"WebPage","@id":"https://www.ull.es/portal/agenda/evento/firma-de-actas-donantes-al-archivo-de-la-transicion-democratica-en-canarias-y-presentacion-del-libro-del-profesor-domingo-gari/","url":"https://www.ull.es/portal/agenda/evento/firma-de-actas-donantes-al-archivo-de-la-transicion-democratica-en-canarias-y-presentacion-del-libro-del-profesor-domingo-gari/","name":"Firma de actas donantes al Archivo de la Transición Democrática en Canarias y presentación del libro del profesor Domingo Gari - ULL - Agenda","isPartOf":{"@id":"https://www.ull.es/portal/agenda/#website"},"datePublished":"2025-11-17T08:47:41+00:00","dateModified":"2025-11-17T08:47:41+00:00","breadcrumb":{"@id":"https://www.ull.es/portal/agenda/evento/firma-de-actas-donantes-al-archivo-de-la-transicion-democratica-en-canarias-y-presentacion-del-libro-del-profesor-domingo-gari/#breadcrumb"},"inLanguage":"es","potentialAction":[{"@type":"ReadAction","target":["https://www.ull.es/portal/agenda/evento/firma-de-actas-donantes-al-archivo-de-la-transicion-democratica-en-canarias-y-presentacion-del-libro-del-profesor-domingo-gari/"]}]},{"@type":"BreadcrumbList","@id":"https://www.ull.es/portal/agenda/evento/firma-de-actas-donantes-al-archivo-de-la-transicion-democratica-en-canarias-y-presentacion-del-libro-del-profesor-domingo-gari/#breadcrumb","itemListElement":[{"@type":"ListItem","position":1,"name":"Portada","item":"https://www.ull.es/portal/agenda/"},{"@type":"ListItem","position":2,"name":"Firma de actas donantes al Archivo de la Transición Democrática en Canarias y presentación del libro del profesor Domingo Gari"}]},{"@type":"WebSite","@id":"https://www.ull.es/portal/agenda/#website","url":"https://www.ull.es/portal/agenda/","name":"ULL - Agenda","description":"","potentialAction":[{"@type":"SearchAction","target":{"@type":"EntryPoint","urlTemplate":"https://www.ull.es/portal/agenda/?s={search_term_string}"},"query-input":"required name=search_term_string"}],"inLanguage":"es"}]}</script>
<!-- / Yoast SEO plugin. -->

Firma de actas donantes al Archivo de la Transición Democrática en Canarias y presentación del libro del profesor Domingo Gari - ULL - Agenda

Este jueves, 20 de Noviembre de 2025 a las 11.00 h., con la presencia del Rector, se firmarán todas las actas-contratos de donación al Archivo de la Transición Democrática en Canarias (ATDC) de 2025 en la Biblioteca General y de Humanidades. Se trata de catorce nuevas donaciones, entre estas destacan especialmente el archivo de Hermógenes...
