{"id":45436,"date":"2025-11-18T09:50:34","date_gmt":"2025-11-18T09:50:34","guid":{"rendered":"https:\/\/www.ull.es\/portal\/agenda\/?post_type=tribe_events&#038;p=45436"},"modified":"2025-11-18T09:50:47","modified_gmt":"2025-11-18T09:50:47","slug":"la-rebusca-rescatar-lo-que-el-mercado-olvida-jornadas-de-sensibilizacion-del-desperdicio-alimentario","status":"publish","type":"tribe_events","link":"https:\/\/www.ull.es\/portal\/agenda\/evento\/la-rebusca-rescatar-lo-que-el-mercado-olvida-jornadas-de-sensibilizacion-del-desperdicio-alimentario\/","title":{"rendered":"La rebusca, rescatar lo que el mercado olvida. Jornadas de sensibilizaci\u00f3n del desperdicio alimentario"},"content":{"rendered":"<p>Catedra Cultural Pedro Molina Ramos de Estudios Campesinos y la Fundaci\u00f3 Espigolador organizan estas jornadas que se celebrar\u00e1n el 28 de noviembre de 2025 en horario de 16:00 a 20:00 horas en la Secci\u00f3n de Ingenier\u00eda Agraria de la Escuela Polit\u00e9cnica Superior de Ingenier\u00eda.<\/p>\n<p>Objetivos:<\/p>\n<p>-Adquirir nociones b\u00e1sicas sobre los conceptos de soberan\u00eda alimentaria y despilfarro alimentario.<br \/>\n-Conocer las diferentes maneras de gestionar el desperdicio alimentario y las regulaciones que le afectan.<br \/>\n-Comprender la importancia de alcanzar un nivel de autoabastecimiento que garantice nuestra seguridad alimentaria.<\/p>\n<p>Dirigido a estudiantes de biolog\u00eda, ciencias ambientales, agrarias, econom\u00eda, sociolog\u00eda; y personas interesadas en esta tem\u00e1tica.<\/p>\n<p>Direcci\u00f3n acad\u00e9mica: Antonio Perdomo Molina. Director de la C\u00e1tedra Pedro Molina Ramos de Estudios Campesinos.<\/p>\n<p>CERTIFICADO DE ASISTENCIA: La Universidad de La Laguna, a trav\u00e9s del Vicerrectorado de Cultura y Extensi\u00f3n Universitaria, emitir\u00e1 un certificado de asistencia a todas aquellas personas que participen, previa inscripci\u00f3n en la actividad.<\/p>\n<p>Asistencia gratuita previa inscripci\u00f3n.\u00a0<a href=\"https:\/\/sede.fg.ull.es\/es\/curso\/detalle?code=a25020304&amp;name=la-rebusca-rescatar-lo-que-el-mercado-olvida-jornadas-de-sensibilizacion-del-desperdicio-alimentario&amp;query=%3Fcode%3DA25020304\" target=\"_blank\" rel=\"noopener\" target=\"_blank\" rel=\"noopener\"><strong><u>M\u00e1s informaci\u00f3n e inscripci\u00f3n aqu\u00ed.<\/u><\/strong><\/a><\/p>\n<p><strong>Contacto:\u00a0<\/strong><a href=\"mailto:extuni@ull.edu.es\" target=\"_blank\" rel=\"noopener\" target=\"_blank\" rel=\"noopener\"><strong>extuni@ull.es<\/strong><\/a><\/p>\n","protected":false},"excerpt":{"rendered":"<p>Catedra Cultural Pedro Molina Ramos de Estudios Campesinos y la Fundaci\u00f3 Espigolador organizan estas jornadas que se celebrar\u00e1n el 28 de noviembre de 2025 en horario de 16:00 a 20:00 horas en la Secci\u00f3n de Ingenier\u00eda Agraria de la Escuela Polit\u00e9cnica Superior de Ingenier\u00eda. Objetivos: -Adquirir nociones b\u00e1sicas sobre los conceptos de soberan\u00eda alimentaria y&#8230;<\/p>\n","protected":false},"author":43,"featured_media":45437,"comment_status":"closed","ping_status":"closed","template":"","tags":[4259,977,3812,3751,4165],"tribe_events_cat":[472,471,4,186],"acf":[],"yoast_head":"<!-- This site is optimized with the Yoast SEO plugin v21.3 - https:\/\/yoast.com\/wordpress\/plugins\/seo\/ -->\n<title>La rebusca, rescatar lo que el mercado olvida. Jornadas de sensibilizaci\u00f3n del desperdicio alimentario - ULL - Agenda<\/title>\n<meta name=\"robots\" content=\"index, follow, max-snippet:-1, max-image-preview:large, max-video-preview:-1\" \/>\n<link rel=\"canonical\" href=\"https:\/\/www.ull.es\/portal\/agenda\/evento\/la-rebusca-rescatar-lo-que-el-mercado-olvida-jornadas-de-sensibilizacion-del-desperdicio-alimentario\/\" \/>\n<meta property=\"og:locale\" content=\"es_ES\" \/>\n<meta property=\"og:type\" content=\"article\" \/>\n<meta property=\"og:title\" content=\"La rebusca, rescatar lo que el mercado olvida. Jornadas de sensibilizaci\u00f3n del desperdicio alimentario - ULL - Agenda\" \/>\n<meta property=\"og:description\" content=\"Catedra Cultural Pedro Molina Ramos de Estudios Campesinos y la Fundaci\u00f3 Espigolador organizan estas jornadas que se celebrar\u00e1n el 28 de noviembre de 2025 en horario de 16:00 a 20:00 horas en la Secci\u00f3n de Ingenier\u00eda Agraria de la Escuela Polit\u00e9cnica Superior de Ingenier\u00eda. Objetivos: -Adquirir nociones b\u00e1sicas sobre los conceptos de soberan\u00eda alimentaria y...\" \/>\n<meta property=\"og:url\" content=\"https:\/\/www.ull.es\/portal\/agenda\/evento\/la-rebusca-rescatar-lo-que-el-mercado-olvida-jornadas-de-sensibilizacion-del-desperdicio-alimentario\/\" \/>\n<meta property=\"og:site_name\" content=\"ULL - Agenda\" \/>\n<meta property=\"article:modified_time\" content=\"2025-11-18T09:50:47+00:00\" \/>\n<meta property=\"og:image\" content=\"https:\/\/www.ull.es\/portal\/agenda\/wp-content\/uploads\/sites\/12\/2025\/11\/BannerCampesino.jpg\" \/>\n\t<meta property=\"og:image:width\" content=\"750\" \/>\n\t<meta property=\"og:image:height\" content=\"370\" \/>\n\t<meta property=\"og:image:type\" content=\"image\/jpeg\" \/>\n<meta name=\"twitter:card\" content=\"summary_large_image\" \/>\n<meta name=\"twitter:label1\" content=\"Tiempo de lectura\" \/>\n\t<meta name=\"twitter:data1\" content=\"1 minuto\" \/>\n<script type=\"application\/ld+json\" class=\"yoast-schema-graph\">{\"@context\":\"https:\/\/schema.org\",\"@graph\":[{\"@type\":\"WebPage\",\"@id\":\"https:\/\/www.ull.es\/portal\/agenda\/evento\/la-rebusca-rescatar-lo-que-el-mercado-olvida-jornadas-de-sensibilizacion-del-desperdicio-alimentario\/\",\"url\":\"https:\/\/www.ull.es\/portal\/agenda\/evento\/la-rebusca-rescatar-lo-que-el-mercado-olvida-jornadas-de-sensibilizacion-del-desperdicio-alimentario\/\",\"name\":\"La rebusca, rescatar lo que el mercado olvida. Jornadas de sensibilizaci\u00f3n del desperdicio alimentario - ULL - Agenda\",\"isPartOf\":{\"@id\":\"https:\/\/www.ull.es\/portal\/agenda\/#website\"},\"datePublished\":\"2025-11-18T09:50:34+00:00\",\"dateModified\":\"2025-11-18T09:50:47+00:00\",\"breadcrumb\":{\"@id\":\"https:\/\/www.ull.es\/portal\/agenda\/evento\/la-rebusca-rescatar-lo-que-el-mercado-olvida-jornadas-de-sensibilizacion-del-desperdicio-alimentario\/#breadcrumb\"},\"inLanguage\":\"es\",\"potentialAction\":[{\"@type\":\"ReadAction\",\"target\":[\"https:\/\/www.ull.es\/portal\/agenda\/evento\/la-rebusca-rescatar-lo-que-el-mercado-olvida-jornadas-de-sensibilizacion-del-desperdicio-alimentario\/\"]}]},{\"@type\":\"BreadcrumbList\",\"@id\":\"https:\/\/www.ull.es\/portal\/agenda\/evento\/la-rebusca-rescatar-lo-que-el-mercado-olvida-jornadas-de-sensibilizacion-del-desperdicio-alimentario\/#breadcrumb\",\"itemListElement\":[{\"@type\":\"ListItem\",\"position\":1,\"name\":\"Portada\",\"item\":\"https:\/\/www.ull.es\/portal\/agenda\/\"},{\"@type\":\"ListItem\",\"position\":2,\"name\":\"La rebusca, rescatar lo que el mercado olvida. Jornadas de sensibilizaci\u00f3n del desperdicio alimentario\"}]},{\"@type\":\"WebSite\",\"@id\":\"https:\/\/www.ull.es\/portal\/agenda\/#website\",\"url\":\"https:\/\/www.ull.es\/portal\/agenda\/\",\"name\":\"ULL - Agenda\",\"description\":\"\",\"potentialAction\":[{\"@type\":\"SearchAction\",\"target\":{\"@type\":\"EntryPoint\",\"urlTemplate\":\"https:\/\/www.ull.es\/portal\/agenda\/?s={search_term_string}\"},\"query-input\":\"required name=search_term_string\"}],\"inLanguage\":\"es\"}]}<\/script>\n<!-- \/ Yoast SEO plugin. -->","yoast_head_json":{"title":"La rebusca, rescatar lo que el mercado olvida. Jornadas de sensibilizaci\u00f3n del desperdicio alimentario - ULL - Agenda","robots":{"index":"index","follow":"follow","max-snippet":"max-snippet:-1","max-image-preview":"max-image-preview:large","max-video-preview":"max-video-preview:-1"},"canonical":"https:\/\/www.ull.es\/portal\/agenda\/evento\/la-rebusca-rescatar-lo-que-el-mercado-olvida-jornadas-de-sensibilizacion-del-desperdicio-alimentario\/","og_locale":"es_ES","og_type":"article","og_title":"La rebusca, rescatar lo que el mercado olvida. Jornadas de sensibilizaci\u00f3n del desperdicio alimentario - ULL - Agenda","og_description":"Catedra Cultural Pedro Molina Ramos de Estudios Campesinos y la Fundaci\u00f3 Espigolador organizan estas jornadas que se celebrar\u00e1n el 28 de noviembre de 2025 en horario de 16:00 a 20:00 horas en la Secci\u00f3n de Ingenier\u00eda Agraria de la Escuela Polit\u00e9cnica Superior de Ingenier\u00eda. Objetivos: -Adquirir nociones b\u00e1sicas sobre los conceptos de soberan\u00eda alimentaria y...","og_url":"https:\/\/www.ull.es\/portal\/agenda\/evento\/la-rebusca-rescatar-lo-que-el-mercado-olvida-jornadas-de-sensibilizacion-del-desperdicio-alimentario\/","og_site_name":"ULL - Agenda","article_modified_time":"2025-11-18T09:50:47+00:00","og_image":[{"width":750,"height":370,"url":"https:\/\/www.ull.es\/portal\/agenda\/wp-content\/uploads\/sites\/12\/2025\/11\/BannerCampesino.jpg","type":"image\/jpeg"}],"twitter_card":"summary_large_image","twitter_misc":{"Tiempo de lectura":"1 minuto"},"schema":{"@context":"https:\/\/schema.org","@graph":[{"@type":"WebPage","@id":"https:\/\/www.ull.es\/portal\/agenda\/evento\/la-rebusca-rescatar-lo-que-el-mercado-olvida-jornadas-de-sensibilizacion-del-desperdicio-alimentario\/","url":"https:\/\/www.ull.es\/portal\/agenda\/evento\/la-rebusca-rescatar-lo-que-el-mercado-olvida-jornadas-de-sensibilizacion-del-desperdicio-alimentario\/","name":"La rebusca, rescatar lo que el mercado olvida. Jornadas de sensibilizaci\u00f3n del desperdicio alimentario - ULL - Agenda","isPartOf":{"@id":"https:\/\/www.ull.es\/portal\/agenda\/#website"},"datePublished":"2025-11-18T09:50:34+00:00","dateModified":"2025-11-18T09:50:47+00:00","breadcrumb":{"@id":"https:\/\/www.ull.es\/portal\/agenda\/evento\/la-rebusca-rescatar-lo-que-el-mercado-olvida-jornadas-de-sensibilizacion-del-desperdicio-alimentario\/#breadcrumb"},"inLanguage":"es","potentialAction":[{"@type":"ReadAction","target":["https:\/\/www.ull.es\/portal\/agenda\/evento\/la-rebusca-rescatar-lo-que-el-mercado-olvida-jornadas-de-sensibilizacion-del-desperdicio-alimentario\/"]}]},{"@type":"BreadcrumbList","@id":"https:\/\/www.ull.es\/portal\/agenda\/evento\/la-rebusca-rescatar-lo-que-el-mercado-olvida-jornadas-de-sensibilizacion-del-desperdicio-alimentario\/#breadcrumb","itemListElement":[{"@type":"ListItem","position":1,"name":"Portada","item":"https:\/\/www.ull.es\/portal\/agenda\/"},{"@type":"ListItem","position":2,"name":"La rebusca, rescatar lo que el mercado olvida. Jornadas de sensibilizaci\u00f3n del desperdicio alimentario"}]},{"@type":"WebSite","@id":"https:\/\/www.ull.es\/portal\/agenda\/#website","url":"https:\/\/www.ull.es\/portal\/agenda\/","name":"ULL - Agenda","description":"","potentialAction":[{"@type":"SearchAction","target":{"@type":"EntryPoint","urlTemplate":"https:\/\/www.ull.es\/portal\/agenda\/?s={search_term_string}"},"query-input":"required name=search_term_string"}],"inLanguage":"es"}]}},"_links":{"self":[{"href":"https:\/\/www.ull.es\/portal\/agenda\/wp-json\/wp\/v2\/tribe_events\/45436"}],"collection":[{"href":"https:\/\/www.ull.es\/portal\/agenda\/wp-json\/wp\/v2\/tribe_events"}],"about":[{"href":"https:\/\/www.ull.es\/portal\/agenda\/wp-json\/wp\/v2\/types\/tribe_events"}],"author":[{"embeddable":true,"href":"https:\/\/www.ull.es\/portal\/agenda\/wp-json\/wp\/v2\/users\/43"}],"replies":[{"embeddable":true,"href":"https:\/\/www.ull.es\/portal\/agenda\/wp-json\/wp\/v2\/comments?post=45436"}],"version-history":[{"count":2,"href":"https:\/\/www.ull.es\/portal\/agenda\/wp-json\/wp\/v2\/tribe_events\/45436\/revisions"}],"predecessor-version":[{"id":45439,"href":"https:\/\/www.ull.es\/portal\/agenda\/wp-json\/wp\/v2\/tribe_events\/45436\/revisions\/45439"}],"wp:featuredmedia":[{"embeddable":true,"href":"https:\/\/www.ull.es\/portal\/agenda\/wp-json\/wp\/v2\/media\/45437"}],"wp:attachment":[{"href":"https:\/\/www.ull.es\/portal\/agenda\/wp-json\/wp\/v2\/media?parent=45436"}],"wp:term":[{"taxonomy":"post_tag","embeddable":true,"href":"https:\/\/www.ull.es\/portal\/agenda\/wp-json\/wp\/v2\/tags?post=45436"},{"taxonomy":"tribe_events_cat","embeddable":true,"href":"https:\/\/www.ull.es\/portal\/agenda\/wp-json\/wp\/v2\/tribe_events_cat?post=45436"}],"curies":[{"name":"wp","href":"https:\/\/api.w.org\/{rel}","templated":true}]}}

La rebusca, rescatar lo que el mercado olvida. Jornadas de sensibilización del desperdicio alimentario

<p>Catedra Cultural Pedro Molina Ramos de Estudios Campesinos y la Fundació Espigolador organizan estas jornadas que se celebrarán el 28 de noviembre de 2025 en horario de 16:00 a 20:00 horas en la Sección de Ingeniería Agraria de la Escuela Politécnica Superior de Ingeniería.</p>
<p>Objetivos:</p>
<p>-Adquirir nociones básicas sobre los conceptos de soberanía alimentaria y despilfarro alimentario.<br />
-Conocer las diferentes maneras de gestionar el desperdicio alimentario y las regulaciones que le afectan.<br />
-Comprender la importancia de alcanzar un nivel de autoabastecimiento que garantice nuestra seguridad alimentaria.</p>
<p>Dirigido a estudiantes de biología, ciencias ambientales, agrarias, economía, sociología; y personas interesadas en esta temática.</p>
<p>Dirección académica: Antonio Perdomo Molina. Director de la Cátedra Pedro Molina Ramos de Estudios Campesinos.</p>
<p>CERTIFICADO DE ASISTENCIA: La Universidad de La Laguna, a través del Vicerrectorado de Cultura y Extensión Universitaria, emitirá un certificado de asistencia a todas aquellas personas que participen, previa inscripción en la actividad.</p>
<p>Asistencia gratuita previa inscripción. <a href="https://sede.fg.ull.es/es/curso/detalle?code=a25020304&amp;name=la-rebusca-rescatar-lo-que-el-mercado-olvida-jornadas-de-sensibilizacion-del-desperdicio-alimentario&amp;query=%3Fcode%3DA25020304" target="_blank" rel="noopener" target="_blank" rel="noopener"><strong><u>Más información e inscripción aquí.</u></strong></a></p>
<p><strong>Contacto: </strong><a href="mailto:extuni@ull.edu.es" target="_blank" rel="noopener" target="_blank" rel="noopener"><strong>extuni@ull.es</strong></a></p>

<p>Catedra Cultural Pedro Molina Ramos de Estudios Campesinos y la Fundació Espigolador organizan estas jornadas que se celebrarán el 28 de noviembre de 2025 en horario de 16:00 a 20:00 horas en la Sección de Ingeniería Agraria de la Escuela Politécnica Superior de Ingeniería. Objetivos: -Adquirir nociones básicas sobre los conceptos de soberanía alimentaria y&#8230;</p>

<!-- This site is optimized with the Yoast SEO plugin v21.3 - https://yoast.com/wordpress/plugins/seo/ -->
<title>La rebusca, rescatar lo que el mercado olvida. Jornadas de sensibilización del desperdicio alimentario - ULL - Agenda</title>
<meta name="robots" content="index, follow, max-snippet:-1, max-image-preview:large, max-video-preview:-1" />
<link rel="canonical" href="https://www.ull.es/portal/agenda/evento/la-rebusca-rescatar-lo-que-el-mercado-olvida-jornadas-de-sensibilizacion-del-desperdicio-alimentario/" />
<meta property="og:locale" content="es_ES" />
<meta property="og:type" content="article" />
<meta property="og:title" content="La rebusca, rescatar lo que el mercado olvida. Jornadas de sensibilización del desperdicio alimentario - ULL - Agenda" />
<meta property="og:description" content="Catedra Cultural Pedro Molina Ramos de Estudios Campesinos y la Fundació Espigolador organizan estas jornadas que se celebrarán el 28 de noviembre de 2025 en horario de 16:00 a 20:00 horas en la Sección de Ingeniería Agraria de la Escuela Politécnica Superior de Ingeniería. Objetivos: -Adquirir nociones básicas sobre los conceptos de soberanía alimentaria y..." />
<meta property="og:url" content="https://www.ull.es/portal/agenda/evento/la-rebusca-rescatar-lo-que-el-mercado-olvida-jornadas-de-sensibilizacion-del-desperdicio-alimentario/" />
<meta property="og:site_name" content="ULL - Agenda" />
<meta property="article:modified_time" content="2025-11-18T09:50:47+00:00" />
<meta property="og:image" content="https://www.ull.es/portal/agenda/wp-content/uploads/sites/12/2025/11/BannerCampesino.jpg" />
	<meta property="og:image:width" content="750" />
	<meta property="og:image:height" content="370" />
	<meta property="og:image:type" content="image/jpeg" />
<meta name="twitter:card" content="summary_large_image" />
<meta name="twitter:label1" content="Tiempo de lectura" />
	<meta name="twitter:data1" content="1 minuto" />
<script type="application/ld+json" class="yoast-schema-graph">{"@context":"https://schema.org","@graph":[{"@type":"WebPage","@id":"https://www.ull.es/portal/agenda/evento/la-rebusca-rescatar-lo-que-el-mercado-olvida-jornadas-de-sensibilizacion-del-desperdicio-alimentario/","url":"https://www.ull.es/portal/agenda/evento/la-rebusca-rescatar-lo-que-el-mercado-olvida-jornadas-de-sensibilizacion-del-desperdicio-alimentario/","name":"La rebusca, rescatar lo que el mercado olvida. Jornadas de sensibilización del desperdicio alimentario - ULL - Agenda","isPartOf":{"@id":"https://www.ull.es/portal/agenda/#website"},"datePublished":"2025-11-18T09:50:34+00:00","dateModified":"2025-11-18T09:50:47+00:00","breadcrumb":{"@id":"https://www.ull.es/portal/agenda/evento/la-rebusca-rescatar-lo-que-el-mercado-olvida-jornadas-de-sensibilizacion-del-desperdicio-alimentario/#breadcrumb"},"inLanguage":"es","potentialAction":[{"@type":"ReadAction","target":["https://www.ull.es/portal/agenda/evento/la-rebusca-rescatar-lo-que-el-mercado-olvida-jornadas-de-sensibilizacion-del-desperdicio-alimentario/"]}]},{"@type":"BreadcrumbList","@id":"https://www.ull.es/portal/agenda/evento/la-rebusca-rescatar-lo-que-el-mercado-olvida-jornadas-de-sensibilizacion-del-desperdicio-alimentario/#breadcrumb","itemListElement":[{"@type":"ListItem","position":1,"name":"Portada","item":"https://www.ull.es/portal/agenda/"},{"@type":"ListItem","position":2,"name":"La rebusca, rescatar lo que el mercado olvida. Jornadas de sensibilización del desperdicio alimentario"}]},{"@type":"WebSite","@id":"https://www.ull.es/portal/agenda/#website","url":"https://www.ull.es/portal/agenda/","name":"ULL - Agenda","description":"","potentialAction":[{"@type":"SearchAction","target":{"@type":"EntryPoint","urlTemplate":"https://www.ull.es/portal/agenda/?s={search_term_string}"},"query-input":"required name=search_term_string"}],"inLanguage":"es"}]}</script>
<!-- / Yoast SEO plugin. -->

La rebusca, rescatar lo que el mercado olvida. Jornadas de sensibilización del desperdicio alimentario - ULL - Agenda

Catedra Cultural Pedro Molina Ramos de Estudios Campesinos y la Fundació Espigolador organizan estas jornadas que se celebrarán el 28 de noviembre de 2025 en horario de 16:00 a 20:00 horas en la Sección de Ingeniería Agraria de la Escuela Politécnica Superior de Ingeniería. Objetivos: -Adquirir nociones básicas sobre los conceptos de soberanía alimentaria y...
