{"id":45480,"date":"2025-11-19T12:29:27","date_gmt":"2025-11-19T12:29:27","guid":{"rendered":"https:\/\/www.ull.es\/portal\/agenda\/?post_type=tribe_events&#038;p=45480"},"modified":"2025-12-09T11:21:25","modified_gmt":"2025-12-09T11:21:25","slug":"concierto-de-navidad-de-la-ull-2025","status":"publish","type":"tribe_events","link":"https:\/\/www.ull.es\/portal\/agenda\/evento\/concierto-de-navidad-de-la-ull-2025\/","title":{"rendered":"Concierto de Navidad de la ULL 2025"},"content":{"rendered":"<p>Este a\u00f1o el tradicional Concierto de Navidad de la Universidad de La Laguna, de car\u00e1cter ben\u00e9fico, dedica su recaudaci\u00f3n a AMATE, asociaci\u00f3n dedicada a la ayuda a las mujeres tinerfe\u00f1as que padecen c\u00e1ncer de mama.<\/p>\n<p>La recaudaci\u00f3n derivada de la venta de entradas y donaciones ir\u00e1 destinada a AMATE en Tenerife que se dedica a\u00a0mejorar la calidad de vida de los pacientes con c\u00e1ncer de mama y sus familias. Ofrece apoyo integral a trav\u00e9s de servicios especializados como psicolog\u00eda, fisioterapia, asistencia social, nutrici\u00f3n y est\u00e9tica oncol\u00f3gica, as\u00ed como actividades que refuerzan el bienestar f\u00edsico y emocional como los grupos de apoyo para intercambiar experiencias, eventos para concienciar y recaudar fondos, y puntos de informaci\u00f3n.<\/p>\n<p>Intervendr\u00e1n: La Banda Sinf\u00f3nica de la Universidad de La Laguna, Camerata Lacunensis, Coral Universitaria de la Universidad de La Laguna, Coro Polif\u00f3nico de la Universidad de La Laguna y el Coro de C\u00e1mara Eunoia, todo ellos vinculados a esta universidad.<\/p>\n<p><a href=\"https:\/\/www.ecoentradas.com\/elegirsesion\/2981\" target=\"_blank\" rel=\"noopener\" target=\"_blank\" rel=\"noopener\">Entradas<\/a>: 10\u20ac general<\/p>\n<p>Para todos los p\u00fablicos<\/p>\n","protected":false},"excerpt":{"rendered":"<p>Este a\u00f1o el tradicional Concierto de Navidad de la Universidad de La Laguna, de car\u00e1cter ben\u00e9fico, dedica su recaudaci\u00f3n a AMATE, asociaci\u00f3n dedicada a la ayuda a las mujeres tinerfe\u00f1as que padecen c\u00e1ncer de mama. La recaudaci\u00f3n derivada de la venta de entradas y donaciones ir\u00e1 destinada a AMATE en Tenerife que se dedica a\u00a0mejorar&#8230;<\/p>\n","protected":false},"author":65,"featured_media":45764,"comment_status":"closed","ping_status":"closed","template":"","tags":[],"tribe_events_cat":[3987,4,343,186,191],"acf":[],"yoast_head":"<!-- This site is optimized with the Yoast SEO plugin v21.3 - https:\/\/yoast.com\/wordpress\/plugins\/seo\/ -->\n<title>Concierto de Navidad de la ULL 2025 - ULL - Agenda<\/title>\n<meta name=\"robots\" content=\"index, follow, max-snippet:-1, max-image-preview:large, max-video-preview:-1\" \/>\n<link rel=\"canonical\" href=\"https:\/\/www.ull.es\/portal\/agenda\/evento\/concierto-de-navidad-de-la-ull-2025\/\" \/>\n<meta property=\"og:locale\" content=\"es_ES\" \/>\n<meta property=\"og:type\" content=\"article\" \/>\n<meta property=\"og:title\" content=\"Concierto de Navidad de la ULL 2025 - ULL - Agenda\" \/>\n<meta property=\"og:description\" content=\"Este a\u00f1o el tradicional Concierto de Navidad de la Universidad de La Laguna, de car\u00e1cter ben\u00e9fico, dedica su recaudaci\u00f3n a AMATE, asociaci\u00f3n dedicada a la ayuda a las mujeres tinerfe\u00f1as que padecen c\u00e1ncer de mama. La recaudaci\u00f3n derivada de la venta de entradas y donaciones ir\u00e1 destinada a AMATE en Tenerife que se dedica a\u00a0mejorar...\" \/>\n<meta property=\"og:url\" content=\"https:\/\/www.ull.es\/portal\/agenda\/evento\/concierto-de-navidad-de-la-ull-2025\/\" \/>\n<meta property=\"og:site_name\" content=\"ULL - Agenda\" \/>\n<meta property=\"article:modified_time\" content=\"2025-12-09T11:21:25+00:00\" \/>\n<meta property=\"og:image\" content=\"https:\/\/www.ull.es\/portal\/agenda\/wp-content\/uploads\/sites\/12\/2025\/11\/af-concierto-de-navidad-750x370-1.jpg\" \/>\n\t<meta property=\"og:image:width\" content=\"1600\" \/>\n\t<meta property=\"og:image:height\" content=\"789\" \/>\n\t<meta property=\"og:image:type\" content=\"image\/jpeg\" \/>\n<meta name=\"twitter:card\" content=\"summary_large_image\" \/>\n<meta name=\"twitter:label1\" content=\"Tiempo de lectura\" \/>\n\t<meta name=\"twitter:data1\" content=\"1 minuto\" \/>\n<script type=\"application\/ld+json\" class=\"yoast-schema-graph\">{\"@context\":\"https:\/\/schema.org\",\"@graph\":[{\"@type\":\"WebPage\",\"@id\":\"https:\/\/www.ull.es\/portal\/agenda\/evento\/concierto-de-navidad-de-la-ull-2025\/\",\"url\":\"https:\/\/www.ull.es\/portal\/agenda\/evento\/concierto-de-navidad-de-la-ull-2025\/\",\"name\":\"Concierto de Navidad de la ULL 2025 - ULL - Agenda\",\"isPartOf\":{\"@id\":\"https:\/\/www.ull.es\/portal\/agenda\/#website\"},\"datePublished\":\"2025-11-19T12:29:27+00:00\",\"dateModified\":\"2025-12-09T11:21:25+00:00\",\"breadcrumb\":{\"@id\":\"https:\/\/www.ull.es\/portal\/agenda\/evento\/concierto-de-navidad-de-la-ull-2025\/#breadcrumb\"},\"inLanguage\":\"es\",\"potentialAction\":[{\"@type\":\"ReadAction\",\"target\":[\"https:\/\/www.ull.es\/portal\/agenda\/evento\/concierto-de-navidad-de-la-ull-2025\/\"]}]},{\"@type\":\"BreadcrumbList\",\"@id\":\"https:\/\/www.ull.es\/portal\/agenda\/evento\/concierto-de-navidad-de-la-ull-2025\/#breadcrumb\",\"itemListElement\":[{\"@type\":\"ListItem\",\"position\":1,\"name\":\"Portada\",\"item\":\"https:\/\/www.ull.es\/portal\/agenda\/\"},{\"@type\":\"ListItem\",\"position\":2,\"name\":\"Concierto de Navidad de la ULL 2025\"}]},{\"@type\":\"WebSite\",\"@id\":\"https:\/\/www.ull.es\/portal\/agenda\/#website\",\"url\":\"https:\/\/www.ull.es\/portal\/agenda\/\",\"name\":\"ULL - Agenda\",\"description\":\"\",\"potentialAction\":[{\"@type\":\"SearchAction\",\"target\":{\"@type\":\"EntryPoint\",\"urlTemplate\":\"https:\/\/www.ull.es\/portal\/agenda\/?s={search_term_string}\"},\"query-input\":\"required name=search_term_string\"}],\"inLanguage\":\"es\"}]}<\/script>\n<!-- \/ Yoast SEO plugin. -->","yoast_head_json":{"title":"Concierto de Navidad de la ULL 2025 - ULL - Agenda","robots":{"index":"index","follow":"follow","max-snippet":"max-snippet:-1","max-image-preview":"max-image-preview:large","max-video-preview":"max-video-preview:-1"},"canonical":"https:\/\/www.ull.es\/portal\/agenda\/evento\/concierto-de-navidad-de-la-ull-2025\/","og_locale":"es_ES","og_type":"article","og_title":"Concierto de Navidad de la ULL 2025 - ULL - Agenda","og_description":"Este a\u00f1o el tradicional Concierto de Navidad de la Universidad de La Laguna, de car\u00e1cter ben\u00e9fico, dedica su recaudaci\u00f3n a AMATE, asociaci\u00f3n dedicada a la ayuda a las mujeres tinerfe\u00f1as que padecen c\u00e1ncer de mama. La recaudaci\u00f3n derivada de la venta de entradas y donaciones ir\u00e1 destinada a AMATE en Tenerife que se dedica a\u00a0mejorar...","og_url":"https:\/\/www.ull.es\/portal\/agenda\/evento\/concierto-de-navidad-de-la-ull-2025\/","og_site_name":"ULL - Agenda","article_modified_time":"2025-12-09T11:21:25+00:00","og_image":[{"width":1600,"height":789,"url":"https:\/\/www.ull.es\/portal\/agenda\/wp-content\/uploads\/sites\/12\/2025\/11\/af-concierto-de-navidad-750x370-1.jpg","type":"image\/jpeg"}],"twitter_card":"summary_large_image","twitter_misc":{"Tiempo de lectura":"1 minuto"},"schema":{"@context":"https:\/\/schema.org","@graph":[{"@type":"WebPage","@id":"https:\/\/www.ull.es\/portal\/agenda\/evento\/concierto-de-navidad-de-la-ull-2025\/","url":"https:\/\/www.ull.es\/portal\/agenda\/evento\/concierto-de-navidad-de-la-ull-2025\/","name":"Concierto de Navidad de la ULL 2025 - ULL - Agenda","isPartOf":{"@id":"https:\/\/www.ull.es\/portal\/agenda\/#website"},"datePublished":"2025-11-19T12:29:27+00:00","dateModified":"2025-12-09T11:21:25+00:00","breadcrumb":{"@id":"https:\/\/www.ull.es\/portal\/agenda\/evento\/concierto-de-navidad-de-la-ull-2025\/#breadcrumb"},"inLanguage":"es","potentialAction":[{"@type":"ReadAction","target":["https:\/\/www.ull.es\/portal\/agenda\/evento\/concierto-de-navidad-de-la-ull-2025\/"]}]},{"@type":"BreadcrumbList","@id":"https:\/\/www.ull.es\/portal\/agenda\/evento\/concierto-de-navidad-de-la-ull-2025\/#breadcrumb","itemListElement":[{"@type":"ListItem","position":1,"name":"Portada","item":"https:\/\/www.ull.es\/portal\/agenda\/"},{"@type":"ListItem","position":2,"name":"Concierto de Navidad de la ULL 2025"}]},{"@type":"WebSite","@id":"https:\/\/www.ull.es\/portal\/agenda\/#website","url":"https:\/\/www.ull.es\/portal\/agenda\/","name":"ULL - Agenda","description":"","potentialAction":[{"@type":"SearchAction","target":{"@type":"EntryPoint","urlTemplate":"https:\/\/www.ull.es\/portal\/agenda\/?s={search_term_string}"},"query-input":"required name=search_term_string"}],"inLanguage":"es"}]}},"_links":{"self":[{"href":"https:\/\/www.ull.es\/portal\/agenda\/wp-json\/wp\/v2\/tribe_events\/45480"}],"collection":[{"href":"https:\/\/www.ull.es\/portal\/agenda\/wp-json\/wp\/v2\/tribe_events"}],"about":[{"href":"https:\/\/www.ull.es\/portal\/agenda\/wp-json\/wp\/v2\/types\/tribe_events"}],"author":[{"embeddable":true,"href":"https:\/\/www.ull.es\/portal\/agenda\/wp-json\/wp\/v2\/users\/65"}],"replies":[{"embeddable":true,"href":"https:\/\/www.ull.es\/portal\/agenda\/wp-json\/wp\/v2\/comments?post=45480"}],"version-history":[{"count":1,"href":"https:\/\/www.ull.es\/portal\/agenda\/wp-json\/wp\/v2\/tribe_events\/45480\/revisions"}],"predecessor-version":[{"id":45482,"href":"https:\/\/www.ull.es\/portal\/agenda\/wp-json\/wp\/v2\/tribe_events\/45480\/revisions\/45482"}],"wp:featuredmedia":[{"embeddable":true,"href":"https:\/\/www.ull.es\/portal\/agenda\/wp-json\/wp\/v2\/media\/45764"}],"wp:attachment":[{"href":"https:\/\/www.ull.es\/portal\/agenda\/wp-json\/wp\/v2\/media?parent=45480"}],"wp:term":[{"taxonomy":"post_tag","embeddable":true,"href":"https:\/\/www.ull.es\/portal\/agenda\/wp-json\/wp\/v2\/tags?post=45480"},{"taxonomy":"tribe_events_cat","embeddable":true,"href":"https:\/\/www.ull.es\/portal\/agenda\/wp-json\/wp\/v2\/tribe_events_cat?post=45480"}],"curies":[{"name":"wp","href":"https:\/\/api.w.org\/{rel}","templated":true}]}}

<p>Este año el tradicional Concierto de Navidad de la Universidad de La Laguna, de carácter benéfico, dedica su recaudación a AMATE, asociación dedicada a la ayuda a las mujeres tinerfeñas que padecen cáncer de mama.</p>
<p>La recaudación derivada de la venta de entradas y donaciones irá destinada a AMATE en Tenerife que se dedica a mejorar la calidad de vida de los pacientes con cáncer de mama y sus familias. Ofrece apoyo integral a través de servicios especializados como psicología, fisioterapia, asistencia social, nutrición y estética oncológica, así como actividades que refuerzan el bienestar físico y emocional como los grupos de apoyo para intercambiar experiencias, eventos para concienciar y recaudar fondos, y puntos de información.</p>
<p>Intervendrán: La Banda Sinfónica de la Universidad de La Laguna, Camerata Lacunensis, Coral Universitaria de la Universidad de La Laguna, Coro Polifónico de la Universidad de La Laguna y el Coro de Cámara Eunoia, todo ellos vinculados a esta universidad.</p>
<p><a href="https://www.ecoentradas.com/elegirsesion/2981" target="_blank" rel="noopener" target="_blank" rel="noopener">Entradas</a>: 10€ general</p>
<p>Para todos los públicos</p>

<p>Este año el tradicional Concierto de Navidad de la Universidad de La Laguna, de carácter benéfico, dedica su recaudación a AMATE, asociación dedicada a la ayuda a las mujeres tinerfeñas que padecen cáncer de mama. La recaudación derivada de la venta de entradas y donaciones irá destinada a AMATE en Tenerife que se dedica a mejorar&#8230;</p>

<!-- This site is optimized with the Yoast SEO plugin v21.3 - https://yoast.com/wordpress/plugins/seo/ -->
<title>Concierto de Navidad de la ULL 2025 - ULL - Agenda</title>
<meta name="robots" content="index, follow, max-snippet:-1, max-image-preview:large, max-video-preview:-1" />
<link rel="canonical" href="https://www.ull.es/portal/agenda/evento/concierto-de-navidad-de-la-ull-2025/" />
<meta property="og:locale" content="es_ES" />
<meta property="og:type" content="article" />
<meta property="og:title" content="Concierto de Navidad de la ULL 2025 - ULL - Agenda" />
<meta property="og:description" content="Este año el tradicional Concierto de Navidad de la Universidad de La Laguna, de carácter benéfico, dedica su recaudación a AMATE, asociación dedicada a la ayuda a las mujeres tinerfeñas que padecen cáncer de mama. La recaudación derivada de la venta de entradas y donaciones irá destinada a AMATE en Tenerife que se dedica a mejorar..." />
<meta property="og:url" content="https://www.ull.es/portal/agenda/evento/concierto-de-navidad-de-la-ull-2025/" />
<meta property="og:site_name" content="ULL - Agenda" />
<meta property="article:modified_time" content="2025-12-09T11:21:25+00:00" />
<meta property="og:image" content="https://www.ull.es/portal/agenda/wp-content/uploads/sites/12/2025/11/af-concierto-de-navidad-750x370-1.jpg" />
	<meta property="og:image:width" content="1600" />
	<meta property="og:image:height" content="789" />
	<meta property="og:image:type" content="image/jpeg" />
<meta name="twitter:card" content="summary_large_image" />
<meta name="twitter:label1" content="Tiempo de lectura" />
	<meta name="twitter:data1" content="1 minuto" />
<script type="application/ld+json" class="yoast-schema-graph">{"@context":"https://schema.org","@graph":[{"@type":"WebPage","@id":"https://www.ull.es/portal/agenda/evento/concierto-de-navidad-de-la-ull-2025/","url":"https://www.ull.es/portal/agenda/evento/concierto-de-navidad-de-la-ull-2025/","name":"Concierto de Navidad de la ULL 2025 - ULL - Agenda","isPartOf":{"@id":"https://www.ull.es/portal/agenda/#website"},"datePublished":"2025-11-19T12:29:27+00:00","dateModified":"2025-12-09T11:21:25+00:00","breadcrumb":{"@id":"https://www.ull.es/portal/agenda/evento/concierto-de-navidad-de-la-ull-2025/#breadcrumb"},"inLanguage":"es","potentialAction":[{"@type":"ReadAction","target":["https://www.ull.es/portal/agenda/evento/concierto-de-navidad-de-la-ull-2025/"]}]},{"@type":"BreadcrumbList","@id":"https://www.ull.es/portal/agenda/evento/concierto-de-navidad-de-la-ull-2025/#breadcrumb","itemListElement":[{"@type":"ListItem","position":1,"name":"Portada","item":"https://www.ull.es/portal/agenda/"},{"@type":"ListItem","position":2,"name":"Concierto de Navidad de la ULL 2025"}]},{"@type":"WebSite","@id":"https://www.ull.es/portal/agenda/#website","url":"https://www.ull.es/portal/agenda/","name":"ULL - Agenda","description":"","potentialAction":[{"@type":"SearchAction","target":{"@type":"EntryPoint","urlTemplate":"https://www.ull.es/portal/agenda/?s={search_term_string}"},"query-input":"required name=search_term_string"}],"inLanguage":"es"}]}</script>
<!-- / Yoast SEO plugin. -->

Este año el tradicional Concierto de Navidad de la Universidad de La Laguna, de carácter benéfico, dedica su recaudación a AMATE, asociación dedicada a la ayuda a las mujeres tinerfeñas que padecen cáncer de mama. La recaudación derivada de la venta de entradas y donaciones irá destinada a AMATE en Tenerife que se dedica a mejorar...
