{"id":45634,"date":"2025-11-25T13:51:29","date_gmt":"2025-11-25T13:51:29","guid":{"rendered":"https:\/\/www.ull.es\/portal\/agenda\/?post_type=tribe_events&#038;p=45634"},"modified":"2025-11-25T13:51:35","modified_gmt":"2025-11-25T13:51:35","slug":"viajemos-por-costa-adeje-playas-y-espacios-protegidos-de-adeje","status":"publish","type":"tribe_events","link":"https:\/\/www.ull.es\/portal\/agenda\/evento\/viajemos-por-costa-adeje-playas-y-espacios-protegidos-de-adeje\/","title":{"rendered":"Viajemos por Costa Adeje: Playas y espacios protegidos de Adeje"},"content":{"rendered":"<p>La Facultad de Econom\u00eda, Empresa y Turismo, en el marco de\u00a0<em>CONECTA CAMPUS SUR,<\/em> organiza este evento que se celebrar\u00e1 en el Centro Cultural de Adeje el 16 de diciembre de 2025, en horario de 8:30 a 9:30 horas.<\/p>\n<p>Con esta actividad se pretende poner en valor la interacci\u00f3n entre Turismo y Medioambiente. Binomio que combina la gesti\u00f3n tur\u00edstica, la interpretaci\u00f3n del patrimonio (tangible e intangible) y las pr\u00e1cticas sostenibles para crear experiencias de viaje responsable.<\/p>\n<p>Ponente: Bel\u00e9n de Ponte de Capua. T\u00e9cnica del Servicio de Medio Ambiente y Negociado de Playas.<\/p>\n<p>CERTIFICADO DE ASISTENCIA: La Universidad de La Laguna, a trav\u00e9s del Vicerrectorado de Cultura y Extensi\u00f3n Universitaria, emitir\u00e1 un certificado de asistencia a todas aquellas personas que participen, previa inscripci\u00f3n en la actividad.<\/p>\n<p>Asistencia gratuita previa inscripci\u00f3n.\u00a0<a href=\"https:\/\/sede.fg.ull.es\/es\/curso\/detalle?code=a25020310&amp;name=viajemos-por-costa-adeje-playas-y-espacios-protegidos-de-adeje&amp;query=%3Fcode%3DA25020310\" target=\"_blank\" rel=\"noopener\" target=\"_blank\" rel=\"noopener\"><strong><u>Inscr\u00edbete aqu\u00ed.<\/u><\/strong><\/a><\/p>\n<p><strong>Contacto:\u00a0<\/strong><a href=\"mailto:extuni@ull.edu.es\" target=\"_blank\" rel=\"noopener\" target=\"_blank\" rel=\"noopener\"><strong>extuni@ull.es<\/strong><\/a><\/p>\n","protected":false},"excerpt":{"rendered":"<p>La Facultad de Econom\u00eda, Empresa y Turismo, en el marco de\u00a0CONECTA CAMPUS SUR, organiza este evento que se celebrar\u00e1 en el Centro Cultural de Adeje el 16 de diciembre de 2025, en horario de 8:30 a 9:30 horas. Con esta actividad se pretende poner en valor la interacci\u00f3n entre Turismo y Medioambiente. Binomio que combina&#8230;<\/p>\n","protected":false},"author":43,"featured_media":45635,"comment_status":"closed","ping_status":"closed","template":"","tags":[4259,4975,977,3812,3751,4165],"tribe_events_cat":[472,4,937,186],"acf":[],"yoast_head":"<!-- This site is optimized with the Yoast SEO plugin v21.3 - https:\/\/yoast.com\/wordpress\/plugins\/seo\/ -->\n<title>Viajemos por Costa Adeje: Playas y espacios protegidos de Adeje - ULL - Agenda<\/title>\n<meta name=\"robots\" content=\"index, follow, max-snippet:-1, max-image-preview:large, max-video-preview:-1\" \/>\n<link rel=\"canonical\" href=\"https:\/\/www.ull.es\/portal\/agenda\/evento\/viajemos-por-costa-adeje-playas-y-espacios-protegidos-de-adeje\/\" \/>\n<meta property=\"og:locale\" content=\"es_ES\" \/>\n<meta property=\"og:type\" content=\"article\" \/>\n<meta property=\"og:title\" content=\"Viajemos por Costa Adeje: Playas y espacios protegidos de Adeje - ULL - Agenda\" \/>\n<meta property=\"og:description\" content=\"La Facultad de Econom\u00eda, Empresa y Turismo, en el marco de\u00a0CONECTA CAMPUS SUR, organiza este evento que se celebrar\u00e1 en el Centro Cultural de Adeje el 16 de diciembre de 2025, en horario de 8:30 a 9:30 horas. Con esta actividad se pretende poner en valor la interacci\u00f3n entre Turismo y Medioambiente. Binomio que combina...\" \/>\n<meta property=\"og:url\" content=\"https:\/\/www.ull.es\/portal\/agenda\/evento\/viajemos-por-costa-adeje-playas-y-espacios-protegidos-de-adeje\/\" \/>\n<meta property=\"og:site_name\" content=\"ULL - Agenda\" \/>\n<meta property=\"article:modified_time\" content=\"2025-11-25T13:51:35+00:00\" \/>\n<meta property=\"og:image\" content=\"https:\/\/www.ull.es\/portal\/agenda\/wp-content\/uploads\/sites\/12\/2025\/11\/BannerCostaAdeje.png\" \/>\n\t<meta property=\"og:image:width\" content=\"750\" \/>\n\t<meta property=\"og:image:height\" content=\"370\" \/>\n\t<meta property=\"og:image:type\" content=\"image\/png\" \/>\n<meta name=\"twitter:card\" content=\"summary_large_image\" \/>\n<meta name=\"twitter:label1\" content=\"Tiempo de lectura\" \/>\n\t<meta name=\"twitter:data1\" content=\"1 minuto\" \/>\n<script type=\"application\/ld+json\" class=\"yoast-schema-graph\">{\"@context\":\"https:\/\/schema.org\",\"@graph\":[{\"@type\":\"WebPage\",\"@id\":\"https:\/\/www.ull.es\/portal\/agenda\/evento\/viajemos-por-costa-adeje-playas-y-espacios-protegidos-de-adeje\/\",\"url\":\"https:\/\/www.ull.es\/portal\/agenda\/evento\/viajemos-por-costa-adeje-playas-y-espacios-protegidos-de-adeje\/\",\"name\":\"Viajemos por Costa Adeje: Playas y espacios protegidos de Adeje - ULL - Agenda\",\"isPartOf\":{\"@id\":\"https:\/\/www.ull.es\/portal\/agenda\/#website\"},\"datePublished\":\"2025-11-25T13:51:29+00:00\",\"dateModified\":\"2025-11-25T13:51:35+00:00\",\"breadcrumb\":{\"@id\":\"https:\/\/www.ull.es\/portal\/agenda\/evento\/viajemos-por-costa-adeje-playas-y-espacios-protegidos-de-adeje\/#breadcrumb\"},\"inLanguage\":\"es\",\"potentialAction\":[{\"@type\":\"ReadAction\",\"target\":[\"https:\/\/www.ull.es\/portal\/agenda\/evento\/viajemos-por-costa-adeje-playas-y-espacios-protegidos-de-adeje\/\"]}]},{\"@type\":\"BreadcrumbList\",\"@id\":\"https:\/\/www.ull.es\/portal\/agenda\/evento\/viajemos-por-costa-adeje-playas-y-espacios-protegidos-de-adeje\/#breadcrumb\",\"itemListElement\":[{\"@type\":\"ListItem\",\"position\":1,\"name\":\"Portada\",\"item\":\"https:\/\/www.ull.es\/portal\/agenda\/\"},{\"@type\":\"ListItem\",\"position\":2,\"name\":\"Viajemos por Costa Adeje: Playas y espacios protegidos de Adeje\"}]},{\"@type\":\"WebSite\",\"@id\":\"https:\/\/www.ull.es\/portal\/agenda\/#website\",\"url\":\"https:\/\/www.ull.es\/portal\/agenda\/\",\"name\":\"ULL - Agenda\",\"description\":\"\",\"potentialAction\":[{\"@type\":\"SearchAction\",\"target\":{\"@type\":\"EntryPoint\",\"urlTemplate\":\"https:\/\/www.ull.es\/portal\/agenda\/?s={search_term_string}\"},\"query-input\":\"required name=search_term_string\"}],\"inLanguage\":\"es\"}]}<\/script>\n<!-- \/ Yoast SEO plugin. -->","yoast_head_json":{"title":"Viajemos por Costa Adeje: Playas y espacios protegidos de Adeje - ULL - Agenda","robots":{"index":"index","follow":"follow","max-snippet":"max-snippet:-1","max-image-preview":"max-image-preview:large","max-video-preview":"max-video-preview:-1"},"canonical":"https:\/\/www.ull.es\/portal\/agenda\/evento\/viajemos-por-costa-adeje-playas-y-espacios-protegidos-de-adeje\/","og_locale":"es_ES","og_type":"article","og_title":"Viajemos por Costa Adeje: Playas y espacios protegidos de Adeje - ULL - Agenda","og_description":"La Facultad de Econom\u00eda, Empresa y Turismo, en el marco de\u00a0CONECTA CAMPUS SUR, organiza este evento que se celebrar\u00e1 en el Centro Cultural de Adeje el 16 de diciembre de 2025, en horario de 8:30 a 9:30 horas. Con esta actividad se pretende poner en valor la interacci\u00f3n entre Turismo y Medioambiente. Binomio que combina...","og_url":"https:\/\/www.ull.es\/portal\/agenda\/evento\/viajemos-por-costa-adeje-playas-y-espacios-protegidos-de-adeje\/","og_site_name":"ULL - Agenda","article_modified_time":"2025-11-25T13:51:35+00:00","og_image":[{"width":750,"height":370,"url":"https:\/\/www.ull.es\/portal\/agenda\/wp-content\/uploads\/sites\/12\/2025\/11\/BannerCostaAdeje.png","type":"image\/png"}],"twitter_card":"summary_large_image","twitter_misc":{"Tiempo de lectura":"1 minuto"},"schema":{"@context":"https:\/\/schema.org","@graph":[{"@type":"WebPage","@id":"https:\/\/www.ull.es\/portal\/agenda\/evento\/viajemos-por-costa-adeje-playas-y-espacios-protegidos-de-adeje\/","url":"https:\/\/www.ull.es\/portal\/agenda\/evento\/viajemos-por-costa-adeje-playas-y-espacios-protegidos-de-adeje\/","name":"Viajemos por Costa Adeje: Playas y espacios protegidos de Adeje - ULL - Agenda","isPartOf":{"@id":"https:\/\/www.ull.es\/portal\/agenda\/#website"},"datePublished":"2025-11-25T13:51:29+00:00","dateModified":"2025-11-25T13:51:35+00:00","breadcrumb":{"@id":"https:\/\/www.ull.es\/portal\/agenda\/evento\/viajemos-por-costa-adeje-playas-y-espacios-protegidos-de-adeje\/#breadcrumb"},"inLanguage":"es","potentialAction":[{"@type":"ReadAction","target":["https:\/\/www.ull.es\/portal\/agenda\/evento\/viajemos-por-costa-adeje-playas-y-espacios-protegidos-de-adeje\/"]}]},{"@type":"BreadcrumbList","@id":"https:\/\/www.ull.es\/portal\/agenda\/evento\/viajemos-por-costa-adeje-playas-y-espacios-protegidos-de-adeje\/#breadcrumb","itemListElement":[{"@type":"ListItem","position":1,"name":"Portada","item":"https:\/\/www.ull.es\/portal\/agenda\/"},{"@type":"ListItem","position":2,"name":"Viajemos por Costa Adeje: Playas y espacios protegidos de Adeje"}]},{"@type":"WebSite","@id":"https:\/\/www.ull.es\/portal\/agenda\/#website","url":"https:\/\/www.ull.es\/portal\/agenda\/","name":"ULL - Agenda","description":"","potentialAction":[{"@type":"SearchAction","target":{"@type":"EntryPoint","urlTemplate":"https:\/\/www.ull.es\/portal\/agenda\/?s={search_term_string}"},"query-input":"required name=search_term_string"}],"inLanguage":"es"}]}},"_links":{"self":[{"href":"https:\/\/www.ull.es\/portal\/agenda\/wp-json\/wp\/v2\/tribe_events\/45634"}],"collection":[{"href":"https:\/\/www.ull.es\/portal\/agenda\/wp-json\/wp\/v2\/tribe_events"}],"about":[{"href":"https:\/\/www.ull.es\/portal\/agenda\/wp-json\/wp\/v2\/types\/tribe_events"}],"author":[{"embeddable":true,"href":"https:\/\/www.ull.es\/portal\/agenda\/wp-json\/wp\/v2\/users\/43"}],"replies":[{"embeddable":true,"href":"https:\/\/www.ull.es\/portal\/agenda\/wp-json\/wp\/v2\/comments?post=45634"}],"version-history":[{"count":1,"href":"https:\/\/www.ull.es\/portal\/agenda\/wp-json\/wp\/v2\/tribe_events\/45634\/revisions"}],"predecessor-version":[{"id":45636,"href":"https:\/\/www.ull.es\/portal\/agenda\/wp-json\/wp\/v2\/tribe_events\/45634\/revisions\/45636"}],"wp:featuredmedia":[{"embeddable":true,"href":"https:\/\/www.ull.es\/portal\/agenda\/wp-json\/wp\/v2\/media\/45635"}],"wp:attachment":[{"href":"https:\/\/www.ull.es\/portal\/agenda\/wp-json\/wp\/v2\/media?parent=45634"}],"wp:term":[{"taxonomy":"post_tag","embeddable":true,"href":"https:\/\/www.ull.es\/portal\/agenda\/wp-json\/wp\/v2\/tags?post=45634"},{"taxonomy":"tribe_events_cat","embeddable":true,"href":"https:\/\/www.ull.es\/portal\/agenda\/wp-json\/wp\/v2\/tribe_events_cat?post=45634"}],"curies":[{"name":"wp","href":"https:\/\/api.w.org\/{rel}","templated":true}]}}

<p>La Facultad de Economía, Empresa y Turismo, en el marco de <em>CONECTA CAMPUS SUR,</em> organiza este evento que se celebrará en el Centro Cultural de Adeje el 16 de diciembre de 2025, en horario de 8:30 a 9:30 horas.</p>
<p>Con esta actividad se pretende poner en valor la interacción entre Turismo y Medioambiente. Binomio que combina la gestión turística, la interpretación del patrimonio (tangible e intangible) y las prácticas sostenibles para crear experiencias de viaje responsable.</p>
<p>Ponente: Belén de Ponte de Capua. Técnica del Servicio de Medio Ambiente y Negociado de Playas.</p>
<p>CERTIFICADO DE ASISTENCIA: La Universidad de La Laguna, a través del Vicerrectorado de Cultura y Extensión Universitaria, emitirá un certificado de asistencia a todas aquellas personas que participen, previa inscripción en la actividad.</p>
<p>Asistencia gratuita previa inscripción. <a href="https://sede.fg.ull.es/es/curso/detalle?code=a25020310&amp;name=viajemos-por-costa-adeje-playas-y-espacios-protegidos-de-adeje&amp;query=%3Fcode%3DA25020310" target="_blank" rel="noopener" target="_blank" rel="noopener"><strong><u>Inscríbete aquí.</u></strong></a></p>
<p><strong>Contacto: </strong><a href="mailto:extuni@ull.edu.es" target="_blank" rel="noopener" target="_blank" rel="noopener"><strong>extuni@ull.es</strong></a></p>

<p>La Facultad de Economía, Empresa y Turismo, en el marco de CONECTA CAMPUS SUR, organiza este evento que se celebrará en el Centro Cultural de Adeje el 16 de diciembre de 2025, en horario de 8:30 a 9:30 horas. Con esta actividad se pretende poner en valor la interacción entre Turismo y Medioambiente. Binomio que combina&#8230;</p>

<!-- This site is optimized with the Yoast SEO plugin v21.3 - https://yoast.com/wordpress/plugins/seo/ -->
<title>Viajemos por Costa Adeje: Playas y espacios protegidos de Adeje - ULL - Agenda</title>
<meta name="robots" content="index, follow, max-snippet:-1, max-image-preview:large, max-video-preview:-1" />
<link rel="canonical" href="https://www.ull.es/portal/agenda/evento/viajemos-por-costa-adeje-playas-y-espacios-protegidos-de-adeje/" />
<meta property="og:locale" content="es_ES" />
<meta property="og:type" content="article" />
<meta property="og:title" content="Viajemos por Costa Adeje: Playas y espacios protegidos de Adeje - ULL - Agenda" />
<meta property="og:description" content="La Facultad de Economía, Empresa y Turismo, en el marco de CONECTA CAMPUS SUR, organiza este evento que se celebrará en el Centro Cultural de Adeje el 16 de diciembre de 2025, en horario de 8:30 a 9:30 horas. Con esta actividad se pretende poner en valor la interacción entre Turismo y Medioambiente. Binomio que combina..." />
<meta property="og:url" content="https://www.ull.es/portal/agenda/evento/viajemos-por-costa-adeje-playas-y-espacios-protegidos-de-adeje/" />
<meta property="og:site_name" content="ULL - Agenda" />
<meta property="article:modified_time" content="2025-11-25T13:51:35+00:00" />
<meta property="og:image" content="https://www.ull.es/portal/agenda/wp-content/uploads/sites/12/2025/11/BannerCostaAdeje.png" />
	<meta property="og:image:width" content="750" />
	<meta property="og:image:height" content="370" />
	<meta property="og:image:type" content="image/png" />
<meta name="twitter:card" content="summary_large_image" />
<meta name="twitter:label1" content="Tiempo de lectura" />
	<meta name="twitter:data1" content="1 minuto" />
<script type="application/ld+json" class="yoast-schema-graph">{"@context":"https://schema.org","@graph":[{"@type":"WebPage","@id":"https://www.ull.es/portal/agenda/evento/viajemos-por-costa-adeje-playas-y-espacios-protegidos-de-adeje/","url":"https://www.ull.es/portal/agenda/evento/viajemos-por-costa-adeje-playas-y-espacios-protegidos-de-adeje/","name":"Viajemos por Costa Adeje: Playas y espacios protegidos de Adeje - ULL - Agenda","isPartOf":{"@id":"https://www.ull.es/portal/agenda/#website"},"datePublished":"2025-11-25T13:51:29+00:00","dateModified":"2025-11-25T13:51:35+00:00","breadcrumb":{"@id":"https://www.ull.es/portal/agenda/evento/viajemos-por-costa-adeje-playas-y-espacios-protegidos-de-adeje/#breadcrumb"},"inLanguage":"es","potentialAction":[{"@type":"ReadAction","target":["https://www.ull.es/portal/agenda/evento/viajemos-por-costa-adeje-playas-y-espacios-protegidos-de-adeje/"]}]},{"@type":"BreadcrumbList","@id":"https://www.ull.es/portal/agenda/evento/viajemos-por-costa-adeje-playas-y-espacios-protegidos-de-adeje/#breadcrumb","itemListElement":[{"@type":"ListItem","position":1,"name":"Portada","item":"https://www.ull.es/portal/agenda/"},{"@type":"ListItem","position":2,"name":"Viajemos por Costa Adeje: Playas y espacios protegidos de Adeje"}]},{"@type":"WebSite","@id":"https://www.ull.es/portal/agenda/#website","url":"https://www.ull.es/portal/agenda/","name":"ULL - Agenda","description":"","potentialAction":[{"@type":"SearchAction","target":{"@type":"EntryPoint","urlTemplate":"https://www.ull.es/portal/agenda/?s={search_term_string}"},"query-input":"required name=search_term_string"}],"inLanguage":"es"}]}</script>
<!-- / Yoast SEO plugin. -->

La Facultad de Economía, Empresa y Turismo, en el marco de CONECTA CAMPUS SUR, organiza este evento que se celebrará en el Centro Cultural de Adeje el 16 de diciembre de 2025, en horario de 8:30 a 9:30 horas. Con esta actividad se pretende poner en valor la interacción entre Turismo y Medioambiente. Binomio que combina...
